[INFO] cloning repository https://github.com/jojo2504/interval
[INFO] running `Command { std: "git" "-c" "credential.helper=" "-c" "credential.helper=/workspace/cargo-home/bin/git-credential-null" "clone" "--bare" "https://github.com/jojo2504/interval" "/workspace/cache/git-repos/https%3A%2F%2Fgithub.com%2Fjojo2504%2Finterval", kill_on_drop: false }`
[INFO] [stderr] Cloning into bare repository '/workspace/cache/git-repos/https%3A%2F%2Fgithub.com%2Fjojo2504%2Finterval'...
[INFO] running `Command { std: "git" "rev-parse" "HEAD", kill_on_drop: false }`
[INFO] [stdout] c0126e59255f53e42dbab4fd3120471ae997d7ab
[INFO] testing jojo2504/interval against 1.99.0-beta.1+cargoflags=--release for beta-release-1.99-2
[INFO] running `Command { std: "git" "clone" "/workspace/cache/git-repos/https%3A%2F%2Fgithub.com%2Fjojo2504%2Finterval" "/workspace/builds/worker-6-tc2/source", kill_on_drop: false }`
[INFO] [stderr] Cloning into '/workspace/builds/worker-6-tc2/source'...
[INFO] [stderr] done.
[INFO] started tweaking git repo https://github.com/jojo2504/interval
[INFO] finished tweaking git repo https://github.com/jojo2504/interval
[INFO] tweaked toml for git repo https://github.com/jojo2504/interval written to /workspace/builds/worker-6-tc2/source/Cargo.toml
[INFO] validating manifest of git repo https://github.com/jojo2504/interval on toolchain 1.99.0-beta.1
[INFO] running `Command { std: CARGO_HOME="/workspace/cargo-home" RUSTUP_HOME="/workspace/rustup-home" "/workspace/cargo-home/bin/cargo" "+1.99.0-beta.1" "metadata" "--manifest-path" "Cargo.toml" "--no-deps", kill_on_drop: false }`
[INFO] crate git repo https://github.com/jojo2504/interval already has a lockfile, it will not be regenerated
[INFO] running `Command { std: CARGO_HOME="/workspace/cargo-home" RUSTUP_HOME="/workspace/rustup-home" "/workspace/cargo-home/bin/cargo" "+1.99.0-beta.1" "fetch" "--manifest-path" "Cargo.toml", kill_on_drop: false }`
[INFO] [stderr]     Blocking waiting for file lock on package cache
[INFO] running `Command { std: "docker" "create" "-v" "/var/lib/crater-agent-workspace/builds/worker-6-tc2/source:/opt/rustwide/workdir:ro,Z" "-v" "/var/lib/crater-agent-workspace/builds/worker-6-tc2/target:/opt/rustwide/target:rw,Z" "-v" "/var/lib/crater-agent-workspace/cargo-home:/opt/rustwide/cargo-home:ro,Z" "-v" "/var/lib/crater-agent-workspace/rustup-home:/opt/rustwide/rustup-home:ro,Z" "-m" "1610612736" "--network" "none" "ghcr.io/rust-lang/crates-build-env/linux@sha256:8683fc1fc2eb5c9ac98e0d076ab094b2ffac7f99da555d2b6a2e27f346de2ec7" "sleep" "infinity", kill_on_drop: false }`
[INFO] [stdout] c61fd154a8e0bfb77b1fc6df3ca31b0f5a48d03b1383069df6c158a0bd9db89f
[INFO] running `Command { std: "docker" "start" "c61fd154a8e0bfb77b1fc6df3ca31b0f5a48d03b1383069df6c158a0bd9db89f", kill_on_drop: false }`
[INFO] running `Command { std: "docker" "inspect" "c61fd154a8e0bfb77b1fc6df3ca31b0f5a48d03b1383069df6c158a0bd9db89f", kill_on_drop: false }`
[INFO] running `Command { std: "docker" "exec" "-e" "SOURCE_DIR=/opt/rustwide/workdir" "-e" "CARGO_HOME=/opt/rustwide/cargo-home" "-e" "RUSTUP_HOME=/opt/rustwide/rustup-home" "-e" "CARGO_TARGET_DIR=/opt/rustwide/target" "-w" "/opt/rustwide/workdir" "--user" "0:0" "c61fd154a8e0bfb77b1fc6df3ca31b0f5a48d03b1383069df6c158a0bd9db89f" "/opt/rustwide/cargo-home/bin/cargo" "+1.99.0-beta.1" "metadata" "--no-deps" "--format-version=1", kill_on_drop: false }`
[INFO] running `Command { std: "docker" "inspect" "c61fd154a8e0bfb77b1fc6df3ca31b0f5a48d03b1383069df6c158a0bd9db89f", kill_on_drop: false }`
[INFO] running `Command { std: "docker" "exec" "-e" "SOURCE_DIR=/opt/rustwide/workdir" "-e" "CARGO_HOME=/opt/rustwide/cargo-home" "-e" "RUSTUP_HOME=/opt/rustwide/rustup-home" "-e" "CARGO_TARGET_DIR=/opt/rustwide/target" "-e" "CARGO_INCREMENTAL=0" "-e" "RUST_BACKTRACE=full" "-e" "RUSTFLAGS=--cap-lints=warn" "-e" "RUSTDOCFLAGS=--cap-lints=warn" "-w" "/opt/rustwide/workdir" "--user" "0:0" "c61fd154a8e0bfb77b1fc6df3ca31b0f5a48d03b1383069df6c158a0bd9db89f" "/opt/rustwide/cargo-home/bin/cargo" "+1.99.0-beta.1" "build" "--frozen" "--message-format=json" "--release", kill_on_drop: false }`
[INFO] [stderr]    Compiling proc-macro2 v1.0.106
[INFO] [stderr]    Compiling unicode-ident v1.0.24
[INFO] [stderr]    Compiling quote v1.0.45
[INFO] [stderr]    Compiling anyhow v1.0.102
[INFO] [stderr]    Compiling thiserror v2.0.18
[INFO] [stderr]    Compiling syn v2.0.117
[INFO] [stderr]    Compiling thiserror-impl v2.0.18
[INFO] [stderr]    Compiling interval v0.1.0 (/opt/rustwide/workdir)
[INFO] [stdout] warning: unused import: `Div`
[INFO] [stdout]  --> src/ops/arithmetic.rs:1:21
[INFO] [stdout]   |
[INFO] [stdout] 1 | use std::ops::{Add, Div, Mul, Sub};
[INFO] [stdout]   |                     ^^^
[INFO] [stdout]   |
[INFO] [stdout]   = note: `#[warn(unused_imports)]` (part of `#[warn(unused)]`) on by default
[INFO] [stdout] 
[INFO] [stdout] 
[INFO] [stderr]     Finished `release` profile [optimized] target(s) in 4.52s
[INFO] running `Command { std: "docker" "inspect" "c61fd154a8e0bfb77b1fc6df3ca31b0f5a48d03b1383069df6c158a0bd9db89f", kill_on_drop: false }`
[INFO] running `Command { std: "docker" "exec" "-e" "SOURCE_DIR=/opt/rustwide/workdir" "-e" "CARGO_HOME=/opt/rustwide/cargo-home" "-e" "RUSTUP_HOME=/opt/rustwide/rustup-home" "-e" "CARGO_TARGET_DIR=/opt/rustwide/target" "-e" "CARGO_INCREMENTAL=0" "-e" "RUST_BACKTRACE=full" "-e" "RUSTFLAGS=--cap-lints=warn" "-e" "RUSTDOCFLAGS=--cap-lints=warn" "-w" "/opt/rustwide/workdir" "--user" "0:0" "c61fd154a8e0bfb77b1fc6df3ca31b0f5a48d03b1383069df6c158a0bd9db89f" "/opt/rustwide/cargo-home/bin/cargo" "+1.99.0-beta.1" "test" "--frozen" "--no-run" "--message-format=json" "--release", kill_on_drop: false }`
[INFO] [stdout] warning: unused import: `Div`
[INFO] [stdout]  --> src/ops/arithmetic.rs:1:21
[INFO] [stdout]   |
[INFO] [stdout] 1 | use std::ops::{Add, Div, Mul, Sub};
[INFO] [stdout]   |                     ^^^
[INFO] [stdout]   |
[INFO] [stdout]   = note: `#[warn(unused_imports)]` (part of `#[warn(unused)]`) on by default
[INFO] [stdout] 
[INFO] [stdout] 
[INFO] [stderr]    Compiling interval v0.1.0 (/opt/rustwide/workdir)
[INFO] [stdout] warning: unused import: `Div`
[INFO] [stdout]  --> src/ops/arithmetic.rs:1:21
[INFO] [stdout]   |
[INFO] [stdout] 1 | use std::ops::{Add, Div, Mul, Sub};
[INFO] [stdout]   |                     ^^^
[INFO] [stdout]   |
[INFO] [stdout]   = note: `#[warn(unused_imports)]` (part of `#[warn(unused)]`) on by default
[INFO] [stdout] 
[INFO] [stdout] 
[INFO] [stderr]     Finished `release` profile [optimized] target(s) in 1.02s
[INFO] running `Command { std: "docker" "inspect" "c61fd154a8e0bfb77b1fc6df3ca31b0f5a48d03b1383069df6c158a0bd9db89f", kill_on_drop: false }`
[INFO] running `Command { std: "docker" "exec" "-e" "SOURCE_DIR=/opt/rustwide/workdir" "-e" "CARGO_HOME=/opt/rustwide/cargo-home" "-e" "RUSTUP_HOME=/opt/rustwide/rustup-home" "-e" "CARGO_TARGET_DIR=/opt/rustwide/target" "-e" "CARGO_INCREMENTAL=0" "-e" "RUST_BACKTRACE=full" "-e" "RUSTFLAGS=--cap-lints=warn" "-e" "RUSTDOCFLAGS=--cap-lints=warn" "-w" "/opt/rustwide/workdir" "--user" "0:0" "c61fd154a8e0bfb77b1fc6df3ca31b0f5a48d03b1383069df6c158a0bd9db89f" "/opt/rustwide/cargo-home/bin/cargo" "+1.99.0-beta.1" "test" "--frozen" "--release", kill_on_drop: false }`
[INFO] [stderr] warning: unused import: `Div`
[INFO] [stderr]  --> src/ops/arithmetic.rs:1:21
[INFO] [stderr]   |
[INFO] [stderr] 1 | use std::ops::{Add, Div, Mul, Sub};
[INFO] [stderr]   |                     ^^^
[INFO] [stderr]   |
[INFO] [stderr]   = note: `#[warn(unused_imports)]` (part of `#[warn(unused)]`) on by default
[INFO] [stderr] 
[INFO] [stderr] warning: `interval` (lib) generated 1 warning (run `cargo fix --lib -p interval` to apply 1 suggestion)
[INFO] [stderr] warning: `interval` (lib test) generated 1 warning (1 duplicate)
[INFO] [stderr]     Finished `release` profile [optimized] target(s) in 0.03s
[INFO] [stderr]      Running unittests src/lib.rs (/opt/rustwide/target/release/deps/interval-a07410ec49dba1bf)
[INFO] [stdout] 
[INFO] [stdout] running 50 tests
[INFO] [stdout] test tests::add_mixed_bounds_produces_open ... ok
[INFO] [stdout] test tests::add_two_close_intervals ... ok
[INFO] [stdout] test tests::add_infinity_left_plus_finite ... ok
[INFO] [stdout] test tests::add_two_infinity_left_is_undefined ... ok
[INFO] [stdout] test tests::add_two_open_intervals ... ok
[INFO] [stdout] test tests::bitor_operator_overlapping ... ok
[INFO] [stdout] test tests::bitxor_symmetric_difference ... ok
[INFO] [stdout] test tests::bound_finite_value_errors_on_infinite ... ok
[INFO] [stdout] test tests::bound_is_open ... ok
[INFO] [stdout] test tests::bound_value_finite ... ok
[INFO] [stdout] test tests::bound_value_infinite_left ... ok
[INFO] [stdout] test tests::bound_value_infinite_right ... ok
[INFO] [stdout] test tests::builder_invalid_bounds_fails ... ok
[INFO] [stdout] test tests::builder_missing_right_bound_fails ... ok
[INFO] [stdout] test tests::builder_missing_left_bound_fails ... ok
[INFO] [stdout] test tests::builder_valid ... ok
[INFO] [stdout] test tests::close_interval_valid ... ok
[INFO] [stdout] test tests::from_bounds_both_infinite ... ok
[INFO] [stdout] test tests::from_bounds_infinite_left ... ok
[INFO] [stdout] test tests::from_bounds_infinite_right ... ok
[INFO] [stdout] test tests::intersection_disjoint_returns_none ... ok
[INFO] [stdout] test tests::intersection_open_touching_returns_none ... ok
[INFO] [stdout] test tests::intersection_overlapping ... ok
[INFO] [stdout] test tests::intersection_touching_bounds ... ok
[INFO] [stdout] test tests::interval_set_bitand ... ok
[INFO] [stdout] test tests::interval_set_bitor ... ok
[INFO] [stdout] test tests::interval_set_from_single_interval ... ok
[INFO] [stdout] test tests::interval_set_intersection_disjoint ... ok
[INFO] [stdout] test tests::interval_set_intersection ... ok
[INFO] [stdout] test tests::interval_set_is_disjoint_false ... ok
[INFO] [stdout] test tests::interval_set_is_disjoint_true ... ok
[INFO] [stdout] test tests::interval_set_union_disjoint ... ok
[INFO] [stdout] test tests::mul_mixed_sign_intervals ... ok
[INFO] [stdout] test tests::mul_negative_intervals ... ok
[INFO] [stdout] test tests::mul_open_intervals ... ok
[INFO] [stdout] test tests::interval_set_union ... ok
[INFO] [stdout] test tests::open_interval_equal_bounds_fails ... ok
[INFO] [stdout] test tests::mul_positive_intervals ... ok
[INFO] [stdout] test tests::open_interval_invalid_bounds ... ok
[INFO] [stdout] test tests::sub_two_intervals ... ok
[INFO] [stdout] test tests::union_overlapping_intervals ... ok
[INFO] [stdout] test tests::interval_set_difference ... FAILED
[INFO] [stdout] test tests::interval_set_sub ... FAILED
[INFO] [stdout] test tests::open_interval_valid ... ok
[INFO] [stdout] test tests::union_disjoint_intervals ... ok
[INFO] [stdout] test tests::try_from_multi_segment_set_fails ... ok
[INFO] [stdout] test tests::try_from_single_segment_set_succeeds ... ok
[INFO] [stdout] test tests::union_open_touching_stays_disjoint ... ok
[INFO] [stdout] test tests::close_interval_invalid_bounds ... ok
[INFO] [stdout] test tests::union_touching_intervals ... ok
[INFO] [stdout] 
[INFO] [stdout] failures:
[INFO] [stdout] 
[INFO] [stdout] ---- tests::interval_set_difference stdout ----
[INFO] [stdout] 
[INFO] [stdout] thread 'tests::interval_set_difference' (419) panicked at src/lib.rs:432:9:
[INFO] [stdout] assertion `left == right` failed
[INFO] [stdout]   left: IntervalSet { segments: [Interval { left_bound: Close(1), right_bound: Open(3) }, Interval { left_bound: Open(5), right_bound: Close(7) }] }
[INFO] [stdout]  right: IntervalSet { segments: [Interval { left_bound: Close(1), right_bound: Close(3) }, Interval { left_bound: Close(5), right_bound: Close(7) }] }
[INFO] [stdout] stack backtrace:
[INFO] [stdout]    0:     0x5cb2d0c62151 - <<std[104cf6e2632825ea]::sys::backtrace::BacktraceLock>::print::DisplayBacktrace as core[7c831bd917ebf35f]::fmt::Display>::fmt
[INFO] [stdout]    1:     0x5cb2d0c7699a - core[7c831bd917ebf35f]::fmt::write
[INFO] [stdout]    2:     0x5cb2d0c66aec - <alloc[2fdc3f7464fcf288]::vec::Vec<u8> as core[7c831bd917ebf35f]::io::write::Write>::write_fmt
[INFO] [stdout]    3:     0x5cb2d0c3e136 - std[104cf6e2632825ea]::panicking::default_hook::{closure#0}
[INFO] [stdout]    4:     0x5cb2d0c5a7c9 - std[104cf6e2632825ea]::panicking::default_hook
[INFO] [stdout]    5:     0x5cb2d0bf5f80 - test[73009c9f9aebf890]::test_main_inner::<test[73009c9f9aebf890]::test_main_static::{closure#0}>::{closure#0}
[INFO] [stdout]    6:     0x5cb2d0c5a982 - std[104cf6e2632825ea]::panicking::panic_with_hook
[INFO] [stdout]    7:     0x5cb2d0c3e1e2 - std[104cf6e2632825ea]::panicking::panic_handler::{closure#0}
[INFO] [stdout]    8:     0x5cb2d0c365f9 - std[104cf6e2632825ea]::sys::backtrace::__rust_end_short_backtrace::<std[104cf6e2632825ea]::panicking::panic_handler::{closure#0}, !>
[INFO] [stdout]    9:     0x5cb2d0c3eeed - __rustc[b0d56fa5b193ad05]::rust_begin_unwind
[INFO] [stdout]   10:     0x5cb2d0c770cc - core[7c831bd917ebf35f]::panicking::panic_fmt
[INFO] [stdout]   11:     0x5cb2d0c76fe3 - core[7c831bd917ebf35f]::panicking::assert_failed_inner
[INFO] [stdout]   12:     0x5cb2d0be5d32 - core[7c831bd917ebf35f]::panicking::assert_failed::<interval[2dd2f2051385523b]::interval::IntervalSet<i32>, interval[2dd2f2051385523b]::interval::IntervalSet<i32>>
[INFO] [stdout]   13:     0x5cb2d0be286f - interval[2dd2f2051385523b]::tests::interval_set_difference
[INFO] [stdout]   14:     0x5cb2d0be1459 - <interval[2dd2f2051385523b]::tests::interval_set_difference::{closure#0} as core[7c831bd917ebf35f]::ops::function::FnOnce<()>>::call_once
[INFO] [stdout]   15:     0x5cb2d0be926b - test[73009c9f9aebf890]::__rust_begin_short_backtrace::<core[7c831bd917ebf35f]::result::Result<(), alloc[2fdc3f7464fcf288]::string::String>, fn() -> core[7c831bd917ebf35f]::result::Result<(), alloc[2fdc3f7464fcf288]::string::String>>
[INFO] [stdout]   16:     0x5cb2d0bf68d5 - test[73009c9f9aebf890]::run_test::{closure#0}
[INFO] [stdout]   17:     0x5cb2d0befc94 - std[104cf6e2632825ea]::sys::backtrace::__rust_begin_short_backtrace::<test[73009c9f9aebf890]::run_test::{closure#1}, ()>
[INFO] [stdout]   18:     0x5cb2d0bf9a32 - <std[104cf6e2632825ea]::thread::lifecycle::spawn_unchecked<test[73009c9f9aebf890]::run_test::{closure#1}, ()>::{closure#1} as core[7c831bd917ebf35f]::ops::function::FnOnce<()>>::call_once::{shim:vtable#0}
[INFO] [stdout]   19:     0x5cb2d0c61a29 - <std[104cf6e2632825ea]::sys::thread::unix::Thread>::new::thread_start
[INFO] [stdout]   20:     0x7cec4546e07a - <unknown>
[INFO] [stdout]   21:     0x7cec45501534 - clone
[INFO] [stdout]   22:                0x0 - <unknown>
[INFO] [stdout] 
[INFO] [stdout] ---- tests::interval_set_sub stdout ----
[INFO] [stdout] 
[INFO] [stdout] thread 'tests::interval_set_sub' (425) panicked at src/lib.rs:476:9:
[INFO] [stdout] assertion `left == right` failed
[INFO] [stdout]   left: IntervalSet { segments: [Interval { left_bound: Close(1), right_bound: Open(3) }, Interval { left_bound: Open(5), right_bound: Close(7) }] }
[INFO] [stdout]  right: IntervalSet { segments: [Interval { left_bound: Open(1), right_bound: Close(3) }, Interval { left_bound: Close(5), right_bound: Open(7) }] }
[INFO] [stdout] stack backtrace:
[INFO] [stdout]    0:     0x5cb2d0c62151 - <<std[104cf6e2632825ea]::sys::backtrace::BacktraceLock>::print::DisplayBacktrace as core[7c831bd917ebf35f]::fmt::Display>::fmt
[INFO] [stdout]    1:     0x5cb2d0c7699a - core[7c831bd917ebf35f]::fmt::write
[INFO] [stdout]    2:     0x5cb2d0c66aec - <alloc[2fdc3f7464fcf288]::vec::Vec<u8> as core[7c831bd917ebf35f]::io::write::Write>::write_fmt
[INFO] [stdout]    3:     0x5cb2d0c3e136 - std[104cf6e2632825ea]::panicking::default_hook::{closure#0}
[INFO] [stdout]    4:     0x5cb2d0c5a7c9 - std[104cf6e2632825ea]::panicking::default_hook
[INFO] [stdout]    5:     0x5cb2d0bf5f80 - test[73009c9f9aebf890]::test_main_inner::<test[73009c9f9aebf890]::test_main_static::{closure#0}>::{closure#0}
[INFO] [stdout]    6:     0x5cb2d0c5a982 - std[104cf6e2632825ea]::panicking::panic_with_hook
[INFO] [stdout]    7:     0x5cb2d0c3e1e2 - std[104cf6e2632825ea]::panicking::panic_handler::{closure#0}
[INFO] [stdout]    8:     0x5cb2d0c365f9 - std[104cf6e2632825ea]::sys::backtrace::__rust_end_short_backtrace::<std[104cf6e2632825ea]::panicking::panic_handler::{closure#0}, !>
[INFO] [stdout]    9:     0x5cb2d0c3eeed - __rustc[b0d56fa5b193ad05]::rust_begin_unwind
[INFO] [stdout]   10:     0x5cb2d0c770cc - core[7c831bd917ebf35f]::panicking::panic_fmt
[INFO] [stdout]   11:     0x5cb2d0c76fe3 - core[7c831bd917ebf35f]::panicking::assert_failed_inner
[INFO] [stdout]   12:     0x5cb2d0be5d32 - core[7c831bd917ebf35f]::panicking::assert_failed::<interval[2dd2f2051385523b]::interval::IntervalSet<i32>, interval[2dd2f2051385523b]::interval::IntervalSet<i32>>
[INFO] [stdout]   13:     0x5cb2d0be1dcb - interval[2dd2f2051385523b]::tests::interval_set_sub
[INFO] [stdout]   14:     0x5cb2d0be1169 - <interval[2dd2f2051385523b]::tests::interval_set_sub::{closure#0} as core[7c831bd917ebf35f]::ops::function::FnOnce<()>>::call_once
[INFO] [stdout]   15:     0x5cb2d0be926b - test[73009c9f9aebf890]::__rust_begin_short_backtrace::<core[7c831bd917ebf35f]::result::Result<(), alloc[2fdc3f7464fcf288]::string::String>, fn() -> core[7c831bd917ebf35f]::result::Result<(), alloc[2fdc3f7464fcf288]::string::String>>
[INFO] [stdout]   16:     0x5cb2d0bf68d5 - test[73009c9f9aebf890]::run_test::{closure#0}
[INFO] [stdout]   17:     0x5cb2d0befc94 - std[104cf6e2632825ea]::sys::backtrace::__rust_begin_short_backtrace::<test[73009c9f9aebf890]::run_test::{closure#1}, ()>
[INFO] [stdout]   18:     0x5cb2d0bf9a32 - <std[104cf6e2632825ea]::thread::lifecycle::spawn_unchecked<test[73009c9f9aebf890]::run_test::{closure#1}, ()>::{closure#1} as core[7c831bd917ebf35f]::ops::function::FnOnce<()>>::call_once::{shim:vtable#0}
[INFO] [stdout]   19:     0x5cb2d0c61a29 - <std[104cf6e2632825ea]::sys::thread::unix::Thread>::new::thread_start
[INFO] [stdout]   20:     0x7cec4546e07a - <unknown>
[INFO] [stdout]   21:     0x7cec45501534 - clone
[INFO] [stdout]   22:                0x0 - <unknown>
[INFO] [stdout] 
[INFO] [stdout] 
[INFO] [stdout] failures:
[INFO] [stdout]     tests::interval_set_difference
[INFO] [stdout]     tests::interval_set_sub
[INFO] [stdout] 
[INFO] [stdout] test result: FAILED. 48 passed; 2 failed; 0 ignored; 0 measured; 0 filtered out; finished in 0.26s
[INFO] [stdout] 
[INFO] [stderr] error: test failed, to rerun pass `--lib`
[INFO] running `Command { std: "docker" "inspect" "c61fd154a8e0bfb77b1fc6df3ca31b0f5a48d03b1383069df6c158a0bd9db89f", kill_on_drop: false }`
[INFO] running `Command { std: "docker" "rm" "-f" "c61fd154a8e0bfb77b1fc6df3ca31b0f5a48d03b1383069df6c158a0bd9db89f", kill_on_drop: false }`
[INFO] [stdout] c61fd154a8e0bfb77b1fc6df3ca31b0f5a48d03b1383069df6c158a0bd9db89f
