[INFO] cloning repository https://github.com/joaopabdala/tiko
[INFO] running `Command { std: "git" "-c" "credential.helper=" "-c" "credential.helper=/workspace/cargo-home/bin/git-credential-null" "clone" "--bare" "https://github.com/joaopabdala/tiko" "/workspace/cache/git-repos/https%3A%2F%2Fgithub.com%2Fjoaopabdala%2Ftiko", kill_on_drop: false }`
[INFO] [stderr] Cloning into bare repository '/workspace/cache/git-repos/https%3A%2F%2Fgithub.com%2Fjoaopabdala%2Ftiko'...
[INFO] running `Command { std: "git" "rev-parse" "HEAD", kill_on_drop: false }`
[INFO] [stdout] f85a7395822bc71f71d97a346f7f1cf1fdb1d01c
[INFO] testing joaopabdala/tiko against 1.99.0-beta.1+cargoflags=--release for beta-release-1.99-2
[INFO] running `Command { std: "git" "clone" "/workspace/cache/git-repos/https%3A%2F%2Fgithub.com%2Fjoaopabdala%2Ftiko" "/workspace/builds/worker-3-tc2/source", kill_on_drop: false }`
[INFO] [stderr] Cloning into '/workspace/builds/worker-3-tc2/source'...
[INFO] [stderr] done.
[INFO] started tweaking git repo https://github.com/joaopabdala/tiko
[INFO] finished tweaking git repo https://github.com/joaopabdala/tiko
[INFO] tweaked toml for git repo https://github.com/joaopabdala/tiko written to /workspace/builds/worker-3-tc2/source/Cargo.toml
[INFO] validating manifest of git repo https://github.com/joaopabdala/tiko on toolchain 1.99.0-beta.1
[INFO] running `Command { std: CARGO_HOME="/workspace/cargo-home" RUSTUP_HOME="/workspace/rustup-home" "/workspace/cargo-home/bin/cargo" "+1.99.0-beta.1" "metadata" "--manifest-path" "Cargo.toml" "--no-deps", kill_on_drop: false }`
[INFO] crate git repo https://github.com/joaopabdala/tiko already has a lockfile, it will not be regenerated
[INFO] running `Command { std: CARGO_HOME="/workspace/cargo-home" RUSTUP_HOME="/workspace/rustup-home" "/workspace/cargo-home/bin/cargo" "+1.99.0-beta.1" "fetch" "--manifest-path" "Cargo.toml", kill_on_drop: false }`
[INFO] running `Command { std: "docker" "create" "-v" "/var/lib/crater-agent-workspace/builds/worker-3-tc2/source:/opt/rustwide/workdir:ro,Z" "-v" "/var/lib/crater-agent-workspace/builds/worker-3-tc2/target:/opt/rustwide/target:rw,Z" "-v" "/var/lib/crater-agent-workspace/cargo-home:/opt/rustwide/cargo-home:ro,Z" "-v" "/var/lib/crater-agent-workspace/rustup-home:/opt/rustwide/rustup-home:ro,Z" "-m" "1610612736" "--network" "none" "ghcr.io/rust-lang/crates-build-env/linux@sha256:8683fc1fc2eb5c9ac98e0d076ab094b2ffac7f99da555d2b6a2e27f346de2ec7" "sleep" "infinity", kill_on_drop: false }`
[INFO] [stdout] 45fece5bd895a82594ea078d15bcb9449931102f5c4f63a750fe213dd0ed54a9
[INFO] running `Command { std: "docker" "start" "45fece5bd895a82594ea078d15bcb9449931102f5c4f63a750fe213dd0ed54a9", kill_on_drop: false }`
[INFO] running `Command { std: "docker" "inspect" "45fece5bd895a82594ea078d15bcb9449931102f5c4f63a750fe213dd0ed54a9", kill_on_drop: false }`
[INFO] running `Command { std: "docker" "exec" "-e" "SOURCE_DIR=/opt/rustwide/workdir" "-e" "CARGO_HOME=/opt/rustwide/cargo-home" "-e" "RUSTUP_HOME=/opt/rustwide/rustup-home" "-e" "CARGO_TARGET_DIR=/opt/rustwide/target" "-w" "/opt/rustwide/workdir" "--user" "0:0" "45fece5bd895a82594ea078d15bcb9449931102f5c4f63a750fe213dd0ed54a9" "/opt/rustwide/cargo-home/bin/cargo" "+1.99.0-beta.1" "metadata" "--no-deps" "--format-version=1", kill_on_drop: false }`
[INFO] running `Command { std: "docker" "inspect" "45fece5bd895a82594ea078d15bcb9449931102f5c4f63a750fe213dd0ed54a9", kill_on_drop: false }`
[INFO] running `Command { std: "docker" "exec" "-e" "SOURCE_DIR=/opt/rustwide/workdir" "-e" "CARGO_HOME=/opt/rustwide/cargo-home" "-e" "RUSTUP_HOME=/opt/rustwide/rustup-home" "-e" "CARGO_TARGET_DIR=/opt/rustwide/target" "-e" "CARGO_INCREMENTAL=0" "-e" "RUST_BACKTRACE=full" "-e" "RUSTFLAGS=--cap-lints=warn" "-e" "RUSTDOCFLAGS=--cap-lints=warn" "-w" "/opt/rustwide/workdir" "--user" "0:0" "45fece5bd895a82594ea078d15bcb9449931102f5c4f63a750fe213dd0ed54a9" "/opt/rustwide/cargo-home/bin/cargo" "+1.99.0-beta.1" "build" "--frozen" "--message-format=json" "--release", kill_on_drop: false }`
[INFO] [stderr]    Compiling unicode-ident v1.0.22
[INFO] [stderr]    Compiling libc v0.2.180
[INFO] [stderr]    Compiling smallvec v1.15.1
[INFO] [stderr]    Compiling bytes v1.11.0
[INFO] [stderr]    Compiling stable_deref_trait v1.2.1
[INFO] [stderr]    Compiling find-msvc-tools v0.1.8
[INFO] [stderr]    Compiling fs_extra v1.3.0
[INFO] [stderr]    Compiling dunce v1.0.5
[INFO] [stderr]    Compiling memchr v2.7.6
[INFO] [stderr]    Compiling zeroize v1.8.2
[INFO] [stderr]    Compiling aws-lc-rs v1.15.4
[INFO] [stderr]    Compiling litemap v0.8.1
[INFO] [stderr]    Compiling writeable v0.6.2
[INFO] [stderr]    Compiling tracing-core v0.1.36
[INFO] [stderr]    Compiling hashbrown v0.16.1
[INFO] [stderr]    Compiling icu_normalizer_data v2.1.1
[INFO] [stderr]    Compiling icu_properties_data v2.1.2
[INFO] [stderr]    Compiling httparse v1.10.1
[INFO] [stderr]    Compiling getrandom v0.3.4
[INFO] [stderr]    Compiling rustls-pki-types v1.14.0
[INFO] [stderr]    Compiling untrusted v0.9.0
[INFO] [stderr]    Compiling try-lock v0.2.5
[INFO] [stderr]    Compiling proc-macro2 v1.0.106
[INFO] [stderr]    Compiling tower-service v0.3.3
[INFO] [stderr]    Compiling rustls v0.23.36
[INFO] [stderr]    Compiling zmij v1.0.17
[INFO] [stderr]    Compiling zerocopy v0.8.35
[INFO] [stderr]    Compiling want v0.3.1
[INFO] [stderr]    Compiling httpdate v1.0.3
[INFO] [stderr]    Compiling form_urlencoded v1.2.2
[INFO] [stderr]    Compiling base64 v0.22.1
[INFO] [stderr]    Compiling indexmap v2.13.0
[INFO] [stderr]    Compiling unicase v2.9.0
[INFO] [stderr]    Compiling ipnet v2.11.0
[INFO] [stderr]    Compiling tracing v0.1.44
[INFO] [stderr]    Compiling mime_guess v2.0.5
[INFO] [stderr]    Compiling quote v1.0.44
[INFO] [stderr]    Compiling serde_json v1.0.149
[INFO] [stderr]    Compiling aho-corasick v1.1.4
[INFO] [stderr]    Compiling sync_wrapper v1.0.2
[INFO] [stderr]    Compiling openssl-probe v0.2.1
[INFO] [stderr]    Compiling tower-layer v0.3.3
[INFO] [stderr]    Compiling syn v2.0.114
[INFO] [stderr]    Compiling utf8_iter v1.0.4
[INFO] [stderr]    Compiling http v1.4.0
[INFO] [stderr]    Compiling regex-syntax v0.8.8
[INFO] [stderr]    Compiling ryu v1.0.22
[INFO] [stderr]    Compiling rustls-native-certs v0.8.3
[INFO] [stderr]    Compiling parking_lot_core v0.9.12
[INFO] [stderr]    Compiling errno v0.3.14
[INFO] [stderr]    Compiling signal-hook-registry v1.4.8
[INFO] [stderr]    Compiling mio v1.1.1
[INFO] [stderr]    Compiling socket2 v0.6.2
[INFO] [stderr]    Compiling jobserver v0.1.34
[INFO] [stderr]    Compiling parking_lot v0.12.5
[INFO] [stderr]    Compiling cc v1.2.54
[INFO] [stderr]    Compiling rand_core v0.9.5
[INFO] [stderr]    Compiling mime v0.3.17
[INFO] [stderr]    Compiling iri-string v0.7.10
[INFO] [stderr]    Compiling bitflags v2.10.0
[INFO] [stderr]    Compiling clap_lex v0.7.7
[INFO] [stderr]    Compiling clap_builder v4.5.55
[INFO] [stderr]    Compiling encoding_rs v0.8.35
[INFO] [stderr]    Compiling colored v3.1.1
[INFO] [stderr]    Compiling similar v2.7.0
[INFO] [stderr]    Compiling lazy_static v1.5.0
[INFO] [stderr]    Compiling cmake v0.1.57
[INFO] [stderr]    Compiling http-body v1.0.1
[INFO] [stderr]    Compiling http-body-util v0.1.3
[INFO] [stderr]    Compiling aws-lc-sys v0.37.0
[INFO] [stderr]    Compiling regex-automata v0.4.13
[INFO] [stderr]    Compiling synstructure v0.13.2
[INFO] [stderr]    Compiling ppv-lite86 v0.2.21
[INFO] [stderr]    Compiling rand_chacha v0.9.0
[INFO] [stderr]    Compiling zerofrom-derive v0.1.6
[INFO] [stderr]    Compiling yoke-derive v0.8.1
[INFO] [stderr]    Compiling zerovec-derive v0.11.2
[INFO] [stderr]    Compiling tokio-macros v2.6.0
[INFO] [stderr]    Compiling displaydoc v0.2.5
[INFO] [stderr]    Compiling futures-macro v0.3.31
[INFO] [stderr]    Compiling serde_derive v1.0.228
[INFO] [stderr]    Compiling rand v0.9.2
[INFO] [stderr]    Compiling clap_derive v4.5.55
[INFO] [stderr]    Compiling tokio v1.49.0
[INFO] [stderr]    Compiling zerofrom v0.1.6
[INFO] [stderr]    Compiling futures-util v0.3.31
[INFO] [stderr]    Compiling yoke v0.8.1
[INFO] [stderr]    Compiling regex v1.12.2
[INFO] [stderr]    Compiling zerovec v0.11.5
[INFO] [stderr]    Compiling zerotrie v0.2.3
[INFO] [stderr]    Compiling tinystr v0.8.2
[INFO] [stderr]    Compiling potential_utf v0.1.4
[INFO] [stderr]    Compiling icu_collections v2.1.1
[INFO] [stderr]    Compiling icu_locale_core v2.1.1
[INFO] [stderr]    Compiling clap v4.5.55
[INFO] [stderr]    Compiling icu_provider v2.1.1
[INFO] [stderr]    Compiling icu_normalizer v2.1.1
[INFO] [stderr]    Compiling icu_properties v2.1.2
[INFO] [stderr]    Compiling serde v1.0.228
[INFO] [stderr]    Compiling idna_adapter v1.2.1
[INFO] [stderr]    Compiling idna v1.1.0
[INFO] [stderr]    Compiling serde_urlencoded v0.7.1
[INFO] [stderr]    Compiling assert-json-diff v2.0.2
[INFO] [stderr]    Compiling url v2.5.8
[INFO] [stderr]    Compiling tokio-util v0.7.18
[INFO] [stderr]    Compiling tower v0.5.3
[INFO] [stderr]    Compiling tower-http v0.6.8
[INFO] [stderr]    Compiling h2 v0.4.13
[INFO] [stderr]    Compiling hyper v1.8.1
[INFO] [stderr]    Compiling hyper-util v0.1.19
[INFO] [stderr]    Compiling mockito v1.7.1
[INFO] [stderr]    Compiling rustls-webpki v0.103.9
[INFO] [stderr]    Compiling tokio-rustls v0.26.4
[INFO] [stderr]    Compiling rustls-platform-verifier v0.6.2
[INFO] [stderr]    Compiling hyper-rustls v0.27.7
[INFO] [stderr]    Compiling reqwest v0.13.1
[INFO] [stderr]    Compiling tiko v0.2.0 (/opt/rustwide/workdir)
[INFO] [stderr]     Finished `release` profile [optimized] target(s) in 2m 33s
[INFO] running `Command { std: "docker" "inspect" "45fece5bd895a82594ea078d15bcb9449931102f5c4f63a750fe213dd0ed54a9", kill_on_drop: false }`
[INFO] running `Command { std: "docker" "exec" "-e" "SOURCE_DIR=/opt/rustwide/workdir" "-e" "CARGO_HOME=/opt/rustwide/cargo-home" "-e" "RUSTUP_HOME=/opt/rustwide/rustup-home" "-e" "CARGO_TARGET_DIR=/opt/rustwide/target" "-e" "CARGO_INCREMENTAL=0" "-e" "RUST_BACKTRACE=full" "-e" "RUSTFLAGS=--cap-lints=warn" "-e" "RUSTDOCFLAGS=--cap-lints=warn" "-w" "/opt/rustwide/workdir" "--user" "0:0" "45fece5bd895a82594ea078d15bcb9449931102f5c4f63a750fe213dd0ed54a9" "/opt/rustwide/cargo-home/bin/cargo" "+1.99.0-beta.1" "test" "--frozen" "--no-run" "--message-format=json" "--release", kill_on_drop: false }`
[INFO] [stderr]    Compiling tiko v0.2.0 (/opt/rustwide/workdir)
[INFO] [stderr]     Finished `release` profile [optimized] target(s) in 3.60s
[INFO] running `Command { std: "docker" "inspect" "45fece5bd895a82594ea078d15bcb9449931102f5c4f63a750fe213dd0ed54a9", kill_on_drop: false }`
[INFO] running `Command { std: "docker" "exec" "-e" "SOURCE_DIR=/opt/rustwide/workdir" "-e" "CARGO_HOME=/opt/rustwide/cargo-home" "-e" "RUSTUP_HOME=/opt/rustwide/rustup-home" "-e" "CARGO_TARGET_DIR=/opt/rustwide/target" "-e" "CARGO_INCREMENTAL=0" "-e" "RUST_BACKTRACE=full" "-e" "RUSTFLAGS=--cap-lints=warn" "-e" "RUSTDOCFLAGS=--cap-lints=warn" "-w" "/opt/rustwide/workdir" "--user" "0:0" "45fece5bd895a82594ea078d15bcb9449931102f5c4f63a750fe213dd0ed54a9" "/opt/rustwide/cargo-home/bin/cargo" "+1.99.0-beta.1" "test" "--frozen" "--release", kill_on_drop: false }`
[INFO] [stderr]     Finished `release` profile [optimized] target(s) in 0.18s
[INFO] [stderr]      Running unittests src/lib.rs (/opt/rustwide/target/release/deps/tiko-45574e85c1fa977a)
[INFO] [stdout] 
[INFO] [stdout] running 4 tests
[INFO] [stdout] test parser::tests::fails_on_invalid_url ... ok
[INFO] [stdout] test parser::tests::can_parse ... ok
[INFO] [stdout] test downloader::tests::test_download_video_http_fail ... ok
[INFO] [stdout] test downloader::tests::test_download_video_success ... FAILED
[INFO] [stdout] 
[INFO] [stdout] failures:
[INFO] [stdout] 
[INFO] [stdout] ---- downloader::tests::test_download_video_success stdout ----
[INFO] [stdout] download started for test_user_12345.mp4
[INFO] [stdout] 
[INFO] [stdout] thread 'downloader::tests::test_download_video_success' (3462) panicked at src/downloader.rs:98:9:
[INFO] [stdout] assertion failed: result.is_ok()
[INFO] [stdout] stack backtrace:
[INFO] [stdout]    0:     0x569eeb32e071 - <<std[104cf6e2632825ea]::sys::backtrace::BacktraceLock>::print::DisplayBacktrace as core[7c831bd917ebf35f]::fmt::Display>::fmt
[INFO] [stdout]    1:     0x569eeb34562a - core[7c831bd917ebf35f]::fmt::write
[INFO] [stdout]    2:     0x569eeb33311c - <alloc[2fdc3f7464fcf288]::vec::Vec<u8> as core[7c831bd917ebf35f]::io::write::Write>::write_fmt
[INFO] [stdout]    3:     0x569eeb308d96 - std[104cf6e2632825ea]::panicking::default_hook::{closure#0}
[INFO] [stdout]    4:     0x569eeb325c39 - std[104cf6e2632825ea]::panicking::default_hook
[INFO] [stdout]    5:     0x569eeadf0480 - test[73009c9f9aebf890]::test_main_inner::<test[73009c9f9aebf890]::test_main_static::{closure#0}>::{closure#0}
[INFO] [stdout]    6:     0x569eeb325f62 - std[104cf6e2632825ea]::panicking::panic_with_hook
[INFO] [stdout]    7:     0x569eeb308e74 - std[104cf6e2632825ea]::panicking::panic_handler::{closure#0}
[INFO] [stdout]    8:     0x569eeb3015b9 - std[104cf6e2632825ea]::sys::backtrace::__rust_end_short_backtrace::<std[104cf6e2632825ea]::panicking::panic_handler::{closure#0}, !>
[INFO] [stdout]    9:     0x569eeb309c2d - __rustc[b0d56fa5b193ad05]::rust_begin_unwind
[INFO] [stdout]   10:     0x569eeb345e0c - core[7c831bd917ebf35f]::panicking::panic_fmt
[INFO] [stdout]   11:     0x569eeb345dd2 - core[7c831bd917ebf35f]::panicking::panic
[INFO] [stdout]   12:     0x569eead44d3d - tiko[5eca97812b77390d]::downloader::tests::test_download_video_success::{closure#0}
[INFO] [stdout]   13:     0x569eead4e2f3 - <tokio[301a008668addbdb]::runtime::scheduler::current_thread::Context>::enter::<core[7c831bd917ebf35f]::task::poll::Poll<()>, <tokio[301a008668addbdb]::runtime::scheduler::current_thread::CoreGuard>::block_on<core[7c831bd917ebf35f]::pin::Pin<&mut core[7c831bd917ebf35f]::pin::Pin<&mut dyn core[7c831bd917ebf35f]::future::future::Future<Output = ()>>>>::{closure#0}::{closure#0}>
[INFO] [stdout]   14:     0x569eead4879c - <tokio[301a008668addbdb]::runtime::context::scoped::Scoped<tokio[301a008668addbdb]::runtime::scheduler::Context>>::set::<<tokio[301a008668addbdb]::runtime::scheduler::current_thread::CoreGuard>::enter<<tokio[301a008668addbdb]::runtime::scheduler::current_thread::CoreGuard>::block_on<core[7c831bd917ebf35f]::pin::Pin<&mut core[7c831bd917ebf35f]::pin::Pin<&mut dyn core[7c831bd917ebf35f]::future::future::Future<Output = ()>>>>::{closure#0}, core[7c831bd917ebf35f]::option::Option<()>>::{closure#0}, (alloc[2fdc3f7464fcf288]::boxed::Box<tokio[301a008668addbdb]::runtime::scheduler::current_thread::Core>, core[7c831bd917ebf35f]::option::Option<()>)>
[INFO] [stdout]   15:     0x569eead4dfef - <tokio[301a008668addbdb]::runtime::scheduler::current_thread::CurrentThread>::block_on::<core[7c831bd917ebf35f]::pin::Pin<&mut dyn core[7c831bd917ebf35f]::future::future::Future<Output = ()>>>
[INFO] [stdout]   16:     0x569eead48682 - <tokio[301a008668addbdb]::runtime::runtime::Runtime>::block_on::<core[7c831bd917ebf35f]::pin::Pin<&mut dyn core[7c831bd917ebf35f]::future::future::Future<Output = ()>>>
[INFO] [stdout]   17:     0x569eead45cbb - tiko[5eca97812b77390d]::downloader::tests::test_download_video_success
[INFO] [stdout]   18:     0x569eead53ea9 - <tiko[5eca97812b77390d]::downloader::tests::test_download_video_success::{closure#0} as core[7c831bd917ebf35f]::ops::function::FnOnce<()>>::call_once
[INFO] [stdout]   19:     0x569eeade376b - test[73009c9f9aebf890]::__rust_begin_short_backtrace::<core[7c831bd917ebf35f]::result::Result<(), alloc[2fdc3f7464fcf288]::string::String>, fn() -> core[7c831bd917ebf35f]::result::Result<(), alloc[2fdc3f7464fcf288]::string::String>>
[INFO] [stdout]   20:     0x569eeadf0dd5 - test[73009c9f9aebf890]::run_test::{closure#0}
[INFO] [stdout]   21:     0x569eeadea194 - std[104cf6e2632825ea]::sys::backtrace::__rust_begin_short_backtrace::<test[73009c9f9aebf890]::run_test::{closure#1}, ()>
[INFO] [stdout]   22:     0x569eeadf3f32 - <std[104cf6e2632825ea]::thread::lifecycle::spawn_unchecked<test[73009c9f9aebf890]::run_test::{closure#1}, ()>::{closure#1} as core[7c831bd917ebf35f]::ops::function::FnOnce<()>>::call_once::{shim:vtable#0}
[INFO] [stdout]   23:     0x569eeb32d599 - <std[104cf6e2632825ea]::sys::thread::unix::Thread>::new::thread_start
[INFO] [stdout]   24:     0x704829d9e07a - <unknown>
[INFO] [stdout]   25:     0x704829e31534 - clone
[INFO] [stdout]   26:                0x0 - <unknown>
[INFO] [stdout] 
[INFO] [stdout] 
[INFO] [stdout] failures:
[INFO] [stdout]     downloader::tests::test_download_video_success
[INFO] [stdout] 
[INFO] [stdout] test result: FAILED. 3 passed; 1 failed; 0 ignored; 0 measured; 0 filtered out; finished in 0.11s
[INFO] [stdout] 
[INFO] [stderr] error: test failed, to rerun pass `--lib`
[INFO] running `Command { std: "docker" "inspect" "45fece5bd895a82594ea078d15bcb9449931102f5c4f63a750fe213dd0ed54a9", kill_on_drop: false }`
[INFO] running `Command { std: "docker" "rm" "-f" "45fece5bd895a82594ea078d15bcb9449931102f5c4f63a750fe213dd0ed54a9", kill_on_drop: false }`
[INFO] [stdout] 45fece5bd895a82594ea078d15bcb9449931102f5c4f63a750fe213dd0ed54a9
