[INFO] cloning repository https://github.com/joakimbergros/aoc2024
[INFO] running `Command { std: "git" "-c" "credential.helper=" "-c" "credential.helper=/workspace/cargo-home/bin/git-credential-null" "clone" "--bare" "https://github.com/joakimbergros/aoc2024" "/workspace/cache/git-repos/https%3A%2F%2Fgithub.com%2Fjoakimbergros%2Faoc2024", kill_on_drop: false }`
[INFO] [stderr] Cloning into bare repository '/workspace/cache/git-repos/https%3A%2F%2Fgithub.com%2Fjoakimbergros%2Faoc2024'...
[INFO] running `Command { std: "git" "rev-parse" "HEAD", kill_on_drop: false }`
[INFO] [stdout] a791cb1fec353d3b05f4d04ad58c8b4bbbb4d657
[INFO] testing joakimbergros/aoc2024 against 1.99.0-beta.1+cargoflags=--release for beta-release-1.99-2
[INFO] running `Command { std: "git" "clone" "/workspace/cache/git-repos/https%3A%2F%2Fgithub.com%2Fjoakimbergros%2Faoc2024" "/workspace/builds/worker-2-tc2/source", kill_on_drop: false }`
[INFO] [stderr] Cloning into '/workspace/builds/worker-2-tc2/source'...
[INFO] [stderr] done.
[INFO] removed /workspace/builds/worker-2-tc2/source/.cargo/config.toml
[INFO] started tweaking git repo https://github.com/joakimbergros/aoc2024
[INFO] finished tweaking git repo https://github.com/joakimbergros/aoc2024
[INFO] tweaked toml for git repo https://github.com/joakimbergros/aoc2024 written to /workspace/builds/worker-2-tc2/source/Cargo.toml
[INFO] validating manifest of git repo https://github.com/joakimbergros/aoc2024 on toolchain 1.99.0-beta.1
[INFO] running `Command { std: CARGO_HOME="/workspace/cargo-home" RUSTUP_HOME="/workspace/rustup-home" "/workspace/cargo-home/bin/cargo" "+1.99.0-beta.1" "metadata" "--manifest-path" "Cargo.toml" "--no-deps", kill_on_drop: false }`
[INFO] crate git repo https://github.com/joakimbergros/aoc2024 already has a lockfile, it will not be regenerated
[INFO] running `Command { std: CARGO_HOME="/workspace/cargo-home" RUSTUP_HOME="/workspace/rustup-home" "/workspace/cargo-home/bin/cargo" "+1.99.0-beta.1" "fetch" "--manifest-path" "Cargo.toml", kill_on_drop: false }`
[INFO] [stderr]     Blocking waiting for file lock on package cache
[INFO] [stderr]     Blocking waiting for file lock on package cache
[INFO] running `Command { std: "docker" "create" "-v" "/var/lib/crater-agent-workspace/builds/worker-2-tc2/source:/opt/rustwide/workdir:ro,Z" "-v" "/var/lib/crater-agent-workspace/builds/worker-2-tc2/target:/opt/rustwide/target:rw,Z" "-v" "/var/lib/crater-agent-workspace/cargo-home:/opt/rustwide/cargo-home:ro,Z" "-v" "/var/lib/crater-agent-workspace/rustup-home:/opt/rustwide/rustup-home:ro,Z" "-m" "1610612736" "--network" "none" "ghcr.io/rust-lang/crates-build-env/linux@sha256:8683fc1fc2eb5c9ac98e0d076ab094b2ffac7f99da555d2b6a2e27f346de2ec7" "sleep" "infinity", kill_on_drop: false }`
[INFO] [stdout] 576d6a120729e61aa3d551e9d3f208dd6f765919da54de608ea2ea3d349e81dd
[INFO] running `Command { std: "docker" "start" "576d6a120729e61aa3d551e9d3f208dd6f765919da54de608ea2ea3d349e81dd", kill_on_drop: false }`
[INFO] running `Command { std: "docker" "inspect" "576d6a120729e61aa3d551e9d3f208dd6f765919da54de608ea2ea3d349e81dd", kill_on_drop: false }`
[INFO] running `Command { std: "docker" "exec" "-e" "SOURCE_DIR=/opt/rustwide/workdir" "-e" "CARGO_HOME=/opt/rustwide/cargo-home" "-e" "RUSTUP_HOME=/opt/rustwide/rustup-home" "-e" "CARGO_TARGET_DIR=/opt/rustwide/target" "-w" "/opt/rustwide/workdir" "--user" "0:0" "576d6a120729e61aa3d551e9d3f208dd6f765919da54de608ea2ea3d349e81dd" "/opt/rustwide/cargo-home/bin/cargo" "+1.99.0-beta.1" "metadata" "--no-deps" "--format-version=1", kill_on_drop: false }`
[INFO] running `Command { std: "docker" "inspect" "576d6a120729e61aa3d551e9d3f208dd6f765919da54de608ea2ea3d349e81dd", kill_on_drop: false }`
[INFO] running `Command { std: "docker" "exec" "-e" "SOURCE_DIR=/opt/rustwide/workdir" "-e" "CARGO_HOME=/opt/rustwide/cargo-home" "-e" "RUSTUP_HOME=/opt/rustwide/rustup-home" "-e" "CARGO_TARGET_DIR=/opt/rustwide/target" "-e" "CARGO_INCREMENTAL=0" "-e" "RUST_BACKTRACE=full" "-e" "RUSTFLAGS=--cap-lints=warn" "-e" "RUSTDOCFLAGS=--cap-lints=warn" "-w" "/opt/rustwide/workdir" "--user" "0:0" "576d6a120729e61aa3d551e9d3f208dd6f765919da54de608ea2ea3d349e81dd" "/opt/rustwide/cargo-home/bin/cargo" "+1.99.0-beta.1" "build" "--frozen" "--message-format=json" "--release", kill_on_drop: false }`
[INFO] [stderr]    Compiling memchr v2.6.4
[INFO] [stderr]    Compiling minimal-lexical v0.2.1
[INFO] [stderr]    Compiling tinyjson v2.5.1
[INFO] [stderr]    Compiling pico-args v0.5.0
[INFO] [stderr]    Compiling itertools v0.13.0
[INFO] [stderr]    Compiling nom v7.1.3
[INFO] [stderr]    Compiling advent_of_code v0.11.0 (/opt/rustwide/workdir)
[INFO] [stdout] warning: unused variable: `input`
[INFO] [stdout]  --> src/bin/07.rs:3:17
[INFO] [stdout]   |
[INFO] [stdout] 3 | pub fn part_one(input: &str) -> Option<u32> {
[INFO] [stdout]   |                 ^^^^^ help: if this is intentional, prefix it with an underscore: `_input`
[INFO] [stdout]   |
[INFO] [stdout]   = note: `#[warn(unused_variables)]` (part of `#[warn(unused)]`) on by default
[INFO] [stdout] 
[INFO] [stdout] 
[INFO] [stdout] warning: unused variable: `input`
[INFO] [stdout]  --> src/bin/07.rs:7:17
[INFO] [stdout]   |
[INFO] [stdout] 7 | pub fn part_two(input: &str) -> Option<u32> {
[INFO] [stdout]   |                 ^^^^^ help: if this is intentional, prefix it with an underscore: `_input`
[INFO] [stdout] 
[INFO] [stdout] 
[INFO] [stdout] warning: unused imports: `result` and `usize`
[INFO] [stdout]  --> src/bin/05.rs:1:33
[INFO] [stdout]   |
[INFO] [stdout] 1 | use std::{collections::HashMap, result, usize};
[INFO] [stdout]   |                                 ^^^^^^  ^^^^^
[INFO] [stdout]   |
[INFO] [stdout]   = note: `#[warn(unused_imports)]` (part of `#[warn(unused)]`) on by default
[INFO] [stdout] 
[INFO] [stdout] 
[INFO] [stdout] warning: unused variable: `input`
[INFO] [stdout]  --> src/bin/06.rs:3:17
[INFO] [stdout]   |
[INFO] [stdout] 3 | pub fn part_one(input: &str) -> Option<u32> {
[INFO] [stdout]   |                 ^^^^^ help: if this is intentional, prefix it with an underscore: `_input`
[INFO] [stdout]   |
[INFO] [stdout]   = note: `#[warn(unused_variables)]` (part of `#[warn(unused)]`) on by default
[INFO] [stdout] 
[INFO] [stdout] 
[INFO] [stdout] warning: unused variable: `input`
[INFO] [stdout]  --> src/bin/06.rs:7:17
[INFO] [stdout]   |
[INFO] [stdout] 7 | pub fn part_two(input: &str) -> Option<u32> {
[INFO] [stdout]   |                 ^^^^^ help: if this is intentional, prefix it with an underscore: `_input`
[INFO] [stdout] 
[INFO] [stdout] 
[INFO] [stdout] warning: use of deprecated module `std::usize`: all constants in this module replaced by associated constants on the type
[INFO] [stdout]  --> src/bin/05.rs:1:41
[INFO] [stdout]   |
[INFO] [stdout] 1 | use std::{collections::HashMap, result, usize};
[INFO] [stdout]   |                                         ^^^^^
[INFO] [stdout]   |
[INFO] [stdout]   = note: `#[warn(deprecated)]` on by default
[INFO] [stdout] 
[INFO] [stdout] 
[INFO] [stdout] warning: unused imports: `char::REPLACEMENT_CHARACTER` and `thread::current`
[INFO] [stdout]  --> src/bin/04.rs:2:5
[INFO] [stdout]   |
[INFO] [stdout] 2 |     char::REPLACEMENT_CHARACTER, collections::HashMap, fmt::Display, ops::Add, thread::current,
[INFO] [stdout]   |     ^^^^^^^^^^^^^^^^^^^^^^^^^^^                                                ^^^^^^^^^^^^^^^
[INFO] [stdout]   |
[INFO] [stdout]   = note: `#[warn(unused_imports)]` (part of `#[warn(unused)]`) on by default
[INFO] [stdout] 
[INFO] [stdout] 
[INFO] [stdout] warning: variable does not need to be mutable
[INFO] [stdout]   --> src/bin/05.rs:48:19
[INFO] [stdout]    |
[INFO] [stdout] 48 |     let Ok((rest, mut orderings)) = parse_ordering(input) else {
[INFO] [stdout]    |                   ----^^^^^^^^^
[INFO] [stdout]    |                   |
[INFO] [stdout]    |                   help: remove this `mut`
[INFO] [stdout]    |
[INFO] [stdout]    = note: `#[warn(unused_mut)]` (part of `#[warn(unused)]`) on by default
[INFO] [stdout] 
[INFO] [stdout] 
[INFO] [stdout] warning: unused variable: `rest`
[INFO] [stdout]   --> src/bin/05.rs:54:13
[INFO] [stdout]    |
[INFO] [stdout] 54 |     let Ok((rest, updates)) = parse_updates(rest) else {
[INFO] [stdout]    |             ^^^^ help: if this is intentional, prefix it with an underscore: `_rest`
[INFO] [stdout]    |
[INFO] [stdout]    = note: `#[warn(unused_variables)]` (part of `#[warn(unused)]`) on by default
[INFO] [stdout] 
[INFO] [stdout] 
[INFO] [stdout] warning: unused variable: `input`
[INFO] [stdout]   --> src/bin/05.rs:90:17
[INFO] [stdout]    |
[INFO] [stdout] 90 | pub fn part_two(input: &str) -> Option<u32> {
[INFO] [stdout]    |                 ^^^^^ help: if this is intentional, prefix it with an underscore: `_input`
[INFO] [stdout] 
[INFO] [stdout] 
[INFO] [stdout] warning: unused imports: `iter::Peekable` and `str::Chars`
[INFO] [stdout]  --> src/bin/03.rs:1:11
[INFO] [stdout]   |
[INFO] [stdout] 1 | use std::{iter::Peekable, str::Chars};
[INFO] [stdout]   |           ^^^^^^^^^^^^^^  ^^^^^^^^^^
[INFO] [stdout]   |
[INFO] [stdout]   = note: `#[warn(unused_imports)]` (part of `#[warn(unused)]`) on by default
[INFO] [stdout] 
[INFO] [stdout] 
[INFO] [stdout] warning: function `slow_vec` is never used
[INFO] [stdout]   --> src/bin/01.rs:46:4
[INFO] [stdout]    |
[INFO] [stdout] 46 | fn slow_vec(vecs: (Vec<u32>, Vec<u32>)) -> u32 {
[INFO] [stdout]    |    ^^^^^^^^
[INFO] [stdout]    |
[INFO] [stdout]    = note: `#[warn(dead_code)]` (part of `#[warn(unused)]`) on by default
[INFO] [stdout] 
[INFO] [stdout] 
[INFO] [stdout] warning: method `next` is never used
[INFO] [stdout]   --> src/bin/04.rs:28:8
[INFO] [stdout]    |
[INFO] [stdout] 27 | impl Direction {
[INFO] [stdout]    | -------------- method in this implementation
[INFO] [stdout] 28 |     fn next(&self, c: &Coordinate) -> Coordinate {
[INFO] [stdout]    |        ^^^^
[INFO] [stdout]    |
[INFO] [stdout]    = note: `#[warn(dead_code)]` (part of `#[warn(unused)]`) on by default
[INFO] [stdout] 
[INFO] [stdout] 
[INFO] [stdout] warning: constant `TOGGLE` is never used
[INFO] [stdout]  --> src/bin/03.rs:6:7
[INFO] [stdout]   |
[INFO] [stdout] 6 | const TOGGLE: [char; 7] = ['d', 'o', 'n', '\'', 't', '(', ')'];
[INFO] [stdout]   |       ^^^^^^
[INFO] [stdout]   |
[INFO] [stdout]   = note: `#[warn(dead_code)]` (part of `#[warn(unused)]`) on by default
[INFO] [stdout] 
[INFO] [stdout] 
[INFO] [stderr]     Finished `release` profile [optimized] target(s) in 9.19s
[INFO] running `Command { std: "docker" "inspect" "576d6a120729e61aa3d551e9d3f208dd6f765919da54de608ea2ea3d349e81dd", kill_on_drop: false }`
[INFO] running `Command { std: "docker" "exec" "-e" "SOURCE_DIR=/opt/rustwide/workdir" "-e" "CARGO_HOME=/opt/rustwide/cargo-home" "-e" "RUSTUP_HOME=/opt/rustwide/rustup-home" "-e" "CARGO_TARGET_DIR=/opt/rustwide/target" "-e" "CARGO_INCREMENTAL=0" "-e" "RUST_BACKTRACE=full" "-e" "RUSTFLAGS=--cap-lints=warn" "-e" "RUSTDOCFLAGS=--cap-lints=warn" "-w" "/opt/rustwide/workdir" "--user" "0:0" "576d6a120729e61aa3d551e9d3f208dd6f765919da54de608ea2ea3d349e81dd" "/opt/rustwide/cargo-home/bin/cargo" "+1.99.0-beta.1" "test" "--frozen" "--no-run" "--message-format=json" "--release", kill_on_drop: false }`
[INFO] [stderr]    Compiling advent_of_code v0.11.0 (/opt/rustwide/workdir)
[INFO] [stdout] warning: unused imports: `iter::Peekable` and `str::Chars`
[INFO] [stdout]  --> src/bin/03.rs:1:11
[INFO] [stdout]   |
[INFO] [stdout] 1 | use std::{iter::Peekable, str::Chars};
[INFO] [stdout]   |           ^^^^^^^^^^^^^^  ^^^^^^^^^^
[INFO] [stdout]   |
[INFO] [stdout]   = note: `#[warn(unused_imports)]` (part of `#[warn(unused)]`) on by default
[INFO] [stdout] 
[INFO] [stdout] 
[INFO] [stdout] warning: unused variable: `input`
[INFO] [stdout]  --> src/bin/07.rs:3:17
[INFO] [stdout]   |
[INFO] [stdout] 3 | pub fn part_one(input: &str) -> Option<u32> {
[INFO] [stdout]   |                 ^^^^^ help: if this is intentional, prefix it with an underscore: `_input`
[INFO] [stdout]   |
[INFO] [stdout]   = note: `#[warn(unused_variables)]` (part of `#[warn(unused)]`) on by default
[INFO] [stdout] 
[INFO] [stdout] 
[INFO] [stdout] warning: unused variable: `input`
[INFO] [stdout]  --> src/bin/07.rs:7:17
[INFO] [stdout]   |
[INFO] [stdout] 7 | pub fn part_two(input: &str) -> Option<u32> {
[INFO] [stdout]   |                 ^^^^^ help: if this is intentional, prefix it with an underscore: `_input`
[INFO] [stdout] 
[INFO] [stdout] 
[INFO] [stdout] warning: unused imports: `char::REPLACEMENT_CHARACTER` and `thread::current`
[INFO] [stdout]  --> src/bin/04.rs:2:5
[INFO] [stdout]   |
[INFO] [stdout] 2 |     char::REPLACEMENT_CHARACTER, collections::HashMap, fmt::Display, ops::Add, thread::current,
[INFO] [stdout]   |     ^^^^^^^^^^^^^^^^^^^^^^^^^^^                                                ^^^^^^^^^^^^^^^
[INFO] [stdout]   |
[INFO] [stdout]   = note: `#[warn(unused_imports)]` (part of `#[warn(unused)]`) on by default
[INFO] [stdout] 
[INFO] [stdout] 
[INFO] [stdout] warning: constant `TOGGLE` is never used
[INFO] [stdout]  --> src/bin/03.rs:6:7
[INFO] [stdout]   |
[INFO] [stdout] 6 | const TOGGLE: [char; 7] = ['d', 'o', 'n', '\'', 't', '(', ')'];
[INFO] [stdout]   |       ^^^^^^
[INFO] [stdout]   |
[INFO] [stdout]   = note: `#[warn(dead_code)]` (part of `#[warn(unused)]`) on by default
[INFO] [stdout] 
[INFO] [stdout] 
[INFO] [stdout] warning: unused variable: `input`
[INFO] [stdout]  --> src/bin/06.rs:3:17
[INFO] [stdout]   |
[INFO] [stdout] 3 | pub fn part_one(input: &str) -> Option<u32> {
[INFO] [stdout]   |                 ^^^^^ help: if this is intentional, prefix it with an underscore: `_input`
[INFO] [stdout]   |
[INFO] [stdout]   = note: `#[warn(unused_variables)]` (part of `#[warn(unused)]`) on by default
[INFO] [stdout] 
[INFO] [stdout] 
[INFO] [stdout] warning: unused variable: `input`
[INFO] [stdout]  --> src/bin/06.rs:7:17
[INFO] [stdout]   |
[INFO] [stdout] 7 | pub fn part_two(input: &str) -> Option<u32> {
[INFO] [stdout]   |                 ^^^^^ help: if this is intentional, prefix it with an underscore: `_input`
[INFO] [stdout] 
[INFO] [stdout] 
[INFO] [stdout] warning: function `slow_vec` is never used
[INFO] [stdout]   --> src/bin/01.rs:46:4
[INFO] [stdout]    |
[INFO] [stdout] 46 | fn slow_vec(vecs: (Vec<u32>, Vec<u32>)) -> u32 {
[INFO] [stdout]    |    ^^^^^^^^
[INFO] [stdout]    |
[INFO] [stdout]    = note: `#[warn(dead_code)]` (part of `#[warn(unused)]`) on by default
[INFO] [stdout] 
[INFO] [stdout] 
[INFO] [stdout] warning: unused imports: `result` and `usize`
[INFO] [stdout]  --> src/bin/05.rs:1:33
[INFO] [stdout]   |
[INFO] [stdout] 1 | use std::{collections::HashMap, result, usize};
[INFO] [stdout]   |                                 ^^^^^^  ^^^^^
[INFO] [stdout]   |
[INFO] [stdout]   = note: `#[warn(unused_imports)]` (part of `#[warn(unused)]`) on by default
[INFO] [stdout] 
[INFO] [stdout] 
[INFO] [stdout] warning: use of deprecated module `std::usize`: all constants in this module replaced by associated constants on the type
[INFO] [stdout]  --> src/bin/05.rs:1:41
[INFO] [stdout]   |
[INFO] [stdout] 1 | use std::{collections::HashMap, result, usize};
[INFO] [stdout]   |                                         ^^^^^
[INFO] [stdout]   |
[INFO] [stdout]   = note: `#[warn(deprecated)]` on by default
[INFO] [stdout] 
[INFO] [stdout] 
[INFO] [stdout] warning: method `next` is never used
[INFO] [stdout]   --> src/bin/04.rs:28:8
[INFO] [stdout]    |
[INFO] [stdout] 27 | impl Direction {
[INFO] [stdout]    | -------------- method in this implementation
[INFO] [stdout] 28 |     fn next(&self, c: &Coordinate) -> Coordinate {
[INFO] [stdout]    |        ^^^^
[INFO] [stdout]    |
[INFO] [stdout]    = note: `#[warn(dead_code)]` (part of `#[warn(unused)]`) on by default
[INFO] [stdout] 
[INFO] [stdout] 
[INFO] [stdout] warning: variable does not need to be mutable
[INFO] [stdout]   --> src/bin/05.rs:48:19
[INFO] [stdout]    |
[INFO] [stdout] 48 |     let Ok((rest, mut orderings)) = parse_ordering(input) else {
[INFO] [stdout]    |                   ----^^^^^^^^^
[INFO] [stdout]    |                   |
[INFO] [stdout]    |                   help: remove this `mut`
[INFO] [stdout]    |
[INFO] [stdout]    = note: `#[warn(unused_mut)]` (part of `#[warn(unused)]`) on by default
[INFO] [stdout] 
[INFO] [stdout] 
[INFO] [stdout] warning: unused variable: `rest`
[INFO] [stdout]   --> src/bin/05.rs:54:13
[INFO] [stdout]    |
[INFO] [stdout] 54 |     let Ok((rest, updates)) = parse_updates(rest) else {
[INFO] [stdout]    |             ^^^^ help: if this is intentional, prefix it with an underscore: `_rest`
[INFO] [stdout]    |
[INFO] [stdout]    = note: `#[warn(unused_variables)]` (part of `#[warn(unused)]`) on by default
[INFO] [stdout] 
[INFO] [stdout] 
[INFO] [stdout] warning: unused variable: `input`
[INFO] [stdout]   --> src/bin/05.rs:90:17
[INFO] [stdout]    |
[INFO] [stdout] 90 | pub fn part_two(input: &str) -> Option<u32> {
[INFO] [stdout]    |                 ^^^^^ help: if this is intentional, prefix it with an underscore: `_input`
[INFO] [stdout] 
[INFO] [stdout] 
[INFO] [stderr]     Finished `release` profile [optimized] target(s) in 2.27s
[INFO] running `Command { std: "docker" "inspect" "576d6a120729e61aa3d551e9d3f208dd6f765919da54de608ea2ea3d349e81dd", kill_on_drop: false }`
[INFO] running `Command { std: "docker" "exec" "-e" "SOURCE_DIR=/opt/rustwide/workdir" "-e" "CARGO_HOME=/opt/rustwide/cargo-home" "-e" "RUSTUP_HOME=/opt/rustwide/rustup-home" "-e" "CARGO_TARGET_DIR=/opt/rustwide/target" "-e" "CARGO_INCREMENTAL=0" "-e" "RUST_BACKTRACE=full" "-e" "RUSTFLAGS=--cap-lints=warn" "-e" "RUSTDOCFLAGS=--cap-lints=warn" "-w" "/opt/rustwide/workdir" "--user" "0:0" "576d6a120729e61aa3d551e9d3f208dd6f765919da54de608ea2ea3d349e81dd" "/opt/rustwide/cargo-home/bin/cargo" "+1.99.0-beta.1" "test" "--frozen" "--release", kill_on_drop: false }`
[INFO] [stdout] 
[INFO] [stdout] running 0 tests
[INFO] [stdout] 
[INFO] [stdout] test result: ok. 0 passed; 0 failed; 0 ignored; 0 measured; 0 filtered out; finished in 0.00s
[INFO] [stdout] 
[INFO] [stdout] 
[INFO] [stdout] running 2 tests
[INFO] [stdout] test tests::test_part_one ... ok
[INFO] [stdout] test tests::test_part_two ... ok
[INFO] [stdout] 
[INFO] [stdout] test result: ok. 2 passed; 0 failed; 0 ignored; 0 measured; 0 filtered out; finished in 0.00s
[INFO] [stdout] 
[INFO] [stderr] warning: function `slow_vec` is never used
[INFO] [stdout] 
[INFO] [stderr]   --> src/bin/01.rs:46:4
[INFO] [stdout] running 2 tests
[INFO] [stderr]    |
[INFO] [stderr] 46 | fn slow_vec(vecs: (Vec<u32>, Vec<u32>)) -> u32 {
[INFO] [stderr]    |    ^^^^^^^^
[INFO] [stderr]    |
[INFO] [stderr]    = note: `#[warn(dead_code)]` (part of `#[warn(unused)]`) on by default
[INFO] [stdout] test tests::test_part_one ... ok
[INFO] [stderr] 
[INFO] [stderr] warning: unused variable: `input`
[INFO] [stderr]  --> src/bin/06.rs:3:17
[INFO] [stderr]   |
[INFO] [stderr] 3 | pub fn part_one(input: &str) -> Option<u32> {
[INFO] [stderr]   |                 ^^^^^ help: if this is intentional, prefix it with an underscore: `_input`
[INFO] [stderr]   |
[INFO] [stderr]   = note: `#[warn(unused_variables)]` (part of `#[warn(unused)]`) on by default
[INFO] [stderr] 
[INFO] [stderr] warning: unused variable: `input`
[INFO] [stderr]  --> src/bin/06.rs:7:17
[INFO] [stderr]   |
[INFO] [stderr] 7 | pub fn part_two(input: &str) -> Option<u32> {
[INFO] [stderr]   |                 ^^^^^ help: if this is intentional, prefix it with an underscore: `_input`
[INFO] [stderr] 
[INFO] [stderr] warning: unused imports: `result` and `usize`
[INFO] [stderr]  --> src/bin/05.rs:1:33
[INFO] [stderr]   |
[INFO] [stderr] 1 | use std::{collections::HashMap, result, usize};
[INFO] [stderr]   |                                 ^^^^^^  ^^^^^
[INFO] [stderr]   |
[INFO] [stderr]   = note: `#[warn(unused_imports)]` (part of `#[warn(unused)]`) on by default
[INFO] [stderr] 
[INFO] [stderr] warning: use of deprecated module `std::usize`: all constants in this module replaced by associated constants on the type
[INFO] [stderr]  --> src/bin/05.rs:1:41
[INFO] [stderr]   |
[INFO] [stderr] 1 | use std::{collections::HashMap, result, usize};
[INFO] [stderr]   |                                         ^^^^^
[INFO] [stderr]   |
[INFO] [stderr]   = note: `#[warn(deprecated)]` on by default
[INFO] [stderr] 
[INFO] [stdout] test tests::test_part_two ... FAILED
[INFO] [stderr] warning: variable does not need to be mutable
[INFO] [stdout] 
[INFO] [stderr]   --> src/bin/05.rs:48:19
[INFO] [stdout] failures:
[INFO] [stderr]    |
[INFO] [stdout] 
[INFO] [stderr] 48 |     let Ok((rest, mut orderings)) = parse_ordering(input) else {
[INFO] [stdout] ---- tests::test_part_two stdout ----
[INFO] [stderr]    |                   ----^^^^^^^^^
[INFO] [stdout] 
[INFO] [stderr]    |                   |
[INFO] [stdout] thread 'tests::test_part_two' (715) panicked at src/bin/02.rs:180:9:
[INFO] [stderr]    |                   help: remove this `mut`
[INFO] [stdout] assertion `left == right` failed
[INFO] [stderr]    |
[INFO] [stdout]   left: Some(6)
[INFO] [stderr]    = note: `#[warn(unused_mut)]` (part of `#[warn(unused)]`) on by default
[INFO] [stdout]  right: Some(4)
[INFO] [stderr] 
[INFO] [stdout] stack backtrace:
[INFO] [stderr] warning: unused variable: `rest`
[INFO] [stdout]    0:     0x57aebeaeb3e1 - <<std[104cf6e2632825ea]::sys::backtrace::BacktraceLock>::print::DisplayBacktrace as core[7c831bd917ebf35f]::fmt::Display>::fmt
[INFO] [stderr]   --> src/bin/05.rs:54:13
[INFO] [stdout]    1:     0x57aebeaff62a - core[7c831bd917ebf35f]::fmt::write
[INFO] [stderr]    |
[INFO] [stdout]    2:     0x57aebeaef87c - <alloc[2fdc3f7464fcf288]::vec::Vec<u8> as core[7c831bd917ebf35f]::io::write::Write>::write_fmt
[INFO] [stderr] 54 |     let Ok((rest, updates)) = parse_updates(rest) else {
[INFO] [stdout]    3:     0x57aebeac74c6 - std[104cf6e2632825ea]::panicking::default_hook::{closure#0}
[INFO] [stderr]    |             ^^^^ help: if this is intentional, prefix it with an underscore: `_rest`
[INFO] [stdout]    4:     0x57aebeae3789 - std[104cf6e2632825ea]::panicking::default_hook
[INFO] [stderr]    |
[INFO] [stdout]    5:     0x57aebea7f220 - test[73009c9f9aebf890]::test_main_inner::<test[73009c9f9aebf890]::test_main_static::{closure#0}>::{closure#0}
[INFO] [stderr]    = note: `#[warn(unused_variables)]` (part of `#[warn(unused)]`) on by default
[INFO] [stdout]    6:     0x57aebeae3942 - std[104cf6e2632825ea]::panicking::panic_with_hook
[INFO] [stderr] 
[INFO] [stdout]    7:     0x57aebeac7572 - std[104cf6e2632825ea]::panicking::panic_handler::{closure#0}
[INFO] [stderr] warning: unused variable: `input`
[INFO] [stdout]    8:     0x57aebeabf9c9 - std[104cf6e2632825ea]::sys::backtrace::__rust_end_short_backtrace::<std[104cf6e2632825ea]::panicking::panic_handler::{closure#0}, !>
[INFO] [stderr]   --> src/bin/05.rs:90:17
[INFO] [stdout]    9:     0x57aebeac816d - __rustc[b0d56fa5b193ad05]::rust_begin_unwind
[INFO] [stderr]    |
[INFO] [stdout]   10:     0x57aebeaffd5c - core[7c831bd917ebf35f]::panicking::panic_fmt
[INFO] [stderr] 90 | pub fn part_two(input: &str) -> Option<u32> {
[INFO] [stdout]   11:     0x57aebeaffc73 - core[7c831bd917ebf35f]::panicking::assert_failed_inner
[INFO] [stderr]    |                 ^^^^^ help: if this is intentional, prefix it with an underscore: `_input`
[INFO] [stdout]   12:     0x57aebea711ca - core[7c831bd917ebf35f]::panicking::assert_failed::<core[7c831bd917ebf35f]::option::Option<u32>, core[7c831bd917ebf35f]::option::Option<u32>>
[INFO] [stderr] 
[INFO] [stdout]   13:     0x57aebea72448 - <02[428b31bb4b3b7887]::tests::test_part_two::{closure#0} as core[7c831bd917ebf35f]::ops::function::FnOnce<()>>::call_once
[INFO] [stderr] warning: unused variable: `input`
[INFO] [stdout]   14:     0x57aebea7250b - test[73009c9f9aebf890]::__rust_begin_short_backtrace::<core[7c831bd917ebf35f]::result::Result<(), alloc[2fdc3f7464fcf288]::string::String>, fn() -> core[7c831bd917ebf35f]::result::Result<(), alloc[2fdc3f7464fcf288]::string::String>>
[INFO] [stderr]  --> src/bin/07.rs:3:17
[INFO] [stdout]   15:     0x57aebea7fb75 - test[73009c9f9aebf890]::run_test::{closure#0}
[INFO] [stderr]   |
[INFO] [stdout]   16:     0x57aebea78f34 - std[104cf6e2632825ea]::sys::backtrace::__rust_begin_short_backtrace::<test[73009c9f9aebf890]::run_test::{closure#1}, ()>
[INFO] [stderr] 3 | pub fn part_one(input: &str) -> Option<u32> {
[INFO] [stdout]   17:     0x57aebea82cd2 - <std[104cf6e2632825ea]::thread::lifecycle::spawn_unchecked<test[73009c9f9aebf890]::run_test::{closure#1}, ()>::{closure#1} as core[7c831bd917ebf35f]::ops::function::FnOnce<()>>::call_once::{shim:vtable#0}
[INFO] [stderr]   |                 ^^^^^ help: if this is intentional, prefix it with an underscore: `_input`
[INFO] [stdout]   18:     0x57aebeaea949 - <std[104cf6e2632825ea]::sys::thread::unix::Thread>::new::thread_start
[INFO] [stderr]   |
[INFO] [stdout]   19:     0x7b8ff9fc007a - <unknown>
[INFO] [stderr]   = note: `#[warn(unused_variables)]` (part of `#[warn(unused)]`) on by default
[INFO] [stdout]   20:     0x7b8ffa053534 - clone
[INFO] [stderr] 
[INFO] [stdout]   21:                0x0 - <unknown>
[INFO] [stderr] warning: unused variable: `input`
[INFO] [stdout] 
[INFO] [stderr]  --> src/bin/07.rs:7:17
[INFO] [stdout] 
[INFO] [stderr]   |
[INFO] [stdout] failures:
[INFO] [stderr] 7 | pub fn part_two(input: &str) -> Option<u32> {
[INFO] [stdout]     tests::test_part_two
[INFO] [stderr]   |                 ^^^^^ help: if this is intentional, prefix it with an underscore: `_input`
[INFO] [stdout] 
[INFO] [stderr] 
[INFO] [stdout] test result: FAILED. 1 passed; 1 failed; 0 ignored; 0 measured; 0 filtered out; finished in 0.00s
[INFO] [stderr] warning: unused imports: `char::REPLACEMENT_CHARACTER` and `thread::current`
[INFO] [stdout] 
[INFO] [stderr]  --> src/bin/04.rs:2:5
[INFO] [stderr]   |
[INFO] [stderr] 2 |     char::REPLACEMENT_CHARACTER, collections::HashMap, fmt::Display, ops::Add, thread::current,
[INFO] [stderr]   |     ^^^^^^^^^^^^^^^^^^^^^^^^^^^                                                ^^^^^^^^^^^^^^^
[INFO] [stderr]   |
[INFO] [stderr]   = note: `#[warn(unused_imports)]` (part of `#[warn(unused)]`) on by default
[INFO] [stderr] 
[INFO] [stderr] warning: method `next` is never used
[INFO] [stderr]   --> src/bin/04.rs:28:8
[INFO] [stderr]    |
[INFO] [stderr] 27 | impl Direction {
[INFO] [stderr]    | -------------- method in this implementation
[INFO] [stderr] 28 |     fn next(&self, c: &Coordinate) -> Coordinate {
[INFO] [stderr]    |        ^^^^
[INFO] [stderr]    |
[INFO] [stderr]    = note: `#[warn(dead_code)]` (part of `#[warn(unused)]`) on by default
[INFO] [stderr] 
[INFO] [stderr] warning: unused imports: `iter::Peekable` and `str::Chars`
[INFO] [stderr]  --> src/bin/03.rs:1:11
[INFO] [stderr]   |
[INFO] [stderr] 1 | use std::{iter::Peekable, str::Chars};
[INFO] [stderr]   |           ^^^^^^^^^^^^^^  ^^^^^^^^^^
[INFO] [stderr]   |
[INFO] [stderr]   = note: `#[warn(unused_imports)]` (part of `#[warn(unused)]`) on by default
[INFO] [stderr] 
[INFO] [stderr] warning: constant `TOGGLE` is never used
[INFO] [stderr]  --> src/bin/03.rs:6:7
[INFO] [stderr]   |
[INFO] [stderr] 6 | const TOGGLE: [char; 7] = ['d', 'o', 'n', '\'', 't', '(', ')'];
[INFO] [stderr]   |       ^^^^^^
[INFO] [stderr]   |
[INFO] [stderr]   = note: `#[warn(dead_code)]` (part of `#[warn(unused)]`) on by default
[INFO] [stderr] 
[INFO] [stderr] warning: `advent_of_code` (bin "01" test) generated 1 warning
[INFO] [stderr] warning: `advent_of_code` (bin "06" test) generated 2 warnings (run `cargo fix --bin "06" -p advent_of_code --tests` to apply 2 suggestions)
[INFO] [stderr] warning: `advent_of_code` (bin "05" test) generated 5 warnings (run `cargo fix --bin "05" -p advent_of_code --tests` to apply 4 suggestions)
[INFO] [stderr] warning: `advent_of_code` (bin "07" test) generated 2 warnings (run `cargo fix --bin "07" -p advent_of_code --tests` to apply 2 suggestions)
[INFO] [stderr] warning: `advent_of_code` (bin "04" test) generated 2 warnings (run `cargo fix --bin "04" -p advent_of_code --tests` to apply 1 suggestion)
[INFO] [stderr] warning: `advent_of_code` (bin "03" test) generated 2 warnings (run `cargo fix --bin "03" -p advent_of_code --tests` to apply 1 suggestion)
[INFO] [stderr]     Finished `release` profile [optimized] target(s) in 0.06s
[INFO] [stderr]      Running unittests src/lib.rs (/opt/rustwide/target/release/deps/advent_of_code-55a8e4f8db1f7b14)
[INFO] [stderr]      Running unittests src/bin/01.rs (/opt/rustwide/target/release/deps/01-b96198892b2a6599)
[INFO] [stderr]      Running unittests src/bin/02.rs (/opt/rustwide/target/release/deps/02-4cff371646b2e5fc)
[INFO] [stderr] error: test failed, to rerun pass `--bin 02`
[INFO] running `Command { std: "docker" "inspect" "576d6a120729e61aa3d551e9d3f208dd6f765919da54de608ea2ea3d349e81dd", kill_on_drop: false }`
[INFO] running `Command { std: "docker" "rm" "-f" "576d6a120729e61aa3d551e9d3f208dd6f765919da54de608ea2ea3d349e81dd", kill_on_drop: false }`
[INFO] [stdout] 576d6a120729e61aa3d551e9d3f208dd6f765919da54de608ea2ea3d349e81dd
