[INFO] cloning repository https://github.com/jingyi-zhao-01/obsidian-cli
[INFO] running `Command { std: "git" "-c" "credential.helper=" "-c" "credential.helper=/workspace/cargo-home/bin/git-credential-null" "clone" "--bare" "https://github.com/jingyi-zhao-01/obsidian-cli" "/workspace/cache/git-repos/https%3A%2F%2Fgithub.com%2Fjingyi-zhao-01%2Fobsidian-cli", kill_on_drop: false }`
[INFO] [stderr] Cloning into bare repository '/workspace/cache/git-repos/https%3A%2F%2Fgithub.com%2Fjingyi-zhao-01%2Fobsidian-cli'...
[INFO] running `Command { std: "git" "rev-parse" "HEAD", kill_on_drop: false }`
[INFO] [stdout] 9011461735f4a099b4022a25d021ad9f0c1d01de
[INFO] testing jingyi-zhao-01/obsidian-cli against 1.98.0-beta.8+cargoflags=--release for beta-release-1.99-2
[INFO] running `Command { std: "git" "clone" "/workspace/cache/git-repos/https%3A%2F%2Fgithub.com%2Fjingyi-zhao-01%2Fobsidian-cli" "/workspace/builds/worker-5-tc1/source", kill_on_drop: false }`
[INFO] [stderr] Cloning into '/workspace/builds/worker-5-tc1/source'...
[INFO] [stderr] done.
[INFO] removed /workspace/builds/worker-5-tc1/source/rust-toolchain.toml
[INFO] started tweaking git repo https://github.com/jingyi-zhao-01/obsidian-cli
[INFO] finished tweaking git repo https://github.com/jingyi-zhao-01/obsidian-cli
[INFO] tweaked toml for git repo https://github.com/jingyi-zhao-01/obsidian-cli written to /workspace/builds/worker-5-tc1/source/Cargo.toml
[INFO] validating manifest of git repo https://github.com/jingyi-zhao-01/obsidian-cli on toolchain 1.98.0-beta.8
[INFO] running `Command { std: CARGO_HOME="/workspace/cargo-home" RUSTUP_HOME="/workspace/rustup-home" "/workspace/cargo-home/bin/cargo" "+1.98.0-beta.8" "metadata" "--manifest-path" "Cargo.toml" "--no-deps", kill_on_drop: false }`
[INFO] crate git repo https://github.com/jingyi-zhao-01/obsidian-cli already has a lockfile, it will not be regenerated
[INFO] running `Command { std: CARGO_HOME="/workspace/cargo-home" RUSTUP_HOME="/workspace/rustup-home" "/workspace/cargo-home/bin/cargo" "+1.98.0-beta.8" "fetch" "--manifest-path" "Cargo.toml", kill_on_drop: false }`
[INFO] [stderr]  Downloading crates ...
[INFO] [stderr]   Downloaded unicode-ident v1.0.23
[INFO] [stderr]   Downloaded anyhow v1.0.101
[INFO] [stderr]   Downloaded is-terminal v0.4.17
[INFO] [stderr]   Downloaded clap_lex v0.7.7
[INFO] [stderr]   Downloaded zmij v1.0.20
[INFO] [stderr]   Downloaded clap v4.5.57
[INFO] [stderr]   Downloaded cc v1.2.55
[INFO] [stderr]   Downloaded zerocopy-derive v0.8.39
[INFO] [stderr]   Downloaded criterion v0.5.1
[INFO] [stderr]   Downloaded clap_builder v4.5.57
[INFO] [stderr]   Downloaded zerocopy v0.8.39
[INFO] [stderr]   Downloaded rustix v1.1.3
[INFO] [stderr]   Downloaded web-sys v0.3.85
[INFO] [stderr]   Downloaded libc v0.2.181
[INFO] running `Command { std: "docker" "create" "-v" "/var/lib/crater-agent-workspace/builds/worker-5-tc1/source:/opt/rustwide/workdir:ro,Z" "-v" "/var/lib/crater-agent-workspace/builds/worker-5-tc1/target:/opt/rustwide/target:rw,Z" "-v" "/var/lib/crater-agent-workspace/cargo-home:/opt/rustwide/cargo-home:ro,Z" "-v" "/var/lib/crater-agent-workspace/rustup-home:/opt/rustwide/rustup-home:ro,Z" "-m" "1610612736" "--network" "none" "ghcr.io/rust-lang/crates-build-env/linux@sha256:8683fc1fc2eb5c9ac98e0d076ab094b2ffac7f99da555d2b6a2e27f346de2ec7" "sleep" "infinity", kill_on_drop: false }`
[INFO] [stdout] 0e6478584ab8728ef04c8ac192f40ee86393a7436aecb155dfcfb07feed2fcee
[INFO] running `Command { std: "docker" "start" "0e6478584ab8728ef04c8ac192f40ee86393a7436aecb155dfcfb07feed2fcee", kill_on_drop: false }`
[INFO] running `Command { std: "docker" "inspect" "0e6478584ab8728ef04c8ac192f40ee86393a7436aecb155dfcfb07feed2fcee", kill_on_drop: false }`
[INFO] running `Command { std: "docker" "exec" "-e" "SOURCE_DIR=/opt/rustwide/workdir" "-e" "CARGO_HOME=/opt/rustwide/cargo-home" "-e" "RUSTUP_HOME=/opt/rustwide/rustup-home" "-e" "CARGO_TARGET_DIR=/opt/rustwide/target" "-w" "/opt/rustwide/workdir" "--user" "0:0" "0e6478584ab8728ef04c8ac192f40ee86393a7436aecb155dfcfb07feed2fcee" "/opt/rustwide/cargo-home/bin/cargo" "+1.98.0-beta.8" "metadata" "--no-deps" "--format-version=1", kill_on_drop: false }`
[INFO] running `Command { std: "docker" "inspect" "0e6478584ab8728ef04c8ac192f40ee86393a7436aecb155dfcfb07feed2fcee", kill_on_drop: false }`
[INFO] running `Command { std: "docker" "exec" "-e" "SOURCE_DIR=/opt/rustwide/workdir" "-e" "CARGO_HOME=/opt/rustwide/cargo-home" "-e" "RUSTUP_HOME=/opt/rustwide/rustup-home" "-e" "CARGO_TARGET_DIR=/opt/rustwide/target" "-e" "CARGO_INCREMENTAL=0" "-e" "RUST_BACKTRACE=full" "-e" "RUSTFLAGS=--cap-lints=warn" "-e" "RUSTDOCFLAGS=--cap-lints=warn" "-w" "/opt/rustwide/workdir" "--user" "0:0" "0e6478584ab8728ef04c8ac192f40ee86393a7436aecb155dfcfb07feed2fcee" "/opt/rustwide/cargo-home/bin/cargo" "+1.98.0-beta.8" "build" "--frozen" "--message-format=json" "--release", kill_on_drop: false }`
[INFO] [stderr]    Compiling unicode-ident v1.0.23
[INFO] [stderr]    Compiling zerocopy v0.8.39
[INFO] [stderr]    Compiling once_cell v1.21.3
[INFO] [stderr]    Compiling libc v0.2.181
[INFO] [stderr]    Compiling zmij v1.0.20
[INFO] [stderr]    Compiling ahash v0.8.12
[INFO] [stderr]    Compiling cc v1.2.55
[INFO] [stderr]    Compiling num-traits v0.2.19
[INFO] [stderr]    Compiling thiserror v2.0.18
[INFO] [stderr]    Compiling clap_lex v0.7.7
[INFO] [stderr]    Compiling winnow v0.7.14
[INFO] [stderr]    Compiling anyhow v1.0.101
[INFO] [stderr]    Compiling toml_write v0.1.2
[INFO] [stderr]    Compiling fallible-iterator v0.3.0
[INFO] [stderr]    Compiling iana-time-zone v0.1.65
[INFO] [stderr]    Compiling bitflags v2.10.0
[INFO] [stderr]    Compiling proc-macro2 v1.0.106
[INFO] [stderr]    Compiling fallible-streaming-iterator v0.1.9
[INFO] [stderr]    Compiling clap_builder v4.5.57
[INFO] [stderr]    Compiling quote v1.0.44
[INFO] [stderr]    Compiling serde_json v1.0.149
[INFO] [stderr]    Compiling syn v2.0.114
[INFO] [stderr]    Compiling libsqlite3-sys v0.30.1
[INFO] [stderr]    Compiling chrono v0.4.43
[INFO] [stderr]    Compiling dirs-sys v0.4.1
[INFO] [stderr]    Compiling dirs v5.0.1
[INFO] [stderr]    Compiling serde_derive v1.0.228
[INFO] [stderr]    Compiling thiserror-impl v2.0.18
[INFO] [stderr]    Compiling clap_derive v4.5.55
[INFO] [stderr]    Compiling clap v4.5.57
[INFO] [stderr]    Compiling hashbrown v0.14.5
[INFO] [stderr]    Compiling hashlink v0.9.1
[INFO] [stderr]    Compiling serde v1.0.228
[INFO] [stderr]    Compiling toml_datetime v0.6.11
[INFO] [stderr]    Compiling serde_spanned v0.6.9
[INFO] [stderr]    Compiling toml_edit v0.22.27
[INFO] [stderr]    Compiling toml v0.8.23
[INFO] [stderr]    Compiling rusqlite v0.32.1
[INFO] [stderr]    Compiling obsidian-cli-inspector v1.0.3 (/opt/rustwide/workdir)
[INFO] [stderr]     Finished `release` profile [optimized] target(s) in 2m 09s
[INFO] running `Command { std: "docker" "inspect" "0e6478584ab8728ef04c8ac192f40ee86393a7436aecb155dfcfb07feed2fcee", kill_on_drop: false }`
[INFO] running `Command { std: "docker" "exec" "-e" "SOURCE_DIR=/opt/rustwide/workdir" "-e" "CARGO_HOME=/opt/rustwide/cargo-home" "-e" "RUSTUP_HOME=/opt/rustwide/rustup-home" "-e" "CARGO_TARGET_DIR=/opt/rustwide/target" "-e" "CARGO_INCREMENTAL=0" "-e" "RUST_BACKTRACE=full" "-e" "RUSTFLAGS=--cap-lints=warn" "-e" "RUSTDOCFLAGS=--cap-lints=warn" "-w" "/opt/rustwide/workdir" "--user" "0:0" "0e6478584ab8728ef04c8ac192f40ee86393a7436aecb155dfcfb07feed2fcee" "/opt/rustwide/cargo-home/bin/cargo" "+1.98.0-beta.8" "test" "--frozen" "--no-run" "--message-format=json" "--release", kill_on_drop: false }`
[INFO] [stderr]    Compiling serde_core v1.0.228
[INFO] [stderr]    Compiling zerocopy v0.8.39
[INFO] [stderr]    Compiling serde v1.0.228
[INFO] [stderr]    Compiling crossbeam-utils v0.8.21
[INFO] [stderr]    Compiling num-traits v0.2.19
[INFO] [stderr]    Compiling bitflags v2.10.0
[INFO] [stderr]    Compiling zerocopy-derive v0.8.39
[INFO] [stderr]    Compiling rayon-core v1.13.0
[INFO] [stderr]    Compiling either v1.15.0
[INFO] [stderr]    Compiling rustix v1.1.3
[INFO] [stderr]    Compiling getrandom v0.4.1
[INFO] [stderr]    Compiling regex-syntax v0.8.9
[INFO] [stderr]    Compiling ciborium-io v0.2.2
[INFO] [stderr]    Compiling plotters-backend v0.3.7
[INFO] [stderr]    Compiling linux-raw-sys v0.11.0
[INFO] [stderr]    Compiling cast v0.3.0
[INFO] [stderr]    Compiling fastrand v2.3.0
[INFO] [stderr]    Compiling itertools v0.10.5
[INFO] [stderr]    Compiling plotters-svg v0.3.7
[INFO] [stderr]    Compiling walkdir v2.5.0
[INFO] [stderr]    Compiling is-terminal v0.4.17
[INFO] [stderr]    Compiling console v0.15.11
[INFO] [stderr]    Compiling anes v0.1.6
[INFO] [stderr]    Compiling oorandom v11.1.5
[INFO] [stderr]    Compiling similar v2.7.0
[INFO] [stderr]    Compiling crossbeam-epoch v0.9.18
[INFO] [stderr]    Compiling chrono v0.4.43
[INFO] [stderr]    Compiling plotters v0.3.7
[INFO] [stderr]    Compiling crossbeam-deque v0.8.6
[INFO] [stderr]    Compiling regex-automata v0.4.14
[INFO] [stderr]    Compiling criterion-plot v0.5.0
[INFO] [stderr]    Compiling rayon v1.11.0
[INFO] [stderr]    Compiling tempfile v3.25.0
[INFO] [stderr]    Compiling serde_json v1.0.149
[INFO] [stderr]    Compiling serde_spanned v0.6.9
[INFO] [stderr]    Compiling toml_datetime v0.6.11
[INFO] [stderr]    Compiling insta v1.46.3
[INFO] [stderr]    Compiling regex v1.12.3
[INFO] [stderr]    Compiling toml_edit v0.22.27
[INFO] [stderr]    Compiling tinytemplate v1.2.1
[INFO] [stderr]    Compiling ahash v0.8.12
[INFO] [stderr]    Compiling half v2.7.1
[INFO] [stderr]    Compiling hashbrown v0.14.5
[INFO] [stderr]    Compiling ciborium-ll v0.2.2
[INFO] [stderr]    Compiling ciborium v0.2.2
[INFO] [stderr]    Compiling hashlink v0.9.1
[INFO] [stderr]    Compiling criterion v0.5.1
[INFO] [stderr]    Compiling rusqlite v0.32.1
[INFO] [stderr]    Compiling toml v0.8.23
[INFO] [stderr]    Compiling obsidian-cli-inspector v1.0.3 (/opt/rustwide/workdir)
[INFO] [stderr]     Finished `release` profile [optimized] target(s) in 1m 18s
[INFO] running `Command { std: "docker" "inspect" "0e6478584ab8728ef04c8ac192f40ee86393a7436aecb155dfcfb07feed2fcee", kill_on_drop: false }`
[INFO] running `Command { std: "docker" "exec" "-e" "SOURCE_DIR=/opt/rustwide/workdir" "-e" "CARGO_HOME=/opt/rustwide/cargo-home" "-e" "RUSTUP_HOME=/opt/rustwide/rustup-home" "-e" "CARGO_TARGET_DIR=/opt/rustwide/target" "-e" "CARGO_INCREMENTAL=0" "-e" "RUST_BACKTRACE=full" "-e" "RUSTFLAGS=--cap-lints=warn" "-e" "RUSTDOCFLAGS=--cap-lints=warn" "-w" "/opt/rustwide/workdir" "--user" "0:0" "0e6478584ab8728ef04c8ac192f40ee86393a7436aecb155dfcfb07feed2fcee" "/opt/rustwide/cargo-home/bin/cargo" "+1.98.0-beta.8" "test" "--frozen" "--release", kill_on_drop: false }`
[INFO] [stderr]     Finished `release` profile [optimized] target(s) in 0.16s
[INFO] [stderr]      Running unittests src/lib.rs (/opt/rustwide/target/release/deps/obsidian_cli_inspector-650553cdd1989436)
[INFO] [stdout] 
[INFO] [stdout] running 137 tests
[INFO] [stdout] test chunker::heading::tests::test_parse_heading_empty_text ... ok
[INFO] [stdout] test chunker::heading::tests::test_parse_heading_h1 ... ok
[INFO] [stdout] test chunker::heading::tests::test_parse_heading_h2 ... ok
[INFO] [stdout] test chunker::heading::tests::test_parse_heading_h6 ... ok
[INFO] [stdout] test chunker::heading::tests::test_parse_heading_leading_whitespace ... ok
[INFO] [stdout] test chunker::heading::tests::test_parse_heading_no_space ... ok
[INFO] [stdout] test chunker::heading::tests::test_parse_heading_invalid_level ... ok
[INFO] [stdout] test chunker::heading::tests::test_parse_heading_not_heading ... ok
[INFO] [stdout] test chunker::heading::tests::test_parse_heading_only_hashes ... ok
[INFO] [stdout] test chunker::heading::tests::test_parse_heading_with_special_chars ... ok
[INFO] [stdout] test chunker::overlap::tests::overlap_handles_multibyte_chars ... ok
[INFO] [stdout] test chunker::overlap::tests::test_get_overlap_text_exact_length ... ok
[INFO] [stdout] test chunker::overlap::tests::test_get_overlap_text_no_sentence_boundary ... ok
[INFO] [stdout] test chunker::overlap::tests::test_get_overlap_text_greater_than_length ... ok
[INFO] [stdout] test chunker::overlap::tests::test_get_overlap_text_sentence_boundary ... ok
[INFO] [stdout] test chunker::overlap::tests::test_get_overlap_text_single_char ... ok
[INFO] [stdout] test chunker::paragraph::tests::chunk_by_paragraphs_with_base_offset_does_not_underflow ... ok
[INFO] [stdout] test chunker::overlap::tests::test_get_overlap_text_zero_overlap ... ok
[INFO] [stdout] test chunker::paragraph::tests::test_chunk_by_paragraphs_large_para ... ok
[INFO] [stdout] test chunker::paragraph::tests::test_estimate_tokens_empty ... ok
[INFO] [stdout] test chunker::paragraph::tests::test_chunk_by_paragraphs_empty ... ok
[INFO] [stdout] test chunker::paragraph::tests::test_chunk_by_paragraphs_small_para ... ok
[INFO] [stdout] test chunker::paragraph::tests::test_estimate_tokens ... ok
[INFO] [stdout] test chunker::paragraph::tests::test_split_into_paragraphs_multiple ... ok
[INFO] [stdout] test chunker::tests::test_estimate_tokens_long_text ... ok
[INFO] [stdout] test chunker::tests::test_estimate_tokens_empty ... ok
[INFO] [stdout] test chunker::tests::test_parse_heading ... ok
[INFO] [stdout] test chunker::tests::test_build_heading_path_single ... ok
[INFO] [stdout] test chunker::tests::test_split_by_headings_multiple ... ok
[INFO] [stdout] test chunker::tests::test_split_by_headings_no_headings ... ok
[INFO] [stdout] test chunker::tests::test_update_heading_stack_skip_level ... ok
[INFO] [stdout] test chunker::tests::test_split_into_paragraphs ... ok
[INFO] [stdout] test chunker::tests::test_chunk_large_section_paragraph_split ... ok
[INFO] [stdout] test chunker::tests::test_update_heading_stack_new_level ... ok
[INFO] [stdout] test commands::analyze_bloat::tests::test_show_bloat_with_zero_values ... ok
[INFO] [stdout] test chunker::tests::test_update_heading_stack_same_level ... ok
[INFO] [stdout] test commands::analyze_bloat::tests::test_show_bloat_without_logger ... ok
[INFO] [stdout] test chunker::tests::test_chunk_no_headings ... ok
[INFO] [stdout] test commands::analyze_related::tests::test_analyze_related_with_empty_note ... ok
[INFO] [stdout] test chunker::tests::test_chunk_simple_document ... ok
[INFO] [stdout] test commands::tui::tests::test_show_tui_without_logger ... ok
[INFO] [stdout] test config::tests::test_config_database_path_default ... ok
[INFO] [stdout] test chunker::tests::test_chunk_single_heading ... ok
[INFO] [stdout] test chunker::tests::test_chunk_whitespace_only ... ok
[INFO] [stdout] test config::tests::test_config_default_search_limit ... ok
[INFO] [stdout] test config::tests::test_config_default_timeout ... ok
[INFO] [stdout] test chunker::tests::test_estimate_tokens ... ok
[INFO] [stdout] test chunker::paragraph::tests::test_split_into_paragraphs_leading_trailing_whitespace ... ok
[INFO] [stdout] test commands::analyze_related::tests::test_analyze_related_without_logger ... ok
[INFO] [stdout] test config::tests::test_config_database_path_with_custom_path ... ok
[INFO] [stdout] test config::tests::test_config_default_exclude_patterns ... ok
[INFO] [stdout] test chunker::tests::test_chunk_empty_content ... ok
[INFO] [stdout] test config::tests::test_config_default_max_depth ... ok
[INFO] [stdout] test config::tests::test_config_log_dir_with_custom_path ... ok
[INFO] [stdout] test config::tests::test_config_log_dir_default ... ok
[INFO] [stdout] test chunker::tests::test_heading_path_generation ... ok
[INFO] [stdout] test chunker::paragraph::tests::test_split_into_paragraphs_empty ... ok
[INFO] [stdout] test chunker::paragraph::tests::test_split_into_paragraphs_single_para ... ok
[INFO] [stdout] test config::tests::test_config_struct_creation ... ok
[INFO] [stdout] test config::tests::test_graph_config_default_implementation ... ok
[INFO] [stdout] test config::tests::test_llm_config_creation ... ok
[INFO] [stdout] test config::tests::test_search_config_default_implementation ... ok
[INFO] [stdout] test db::stats::tests::test_database_stats_creation ... ok
[INFO] [stdout] test db::stats::tests::test_get_stats_empty_database ... ok
[INFO] [stdout] test chunker::tests::test_build_heading_path_empty ... ok
[INFO] [stdout] test db::tests::test_database_stats_creation ... ok
[INFO] [stdout] test db::tests::test_database_open ... ok
[INFO] [stdout] test db::tests::test_schema_version_constant ... ok
[INFO] [stdout] test machine_contract::tests::test_build_query_result_data_no_database ... ok
[INFO] [stdout] test machine_contract::tests::test_build_query_result_data_unknown_command ... ok
[INFO] [stdout] test db::tests::test_note_metadata_creation ... ok
[INFO] [stdout] test machine_contract::tests::test_empty_query_result ... ok
[INFO] [stdout] test machine_contract::tests::test_query_result_empty_items ... ok
[INFO] [stdout] test machine_contract::tests::test_query_result_with_items ... ok
[INFO] [stdout] test machine_contract::tests::test_build_view_stats_result_data_no_database ... ok
[INFO] [stdout] test parser::tests::test_link_creation ... ok
[INFO] [stdout] test parser::tests::test_link_type_as_str ... ok
[INFO] [stdout] test parser::tests::test_normalize_note_identifier ... ok
[INFO] [stdout] test parser::tests::test_parse_markdown_link_basic ... ok
[INFO] [stdout] test parser::tests::test_parse_wikilink_simple ... ok
[INFO] [stdout] test parser::tests::test_parse_wikilink_with_alias ... ok
[INFO] [stdout] test parser::tests::test_parsed_note_creation ... ok
[INFO] [stdout] test query::links::tests::test_broken_link_result_ambiguous ... ok
[INFO] [stdout] test query::links::tests::test_broken_link_result_creation ... ok
[INFO] [stdout] test query::links::tests::test_diagnose_broken_links_multiple_unresolved ... ok
[INFO] [stdout] test query::links::tests::test_diagnose_broken_links_empty ... ok
[INFO] [stdout] test query::links::tests::test_diagnose_broken_links_resolved ... ok
[INFO] [stdout] test query::links::tests::test_diagnose_broken_links_unresolved ... ok
[INFO] [stdout] test query::links::tests::test_diagnose_result_creation ... ok
[INFO] [stdout] test query::links::tests::test_get_backlinks_no_results ... ok
[INFO] [stdout] test query::links::tests::test_get_backlinks_with_results ... ok
[INFO] [stdout] test query::links::tests::test_get_dead_ends_empty_database ... ok
[INFO] [stdout] test query::links::tests::test_get_dead_ends_exclude_daily ... ok
[INFO] [stdout] test query::links::tests::test_get_dead_ends_exclude_templates ... ok
[INFO] [stdout] test query::links::tests::test_get_dead_ends_no_dead_ends ... ok
[INFO] [stdout] test query::links::tests::test_get_forward_links_unresolved ... ok
[INFO] [stdout] test query::links::tests::test_get_dead_ends_with_dead_ends ... ok
[INFO] [stdout] test query::links::tests::test_get_orphans_empty_database ... ok
[INFO] [stdout] test query::links::tests::test_get_forward_links_with_results ... ok
[INFO] [stdout] test query::links::tests::test_get_orphans_exclude_daily ... ok
[INFO] [stdout] test query::links::tests::test_get_orphans_exclude_templates ... ok
[INFO] [stdout] test query::links::tests::test_get_orphans_no_orphans ... ok
[INFO] [stdout] test query::links::tests::test_get_orphans_with_orphans ... ok
[INFO] [stdout] test query::links::tests::test_get_unresolved_links ... ok
[INFO] [stdout] test query::links::tests::test_link_result_creation ... ok
[INFO] [stdout] test query::links::tests::test_link_result_no_optionals ... ok
[INFO] [stdout] test query::search::tests::test_search_result_creation ... ok
[INFO] [stdout] test query::search::tests::test_search_result_no_heading ... ok
[INFO] [stdout] test query::tags::tests::test_comma_placeholders_empty ... ok
[INFO] [stdout] test query::tags::tests::test_comma_placeholders_multiple ... ok
[INFO] [stdout] test query::tags::tests::test_comma_placeholders_single ... ok
[INFO] [stdout] test query::tags::tests::test_get_notes_by_tag ... ok
[INFO] [stdout] test query::tags::tests::test_get_notes_by_tags_and_with_results ... ok
[INFO] [stdout] test query::tags::tests::test_get_notes_by_tags_or_empty ... ok
[INFO] [stdout] test query::tags::tests::test_get_notes_by_tags_or_with_results ... ok
[INFO] [stdout] test query::tags::tests::test_list_tags_with_data ... ok
[INFO] [stdout] test db::operations::tests::test_get_note_by_path_not_found ... ok
[INFO] [stdout] test query::tests::test_get_note_by_filename_exact_path ... ok
[INFO] [stdout] test query::tests::test_get_note_by_filename_exact_title ... ok
[INFO] [stdout] test query::tests::test_get_note_by_filename_not_found ... ok
[INFO] [stdout] test query::tests::test_note_describe_result_creation ... ok
[INFO] [stdout] test query::tests::test_note_describe_result_no_frontmatter ... ok
[INFO] [stdout] test query::tests::test_get_note_by_filename_partial_match ... ok
[INFO] [stdout] test db::operations::tests::test_get_note_metadata_by_path ... ok
[INFO] [stdout] test query::tags::tests::test_get_notes_by_tags_and_empty ... ok
[INFO] [stdout] test db::operations::tests::test_insert_note ... ok
[INFO] [stdout] test db::operations::tests::test_insert_link_with_embed ... ok
[INFO] [stdout] test db::operations::tests::test_get_note_by_path ... ok
[INFO] [stdout] test db::operations::tests::test_insert_link ... ok
[INFO] [stdout] test db::operations::tests::test_insert_tag ... ok
[INFO] [stdout] test db::operations::tests::test_insert_chunk_with_offset ... ok
[INFO] [stdout] test db::operations::tests::test_insert_note_duplicate ... ok
[INFO] [stdout] test db::operations::tests::test_insert_chunk ... ok
[INFO] [stdout] test db::operations::tests::test_clear_note_data ... ok
[INFO] [stdout] test db::tests::test_database_transaction ... ok
[INFO] [stdout] test db::tests::test_database_initialize ... ok
[INFO] [stdout] test db::tests::test_database_initialize_force ... ok
[INFO] [stdout] 
[INFO] [stdout] test result: ok. 137 passed; 0 failed; 0 ignored; 0 measured; 0 filtered out; finished in 0.29s
[INFO] [stdout] 
[INFO] [stderr]      Running unittests src/main.rs (/opt/rustwide/target/release/deps/obsidian_cli_inspector-1005c1adc1e2dd1c)
[INFO] [stdout] 
[INFO] [stdout] running 7 tests
[INFO] [stdout] test tests::test_default_config_has_search_section ... ok
[INFO] [stdout] test tests::test_default_config_has_exclude_section ... ok
[INFO] [stdout] test tests::test_default_config_includes_vault_path_placeholder ... ok
[INFO] [stdout] test tests::test_ensure_config_creates_default ... ok
[INFO] [stdout] test tests::test_load_config_returns_default_when_missing ... ok
[INFO] [stdout] test tests::test_ensure_config_preserves_existing ... ok
[INFO] [stderr]      Running tests/cli_tests.rs (/opt/rustwide/target/release/deps/cli_tests-8f7a87a049a9bb77)
[INFO] [stdout] test tests::test_default_config_includes_all_sections ... ok
[INFO] [stdout] 
[INFO] [stdout] test result: ok. 7 passed; 0 failed; 0 ignored; 0 measured; 0 filtered out; finished in 0.10s
[INFO] [stdout] 
[INFO] [stdout] 
[INFO] [stdout] running 16 tests
[INFO] [stdout] test test_cli_all_subcommands_present ... ok
[INFO] [stdout] test test_cli_help_all_use_cases_covered ... ok
[INFO] [stdout] test test_cli_author_is_set ... ok
[INFO] [stdout] test test_cli_help_contains_bloat_detection ... ok
[INFO] [stdout] test test_cli_help_contains_config_location ... ok
[INFO] [stdout] test test_cli_help_contains_link_analysis ... ok
[INFO] [stdout] test test_cli_help_contains_search_use_case ... ok
[INFO] [stdout] test test_cli_help_contains_tag_management ... ok
[INFO] [stdout] test test_cli_help_contains_workflow_steps ... ok
[INFO] [stdout] test test_cli_help_contains_use_cases ... ok
[INFO] [stdout] test test_cli_help_rendering_succeeds ... ok
[INFO] [stdout] test test_cli_long_help_rendering_succeeds ... ok
[INFO] [stdout] test test_cli_short_about_is_set ... ok
[INFO] [stdout] test test_cli_help_contains_example_commands ... ok
[INFO] [stdout] test test_cli_help_contains_graph_exploration ... ok
[INFO] [stdout] test test_cli_version_is_set ... ok
[INFO] [stdout] 
[INFO] [stdout] test result: ok. 16 passed; 0 failed; 0 ignored; 0 measured; 0 filtered out; finished in 0.11s
[INFO] [stdout] 
[INFO] [stderr]      Running tests/common.rs (/opt/rustwide/target/release/deps/common-0aa85c9ad06aa7be)
[INFO] [stdout] 
[INFO] [stdout] running 0 tests
[INFO] [stdout] 
[INFO] [stdout] test result: ok. 0 passed; 0 failed; 0 ignored; 0 measured; 0 filtered out; finished in 0.00s
[INFO] [stdout] 
[INFO] [stderr]      Running tests/config_tests.rs (/opt/rustwide/target/release/deps/config_tests-f844737f2b4d5948)
[INFO] [stdout] 
[INFO] [stdout] running 14 tests
[INFO] [stdout] test test_config_database_path_default ... ok
[INFO] [stdout] test test_config_config_dir ... ok
[INFO] [stdout] test test_config_from_file_not_found ... ok
[INFO] [stdout] test test_config_from_invalid_toml ... ok
[INFO] [stdout] test test_exclude_config_default ... ok
[INFO] [stdout] test test_config_database_path_custom ... ok
[INFO] [stdout] test test_config_llm_default_timeout ... ok
[INFO] [stdout] test test_config_log_dir_default ... ok
[INFO] [stdout] test test_config_with_llm ... ok
[INFO] [stdout] test test_graph_config_default ... ok
[INFO] [stdout] test test_search_config_default ... ok
[INFO] [stdout] test test_exclude_config_from_toml ... ok
[INFO] [stdout] test test_config_from_file ... ok
[INFO] [stdout] test test_config_log_dir_custom ... ok
[INFO] [stdout] 
[INFO] [stdout] test result: ok. 14 passed; 0 failed; 0 ignored; 0 measured; 0 filtered out; finished in 0.01s
[INFO] [stdout] 
[INFO] [stderr]      Running tests/database_tests.rs (/opt/rustwide/target/release/deps/database_tests-2f4dc7137abbcd2a)
[INFO] [stdout] 
[INFO] [stdout] running 3 tests
[INFO] [stdout] test test_init_database ... ok
[INFO] [stdout] test test_stats ... ok
[INFO] [stdout] test test_reinit_database ... ok
[INFO] [stdout] 
[INFO] [stdout] test result: ok. 3 passed; 0 failed; 0 ignored; 0 measured; 0 filtered out; finished in 0.27s
[INFO] [stdout] 
[INFO] [stderr]      Running tests/db_tests.rs (/opt/rustwide/target/release/deps/db_tests-71fa9fb19e2dbcb6)
[INFO] [stdout] 
[INFO] [stdout] running 8 tests
[INFO] [stdout] test test_database_open_and_initialize ... ok
[INFO] [stdout] test test_database_insert_note ... ok
[INFO] [stdout] test test_database_get_stats ... ok
[INFO] [stdout] test test_database_get_note_by_path ... ok
[INFO] [stdout] test test_database_insert_link ... ok
[INFO] [stdout] test test_database_insert_chunk ... ok
[INFO] [stdout] test test_database_insert_tag ... ok
[INFO] [stdout] test test_database_clear_note_data ... ok
[INFO] [stdout] 
[INFO] [stdout] test result: ok. 8 passed; 0 failed; 0 ignored; 0 measured; 0 filtered out; finished in 0.22s
[INFO] [stdout] 
[INFO] [stderr]      Running tests/e2e.rs (/opt/rustwide/target/release/deps/e2e-34f34db72c506714)
[INFO] [stdout] 
[INFO] [stdout] running 24 tests
[INFO] [stdout] test e2e_tests::helpers::tests::parse_json_output_inline_json ... ok
[INFO] [stdout] test e2e_tests::machine_contract::analyze::machine_contract_bloat ... ignored
[INFO] [stdout] test e2e_tests::machine_contract::analyze::machine_contract_related ... ignored
[INFO] [stdout] test e2e_tests::machine_contract::diagnose::machine_contract_broken_links ... ignored
[INFO] [stdout] test e2e_tests::machine_contract::diagnose::machine_contract_orphans ... ignored
[INFO] [stdout] test e2e_tests::machine_contract::index::machine_contract_index ... ignored
[INFO] [stdout] test e2e_tests::machine_contract::init::machine_contract_init ... ignored
[INFO] [stdout] test e2e_tests::machine_contract::query::machine_contract_backlinks ... ignored
[INFO] [stdout] test e2e_tests::machine_contract::query::machine_contract_links ... ignored
[INFO] [stdout] test e2e_tests::helpers::tests::parse_json_output_pretty_with_prefix ... ok
[INFO] [stdout] test e2e_tests::machine_contract::query::machine_contract_search ... ignored
[INFO] [stdout] test e2e_tests::machine_contract::query::machine_contract_tags ... ignored
[INFO] [stdout] test e2e_tests::machine_contract::query::machine_contract_tags_list ... ignored
[INFO] [stdout] test e2e_tests::machine_contract::query::machine_contract_unresolved ... ignored
[INFO] [stdout] test e2e_tests::machine_contract::root::contract_config_flag ... ignored
[INFO] [stdout] test e2e_tests::machine_contract::root::contract_invalid_command ... ignored
[INFO] [stdout] test e2e_tests::machine_contract::root::contract_json_output_mode ... ignored
[INFO] [stdout] test e2e_tests::machine_contract::root::contract_missing_required_arg ... ignored
[INFO] [stdout] test e2e_tests::machine_contract::root::contract_text_output_format ... ignored
[INFO] [stdout] test e2e_tests::machine_contract::tui::machine_contract_tui ... ignored
[INFO] [stdout] test e2e_tests::machine_contract::view::machine_contract_describe ... ignored
[INFO] [stdout] test e2e_tests::machine_contract::view::machine_contract_stats ... ignored
[INFO] [stdout] test e2e_tests::helpers::tests::run_command_json_parses_stub_binary_output ... FAILED
[INFO] [stdout] test e2e_tests::helpers::tests::parse_json_output_returns_error_when_missing ... ok
[INFO] [stdout] 
[INFO] [stdout] failures:
[INFO] [stdout] 
[INFO] [stdout] ---- e2e_tests::helpers::tests::run_command_json_parses_stub_binary_output stdout ----
[INFO] [stdout] 
[INFO] [stdout] thread 'e2e_tests::helpers::tests::run_command_json_parses_stub_binary_output' (2959) panicked at tests/e2e/helpers.rs:160:37:
[INFO] [stdout] failed to create binary directory: Os { code: 30, kind: ReadOnlyFilesystem, message: "Read-only file system" }
[INFO] [stdout] stack backtrace:
[INFO] [stdout]    0:     0x613f804b29e1 - <<std[97b98282bc616a66]::sys::backtrace::BacktraceLock>::print::DisplayBacktrace as core[832e9a552fc17241]::fmt::Display>::fmt
[INFO] [stdout]    1:     0x613f804c9e7a - core[832e9a552fc17241]::fmt::write
[INFO] [stdout]    2:     0x613f804b740c - <alloc[3ecab9f82c41dc7d]::vec::Vec<u8> as std[97b98282bc616a66]::io::Write>::write_fmt
[INFO] [stdout]    3:     0x613f8048dbe6 - std[97b98282bc616a66]::panicking::default_hook::{closure#0}
[INFO] [stdout]    4:     0x613f804a9539 - std[97b98282bc616a66]::panicking::default_hook
[INFO] [stdout]    5:     0x613f8043b1e0 - test[39766f3d73431624]::test_main_inner::<test[39766f3d73431624]::test_main_static::{closure#0}>::{closure#0}
[INFO] [stdout]    6:     0x613f804a96f2 - std[97b98282bc616a66]::panicking::panic_with_hook
[INFO] [stdout]    7:     0x613f8048dc92 - std[97b98282bc616a66]::panicking::panic_handler::{closure#0}
[INFO] [stdout]    8:     0x613f80485109 - std[97b98282bc616a66]::sys::backtrace::__rust_end_short_backtrace::<std[97b98282bc616a66]::panicking::panic_handler::{closure#0}, !>
[INFO] [stdout]    9:     0x613f8048e9ed - __rustc[e3d8617bb01b7f69]::rust_begin_unwind
[INFO] [stdout]   10:     0x613f804ca5dc - core[832e9a552fc17241]::panicking::panic_fmt
[INFO] [stdout]   11:     0x613f804ca3b2 - core[832e9a552fc17241]::result::unwrap_failed
[INFO] [stdout]   12:     0x613f803b4c13 - e2e[63677095966da238]::e2e_tests::helpers::tests::run_command_json_parses_stub_binary_output
[INFO] [stdout]   13:     0x613f803b18b9 - <e2e[63677095966da238]::e2e_tests::helpers::tests::run_command_json_parses_stub_binary_output::{closure#0} as core[832e9a552fc17241]::ops::function::FnOnce<()>>::call_once
[INFO] [stdout]   14:     0x613f8042e51b - test[39766f3d73431624]::__rust_begin_short_backtrace::<core[832e9a552fc17241]::result::Result<(), alloc[3ecab9f82c41dc7d]::string::String>, fn() -> core[832e9a552fc17241]::result::Result<(), alloc[3ecab9f82c41dc7d]::string::String>>
[INFO] [stdout]   15:     0x613f8043bb65 - test[39766f3d73431624]::run_test::{closure#0}
[INFO] [stdout]   16:     0x613f80436614 - std[97b98282bc616a66]::sys::backtrace::__rust_begin_short_backtrace::<test[39766f3d73431624]::run_test::{closure#1}, ()>
[INFO] [stdout]   17:     0x613f8043ecb2 - <std[97b98282bc616a66]::thread::lifecycle::spawn_unchecked<test[39766f3d73431624]::run_test::{closure#1}, ()>::{closure#1} as core[832e9a552fc17241]::ops::function::FnOnce<()>>::call_once::{shim:vtable#0}
[INFO] [stdout]   18:     0x613f804b19af - <std[97b98282bc616a66]::sys::thread::unix::Thread>::new::thread_start
[INFO] [stdout]   19:     0x76df279b207a - <unknown>
[INFO] [stdout]   20:     0x76df27a45534 - clone
[INFO] [stdout]   21:                0x0 - <unknown>
[INFO] [stdout] 
[INFO] [stdout] 
[INFO] [stdout] failures:
[INFO] [stdout]     e2e_tests::helpers::tests::run_command_json_parses_stub_binary_output
[INFO] [stdout] 
[INFO] [stdout] test result: FAILED. 3 passed; 1 failed; 20 ignored; 0 measured; 0 filtered out; finished in 0.00s
[INFO] [stdout] 
[INFO] [stderr] error: test failed, to rerun pass `--test e2e`
[INFO] running `Command { std: "docker" "inspect" "0e6478584ab8728ef04c8ac192f40ee86393a7436aecb155dfcfb07feed2fcee", kill_on_drop: false }`
[INFO] running `Command { std: "docker" "rm" "-f" "0e6478584ab8728ef04c8ac192f40ee86393a7436aecb155dfcfb07feed2fcee", kill_on_drop: false }`
[INFO] [stdout] 0e6478584ab8728ef04c8ac192f40ee86393a7436aecb155dfcfb07feed2fcee
