[INFO] cloning repository https://github.com/jgumbley/phasorsyncrs
[INFO] running `Command { std: "git" "-c" "credential.helper=" "-c" "credential.helper=/workspace/cargo-home/bin/git-credential-null" "clone" "--bare" "https://github.com/jgumbley/phasorsyncrs" "/workspace/cache/git-repos/https%3A%2F%2Fgithub.com%2Fjgumbley%2Fphasorsyncrs", kill_on_drop: false }`
[INFO] [stderr] Cloning into bare repository '/workspace/cache/git-repos/https%3A%2F%2Fgithub.com%2Fjgumbley%2Fphasorsyncrs'...
[INFO] running `Command { std: "git" "rev-parse" "HEAD", kill_on_drop: false }`
[INFO] [stdout] 68703d343ed4854d5bb707f8567d1cdd0f349df0
[INFO] testing jgumbley/phasorsyncrs against 1.98.0-beta.8+cargoflags=--release for beta-release-1.99-2
[INFO] running `Command { std: "git" "clone" "/workspace/cache/git-repos/https%3A%2F%2Fgithub.com%2Fjgumbley%2Fphasorsyncrs" "/workspace/builds/worker-5-tc1/source", kill_on_drop: false }`
[INFO] [stderr] Cloning into '/workspace/builds/worker-5-tc1/source'...
[INFO] [stderr] done.
[INFO] started tweaking git repo https://github.com/jgumbley/phasorsyncrs
[INFO] finished tweaking git repo https://github.com/jgumbley/phasorsyncrs
[INFO] tweaked toml for git repo https://github.com/jgumbley/phasorsyncrs written to /workspace/builds/worker-5-tc1/source/Cargo.toml
[INFO] validating manifest of git repo https://github.com/jgumbley/phasorsyncrs on toolchain 1.98.0-beta.8
[INFO] running `Command { std: CARGO_HOME="/workspace/cargo-home" RUSTUP_HOME="/workspace/rustup-home" "/workspace/cargo-home/bin/cargo" "+1.98.0-beta.8" "metadata" "--manifest-path" "Cargo.toml" "--no-deps", kill_on_drop: false }`
[INFO] crate git repo https://github.com/jgumbley/phasorsyncrs already has a lockfile, it will not be regenerated
[INFO] running `Command { std: CARGO_HOME="/workspace/cargo-home" RUSTUP_HOME="/workspace/rustup-home" "/workspace/cargo-home/bin/cargo" "+1.98.0-beta.8" "fetch" "--manifest-path" "Cargo.toml", kill_on_drop: false }`
[INFO] [stderr]     Updating crates.io index
[INFO] [stderr]  Downloading crates ...
[INFO] [stderr]   Downloaded num-conv v0.1.0
[INFO] [stderr]   Downloaded time-macros v0.2.19
[INFO] [stderr]   Downloaded simplelog v0.12.2
[INFO] [stderr]   Downloaded serde v1.0.217
[INFO] [stderr]   Downloaded windows-targets v0.52.6
[INFO] [stderr]   Downloaded windows-targets v0.48.5
[INFO] [stderr]   Downloaded num_threads v0.1.7
[INFO] [stderr]   Downloaded winapi-util v0.1.9
[INFO] [stderr]   Downloaded crossterm_winapi v0.9.1
[INFO] [stderr]   Downloaded time v0.3.37
[INFO] [stderr]   Downloaded signal-hook-mio v0.2.4
[INFO] [stderr]   Downloaded itoa v1.0.14
[INFO] [stderr]   Downloaded termcolor v1.4.1
[INFO] [stderr]   Downloaded parking_lot_core v0.9.10
[INFO] [stderr]   Downloaded redox_syscall v0.5.9
[INFO] [stderr]   Downloaded cassowary v0.3.0
[INFO] [stderr]   Downloaded lock_api v0.4.12
[INFO] [stderr]   Downloaded autocfg v1.4.0
[INFO] [stderr]   Downloaded quote v1.0.38
[INFO] [stderr]   Downloaded signal-hook-registry v1.4.2
[INFO] [stderr]   Downloaded wasm-bindgen-shared v0.2.100
[INFO] [stderr]   Downloaded wasm-bindgen-macro v0.2.100
[INFO] [stderr]   Downloaded coremidi-sys v3.1.1
[INFO] [stderr]   Downloaded dlv-list v0.3.0
[INFO] [stderr]   Downloaded linked-hash-map v0.5.6
[INFO] [stderr]   Downloaded is_terminal_polyfill v1.70.1
[INFO] [stderr]   Downloaded clap_lex v0.7.4
[INFO] [stderr]   Downloaded number_prefix v0.4.0
[INFO] [stderr]   Downloaded pathdiff v0.2.3
[INFO] [stderr]   Downloaded smallvec v1.14.0
[INFO] [stderr]   Downloaded bitflags v2.8.0
[INFO] [stderr]   Downloaded json5 v0.4.1
[INFO] [stderr]   Downloaded parking_lot v0.12.3
[INFO] [stderr]   Downloaded midir v0.9.1
[INFO] [stderr]   Downloaded wasm-bindgen-macro-support v0.2.100
[INFO] [stderr]   Downloaded wasm-bindgen-backend v0.2.100
[INFO] [stderr]   Downloaded rustversion v1.0.19
[INFO] [stderr]   Downloaded coremidi v0.6.0
[INFO] [stderr]   Downloaded core-foundation v0.9.4
[INFO] [stderr]   Downloaded alsa-sys v0.3.1
[INFO] [stderr]   Downloaded pkg-config v0.3.31
[INFO] [stderr]   Downloaded web-time v1.1.0
[INFO] [stderr]   Downloaded pest_generator v2.7.15
[INFO] [stderr]   Downloaded anstyle v1.0.10
[INFO] [stderr]   Downloaded anstream v0.6.18
[INFO] [stderr]   Downloaded iana-time-zone v0.1.61
[INFO] [stderr]   Downloaded serde_derive v1.0.217
[INFO] [stderr]   Downloaded rust-ini v0.18.0
[INFO] [stderr]   Downloaded thiserror v2.0.11
[INFO] [stderr]   Downloaded thiserror-impl v2.0.11
[INFO] [stderr]   Downloaded async-trait v0.1.86
[INFO] [stderr]   Downloaded clap_derive v4.5.24
[INFO] [stderr]   Downloaded anstyle-wincon v3.0.7
[INFO] [stderr]   Downloaded unicode-ident v1.0.16
[INFO] [stderr]   Downloaded signal-hook v0.3.17
[INFO] [stderr]   Downloaded once_cell v1.20.2
[INFO] [stderr]   Downloaded core-foundation-sys v0.8.7
[INFO] [stderr]   Downloaded console v0.15.10
[INFO] [stderr]   Downloaded yaml-rust v0.4.5
[INFO] [stderr]   Downloaded ryu v1.0.19
[INFO] [stderr]   Downloaded ordered-multimap v0.4.3
[INFO] [stderr]   Downloaded getrandom v0.2.15
[INFO] [stderr]   Downloaded pest_derive v2.7.15
[INFO] [stderr]   Downloaded typenum v1.17.0
[INFO] [stderr]   Downloaded anstyle-parse v0.2.6
[INFO] [stderr]   Downloaded proc-macro2 v1.0.93
[INFO] [stderr]   Downloaded ahash v0.7.8
[INFO] [stderr]   Downloaded pest_meta v2.7.15
[INFO] [stderr]   Downloaded ucd-trie v0.1.7
[INFO] [stderr]   Downloaded log v0.4.26
[INFO] [stderr]   Downloaded js-sys v0.3.77
[INFO] [stderr]   Downloaded sha2 v0.10.8
[INFO] [stderr]   Downloaded colorchoice v1.0.3
[INFO] [stderr]   Downloaded encode_unicode v1.0.0
[INFO] [stderr]   Downloaded ron v0.7.1
[INFO] [stderr]   Downloaded clap v4.5.27
[INFO] [stderr]   Downloaded shlex v1.3.0
[INFO] [stderr]   Downloaded wasm-bindgen v0.2.100
[INFO] [stderr]   Downloaded bumpalo v3.17.0
[INFO] [stderr]   Downloaded alsa v0.7.1
[INFO] [stderr]   Downloaded indicatif v0.17.11
[INFO] [stderr]   Downloaded config v0.13.4
[INFO] [stderr]   Downloaded anstyle-query v1.1.2
[INFO] [stderr]   Downloaded unicode-segmentation v1.12.0
[INFO] [stderr]   Downloaded crossterm v0.26.1
[INFO] [stderr]   Downloaded mio v0.8.11
[INFO] [stderr]   Downloaded memchr v2.7.4
[INFO] [stderr]   Downloaded ratatui v0.20.1
[INFO] [stderr]   Downloaded pest v2.7.15
[INFO] [stderr]   Downloaded serde_json v1.0.138
[INFO] [stderr]   Downloaded portable-atomic v1.10.0
[INFO] [stderr]   Downloaded cc v1.2.11
[INFO] [stderr]   Downloaded chrono v0.4.39
[INFO] [stderr]   Downloaded syn v2.0.96
[INFO] [stderr]   Downloaded unicode-width v0.1.14
[INFO] [stderr]   Downloaded nix v0.24.3
[INFO] [stderr]   Downloaded unicode-width v0.2.0
[INFO] [stderr]   Downloaded clap_builder v4.5.27
[INFO] [stderr]   Downloaded windows_x86_64_gnullvm v0.52.6
[INFO] [stderr]   Downloaded windows_x86_64_gnullvm v0.48.5
[INFO] [stderr]   Downloaded windows_aarch64_gnullvm v0.48.5
[INFO] [stderr]   Downloaded windows_aarch64_gnullvm v0.52.6
[INFO] [stderr]   Downloaded windows_i686_gnullvm v0.52.6
[INFO] [stderr]   Downloaded web-sys v0.3.77
[INFO] [stderr]   Downloaded windows_x86_64_msvc v0.48.5
[INFO] [stderr]   Downloaded libc v0.2.169
[INFO] [stderr]   Downloaded windows_x86_64_msvc v0.52.6
[INFO] [stderr]   Downloaded windows_x86_64_gnu v0.48.5
[INFO] [stderr]   Downloaded windows_aarch64_msvc v0.52.6
[INFO] [stderr]   Downloaded windows_i686_gnu v0.48.5
[INFO] [stderr]   Downloaded windows_aarch64_msvc v0.48.5
[INFO] [stderr]   Downloaded windows_x86_64_gnu v0.52.6
[INFO] [stderr]   Downloaded windows_i686_msvc v0.48.5
[INFO] [stderr]   Downloaded windows_i686_msvc v0.52.6
[INFO] [stderr]   Downloaded windows_i686_gnu v0.52.6
[INFO] [stderr]   Downloaded windows-sys v0.59.0
[INFO] [stderr]   Downloaded windows v0.43.0
[INFO] running `Command { std: "docker" "create" "-v" "/var/lib/crater-agent-workspace/builds/worker-5-tc1/source:/opt/rustwide/workdir:ro,Z" "-v" "/var/lib/crater-agent-workspace/builds/worker-5-tc1/target:/opt/rustwide/target:rw,Z" "-v" "/var/lib/crater-agent-workspace/cargo-home:/opt/rustwide/cargo-home:ro,Z" "-v" "/var/lib/crater-agent-workspace/rustup-home:/opt/rustwide/rustup-home:ro,Z" "-m" "1610612736" "--network" "none" "ghcr.io/rust-lang/crates-build-env/linux@sha256:8683fc1fc2eb5c9ac98e0d076ab094b2ffac7f99da555d2b6a2e27f346de2ec7" "sleep" "infinity", kill_on_drop: false }`
[INFO] [stdout] 5a687787a6a5956f304527773ccc9af7d420edb256a7c47833e5aafd545510e9
[INFO] running `Command { std: "docker" "start" "5a687787a6a5956f304527773ccc9af7d420edb256a7c47833e5aafd545510e9", kill_on_drop: false }`
[INFO] running `Command { std: "docker" "inspect" "5a687787a6a5956f304527773ccc9af7d420edb256a7c47833e5aafd545510e9", kill_on_drop: false }`
[INFO] running `Command { std: "docker" "exec" "-e" "SOURCE_DIR=/opt/rustwide/workdir" "-e" "CARGO_HOME=/opt/rustwide/cargo-home" "-e" "RUSTUP_HOME=/opt/rustwide/rustup-home" "-e" "CARGO_TARGET_DIR=/opt/rustwide/target" "-w" "/opt/rustwide/workdir" "--user" "0:0" "5a687787a6a5956f304527773ccc9af7d420edb256a7c47833e5aafd545510e9" "/opt/rustwide/cargo-home/bin/cargo" "+1.98.0-beta.8" "metadata" "--no-deps" "--format-version=1", kill_on_drop: false }`
[INFO] running `Command { std: "docker" "inspect" "5a687787a6a5956f304527773ccc9af7d420edb256a7c47833e5aafd545510e9", kill_on_drop: false }`
[INFO] running `Command { std: "docker" "exec" "-e" "SOURCE_DIR=/opt/rustwide/workdir" "-e" "CARGO_HOME=/opt/rustwide/cargo-home" "-e" "RUSTUP_HOME=/opt/rustwide/rustup-home" "-e" "CARGO_TARGET_DIR=/opt/rustwide/target" "-e" "CARGO_INCREMENTAL=0" "-e" "RUST_BACKTRACE=full" "-e" "RUSTFLAGS=--cap-lints=warn" "-e" "RUSTDOCFLAGS=--cap-lints=warn" "-w" "/opt/rustwide/workdir" "--user" "0:0" "5a687787a6a5956f304527773ccc9af7d420edb256a7c47833e5aafd545510e9" "/opt/rustwide/cargo-home/bin/cargo" "+1.98.0-beta.8" "build" "--frozen" "--message-format=json" "--release", kill_on_drop: false }`
[INFO] [stderr]    Compiling libc v0.2.169
[INFO] [stderr]    Compiling proc-macro2 v1.0.93
[INFO] [stderr]    Compiling unicode-ident v1.0.16
[INFO] [stderr]    Compiling cfg-if v1.0.0
[INFO] [stderr]    Compiling thiserror v2.0.11
[INFO] [stderr]    Compiling autocfg v1.4.0
[INFO] [stderr]    Compiling once_cell v1.20.2
[INFO] [stderr]    Compiling serde v1.0.217
[INFO] [stderr]    Compiling version_check v0.9.5
[INFO] [stderr]    Compiling bitflags v1.3.2
[INFO] [stderr]    Compiling ucd-trie v0.1.7
[INFO] [stderr]    Compiling memchr v2.7.4
[INFO] [stderr]    Compiling parking_lot_core v0.9.10
[INFO] [stderr]    Compiling log v0.4.26
[INFO] [stderr]    Compiling signal-hook v0.3.17
[INFO] [stderr]    Compiling pkg-config v0.3.31
[INFO] [stderr]    Compiling itoa v1.0.14
[INFO] [stderr]    Compiling smallvec v1.14.0
[INFO] [stderr]    Compiling scopeguard v1.2.0
[INFO] [stderr]    Compiling utf8parse v0.2.2
[INFO] [stderr]    Compiling serde_json v1.0.138
[INFO] [stderr]    Compiling portable-atomic v1.10.0
[INFO] [stderr]    Compiling powerfmt v0.2.0
[INFO] [stderr]    Compiling ahash v0.7.8
[INFO] [stderr]    Compiling anstyle-parse v0.2.6
[INFO] [stderr]    Compiling time-core v0.1.2
[INFO] [stderr]    Compiling dlv-list v0.3.0
[INFO] [stderr]    Compiling anstyle-query v1.1.2
[INFO] [stderr]    Compiling num-conv v0.1.0
[INFO] [stderr]    Compiling anstyle v1.0.10
[INFO] [stderr]    Compiling is_terminal_polyfill v1.70.1
[INFO] [stderr]    Compiling colorchoice v1.0.3
[INFO] [stderr]    Compiling deranged v0.3.11
[INFO] [stderr]    Compiling linked-hash-map v0.5.6
[INFO] [stderr]    Compiling lock_api v0.4.12
[INFO] [stderr]    Compiling num-traits v0.2.19
[INFO] [stderr]    Compiling clap_lex v0.7.4
[INFO] [stderr]    Compiling time-macros v0.2.19
[INFO] [stderr]    Compiling anstream v0.6.18
[INFO] [stderr]    Compiling quote v1.0.38
[INFO] [stderr]    Compiling minimal-lexical v0.2.1
[INFO] [stderr]    Compiling base64 v0.13.1
[INFO] [stderr]    Compiling alsa-sys v0.3.1
[INFO] [stderr]    Compiling heck v0.5.0
[INFO] [stderr]    Compiling num_threads v0.1.7
[INFO] [stderr]    Compiling strsim v0.11.1
[INFO] [stderr]    Compiling unicode-width v0.2.0
[INFO] [stderr]    Compiling ryu v1.0.19
[INFO] [stderr]    Compiling syn v2.0.96
[INFO] [stderr]    Compiling yaml-rust v0.4.5
[INFO] [stderr]    Compiling iana-time-zone v0.1.61
[INFO] [stderr]    Compiling number_prefix v0.4.0
[INFO] [stderr]    Compiling cassowary v0.3.0
[INFO] [stderr]    Compiling nom v7.1.3
[INFO] [stderr]    Compiling clap_builder v4.5.27
[INFO] [stderr]    Compiling pathdiff v0.2.3
[INFO] [stderr]    Compiling termcolor v1.4.1
[INFO] [stderr]    Compiling lazy_static v1.5.0
[INFO] [stderr]    Compiling unicode-width v0.1.14
[INFO] [stderr]    Compiling unicode-segmentation v1.12.0
[INFO] [stderr]    Compiling chrono v0.4.39
[INFO] [stderr]    Compiling getrandom v0.2.15
[INFO] [stderr]    Compiling signal-hook-registry v1.4.2
[INFO] [stderr]    Compiling mio v0.8.11
[INFO] [stderr]    Compiling nix v0.24.3
[INFO] [stderr]    Compiling console v0.15.10
[INFO] [stderr]    Compiling time v0.3.37
[INFO] [stderr]    Compiling parking_lot v0.12.3
[INFO] [stderr]    Compiling hashbrown v0.12.3
[INFO] [stderr]    Compiling alsa v0.7.1
[INFO] [stderr]    Compiling signal-hook-mio v0.2.4
[INFO] [stderr]    Compiling crossterm v0.26.1
[INFO] [stderr]    Compiling indicatif v0.17.11
[INFO] [stderr]    Compiling ordered-multimap v0.4.3
[INFO] [stderr]    Compiling ratatui v0.20.1
[INFO] [stderr]    Compiling rust-ini v0.18.0
[INFO] [stderr]    Compiling midir v0.9.1
[INFO] [stderr]    Compiling simplelog v0.12.2
[INFO] [stderr]    Compiling thiserror-impl v2.0.11
[INFO] [stderr]    Compiling serde_derive v1.0.217
[INFO] [stderr]    Compiling clap_derive v4.5.24
[INFO] [stderr]    Compiling async-trait v0.1.86
[INFO] [stderr]    Compiling pest v2.7.15
[INFO] [stderr]    Compiling clap v4.5.27
[INFO] [stderr]    Compiling pest_meta v2.7.15
[INFO] [stderr]    Compiling pest_generator v2.7.15
[INFO] [stderr]    Compiling pest_derive v2.7.15
[INFO] [stderr]    Compiling json5 v0.4.1
[INFO] [stderr]    Compiling toml v0.5.11
[INFO] [stderr]    Compiling ron v0.7.1
[INFO] [stderr]    Compiling config v0.13.4
[INFO] [stderr]    Compiling phasorsyncrs v0.1.0 (/opt/rustwide/workdir)
[INFO] [stderr]     Finished `release` profile [optimized] target(s) in 1m 13s
[INFO] running `Command { std: "docker" "inspect" "5a687787a6a5956f304527773ccc9af7d420edb256a7c47833e5aafd545510e9", kill_on_drop: false }`
[INFO] running `Command { std: "docker" "exec" "-e" "SOURCE_DIR=/opt/rustwide/workdir" "-e" "CARGO_HOME=/opt/rustwide/cargo-home" "-e" "RUSTUP_HOME=/opt/rustwide/rustup-home" "-e" "CARGO_TARGET_DIR=/opt/rustwide/target" "-e" "CARGO_INCREMENTAL=0" "-e" "RUST_BACKTRACE=full" "-e" "RUSTFLAGS=--cap-lints=warn" "-e" "RUSTDOCFLAGS=--cap-lints=warn" "-w" "/opt/rustwide/workdir" "--user" "0:0" "5a687787a6a5956f304527773ccc9af7d420edb256a7c47833e5aafd545510e9" "/opt/rustwide/cargo-home/bin/cargo" "+1.98.0-beta.8" "test" "--frozen" "--no-run" "--message-format=json" "--release", kill_on_drop: false }`
[INFO] [stderr]    Compiling phasorsyncrs v0.1.0 (/opt/rustwide/workdir)
[INFO] [stderr]     Finished `release` profile [optimized] target(s) in 2.72s
[INFO] running `Command { std: "docker" "inspect" "5a687787a6a5956f304527773ccc9af7d420edb256a7c47833e5aafd545510e9", kill_on_drop: false }`
[INFO] running `Command { std: "docker" "exec" "-e" "SOURCE_DIR=/opt/rustwide/workdir" "-e" "CARGO_HOME=/opt/rustwide/cargo-home" "-e" "RUSTUP_HOME=/opt/rustwide/rustup-home" "-e" "CARGO_TARGET_DIR=/opt/rustwide/target" "-e" "CARGO_INCREMENTAL=0" "-e" "RUST_BACKTRACE=full" "-e" "RUSTFLAGS=--cap-lints=warn" "-e" "RUSTDOCFLAGS=--cap-lints=warn" "-w" "/opt/rustwide/workdir" "--user" "0:0" "5a687787a6a5956f304527773ccc9af7d420edb256a7c47833e5aafd545510e9" "/opt/rustwide/cargo-home/bin/cargo" "+1.98.0-beta.8" "test" "--frozen" "--release", kill_on_drop: false }`
[INFO] [stderr]     Finished `release` profile [optimized] target(s) in 0.15s
[INFO] [stderr]      Running unittests src/lib.rs (/opt/rustwide/target/release/deps/phasorsyncrs-3dfbdc509e9cb05a)
[INFO] [stdout] 
[INFO] [stdout] running 24 tests
[INFO] [stdout] test event_loop::tests::test_calculate_bpm ... ok
[INFO] [stdout] test event_loop::tests::test_arecord_immediate_exit_surfaces_error ... ok
[INFO] [stdout] test event_loop::tests::test_calculate_bpm_empty_history ... ok
[INFO] [stdout] test event_loop::tests::test_calculate_bpm_with_various_durations ... ok
[INFO] [stdout] test event_loop::tests::test_get_midi_events_from_musical_graph ... ok
[INFO] [stdout] test event_loop::tests::test_handle_tick_updates_state ... ok
[INFO] [stdout] test event_loop::tests::test_handle_tick ... ok
[INFO] [stdout] test event_loop::tests::test_handle_tick_with_midi_output ... ok
[INFO] [stdout] test event_loop::tests::test_stop_command_without_start_does_not_signal ... ok
[INFO] [stdout] test event_loop::tests::test_update_tick_history ... ok
[INFO] [stdout] test event_loop::tests::test_update_tick_history_method ... ok
[INFO] [stdout] test external_clock::tests::test_port_name_matches_device_negative ... ok
[INFO] [stdout] test external_clock::tests::test_port_name_matches_device_positive ... ok
[INFO] [stdout] test event_loop::tests::test_update_tick_history_overflow ... ok
[INFO] [stdout] test state::tests::test_shared_state_initializes_with_zero_bpm ... ok
[INFO] [stdout] test musical_graph::tests::test_middle_c_trigger_condition ... ok
[INFO] [stdout] test event_loop::tests::test_start_command_only_runs_once ... FAILED
[INFO] [stdout] test tui::tests::test_other_key_returns_none ... ok
[INFO] [stdout] test tui::tests::test_space_returns_none ... ok
[INFO] [stdout] test event_loop::tests::test_handle_transport_command_stop ... FAILED
[INFO] [stdout] test event_loop::tests::test_handle_transport_command_start ... FAILED
[INFO] [stdout] test tui::tests::test_hello_world_tui_compiles_and_runs ... ok
[INFO] [stdout] test event_loop::tests::test_update_tick_history_subsequent_tick ... ok
[INFO] [stdout] test musical_graph::tests::test_middle_c_triggers_only_once_per_bar ... ok
[INFO] [stdout] 
[INFO] [stdout] failures:
[INFO] [stdout] 
[INFO] [stdout] ---- event_loop::tests::test_start_command_only_runs_once stdout ----
[INFO] [stdout] 
[INFO] [stdout] thread 'event_loop::tests::test_start_command_only_runs_once' (2143) panicked at src/event_loop.rs:639:9:
[INFO] [stdout] assertion `left == right` failed
[INFO] [stdout]   left: 0
[INFO] [stdout]  right: 1
[INFO] [stdout] stack backtrace:
[INFO] [stdout]    0:     0x644611eb6941 - <<std[97b98282bc616a66]::sys::backtrace::BacktraceLock>::print::DisplayBacktrace as core[832e9a552fc17241]::fmt::Display>::fmt
[INFO] [stdout]    1:     0x644611ecb1fa - core[832e9a552fc17241]::fmt::write
[INFO] [stdout]    2:     0x644611ebb12c - <alloc[3ecab9f82c41dc7d]::vec::Vec<u8> as std[97b98282bc616a66]::io::Write>::write_fmt
[INFO] [stdout]    3:     0x644611e946b6 - std[97b98282bc616a66]::panicking::default_hook::{closure#0}
[INFO] [stdout]    4:     0x644611eaeaa9 - std[97b98282bc616a66]::panicking::default_hook
[INFO] [stdout]    5:     0x644611e32b00 - test[39766f3d73431624]::test_main_inner::<test[39766f3d73431624]::test_main_static::{closure#0}>::{closure#0}
[INFO] [stdout]    6:     0x644611eaec62 - std[97b98282bc616a66]::panicking::panic_with_hook
[INFO] [stdout]    7:     0x644611e94762 - std[97b98282bc616a66]::panicking::panic_handler::{closure#0}
[INFO] [stdout]    8:     0x644611e8bf99 - std[97b98282bc616a66]::sys::backtrace::__rust_end_short_backtrace::<std[97b98282bc616a66]::panicking::panic_handler::{closure#0}, !>
[INFO] [stdout]    9:     0x644611e9535d - __rustc[e3d8617bb01b7f69]::rust_begin_unwind
[INFO] [stdout]   10:     0x644611ecb95c - core[832e9a552fc17241]::panicking::panic_fmt
[INFO] [stdout]   11:     0x644611ecb873 - core[832e9a552fc17241]::panicking::assert_failed_inner
[INFO] [stdout]   12:     0x644611ec79f3 - core[832e9a552fc17241]::panicking::assert_failed::<usize, usize>
[INFO] [stdout]   13:     0x644611e1f82f - phasorsyncrs[a100eeeeea197d06]::event_loop::tests::test_start_command_only_runs_once
[INFO] [stdout]   14:     0x644611e19809 - <phasorsyncrs[a100eeeeea197d06]::event_loop::tests::test_start_command_only_runs_once::{closure#0} as core[832e9a552fc17241]::ops::function::FnOnce<()>>::call_once
[INFO] [stdout]   15:     0x644611e25e3b - test[39766f3d73431624]::__rust_begin_short_backtrace::<core[832e9a552fc17241]::result::Result<(), alloc[3ecab9f82c41dc7d]::string::String>, fn() -> core[832e9a552fc17241]::result::Result<(), alloc[3ecab9f82c41dc7d]::string::String>>
[INFO] [stdout]   16:     0x644611e33485 - test[39766f3d73431624]::run_test::{closure#0}
[INFO] [stdout]   17:     0x644611e2df34 - std[97b98282bc616a66]::sys::backtrace::__rust_begin_short_backtrace::<test[39766f3d73431624]::run_test::{closure#1}, ()>
[INFO] [stdout]   18:     0x644611e365d2 - <std[97b98282bc616a66]::thread::lifecycle::spawn_unchecked<test[39766f3d73431624]::run_test::{closure#1}, ()>::{closure#1} as core[832e9a552fc17241]::ops::function::FnOnce<()>>::call_once::{shim:vtable#0}
[INFO] [stdout]   19:     0x644611eb61cf - <std[97b98282bc616a66]::sys::thread::unix::Thread>::new::thread_start
[INFO] [stdout]   20:     0x7a750bebe07a - <unknown>
[INFO] [stdout]   21:     0x7a750bf51534 - clone
[INFO] [stdout]   22:                0x0 - <unknown>
[INFO] [stdout] 
[INFO] [stdout] ---- event_loop::tests::test_handle_transport_command_stop stdout ----
[INFO] [stdout] 
[INFO] [stdout] thread 'event_loop::tests::test_handle_transport_command_stop' (2142) panicked at src/event_loop.rs:616:9:
[INFO] [stdout] assertion `left == right` failed
[INFO] [stdout]   left: 0
[INFO] [stdout]  right: 1
[INFO] [stdout] stack backtrace:
[INFO] [stdout]    0:     0x644611eb6941 - <<std[97b98282bc616a66]::sys::backtrace::BacktraceLock>::print::DisplayBacktrace as core[832e9a552fc17241]::fmt::Display>::fmt
[INFO] [stdout]    1:     0x644611ecb1fa - core[832e9a552fc17241]::fmt::write
[INFO] [stdout]    2:     0x644611ebb12c - <alloc[3ecab9f82c41dc7d]::vec::Vec<u8> as std[97b98282bc616a66]::io::Write>::write_fmt
[INFO] [stdout]    3:     0x644611e946b6 - std[97b98282bc616a66]::panicking::default_hook::{closure#0}
[INFO] [stdout]    4:     0x644611eaeaa9 - std[97b98282bc616a66]::panicking::default_hook
[INFO] [stdout]    5:     0x644611e32b00 - test[39766f3d73431624]::test_main_inner::<test[39766f3d73431624]::test_main_static::{closure#0}>::{closure#0}
[INFO] [stdout]    6:     0x644611eaec62 - std[97b98282bc616a66]::panicking::panic_with_hook
[INFO] [stdout]    7:     0x644611e94762 - std[97b98282bc616a66]::panicking::panic_handler::{closure#0}
[INFO] [stdout]    8:     0x644611e8bf99 - std[97b98282bc616a66]::sys::backtrace::__rust_end_short_backtrace::<std[97b98282bc616a66]::panicking::panic_handler::{closure#0}, !>
[INFO] [stdout]    9:     0x644611e9535d - __rustc[e3d8617bb01b7f69]::rust_begin_unwind
[INFO] [stdout]   10:     0x644611ecb95c - core[832e9a552fc17241]::panicking::panic_fmt
[INFO] [stdout]   11:     0x644611ecb873 - core[832e9a552fc17241]::panicking::assert_failed_inner
[INFO] [stdout]   12:     0x644611ec79f3 - core[832e9a552fc17241]::panicking::assert_failed::<usize, usize>
[INFO] [stdout]   13:     0x644611e1fe9d - phasorsyncrs[a100eeeeea197d06]::event_loop::tests::test_handle_transport_command_stop
[INFO] [stdout]   14:     0x644611e19849 - <phasorsyncrs[a100eeeeea197d06]::event_loop::tests::test_handle_transport_command_stop::{closure#0} as core[832e9a552fc17241]::ops::function::FnOnce<()>>::call_once
[INFO] [stdout]   15:     0x644611e25e3b - test[39766f3d73431624]::__rust_begin_short_backtrace::<core[832e9a552fc17241]::result::Result<(), alloc[3ecab9f82c41dc7d]::string::String>, fn() -> core[832e9a552fc17241]::result::Result<(), alloc[3ecab9f82c41dc7d]::string::String>>
[INFO] [stdout]   16:     0x644611e33485 - test[39766f3d73431624]::run_test::{closure#0}
[INFO] [stdout]   17:     0x644611e2df34 - std[97b98282bc616a66]::sys::backtrace::__rust_begin_short_backtrace::<test[39766f3d73431624]::run_test::{closure#1}, ()>
[INFO] [stdout]   18:     0x644611e365d2 - <std[97b98282bc616a66]::thread::lifecycle::spawn_unchecked<test[39766f3d73431624]::run_test::{closure#1}, ()>::{closure#1} as core[832e9a552fc17241]::ops::function::FnOnce<()>>::call_once::{shim:vtable#0}
[INFO] [stdout]   19:     0x644611eb61cf - <std[97b98282bc616a66]::sys::thread::unix::Thread>::new::thread_start
[INFO] [stdout]   20:     0x7a750bebe07a - <unknown>
[INFO] [stdout]   21:     0x7a750bf51534 - clone
[INFO] [stdout]   22:                0x0 - <unknown>
[INFO] [stdout] 
[INFO] [stdout] ---- event_loop::tests::test_handle_transport_command_start stdout ----
[INFO] [stdout] 
[INFO] [stdout] thread 'event_loop::tests::test_handle_transport_command_start' (2141) panicked at src/event_loop.rs:602:9:
[INFO] [stdout] assertion failed: shared_state.lock().unwrap().recording
[INFO] [stdout] stack backtrace:
[INFO] [stdout]    0:     0x644611eb6941 - <<std[97b98282bc616a66]::sys::backtrace::BacktraceLock>::print::DisplayBacktrace as core[832e9a552fc17241]::fmt::Display>::fmt
[INFO] [stdout]    1:     0x644611ecb1fa - core[832e9a552fc17241]::fmt::write
[INFO] [stdout]    2:     0x644611ebb12c - <alloc[3ecab9f82c41dc7d]::vec::Vec<u8> as std[97b98282bc616a66]::io::Write>::write_fmt
[INFO] [stdout]    3:     0x644611e946b6 - std[97b98282bc616a66]::panicking::default_hook::{closure#0}
[INFO] [stdout]    4:     0x644611eaeaa9 - std[97b98282bc616a66]::panicking::default_hook
[INFO] [stdout]    5:     0x644611e32b00 - test[39766f3d73431624]::test_main_inner::<test[39766f3d73431624]::test_main_static::{closure#0}>::{closure#0}
[INFO] [stdout]    6:     0x644611eaec62 - std[97b98282bc616a66]::panicking::panic_with_hook
[INFO] [stdout]    7:     0x644611e94794 - std[97b98282bc616a66]::panicking::panic_handler::{closure#0}
[INFO] [stdout]    8:     0x644611e8bf99 - std[97b98282bc616a66]::sys::backtrace::__rust_end_short_backtrace::<std[97b98282bc616a66]::panicking::panic_handler::{closure#0}, !>
[INFO] [stdout]    9:     0x644611e9535d - __rustc[e3d8617bb01b7f69]::rust_begin_unwind
[INFO] [stdout]   10:     0x644611ecb95c - core[832e9a552fc17241]::panicking::panic_fmt
[INFO] [stdout]   11:     0x644611ecb922 - core[832e9a552fc17241]::panicking::panic
[INFO] [stdout]   12:     0x644611e206bb - phasorsyncrs[a100eeeeea197d06]::event_loop::tests::test_handle_transport_command_start
[INFO] [stdout]   13:     0x644611e19869 - <phasorsyncrs[a100eeeeea197d06]::event_loop::tests::test_handle_transport_command_start::{closure#0} as core[832e9a552fc17241]::ops::function::FnOnce<()>>::call_once
[INFO] [stdout]   14:     0x644611e25e3b - test[39766f3d73431624]::__rust_begin_short_backtrace::<core[832e9a552fc17241]::result::Result<(), alloc[3ecab9f82c41dc7d]::string::String>, fn() -> core[832e9a552fc17241]::result::Result<(), alloc[3ecab9f82c41dc7d]::string::String>>
[INFO] [stdout]   15:     0x644611e33485 - test[39766f3d73431624]::run_test::{closure#0}
[INFO] [stdout]   16:     0x644611e2df34 - std[97b98282bc616a66]::sys::backtrace::__rust_begin_short_backtrace::<test[39766f3d73431624]::run_test::{closure#1}, ()>
[INFO] [stdout]   17:     0x644611e365d2 - <std[97b98282bc616a66]::thread::lifecycle::spawn_unchecked<test[39766f3d73431624]::run_test::{closure#1}, ()>::{closure#1} as core[832e9a552fc17241]::ops::function::FnOnce<()>>::call_once::{shim:vtable#0}
[INFO] [stdout]   18:     0x644611eb61cf - <std[97b98282bc616a66]::sys::thread::unix::Thread>::new::thread_start
[INFO] [stdout]   19:     0x7a750bebe07a - <unknown>
[INFO] [stdout]   20:     0x7a750bf51534 - clone
[INFO] [stdout]   21:                0x0 - <unknown>
[INFO] [stdout] 
[INFO] [stdout] 
[INFO] [stdout] failures:
[INFO] [stdout]     event_loop::tests::test_handle_transport_command_start
[INFO] [stdout]     event_loop::tests::test_handle_transport_command_stop
[INFO] [stdout]     event_loop::tests::test_start_command_only_runs_once
[INFO] [stdout] 
[INFO] [stdout] test result: FAILED. 21 passed; 3 failed; 0 ignored; 0 measured; 0 filtered out; finished in 0.02s
[INFO] [stdout] 
[INFO] [stderr] error: test failed, to rerun pass `--lib`
[INFO] running `Command { std: "docker" "inspect" "5a687787a6a5956f304527773ccc9af7d420edb256a7c47833e5aafd545510e9", kill_on_drop: false }`
[INFO] running `Command { std: "docker" "rm" "-f" "5a687787a6a5956f304527773ccc9af7d420edb256a7c47833e5aafd545510e9", kill_on_drop: false }`
[INFO] [stdout] 5a687787a6a5956f304527773ccc9af7d420edb256a7c47833e5aafd545510e9
