[INFO] cloning repository https://github.com/jessaimaya/codecrafters-http-server-rust
[INFO] running `Command { std: "git" "-c" "credential.helper=" "-c" "credential.helper=/workspace/cargo-home/bin/git-credential-null" "clone" "--bare" "https://github.com/jessaimaya/codecrafters-http-server-rust" "/workspace/cache/git-repos/https%3A%2F%2Fgithub.com%2Fjessaimaya%2Fcodecrafters-http-server-rust", kill_on_drop: false }`
[INFO] [stderr] Cloning into bare repository '/workspace/cache/git-repos/https%3A%2F%2Fgithub.com%2Fjessaimaya%2Fcodecrafters-http-server-rust'...
[INFO] running `Command { std: "git" "rev-parse" "HEAD", kill_on_drop: false }`
[INFO] [stdout] 73787f93d8ec1d763f85dcd1d77093c60f075c82
[INFO] testing jessaimaya/codecrafters-http-server-rust against 1.98.0-beta.8+cargoflags=--release for beta-release-1.99-2
[INFO] running `Command { std: "git" "clone" "/workspace/cache/git-repos/https%3A%2F%2Fgithub.com%2Fjessaimaya%2Fcodecrafters-http-server-rust" "/workspace/builds/worker-5-tc1/source", kill_on_drop: false }`
[INFO] [stderr] Cloning into '/workspace/builds/worker-5-tc1/source'...
[INFO] [stderr] done.
[INFO] started tweaking git repo https://github.com/jessaimaya/codecrafters-http-server-rust
[INFO] finished tweaking git repo https://github.com/jessaimaya/codecrafters-http-server-rust
[INFO] tweaked toml for git repo https://github.com/jessaimaya/codecrafters-http-server-rust written to /workspace/builds/worker-5-tc1/source/Cargo.toml
[INFO] validating manifest of git repo https://github.com/jessaimaya/codecrafters-http-server-rust on toolchain 1.98.0-beta.8
[INFO] running `Command { std: CARGO_HOME="/workspace/cargo-home" RUSTUP_HOME="/workspace/rustup-home" "/workspace/cargo-home/bin/cargo" "+1.98.0-beta.8" "metadata" "--manifest-path" "Cargo.toml" "--no-deps", kill_on_drop: false }`
[INFO] crate git repo https://github.com/jessaimaya/codecrafters-http-server-rust already has a lockfile, it will not be regenerated
[INFO] running `Command { std: CARGO_HOME="/workspace/cargo-home" RUSTUP_HOME="/workspace/rustup-home" "/workspace/cargo-home/bin/cargo" "+1.98.0-beta.8" "fetch" "--manifest-path" "Cargo.toml", kill_on_drop: false }`
[INFO] [stderr]     Blocking waiting for file lock on package cache
[INFO] [stderr]     Updating crates.io index
[INFO] [stderr]     Blocking waiting for file lock on package cache
[INFO] [stderr]  Downloading crates ...
[INFO] [stderr]   Downloaded windows-targets v0.48.1
[INFO] [stderr]   Downloaded autocfg v1.1.0
[INFO] [stderr]   Downloaded cfg-if v1.0.0
[INFO] [stderr]   Downloaded unicode-xid v0.2.1
[INFO] [stderr]   Downloaded scopeguard v1.2.0
[INFO] [stderr]   Downloaded tokio-macros v2.1.0
[INFO] [stderr]   Downloaded thiserror-impl v1.0.38
[INFO] [stderr]   Downloaded adler v1.0.2
[INFO] [stderr]   Downloaded num_cpus v1.16.0
[INFO] [stderr]   Downloaded hermit-abi v0.3.9
[INFO] [stderr]   Downloaded bitflags v1.3.2
[INFO] [stderr]   Downloaded parking_lot_core v0.9.8
[INFO] [stderr]   Downloaded quote v1.0.32
[INFO] [stderr]   Downloaded lock_api v0.4.10
[INFO] [stderr]   Downloaded pin-project-lite v0.2.14
[INFO] [stderr]   Downloaded rustc-demangle v0.1.23
[INFO] [stderr]   Downloaded thiserror v1.0.38
[INFO] [stderr]   Downloaded either v1.9.0
[INFO] [stderr]   Downloaded wasi v0.11.0+wasi-snapshot-preview1
[INFO] [stderr]   Downloaded signal-hook-registry v1.4.1
[INFO] [stderr]   Downloaded yansi v0.5.1
[INFO] [stderr]   Downloaded parking_lot v0.12.1
[INFO] [stderr]   Downloaded redox_syscall v0.3.5
[INFO] [stderr]   Downloaded socket2 v0.4.9
[INFO] [stderr]   Downloaded smallvec v1.11.0
[INFO] [stderr]   Downloaded unicode-ident v1.0.11
[INFO] [stderr]   Downloaded diff v0.1.13
[INFO] [stderr]   Downloaded crc32fast v1.4.2
[INFO] [stderr]   Downloaded proc-macro2 v1.0.66
[INFO] [stderr]   Downloaded cc v1.0.79
[INFO] [stderr]   Downloaded addr2line v0.20.0
[INFO] [stderr]   Downloaded miniz_oxide v0.7.1
[INFO] [stderr]   Downloaded anyhow v1.0.68
[INFO] [stderr]   Downloaded memchr v2.5.0
[INFO] [stderr]   Downloaded pretty_assertions v1.4.0
[INFO] [stderr]   Downloaded bytes v1.3.0
[INFO] [stderr]   Downloaded mio v0.8.8
[INFO] [stderr]   Downloaded backtrace v0.3.68
[INFO] [stderr]   Downloaded flate2 v1.0.30
[INFO] [stderr]   Downloaded nom v7.1.3
[INFO] [stderr]   Downloaded itertools v0.11.0
[INFO] [stderr]   Downloaded minimal-lexical v0.2.1
[INFO] [stderr]   Downloaded syn v1.0.48
[INFO] [stderr]   Downloaded syn v2.0.27
[INFO] [stderr]   Downloaded object v0.31.1
[INFO] [stderr]   Downloaded windows_x86_64_gnullvm v0.48.0
[INFO] [stderr]   Downloaded gimli v0.27.3
[INFO] [stderr]   Downloaded windows_aarch64_gnullvm v0.48.0
[INFO] [stderr]   Downloaded windows_x86_64_msvc v0.48.0
[INFO] [stderr]   Downloaded tokio v1.29.1
[INFO] [stderr]   Downloaded windows_aarch64_msvc v0.48.0
[INFO] [stderr]   Downloaded windows_x86_64_gnu v0.48.0
[INFO] [stderr]   Downloaded windows_i686_msvc v0.48.0
[INFO] [stderr]   Downloaded libc v0.2.155
[INFO] [stderr]   Downloaded windows_i686_gnu v0.48.0
[INFO] [stderr]   Downloaded winapi v0.3.9
[INFO] [stderr]   Downloaded windows-sys v0.48.0
[INFO] [stderr]   Downloaded winapi-i686-pc-windows-gnu v0.4.0
[INFO] [stderr]   Downloaded winapi-x86_64-pc-windows-gnu v0.4.0
[INFO] running `Command { std: "docker" "create" "-v" "/var/lib/crater-agent-workspace/builds/worker-5-tc1/source:/opt/rustwide/workdir:ro,Z" "-v" "/var/lib/crater-agent-workspace/builds/worker-5-tc1/target:/opt/rustwide/target:rw,Z" "-v" "/var/lib/crater-agent-workspace/cargo-home:/opt/rustwide/cargo-home:ro,Z" "-v" "/var/lib/crater-agent-workspace/rustup-home:/opt/rustwide/rustup-home:ro,Z" "-m" "1610612736" "--network" "none" "ghcr.io/rust-lang/crates-build-env/linux@sha256:8683fc1fc2eb5c9ac98e0d076ab094b2ffac7f99da555d2b6a2e27f346de2ec7" "sleep" "infinity", kill_on_drop: false }`
[INFO] [stdout] 77e4a264f6fc936c080c28474002e86732d0ebe388f1f0fb4baba02f006b54ad
[INFO] running `Command { std: "docker" "start" "77e4a264f6fc936c080c28474002e86732d0ebe388f1f0fb4baba02f006b54ad", kill_on_drop: false }`
[INFO] running `Command { std: "docker" "inspect" "77e4a264f6fc936c080c28474002e86732d0ebe388f1f0fb4baba02f006b54ad", kill_on_drop: false }`
[INFO] running `Command { std: "docker" "exec" "-e" "SOURCE_DIR=/opt/rustwide/workdir" "-e" "CARGO_HOME=/opt/rustwide/cargo-home" "-e" "RUSTUP_HOME=/opt/rustwide/rustup-home" "-e" "CARGO_TARGET_DIR=/opt/rustwide/target" "-w" "/opt/rustwide/workdir" "--user" "0:0" "77e4a264f6fc936c080c28474002e86732d0ebe388f1f0fb4baba02f006b54ad" "/opt/rustwide/cargo-home/bin/cargo" "+1.98.0-beta.8" "metadata" "--no-deps" "--format-version=1", kill_on_drop: false }`
[INFO] running `Command { std: "docker" "inspect" "77e4a264f6fc936c080c28474002e86732d0ebe388f1f0fb4baba02f006b54ad", kill_on_drop: false }`
[INFO] running `Command { std: "docker" "exec" "-e" "SOURCE_DIR=/opt/rustwide/workdir" "-e" "CARGO_HOME=/opt/rustwide/cargo-home" "-e" "RUSTUP_HOME=/opt/rustwide/rustup-home" "-e" "CARGO_TARGET_DIR=/opt/rustwide/target" "-e" "CARGO_INCREMENTAL=0" "-e" "RUST_BACKTRACE=full" "-e" "RUSTFLAGS=--cap-lints=warn" "-e" "RUSTDOCFLAGS=--cap-lints=warn" "-w" "/opt/rustwide/workdir" "--user" "0:0" "77e4a264f6fc936c080c28474002e86732d0ebe388f1f0fb4baba02f006b54ad" "/opt/rustwide/cargo-home/bin/cargo" "+1.98.0-beta.8" "build" "--frozen" "--message-format=json" "--release", kill_on_drop: false }`
[INFO] [stderr]    Compiling proc-macro2 v1.0.66
[INFO] [stderr]    Compiling libc v0.2.155
[INFO] [stderr]    Compiling unicode-ident v1.0.11
[INFO] [stderr]    Compiling autocfg v1.1.0
[INFO] [stderr]    Compiling cfg-if v1.0.0
[INFO] [stderr]    Compiling parking_lot_core v0.9.8
[INFO] [stderr]    Compiling syn v1.0.48
[INFO] [stderr]    Compiling smallvec v1.11.0
[INFO] [stderr]    Compiling scopeguard v1.2.0
[INFO] [stderr]    Compiling unicode-xid v0.2.1
[INFO] [stderr]    Compiling memchr v2.5.0
[INFO] [stderr]    Compiling anyhow v1.0.68
[INFO] [stderr]    Compiling thiserror v1.0.38
[INFO] [stderr]    Compiling adler v1.0.2
[INFO] [stderr]    Compiling bytes v1.3.0
[INFO] [stderr]    Compiling minimal-lexical v0.2.1
[INFO] [stderr]    Compiling crc32fast v1.4.2
[INFO] [stderr]    Compiling either v1.9.0
[INFO] [stderr]    Compiling pin-project-lite v0.2.14
[INFO] [stderr]    Compiling miniz_oxide v0.7.1
[INFO] [stderr]    Compiling itertools v0.11.0
[INFO] [stderr]    Compiling lock_api v0.4.10
[INFO] [stderr]    Compiling tokio v1.29.1
[INFO] [stderr]    Compiling quote v1.0.32
[INFO] [stderr]    Compiling flate2 v1.0.30
[INFO] [stderr]    Compiling nom v7.1.3
[INFO] [stderr]    Compiling syn v2.0.27
[INFO] [stderr]    Compiling socket2 v0.4.9
[INFO] [stderr]    Compiling mio v0.8.8
[INFO] [stderr]    Compiling num_cpus v1.16.0
[INFO] [stderr]    Compiling signal-hook-registry v1.4.1
[INFO] [stderr]    Compiling parking_lot v0.12.1
[INFO] [stderr]    Compiling thiserror-impl v1.0.38
[INFO] [stderr]    Compiling tokio-macros v2.1.0
[INFO] [stderr]    Compiling http-server-starter-rust v0.1.0 (/opt/rustwide/workdir)
[INFO] [stderr]     Finished `release` profile [optimized] target(s) in 16.85s
[INFO] running `Command { std: "docker" "inspect" "77e4a264f6fc936c080c28474002e86732d0ebe388f1f0fb4baba02f006b54ad", kill_on_drop: false }`
[INFO] running `Command { std: "docker" "exec" "-e" "SOURCE_DIR=/opt/rustwide/workdir" "-e" "CARGO_HOME=/opt/rustwide/cargo-home" "-e" "RUSTUP_HOME=/opt/rustwide/rustup-home" "-e" "CARGO_TARGET_DIR=/opt/rustwide/target" "-e" "CARGO_INCREMENTAL=0" "-e" "RUST_BACKTRACE=full" "-e" "RUSTFLAGS=--cap-lints=warn" "-e" "RUSTDOCFLAGS=--cap-lints=warn" "-w" "/opt/rustwide/workdir" "--user" "0:0" "77e4a264f6fc936c080c28474002e86732d0ebe388f1f0fb4baba02f006b54ad" "/opt/rustwide/cargo-home/bin/cargo" "+1.98.0-beta.8" "test" "--frozen" "--no-run" "--message-format=json" "--release", kill_on_drop: false }`
[INFO] [stderr]    Compiling diff v0.1.13
[INFO] [stderr]    Compiling yansi v0.5.1
[INFO] [stderr]    Compiling pretty_assertions v1.4.0
[INFO] [stderr]    Compiling http-server-starter-rust v0.1.0 (/opt/rustwide/workdir)
[INFO] [stderr]     Finished `release` profile [optimized] target(s) in 1.80s
[INFO] running `Command { std: "docker" "inspect" "77e4a264f6fc936c080c28474002e86732d0ebe388f1f0fb4baba02f006b54ad", kill_on_drop: false }`
[INFO] running `Command { std: "docker" "exec" "-e" "SOURCE_DIR=/opt/rustwide/workdir" "-e" "CARGO_HOME=/opt/rustwide/cargo-home" "-e" "RUSTUP_HOME=/opt/rustwide/rustup-home" "-e" "CARGO_TARGET_DIR=/opt/rustwide/target" "-e" "CARGO_INCREMENTAL=0" "-e" "RUST_BACKTRACE=full" "-e" "RUSTFLAGS=--cap-lints=warn" "-e" "RUSTDOCFLAGS=--cap-lints=warn" "-w" "/opt/rustwide/workdir" "--user" "0:0" "77e4a264f6fc936c080c28474002e86732d0ebe388f1f0fb4baba02f006b54ad" "/opt/rustwide/cargo-home/bin/cargo" "+1.98.0-beta.8" "test" "--frozen" "--release", kill_on_drop: false }`
[INFO] [stderr]     Finished `release` profile [optimized] target(s) in 0.09s
[INFO] [stderr]      Running unittests src/main.rs (/opt/rustwide/target/release/deps/http_server_starter_rust-417b534bbb9cd06e)
[INFO] [stdout] 
[INFO] [stdout] running 4 tests
[INFO] [stdout] test httprequest::tests::test_method_into ... ok
[INFO] [stdout] test httprequest::tests::test_version_into ... ok
[INFO] [stdout] test httpresponse::tests::test_response_200 ... FAILED
[INFO] [stdout] test httprequest::tests::read_http_request ... ok
[INFO] [stdout] 
[INFO] [stdout] failures:
[INFO] [stdout] 
[INFO] [stdout] ---- httpresponse::tests::test_response_200 stdout ----
[INFO] [stdout] 
[INFO] [stdout] thread 'httpresponse::tests::test_response_200' (977) panicked at src/httpresponse.rs:145:9:
[INFO] [stdout] assertion `left == right` failed
[INFO] [stdout]   left: HttpResponse { version: "HTTP/1.1", status_code: "200", status_text: "OK", headers: Some({"Content-Type": "text/plain"}), body: Some(Text("My body content")) }
[INFO] [stdout]  right: HttpResponse { version: "HTTP/1.1", status_code: "200", status_text: "OK", headers: Some({"Content-Type": "text/html"}), body: Some(Text("My body content")) }
[INFO] [stdout] stack backtrace:
[INFO] [stdout]    0:     0x5a95d7247ad1 - <<std[97b98282bc616a66]::sys::backtrace::BacktraceLock>::print::DisplayBacktrace as core[832e9a552fc17241]::fmt::Display>::fmt
[INFO] [stdout]    1:     0x5a95d725bbfa - core[832e9a552fc17241]::fmt::write
[INFO] [stdout]    2:     0x5a95d724bf8c - <alloc[3ecab9f82c41dc7d]::vec::Vec<u8> as std[97b98282bc616a66]::io::Write>::write_fmt
[INFO] [stdout]    3:     0x5a95d72261f6 - std[97b98282bc616a66]::panicking::default_hook::{closure#0}
[INFO] [stdout]    4:     0x5a95d723fcf9 - std[97b98282bc616a66]::panicking::default_hook
[INFO] [stdout]    5:     0x5a95d71dad20 - test[39766f3d73431624]::test_main_inner::<test[39766f3d73431624]::test_main_static::{closure#0}>::{closure#0}
[INFO] [stdout]    6:     0x5a95d723feb2 - std[97b98282bc616a66]::panicking::panic_with_hook
[INFO] [stdout]    7:     0x5a95d72262a2 - std[97b98282bc616a66]::panicking::panic_handler::{closure#0}
[INFO] [stdout]    8:     0x5a95d721dbf9 - std[97b98282bc616a66]::sys::backtrace::__rust_end_short_backtrace::<std[97b98282bc616a66]::panicking::panic_handler::{closure#0}, !>
[INFO] [stdout]    9:     0x5a95d7226e9d - __rustc[e3d8617bb01b7f69]::rust_begin_unwind
[INFO] [stdout]   10:     0x5a95d725c32c - core[832e9a552fc17241]::panicking::panic_fmt
[INFO] [stdout]   11:     0x5a95d725c243 - core[832e9a552fc17241]::panicking::assert_failed_inner
[INFO] [stdout]   12:     0x5a95d71cc79e - core[832e9a552fc17241]::panicking::assert_failed::<http_server_starter_rust[c45b1ad0468eadfb]::httpresponse::HttpResponse, http_server_starter_rust[c45b1ad0468eadfb]::httpresponse::HttpResponse>
[INFO] [stdout]   13:     0x5a95d71cde3f - <http_server_starter_rust[c45b1ad0468eadfb]::httpresponse::tests::test_response_200::{closure#0} as core[832e9a552fc17241]::ops::function::FnOnce<()>>::call_once
[INFO] [stdout]   14:     0x5a95d71ce05b - test[39766f3d73431624]::__rust_begin_short_backtrace::<core[832e9a552fc17241]::result::Result<(), alloc[3ecab9f82c41dc7d]::string::String>, fn() -> core[832e9a552fc17241]::result::Result<(), alloc[3ecab9f82c41dc7d]::string::String>>
[INFO] [stdout]   15:     0x5a95d71db6a5 - test[39766f3d73431624]::run_test::{closure#0}
[INFO] [stdout]   16:     0x5a95d71d6154 - std[97b98282bc616a66]::sys::backtrace::__rust_begin_short_backtrace::<test[39766f3d73431624]::run_test::{closure#1}, ()>
[INFO] [stdout]   17:     0x5a95d71de7f2 - <std[97b98282bc616a66]::thread::lifecycle::spawn_unchecked<test[39766f3d73431624]::run_test::{closure#1}, ()>::{closure#1} as core[832e9a552fc17241]::ops::function::FnOnce<()>>::call_once::{shim:vtable#0}
[INFO] [stdout]   18:     0x5a95d724735f - <std[97b98282bc616a66]::sys::thread::unix::Thread>::new::thread_start
[INFO] [stdout]   19:     0x79cb1731907a - <unknown>
[INFO] [stdout]   20:     0x79cb173ac534 - clone
[INFO] [stdout]   21:                0x0 - <unknown>
[INFO] [stdout] 
[INFO] [stdout] 
[INFO] [stdout] failures:
[INFO] [stdout]     httpresponse::tests::test_response_200
[INFO] [stdout] 
[INFO] [stdout] test result: FAILED. 3 passed; 1 failed; 0 ignored; 0 measured; 0 filtered out; finished in 0.00s
[INFO] [stdout] 
[INFO] [stderr] error: test failed, to rerun pass `--bin http-server-starter-rust`
[INFO] running `Command { std: "docker" "inspect" "77e4a264f6fc936c080c28474002e86732d0ebe388f1f0fb4baba02f006b54ad", kill_on_drop: false }`
[INFO] running `Command { std: "docker" "rm" "-f" "77e4a264f6fc936c080c28474002e86732d0ebe388f1f0fb4baba02f006b54ad", kill_on_drop: false }`
[INFO] [stdout] 77e4a264f6fc936c080c28474002e86732d0ebe388f1f0fb4baba02f006b54ad
