[INFO] cloning repository https://github.com/jerus-org/link-bridge
[INFO] running `Command { std: "git" "-c" "credential.helper=" "-c" "credential.helper=/workspace/cargo-home/bin/git-credential-null" "clone" "--bare" "https://github.com/jerus-org/link-bridge" "/workspace/cache/git-repos/https%3A%2F%2Fgithub.com%2Fjerus-org%2Flink-bridge", kill_on_drop: false }`
[INFO] [stderr] Cloning into bare repository '/workspace/cache/git-repos/https%3A%2F%2Fgithub.com%2Fjerus-org%2Flink-bridge'...
[INFO] running `Command { std: "git" "rev-parse" "HEAD", kill_on_drop: false }`
[INFO] [stdout] 8c1d40dafd3961c3160027499660915371b2642d
[INFO] testing jerus-org/link-bridge against 1.99.0-beta.1+cargoflags=--release for beta-release-1.99-2
[INFO] running `Command { std: "git" "clone" "/workspace/cache/git-repos/https%3A%2F%2Fgithub.com%2Fjerus-org%2Flink-bridge" "/workspace/builds/worker-6-tc2/source", kill_on_drop: false }`
[INFO] [stderr] Cloning into '/workspace/builds/worker-6-tc2/source'...
[INFO] [stderr] done.
[INFO] started tweaking git repo https://github.com/jerus-org/link-bridge
[INFO] finished tweaking git repo https://github.com/jerus-org/link-bridge
[INFO] tweaked toml for git repo https://github.com/jerus-org/link-bridge written to /workspace/builds/worker-6-tc2/source/Cargo.toml
[INFO] validating manifest of git repo https://github.com/jerus-org/link-bridge on toolchain 1.99.0-beta.1
[INFO] running `Command { std: CARGO_HOME="/workspace/cargo-home" RUSTUP_HOME="/workspace/rustup-home" "/workspace/cargo-home/bin/cargo" "+1.99.0-beta.1" "metadata" "--manifest-path" "Cargo.toml" "--no-deps", kill_on_drop: false }`
[INFO] crate git repo https://github.com/jerus-org/link-bridge already has a lockfile, it will not be regenerated
[INFO] running `Command { std: CARGO_HOME="/workspace/cargo-home" RUSTUP_HOME="/workspace/rustup-home" "/workspace/cargo-home/bin/cargo" "+1.99.0-beta.1" "fetch" "--manifest-path" "Cargo.toml", kill_on_drop: false }`
[INFO] [stderr] warning: Cargo.toml: `lints.clippy.uninlined-format-args` is deprecated in favor of `lints.clippy.uninlined_format_args` and will not work in a future edition
[INFO] [stderr] warning: workspace (manifest) generated 1 warning
[INFO] [stderr] warning: crates/link-bridge/Cargo.toml: `lints.clippy.uninlined-format-args` is deprecated in favor of `lints.clippy.uninlined_format_args` and will not work in a future edition
[INFO] [stderr] warning: `link-bridge` (manifest) generated 1 warning
[INFO] running `Command { std: "docker" "create" "-v" "/var/lib/crater-agent-workspace/builds/worker-6-tc2/source:/opt/rustwide/workdir:ro,Z" "-v" "/var/lib/crater-agent-workspace/builds/worker-6-tc2/target:/opt/rustwide/target:rw,Z" "-v" "/var/lib/crater-agent-workspace/cargo-home:/opt/rustwide/cargo-home:ro,Z" "-v" "/var/lib/crater-agent-workspace/rustup-home:/opt/rustwide/rustup-home:ro,Z" "-m" "1610612736" "--network" "none" "ghcr.io/rust-lang/crates-build-env/linux@sha256:8683fc1fc2eb5c9ac98e0d076ab094b2ffac7f99da555d2b6a2e27f346de2ec7" "sleep" "infinity", kill_on_drop: false }`
[INFO] [stdout] b0e05cda8788f25a720b0a7d7074afd34d774a8ef0aeb3d299d1d8fba346c163
[INFO] running `Command { std: "docker" "start" "b0e05cda8788f25a720b0a7d7074afd34d774a8ef0aeb3d299d1d8fba346c163", kill_on_drop: false }`
[INFO] running `Command { std: "docker" "inspect" "b0e05cda8788f25a720b0a7d7074afd34d774a8ef0aeb3d299d1d8fba346c163", kill_on_drop: false }`
[INFO] running `Command { std: "docker" "exec" "-e" "SOURCE_DIR=/opt/rustwide/workdir" "-e" "CARGO_HOME=/opt/rustwide/cargo-home" "-e" "RUSTUP_HOME=/opt/rustwide/rustup-home" "-e" "CARGO_TARGET_DIR=/opt/rustwide/target" "-w" "/opt/rustwide/workdir" "--user" "0:0" "b0e05cda8788f25a720b0a7d7074afd34d774a8ef0aeb3d299d1d8fba346c163" "/opt/rustwide/cargo-home/bin/cargo" "+1.99.0-beta.1" "metadata" "--no-deps" "--format-version=1", kill_on_drop: false }`
[INFO] running `Command { std: "docker" "inspect" "b0e05cda8788f25a720b0a7d7074afd34d774a8ef0aeb3d299d1d8fba346c163", kill_on_drop: false }`
[INFO] running `Command { std: "docker" "exec" "-e" "SOURCE_DIR=/opt/rustwide/workdir" "-e" "CARGO_HOME=/opt/rustwide/cargo-home" "-e" "RUSTUP_HOME=/opt/rustwide/rustup-home" "-e" "CARGO_TARGET_DIR=/opt/rustwide/target" "-e" "CARGO_INCREMENTAL=0" "-e" "RUST_BACKTRACE=full" "-e" "RUSTFLAGS=--cap-lints=warn" "-e" "RUSTDOCFLAGS=--cap-lints=warn" "-w" "/opt/rustwide/workdir" "--user" "0:0" "b0e05cda8788f25a720b0a7d7074afd34d774a8ef0aeb3d299d1d8fba346c163" "/opt/rustwide/cargo-home/bin/cargo" "+1.99.0-beta.1" "build" "--frozen" "--message-format=json" "--release", kill_on_drop: false }`
[INFO] [stderr] warning: Cargo.toml: `lints.clippy.uninlined-format-args` is deprecated in favor of `lints.clippy.uninlined_format_args` and will not work in a future edition
[INFO] [stderr] warning: workspace (manifest) generated 1 warning
[INFO] [stderr] warning: crates/link-bridge/Cargo.toml: `lints.clippy.uninlined-format-args` is deprecated in favor of `lints.clippy.uninlined_format_args` and will not work in a future edition
[INFO] [stderr] warning: `link-bridge` (manifest) generated 1 warning
[INFO] [stderr]    Compiling proc-macro2 v1.0.107
[INFO] [stderr]    Compiling quote v1.0.47
[INFO] [stderr]    Compiling unicode-ident v1.0.24
[INFO] [stderr]    Compiling autocfg v1.5.1
[INFO] [stderr]    Compiling memchr v2.8.3
[INFO] [stderr]    Compiling serde_core v1.0.229
[INFO] [stderr]    Compiling zmij v1.0.23
[INFO] [stderr]    Compiling serde_json v1.0.151
[INFO] [stderr]    Compiling regex-syntax v0.8.11
[INFO] [stderr]    Compiling thiserror v2.0.20
[INFO] [stderr]    Compiling itoa v1.0.18
[INFO] [stderr]    Compiling iana-time-zone v0.1.65
[INFO] [stderr]    Compiling base62 v2.2.4
[INFO] [stderr]    Compiling once_cell v1.21.4
[INFO] [stderr]    Compiling num-traits v0.2.19
[INFO] [stderr]    Compiling chrono v0.4.45
[INFO] [stderr]    Compiling aho-corasick v1.1.5
[INFO] [stderr]    Compiling syn v3.0.3
[INFO] [stderr]    Compiling regex-automata v0.4.18
[INFO] [stderr]    Compiling thiserror-impl v2.0.20
[INFO] [stderr]    Compiling regex v1.13.1
[INFO] [stderr]    Compiling link-bridge v0.2.7 (/opt/rustwide/workdir/crates/link-bridge)
[INFO] [stderr]     Finished `release` profile [optimized] target(s) in 22.89s
[INFO] running `Command { std: "docker" "inspect" "b0e05cda8788f25a720b0a7d7074afd34d774a8ef0aeb3d299d1d8fba346c163", kill_on_drop: false }`
[INFO] running `Command { std: "docker" "exec" "-e" "SOURCE_DIR=/opt/rustwide/workdir" "-e" "CARGO_HOME=/opt/rustwide/cargo-home" "-e" "RUSTUP_HOME=/opt/rustwide/rustup-home" "-e" "CARGO_TARGET_DIR=/opt/rustwide/target" "-e" "CARGO_INCREMENTAL=0" "-e" "RUST_BACKTRACE=full" "-e" "RUSTFLAGS=--cap-lints=warn" "-e" "RUSTDOCFLAGS=--cap-lints=warn" "-w" "/opt/rustwide/workdir" "--user" "0:0" "b0e05cda8788f25a720b0a7d7074afd34d774a8ef0aeb3d299d1d8fba346c163" "/opt/rustwide/cargo-home/bin/cargo" "+1.99.0-beta.1" "test" "--frozen" "--no-run" "--message-format=json" "--release", kill_on_drop: false }`
[INFO] [stderr] warning: Cargo.toml: `lints.clippy.uninlined-format-args` is deprecated in favor of `lints.clippy.uninlined_format_args` and will not work in a future edition
[INFO] [stderr] warning: workspace (manifest) generated 1 warning
[INFO] [stderr] warning: crates/link-bridge/Cargo.toml: `lints.clippy.uninlined-format-args` is deprecated in favor of `lints.clippy.uninlined_format_args` and will not work in a future edition
[INFO] [stderr] warning: `link-bridge` (manifest) generated 1 warning
[INFO] [stderr]    Compiling link-bridge v0.2.7 (/opt/rustwide/workdir/crates/link-bridge)
[INFO] [stderr]     Finished `release` profile [optimized] target(s) in 1.24s
[INFO] running `Command { std: "docker" "inspect" "b0e05cda8788f25a720b0a7d7074afd34d774a8ef0aeb3d299d1d8fba346c163", kill_on_drop: false }`
[INFO] running `Command { std: "docker" "exec" "-e" "SOURCE_DIR=/opt/rustwide/workdir" "-e" "CARGO_HOME=/opt/rustwide/cargo-home" "-e" "RUSTUP_HOME=/opt/rustwide/rustup-home" "-e" "CARGO_TARGET_DIR=/opt/rustwide/target" "-e" "CARGO_INCREMENTAL=0" "-e" "RUST_BACKTRACE=full" "-e" "RUSTFLAGS=--cap-lints=warn" "-e" "RUSTDOCFLAGS=--cap-lints=warn" "-w" "/opt/rustwide/workdir" "--user" "0:0" "b0e05cda8788f25a720b0a7d7074afd34d774a8ef0aeb3d299d1d8fba346c163" "/opt/rustwide/cargo-home/bin/cargo" "+1.99.0-beta.1" "test" "--frozen" "--release", kill_on_drop: false }`
[INFO] [stderr] warning: Cargo.toml: `lints.clippy.uninlined-format-args` is deprecated in favor of `lints.clippy.uninlined_format_args` and will not work in a future edition
[INFO] [stderr] warning: workspace (manifest) generated 1 warning
[INFO] [stderr] warning: crates/link-bridge/Cargo.toml: `lints.clippy.uninlined-format-args` is deprecated in favor of `lints.clippy.uninlined_format_args` and will not work in a future edition
[INFO] [stderr] warning: `link-bridge` (manifest) generated 1 warning
[INFO] [stderr]     Finished `release` profile [optimized] target(s) in 0.06s
[INFO] [stderr]      Running unittests src/lib.rs (/opt/rustwide/target/release/deps/link_bridge-3bc6e35ccb980a6a)
[INFO] [stdout] 
[INFO] [stdout] running 40 tests
[INFO] [stdout] test redirector::tests::test_redirector_default ... ok
[INFO] [stdout] test redirector::tests::test_display_renders_html ... ok
[INFO] [stdout] test redirector::tests::test_short_file_name_format ... ok
[INFO] [stdout] test redirector::url_path::tests::test_url_path_clone ... ok
[INFO] [stdout] test redirector::tests::test_display_with_complex_path ... ok
[INFO] [stdout] test redirector::tests::test_new_redirector_error_handling ... ok
[INFO] [stdout] test redirector::tests::test_new_redirector ... ok
[INFO] [stdout] test redirector::tests::test_debug_and_partialeq_traits ... ok
[INFO] [stdout] test redirector::tests::test_set_path ... ok
[INFO] [stdout] test redirector::url_path::tests::test_url_path_default ... ok
[INFO] [stdout] test redirector::url_path::tests::test_url_path_display ... ok
[INFO] [stdout] test redirector::url_path::tests::test_url_path_display_complex ... ok
[INFO] [stdout] test redirector::tests::test_redirector_clone ... ok
[INFO] [stdout] test redirector::url_path::tests::test_url_path_encode_utf16_unicode ... ok
[INFO] [stdout] test redirector::url_path::tests::test_url_path_error_debug ... ok
[INFO] [stdout] test redirector::url_path::tests::test_url_path_error_display ... ok
[INFO] [stdout] test redirector::url_path::tests::test_url_path_new_invalid_empty ... ok
[INFO] [stdout] test redirector::url_path::tests::test_url_path_new_invalid_with_query ... ok
[INFO] [stdout] test redirector::url_path::tests::test_url_path_new_invalid_double_slash ... ok
[INFO] [stdout] test redirector::url_path::tests::test_url_path_new_valid_basic ... ok
[INFO] [stdout] test redirector::url_path::tests::test_url_path_new_invalid_with_semicolon ... ok
[INFO] [stdout] test redirector::url_path::tests::test_url_path_new_valid_complex ... ok
[INFO] [stdout] test redirector::tests::test_generate_short_link_unique ... ok
[INFO] [stdout] test redirector::tests::test_write_redirect_with_valid_path ... FAILED
[INFO] [stdout] test redirector::tests::test_write_redirect_creates_directory ... FAILED
[INFO] [stdout] test redirector::tests::test_write_redirect_success ... FAILED
[INFO] [stdout] test redirector::tests::test_write_redirect_registry_functionality ... FAILED
[INFO] [stdout] test redirector::tests::test_write_redirect_returns_correct_path ... FAILED
[INFO] [stdout] test redirector::tests::test_write_redirect_different_paths_different_files ... FAILED
[INFO] [stdout] test redirector::url_path::tests::test_url_path_new_invalid_root_only ... ok
[INFO] [stdout] test redirector::url_path::tests::test_url_path_new_valid_with_both_slashes ... ok
[INFO] [stdout] test redirector::url_path::tests::test_url_path_new_valid_with_leading_slash ... ok
[INFO] [stdout] test redirector::url_path::tests::test_url_path_new_valid_with_trailing_slash ... ok
[INFO] [stdout] test redirector::url_path::tests::test_url_path_partial_eq ... ok
[INFO] [stdout] test redirector::url_path::tests::test_url_path_new_valid_with_numbers ... ok
[INFO] [stdout] test redirector::url_path::tests::test_url_path_encode_utf16 ... ok
[INFO] [stdout] test redirector::url_path::tests::test_url_path_new_valid_with_dashes ... ok
[INFO] [stdout] test redirector::tests::test_generate_short_link_different_paths ... ok
[INFO] [stdout] test redirector::url_path::tests::test_url_path_debug ... ok
[INFO] [stdout] test redirector::url_path::tests::test_url_path_new_valid_single_segment ... ok
[INFO] [stdout] 
[INFO] [stdout] failures:
[INFO] [stdout] 
[INFO] [stdout] ---- redirector::tests::test_write_redirect_with_valid_path stdout ----
[INFO] [stdout] 
[INFO] [stdout] thread 'redirector::tests::test_write_redirect_with_valid_path' (773) panicked at crates/link-bridge/src/redirector.rs:468:9:
[INFO] [stdout] assertion failed: result.is_ok()
[INFO] [stdout] stack backtrace:
[INFO] [stdout]    0:     0x573cf2f4fcf1 - <<std[104cf6e2632825ea]::sys::backtrace::BacktraceLock>::print::DisplayBacktrace as core[7c831bd917ebf35f]::fmt::Display>::fmt
[INFO] [stdout]    1:     0x573cf2f658fa - core[7c831bd917ebf35f]::fmt::write
[INFO] [stdout]    2:     0x573cf2f543ec - <alloc[2fdc3f7464fcf288]::vec::Vec<u8> as core[7c831bd917ebf35f]::io::write::Write>::write_fmt
[INFO] [stdout]    3:     0x573cf2f2aaa6 - std[104cf6e2632825ea]::panicking::default_hook::{closure#0}
[INFO] [stdout]    4:     0x573cf2f47799 - std[104cf6e2632825ea]::panicking::default_hook
[INFO] [stdout]    5:     0x573cf2e1ccf0 - test[73009c9f9aebf890]::test_main_inner::<test[73009c9f9aebf890]::test_main_static::{closure#0}>::{closure#0}
[INFO] [stdout]    6:     0x573cf2f47952 - std[104cf6e2632825ea]::panicking::panic_with_hook
[INFO] [stdout]    7:     0x573cf2f2ab84 - std[104cf6e2632825ea]::panicking::panic_handler::{closure#0}
[INFO] [stdout]    8:     0x573cf2f22e89 - std[104cf6e2632825ea]::sys::backtrace::__rust_end_short_backtrace::<std[104cf6e2632825ea]::panicking::panic_handler::{closure#0}, !>
[INFO] [stdout]    9:     0x573cf2f2b74d - __rustc[b0d56fa5b193ad05]::rust_begin_unwind
[INFO] [stdout]   10:     0x573cf2f660dc - core[7c831bd917ebf35f]::panicking::panic_fmt
[INFO] [stdout]   11:     0x573cf2f660a2 - core[7c831bd917ebf35f]::panicking::panic
[INFO] [stdout]   12:     0x573cf2e02b81 - link_bridge[3c3ca527327fff38]::redirector::tests::test_write_redirect_with_valid_path
[INFO] [stdout]   13:     0x573cf2e0d3e9 - <link_bridge[3c3ca527327fff38]::redirector::tests::test_write_redirect_with_valid_path::{closure#0} as core[7c831bd917ebf35f]::ops::function::FnOnce<()>>::call_once
[INFO] [stdout]   14:     0x573cf2e0ffdb - test[73009c9f9aebf890]::__rust_begin_short_backtrace::<core[7c831bd917ebf35f]::result::Result<(), alloc[2fdc3f7464fcf288]::string::String>, fn() -> core[7c831bd917ebf35f]::result::Result<(), alloc[2fdc3f7464fcf288]::string::String>>
[INFO] [stdout]   15:     0x573cf2e1d645 - test[73009c9f9aebf890]::run_test::{closure#0}
[INFO] [stdout]   16:     0x573cf2e16a04 - std[104cf6e2632825ea]::sys::backtrace::__rust_begin_short_backtrace::<test[73009c9f9aebf890]::run_test::{closure#1}, ()>
[INFO] [stdout]   17:     0x573cf2e207a2 - <std[104cf6e2632825ea]::thread::lifecycle::spawn_unchecked<test[73009c9f9aebf890]::run_test::{closure#1}, ()>::{closure#1} as core[7c831bd917ebf35f]::ops::function::FnOnce<()>>::call_once::{shim:vtable#0}
[INFO] [stdout]   18:     0x573cf2f4f229 - <std[104cf6e2632825ea]::sys::thread::unix::Thread>::new::thread_start
[INFO] [stdout]   19:     0x7be12891407a - <unknown>
[INFO] [stdout]   20:     0x7be1289a7534 - clone
[INFO] [stdout]   21:                0x0 - <unknown>
[INFO] [stdout] 
[INFO] [stdout] ---- redirector::tests::test_write_redirect_creates_directory stdout ----
[INFO] [stdout] 
[INFO] [stdout] thread 'redirector::tests::test_write_redirect_creates_directory' (768) panicked at crates/link-bridge/src/redirector.rs:514:9:
[INFO] [stdout] assertion failed: result.is_ok()
[INFO] [stdout] stack backtrace:
[INFO] [stdout]    0:     0x573cf2f4fcf1 - <<std[104cf6e2632825ea]::sys::backtrace::BacktraceLock>::print::DisplayBacktrace as core[7c831bd917ebf35f]::fmt::Display>::fmt
[INFO] [stdout]    1:     0x573cf2f658fa - core[7c831bd917ebf35f]::fmt::write
[INFO] [stdout]    2:     0x573cf2f543ec - <alloc[2fdc3f7464fcf288]::vec::Vec<u8> as core[7c831bd917ebf35f]::io::write::Write>::write_fmt
[INFO] [stdout]    3:     0x573cf2f2aaa6 - std[104cf6e2632825ea]::panicking::default_hook::{closure#0}
[INFO] [stdout]    4:     0x573cf2f47799 - std[104cf6e2632825ea]::panicking::default_hook
[INFO] [stdout]    5:     0x573cf2e1ccf0 - test[73009c9f9aebf890]::test_main_inner::<test[73009c9f9aebf890]::test_main_static::{closure#0}>::{closure#0}
[INFO] [stdout]    6:     0x573cf2f47952 - std[104cf6e2632825ea]::panicking::panic_with_hook
[INFO] [stdout]    7:     0x573cf2f2ab84 - std[104cf6e2632825ea]::panicking::panic_handler::{closure#0}
[INFO] [stdout]    8:     0x573cf2f22e89 - std[104cf6e2632825ea]::sys::backtrace::__rust_end_short_backtrace::<std[104cf6e2632825ea]::panicking::panic_handler::{closure#0}, !>
[INFO] [stdout]    9:     0x573cf2f2b74d - __rustc[b0d56fa5b193ad05]::rust_begin_unwind
[INFO] [stdout]   10:     0x573cf2f660dc - core[7c831bd917ebf35f]::panicking::panic_fmt
[INFO] [stdout]   11:     0x573cf2f660a2 - core[7c831bd917ebf35f]::panicking::panic
[INFO] [stdout]   12:     0x573cf2e03026 - link_bridge[3c3ca527327fff38]::redirector::tests::test_write_redirect_creates_directory
[INFO] [stdout]   13:     0x573cf2e0d409 - <link_bridge[3c3ca527327fff38]::redirector::tests::test_write_redirect_creates_directory::{closure#0} as core[7c831bd917ebf35f]::ops::function::FnOnce<()>>::call_once
[INFO] [stdout]   14:     0x573cf2e0ffdb - test[73009c9f9aebf890]::__rust_begin_short_backtrace::<core[7c831bd917ebf35f]::result::Result<(), alloc[2fdc3f7464fcf288]::string::String>, fn() -> core[7c831bd917ebf35f]::result::Result<(), alloc[2fdc3f7464fcf288]::string::String>>
[INFO] [stdout]   15:     0x573cf2e1d645 - test[73009c9f9aebf890]::run_test::{closure#0}
[INFO] [stdout]   16:     0x573cf2e16a04 - std[104cf6e2632825ea]::sys::backtrace::__rust_begin_short_backtrace::<test[73009c9f9aebf890]::run_test::{closure#1}, ()>
[INFO] [stdout]   17:     0x573cf2e207a2 - <std[104cf6e2632825ea]::thread::lifecycle::spawn_unchecked<test[73009c9f9aebf890]::run_test::{closure#1}, ()>::{closure#1} as core[7c831bd917ebf35f]::ops::function::FnOnce<()>>::call_once::{shim:vtable#0}
[INFO] [stdout]   18:     0x573cf2f4f229 - <std[104cf6e2632825ea]::sys::thread::unix::Thread>::new::thread_start
[INFO] [stdout]   19:     0x7be12891407a - <unknown>
[INFO] [stdout]   20:     0x7be1289a7534 - clone
[INFO] [stdout]   21:                0x0 - <unknown>
[INFO] [stdout] 
[INFO] [stdout] ---- redirector::tests::test_write_redirect_success stdout ----
[INFO] [stdout] 
[INFO] [stdout] thread 'redirector::tests::test_write_redirect_success' (772) panicked at crates/link-bridge/src/redirector.rs:484:9:
[INFO] [stdout] assertion failed: result.is_ok()
[INFO] [stdout] stack backtrace:
[INFO] [stdout]    0:     0x573cf2f4fcf1 - <<std[104cf6e2632825ea]::sys::backtrace::BacktraceLock>::print::DisplayBacktrace as core[7c831bd917ebf35f]::fmt::Display>::fmt
[INFO] [stdout]    1:     0x573cf2f658fa - core[7c831bd917ebf35f]::fmt::write
[INFO] [stdout]    2:     0x573cf2f543ec - <alloc[2fdc3f7464fcf288]::vec::Vec<u8> as core[7c831bd917ebf35f]::io::write::Write>::write_fmt
[INFO] [stdout]    3:     0x573cf2f2aaa6 - std[104cf6e2632825ea]::panicking::default_hook::{closure#0}
[INFO] [stdout]    4:     0x573cf2f47799 - std[104cf6e2632825ea]::panicking::default_hook
[INFO] [stdout]    5:     0x573cf2e1ccf0 - test[73009c9f9aebf890]::test_main_inner::<test[73009c9f9aebf890]::test_main_static::{closure#0}>::{closure#0}
[INFO] [stdout]    6:     0x573cf2f47952 - std[104cf6e2632825ea]::panicking::panic_with_hook
[INFO] [stdout]    7:     0x573cf2f2ab84 - std[104cf6e2632825ea]::panicking::panic_handler::{closure#0}
[INFO] [stdout]    8:     0x573cf2f22e89 - std[104cf6e2632825ea]::sys::backtrace::__rust_end_short_backtrace::<std[104cf6e2632825ea]::panicking::panic_handler::{closure#0}, !>
[INFO] [stdout]    9:     0x573cf2f2b74d - __rustc[b0d56fa5b193ad05]::rust_begin_unwind
[INFO] [stdout]   10:     0x573cf2f660dc - core[7c831bd917ebf35f]::panicking::panic_fmt
[INFO] [stdout]   11:     0x573cf2f660a2 - core[7c831bd917ebf35f]::panicking::panic
[INFO] [stdout]   12:     0x573cf2e01b3e - link_bridge[3c3ca527327fff38]::redirector::tests::test_write_redirect_success
[INFO] [stdout]   13:     0x573cf2e0d349 - <link_bridge[3c3ca527327fff38]::redirector::tests::test_write_redirect_success::{closure#0} as core[7c831bd917ebf35f]::ops::function::FnOnce<()>>::call_once
[INFO] [stdout]   14:     0x573cf2e0ffdb - test[73009c9f9aebf890]::__rust_begin_short_backtrace::<core[7c831bd917ebf35f]::result::Result<(), alloc[2fdc3f7464fcf288]::string::String>, fn() -> core[7c831bd917ebf35f]::result::Result<(), alloc[2fdc3f7464fcf288]::string::String>>
[INFO] [stdout]   15:     0x573cf2e1d645 - test[73009c9f9aebf890]::run_test::{closure#0}
[INFO] [stdout]   16:     0x573cf2e16a04 - std[104cf6e2632825ea]::sys::backtrace::__rust_begin_short_backtrace::<test[73009c9f9aebf890]::run_test::{closure#1}, ()>
[INFO] [stdout]   17:     0x573cf2e207a2 - <std[104cf6e2632825ea]::thread::lifecycle::spawn_unchecked<test[73009c9f9aebf890]::run_test::{closure#1}, ()>::{closure#1} as core[7c831bd917ebf35f]::ops::function::FnOnce<()>>::call_once::{shim:vtable#0}
[INFO] [stdout]   18:     0x573cf2f4f229 - <std[104cf6e2632825ea]::sys::thread::unix::Thread>::new::thread_start
[INFO] [stdout]   19:     0x7be12891407a - <unknown>
[INFO] [stdout]   20:     0x7be1289a7534 - clone
[INFO] [stdout]   21:                0x0 - <unknown>
[INFO] [stdout] 
[INFO] [stdout] ---- redirector::tests::test_write_redirect_registry_functionality stdout ----
[INFO] [stdout] 
[INFO] [stdout] thread 'redirector::tests::test_write_redirect_registry_functionality' (770) panicked at crates/link-bridge/src/redirector.rs:583:9:
[INFO] [stdout] assertion failed: result1.is_ok()
[INFO] [stdout] stack backtrace:
[INFO] [stdout]    0:     0x573cf2f4fcf1 - <<std[104cf6e2632825ea]::sys::backtrace::BacktraceLock>::print::DisplayBacktrace as core[7c831bd917ebf35f]::fmt::Display>::fmt
[INFO] [stdout]    1:     0x573cf2f658fa - core[7c831bd917ebf35f]::fmt::write
[INFO] [stdout]    2:     0x573cf2f543ec - <alloc[2fdc3f7464fcf288]::vec::Vec<u8> as core[7c831bd917ebf35f]::io::write::Write>::write_fmt
[INFO] [stdout]    3:     0x573cf2f2aaa6 - std[104cf6e2632825ea]::panicking::default_hook::{closure#0}
[INFO] [stdout]    4:     0x573cf2f47799 - std[104cf6e2632825ea]::panicking::default_hook
[INFO] [stdout]    5:     0x573cf2e1ccf0 - test[73009c9f9aebf890]::test_main_inner::<test[73009c9f9aebf890]::test_main_static::{closure#0}>::{closure#0}
[INFO] [stdout]    6:     0x573cf2f47952 - std[104cf6e2632825ea]::panicking::panic_with_hook
[INFO] [stdout]    7:     0x573cf2f2ab84 - std[104cf6e2632825ea]::panicking::panic_handler::{closure#0}
[INFO] [stdout]    8:     0x573cf2f22e89 - std[104cf6e2632825ea]::sys::backtrace::__rust_end_short_backtrace::<std[104cf6e2632825ea]::panicking::panic_handler::{closure#0}, !>
[INFO] [stdout]    9:     0x573cf2f2b74d - __rustc[b0d56fa5b193ad05]::rust_begin_unwind
[INFO] [stdout]   10:     0x573cf2f660dc - core[7c831bd917ebf35f]::panicking::panic_fmt
[INFO] [stdout]   11:     0x573cf2f660a2 - core[7c831bd917ebf35f]::panicking::panic
[INFO] [stdout]   12:     0x573cf2e040be - link_bridge[3c3ca527327fff38]::redirector::tests::test_write_redirect_registry_functionality
[INFO] [stdout]   13:     0x573cf2e0d469 - <link_bridge[3c3ca527327fff38]::redirector::tests::test_write_redirect_registry_functionality::{closure#0} as core[7c831bd917ebf35f]::ops::function::FnOnce<()>>::call_once
[INFO] [stdout]   14:     0x573cf2e0ffdb - test[73009c9f9aebf890]::__rust_begin_short_backtrace::<core[7c831bd917ebf35f]::result::Result<(), alloc[2fdc3f7464fcf288]::string::String>, fn() -> core[7c831bd917ebf35f]::result::Result<(), alloc[2fdc3f7464fcf288]::string::String>>
[INFO] [stdout]   15:     0x573cf2e1d645 - test[73009c9f9aebf890]::run_test::{closure#0}
[INFO] [stdout]   16:     0x573cf2e16a04 - std[104cf6e2632825ea]::sys::backtrace::__rust_begin_short_backtrace::<test[73009c9f9aebf890]::run_test::{closure#1}, ()>
[INFO] [stdout]   17:     0x573cf2e207a2 - <std[104cf6e2632825ea]::thread::lifecycle::spawn_unchecked<test[73009c9f9aebf890]::run_test::{closure#1}, ()>::{closure#1} as core[7c831bd917ebf35f]::ops::function::FnOnce<()>>::call_once::{shim:vtable#0}
[INFO] [stdout]   18:     0x573cf2f4f229 - <std[104cf6e2632825ea]::sys::thread::unix::Thread>::new::thread_start
[INFO] [stdout]   19:     0x7be12891407a - <unknown>
[INFO] [stdout]   20:     0x7be1289a7534 - clone
[INFO] [stdout]   21:                0x0 - <unknown>
[INFO] [stdout] 
[INFO] [stdout] ---- redirector::tests::test_write_redirect_returns_correct_path stdout ----
[INFO] [stdout] 
[INFO] [stdout] thread 'redirector::tests::test_write_redirect_returns_correct_path' (771) panicked at crates/link-bridge/src/redirector.rs:557:9:
[INFO] [stdout] assertion failed: result.is_ok()
[INFO] [stdout] stack backtrace:
[INFO] [stdout]    0:     0x573cf2f4fcf1 - <<std[104cf6e2632825ea]::sys::backtrace::BacktraceLock>::print::DisplayBacktrace as core[7c831bd917ebf35f]::fmt::Display>::fmt
[INFO] [stdout]    1:     0x573cf2f658fa - core[7c831bd917ebf35f]::fmt::write
[INFO] [stdout]    2:     0x573cf2f543ec - <alloc[2fdc3f7464fcf288]::vec::Vec<u8> as core[7c831bd917ebf35f]::io::write::Write>::write_fmt
[INFO] [stdout]    3:     0x573cf2f2aaa6 - std[104cf6e2632825ea]::panicking::default_hook::{closure#0}
[INFO] [stdout]    4:     0x573cf2f47799 - std[104cf6e2632825ea]::panicking::default_hook
[INFO] [stdout]    5:     0x573cf2e1ccf0 - test[73009c9f9aebf890]::test_main_inner::<test[73009c9f9aebf890]::test_main_static::{closure#0}>::{closure#0}
[INFO] [stdout]    6:     0x573cf2f47952 - std[104cf6e2632825ea]::panicking::panic_with_hook
[INFO] [stdout]    7:     0x573cf2f2ab84 - std[104cf6e2632825ea]::panicking::panic_handler::{closure#0}
[INFO] [stdout]    8:     0x573cf2f22e89 - std[104cf6e2632825ea]::sys::backtrace::__rust_end_short_backtrace::<std[104cf6e2632825ea]::panicking::panic_handler::{closure#0}, !>
[INFO] [stdout]    9:     0x573cf2f2b74d - __rustc[b0d56fa5b193ad05]::rust_begin_unwind
[INFO] [stdout]   10:     0x573cf2f660dc - core[7c831bd917ebf35f]::panicking::panic_fmt
[INFO] [stdout]   11:     0x573cf2f660a2 - core[7c831bd917ebf35f]::panicking::panic
[INFO] [stdout]   12:     0x573cf2e038c7 - link_bridge[3c3ca527327fff38]::redirector::tests::test_write_redirect_returns_correct_path
[INFO] [stdout]   13:     0x573cf2e0d449 - <link_bridge[3c3ca527327fff38]::redirector::tests::test_write_redirect_returns_correct_path::{closure#0} as core[7c831bd917ebf35f]::ops::function::FnOnce<()>>::call_once
[INFO] [stdout]   14:     0x573cf2e0ffdb - test[73009c9f9aebf890]::__rust_begin_short_backtrace::<core[7c831bd917ebf35f]::result::Result<(), alloc[2fdc3f7464fcf288]::string::String>, fn() -> core[7c831bd917ebf35f]::result::Result<(), alloc[2fdc3f7464fcf288]::string::String>>
[INFO] [stdout]   15:     0x573cf2e1d645 - test[73009c9f9aebf890]::run_test::{closure#0}
[INFO] [stdout]   16:     0x573cf2e16a04 - std[104cf6e2632825ea]::sys::backtrace::__rust_begin_short_backtrace::<test[73009c9f9aebf890]::run_test::{closure#1}, ()>
[INFO] [stdout]   17:     0x573cf2e207a2 - <std[104cf6e2632825ea]::thread::lifecycle::spawn_unchecked<test[73009c9f9aebf890]::run_test::{closure#1}, ()>::{closure#1} as core[7c831bd917ebf35f]::ops::function::FnOnce<()>>::call_once::{shim:vtable#0}
[INFO] [stdout]   18:     0x573cf2f4f229 - <std[104cf6e2632825ea]::sys::thread::unix::Thread>::new::thread_start
[INFO] [stdout]   19:     0x7be12891407a - <unknown>
[INFO] [stdout]   20:     0x7be1289a7534 - clone
[INFO] [stdout]   21:                0x0 - <unknown>
[INFO] [stdout] 
[INFO] [stdout] ---- redirector::tests::test_write_redirect_different_paths_different_files stdout ----
[INFO] [stdout] 
[INFO] [stdout] thread 'redirector::tests::test_write_redirect_different_paths_different_files' (769) panicked at crates/link-bridge/src/redirector.rs:615:9:
[INFO] [stdout] assertion failed: result1.is_ok()
[INFO] [stdout] stack backtrace:
[INFO] [stdout]    0:     0x573cf2f4fcf1 - <<std[104cf6e2632825ea]::sys::backtrace::BacktraceLock>::print::DisplayBacktrace as core[7c831bd917ebf35f]::fmt::Display>::fmt
[INFO] [stdout]    1:     0x573cf2f658fa - core[7c831bd917ebf35f]::fmt::write
[INFO] [stdout]    2:     0x573cf2f543ec - <alloc[2fdc3f7464fcf288]::vec::Vec<u8> as core[7c831bd917ebf35f]::io::write::Write>::write_fmt
[INFO] [stdout]    3:     0x573cf2f2aaa6 - std[104cf6e2632825ea]::panicking::default_hook::{closure#0}
[INFO] [stdout]    4:     0x573cf2f47799 - std[104cf6e2632825ea]::panicking::default_hook
[INFO] [stdout]    5:     0x573cf2e1ccf0 - test[73009c9f9aebf890]::test_main_inner::<test[73009c9f9aebf890]::test_main_static::{closure#0}>::{closure#0}
[INFO] [stdout]    6:     0x573cf2f47952 - std[104cf6e2632825ea]::panicking::panic_with_hook
[INFO] [stdout]    7:     0x573cf2f2ab84 - std[104cf6e2632825ea]::panicking::panic_handler::{closure#0}
[INFO] [stdout]    8:     0x573cf2f22e89 - std[104cf6e2632825ea]::sys::backtrace::__rust_end_short_backtrace::<std[104cf6e2632825ea]::panicking::panic_handler::{closure#0}, !>
[INFO] [stdout]    9:     0x573cf2f2b74d - __rustc[b0d56fa5b193ad05]::rust_begin_unwind
[INFO] [stdout]   10:     0x573cf2f660dc - core[7c831bd917ebf35f]::panicking::panic_fmt
[INFO] [stdout]   11:     0x573cf2f660a2 - core[7c831bd917ebf35f]::panicking::panic
[INFO] [stdout]   12:     0x573cf2e0488b - link_bridge[3c3ca527327fff38]::redirector::tests::test_write_redirect_different_paths_different_files
[INFO] [stdout]   13:     0x573cf2e0d489 - <link_bridge[3c3ca527327fff38]::redirector::tests::test_write_redirect_different_paths_different_files::{closure#0} as core[7c831bd917ebf35f]::ops::function::FnOnce<()>>::call_once
[INFO] [stdout]   14:     0x573cf2e0ffdb - test[73009c9f9aebf890]::__rust_begin_short_backtrace::<core[7c831bd917ebf35f]::result::Result<(), alloc[2fdc3f7464fcf288]::string::String>, fn() -> core[7c831bd917ebf35f]::result::Result<(), alloc[2fdc3f7464fcf288]::string::String>>
[INFO] [stdout]   15:     0x573cf2e1d645 - test[73009c9f9aebf890]::run_test::{closure#0}
[INFO] [stdout]   16:     0x573cf2e16a04 - std[104cf6e2632825ea]::sys::backtrace::__rust_begin_short_backtrace::<test[73009c9f9aebf890]::run_test::{closure#1}, ()>
[INFO] [stdout]   17:     0x573cf2e207a2 - <std[104cf6e2632825ea]::thread::lifecycle::spawn_unchecked<test[73009c9f9aebf890]::run_test::{closure#1}, ()>::{closure#1} as core[7c831bd917ebf35f]::ops::function::FnOnce<()>>::call_once::{shim:vtable#0}
[INFO] [stdout]   18:     0x573cf2f4f229 - <std[104cf6e2632825ea]::sys::thread::unix::Thread>::new::thread_start
[INFO] [stdout]   19:     0x7be12891407a - <unknown>
[INFO] [stdout]   20:     0x7be1289a7534 - clone
[INFO] [stdout]   21:                0x0 - <unknown>
[INFO] [stdout] 
[INFO] [stdout] 
[INFO] [stdout] failures:
[INFO] [stdout]     redirector::tests::test_write_redirect_creates_directory
[INFO] [stdout]     redirector::tests::test_write_redirect_different_paths_different_files
[INFO] [stdout]     redirector::tests::test_write_redirect_registry_functionality
[INFO] [stdout]     redirector::tests::test_write_redirect_returns_correct_path
[INFO] [stdout]     redirector::tests::test_write_redirect_success
[INFO] [stdout]     redirector::tests::test_write_redirect_with_valid_path
[INFO] [stdout] 
[INFO] [stdout] test result: FAILED. 34 passed; 6 failed; 0 ignored; 0 measured; 0 filtered out; finished in 0.11s
[INFO] [stdout] 
[INFO] [stderr] error: test failed, to rerun pass `--lib`
[INFO] running `Command { std: "docker" "inspect" "b0e05cda8788f25a720b0a7d7074afd34d774a8ef0aeb3d299d1d8fba346c163", kill_on_drop: false }`
[INFO] running `Command { std: "docker" "rm" "-f" "b0e05cda8788f25a720b0a7d7074afd34d774a8ef0aeb3d299d1d8fba346c163", kill_on_drop: false }`
[INFO] [stdout] b0e05cda8788f25a720b0a7d7074afd34d774a8ef0aeb3d299d1d8fba346c163
