[INFO] cloning repository https://github.com/jdkaplan/squill
[INFO] running `Command { std: "git" "-c" "credential.helper=" "-c" "credential.helper=/workspace/cargo-home/bin/git-credential-null" "clone" "--bare" "https://github.com/jdkaplan/squill" "/workspace/cache/git-repos/https%3A%2F%2Fgithub.com%2Fjdkaplan%2Fsquill", kill_on_drop: false }`
[INFO] [stderr] Cloning into bare repository '/workspace/cache/git-repos/https%3A%2F%2Fgithub.com%2Fjdkaplan%2Fsquill'...
[INFO] running `Command { std: "git" "rev-parse" "HEAD", kill_on_drop: false }`
[INFO] [stdout] 31380851d1fa6db2dea33d866e5d4b6a650cd697
[INFO] testing jdkaplan/squill against 1.98.0-beta.8+cargoflags=--release for beta-release-1.99-2
[INFO] running `Command { std: "git" "clone" "/workspace/cache/git-repos/https%3A%2F%2Fgithub.com%2Fjdkaplan%2Fsquill" "/workspace/builds/worker-5-tc1/source", kill_on_drop: false }`
[INFO] [stderr] Cloning into '/workspace/builds/worker-5-tc1/source'...
[INFO] [stderr] done.
[INFO] started tweaking git repo https://github.com/jdkaplan/squill
[INFO] finished tweaking git repo https://github.com/jdkaplan/squill
[INFO] tweaked toml for git repo https://github.com/jdkaplan/squill written to /workspace/builds/worker-5-tc1/source/Cargo.toml
[INFO] validating manifest of git repo https://github.com/jdkaplan/squill on toolchain 1.98.0-beta.8
[INFO] running `Command { std: CARGO_HOME="/workspace/cargo-home" RUSTUP_HOME="/workspace/rustup-home" "/workspace/cargo-home/bin/cargo" "+1.98.0-beta.8" "metadata" "--manifest-path" "Cargo.toml" "--no-deps", kill_on_drop: false }`
[INFO] crate git repo https://github.com/jdkaplan/squill already has a lockfile, it will not be regenerated
[INFO] running `Command { std: CARGO_HOME="/workspace/cargo-home" RUSTUP_HOME="/workspace/rustup-home" "/workspace/cargo-home/bin/cargo" "+1.98.0-beta.8" "fetch" "--manifest-path" "Cargo.toml", kill_on_drop: false }`
[INFO] [stderr]     Blocking waiting for file lock on package cache
[INFO] [stderr]     Updating crates.io index
[INFO] [stderr]     Updating git repository `https://github.com/jdkaplan/tabled.git`
[INFO] [stderr]     Blocking waiting for file lock on package cache
[INFO] [stderr]  Downloading crates ...
[INFO] [stderr]   Downloaded tracing-log v0.2.0
[INFO] [stderr]   Downloaded windows-targets v0.52.6
[INFO] [stderr]   Downloaded once_cell v1.20.2
[INFO] [stderr]   Downloaded num-iter v0.1.45
[INFO] [stderr]   Downloaded sqlx-macros-core v0.8.2
[INFO] [stderr]   Downloaded winapi-util v0.1.9
[INFO] [stderr]   Downloaded sqlx-macros v0.8.2
[INFO] [stderr]   Downloaded proc-macro-error-attr2 v2.0.0
[INFO] [stderr]   Downloaded anyhow v1.0.89
[INFO] [stderr]   Downloaded uncased v0.9.10
[INFO] [stderr]   Downloaded atomic v0.6.0
[INFO] [stderr]   Downloaded proc-macro2-diagnostics v0.10.1
[INFO] [stderr]   Downloaded num-conv v0.1.0
[INFO] [stderr]   Downloaded unic-char-property v0.9.0
[INFO] [stderr]   Downloaded time-core v0.1.2
[INFO] [stderr]   Downloaded unic-char-range v0.9.0
[INFO] [stderr]   Downloaded crypto-common v0.1.6
[INFO] [stderr]   Downloaded cpufeatures v0.2.14
[INFO] [stderr]   Downloaded globwalk v0.9.1
[INFO] [stderr]   Downloaded unic-common v0.9.0
[INFO] [stderr]   Downloaded yansi v1.0.1
[INFO] [stderr]   Downloaded valuable v0.1.0
[INFO] [stderr]   Downloaded is_terminal_polyfill v1.70.1
[INFO] [stderr]   Downloaded anstyle-wincon v3.0.4
[INFO] [stderr]   Downloaded bytemuck v1.18.0
[INFO] [stderr]   Downloaded anstyle v1.0.8
[INFO] [stderr]   Downloaded powerfmt v0.2.0
[INFO] [stderr]   Downloaded version_check v0.9.5
[INFO] [stderr]   Downloaded block-buffer v0.10.4
[INFO] [stderr]   Downloaded colorchoice v1.0.2
[INFO] [stderr]   Downloaded anstyle-query v1.1.1
[INFO] [stderr]   Downloaded bytecount v0.6.8
[INFO] [stderr]   Downloaded parking v2.2.1
[INFO] [stderr]   Downloaded atoi v2.0.0
[INFO] [stderr]   Downloaded pear_codegen v0.2.9
[INFO] [stderr]   Downloaded thread_local v1.1.8
[INFO] [stderr]   Downloaded lazy_static v1.5.0
[INFO] [stderr]   Downloaded hermit-abi v0.3.9
[INFO] [stderr]   Downloaded unic-ucd-version v0.9.0
[INFO] [stderr]   Downloaded generic-array v0.14.7
[INFO] [stderr]   Downloaded errno v0.3.9
[INFO] [stderr]   Downloaded clap_lex v0.7.2
[INFO] [stderr]   Downloaded autocfg v1.4.0
[INFO] [stderr]   Downloaded itoa v1.0.11
[INFO] [stderr]   Downloaded unicode-width v0.1.11
[INFO] [stderr]   Downloaded thiserror-impl v1.0.64
[INFO] [stderr]   Downloaded toml_datetime v0.6.8
[INFO] [stderr]   Downloaded adler2 v2.0.0
[INFO] [stderr]   Downloaded deranged v0.3.11
[INFO] [stderr]   Downloaded parking_lot_core v0.9.10
[INFO] [stderr]   Downloaded sha2 v0.10.8
[INFO] [stderr]   Downloaded nu-ansi-term v0.46.0
[INFO] [stderr]   Downloaded overload v0.1.1
[INFO] [stderr]   Downloaded futures-core v0.3.31
[INFO] [stderr]   Downloaded futures-task v0.3.31
[INFO] [stderr]   Downloaded futures-io v0.3.31
[INFO] [stderr]   Downloaded fastrand v2.1.1
[INFO] [stderr]   Downloaded hex v0.4.3
[INFO] [stderr]   Downloaded serde_urlencoded v0.7.1
[INFO] [stderr]   Downloaded lock_api v0.4.12
[INFO] [stderr]   Downloaded tokio-macros v2.4.0
[INFO] [stderr]   Downloaded pin-project-lite v0.2.14
[INFO] [stderr]   Downloaded rustc-demangle v0.1.24
[INFO] [stderr]   Downloaded time-macros v0.2.18
[INFO] [stderr]   Downloaded tracing-attributes v0.1.27
[INFO] [stderr]   Downloaded pest_generator v2.7.13
[INFO] [stderr]   Downloaded digest v0.10.7
[INFO] [stderr]   Downloaded crossbeam-queue v0.3.11
[INFO] [stderr]   Downloaded crc v3.2.1
[INFO] [stderr]   Downloaded form_urlencoded v1.2.1
[INFO] [stderr]   Downloaded equivalent v1.0.1
[INFO] [stderr]   Downloaded futures-sink v0.3.31
[INFO] [stderr]   Downloaded crc-catalog v2.4.0
[INFO] [stderr]   Downloaded md-5 v0.10.6
[INFO] [stderr]   Downloaded pear v0.2.9
[INFO] [stderr]   Downloaded inlinable_string v0.1.15
[INFO] [stderr]   Downloaded anstyle-parse v0.2.5
[INFO] [stderr]   Downloaded signal-hook-registry v1.4.2
[INFO] [stderr]   Downloaded redox_syscall v0.5.7
[INFO] [stderr]   Downloaded smallvec v1.13.2
[INFO] [stderr]   Downloaded proc-macro2 v1.0.86
[INFO] [stderr]   Downloaded bitflags v2.6.0
[INFO] [stderr]   Downloaded wasi v0.11.0+wasi-snapshot-preview1
[INFO] [stderr]   Downloaded addr2line v0.24.2
[INFO] [stderr]   Downloaded proc-macro-error2 v2.0.1
[INFO] [stderr]   Downloaded thiserror v1.0.64
[INFO] [stderr]   Downloaded typenum v1.17.0
[INFO] [stderr]   Downloaded sha1 v0.10.6
[INFO] [stderr]   Downloaded serde_spanned v0.6.8
[INFO] [stderr]   Downloaded clap_derive v4.5.18
[INFO] [stderr]   Downloaded anstream v0.6.15
[INFO] [stderr]   Downloaded tracing-core v0.1.32
[INFO] [stderr]   Downloaded parking_lot v0.12.3
[INFO] [stderr]   Downloaded uuid v1.10.0
[INFO] [stderr]   Downloaded getrandom v0.2.15
[INFO] [stderr]   Downloaded unic-segment v0.9.0
[INFO] [stderr]   Downloaded ryu v1.0.18
[INFO] [stderr]   Downloaded pest_derive v2.7.13
[INFO] [stderr]   Downloaded const-oid v0.9.6
[INFO] [stderr]   Downloaded globset v0.4.15
[INFO] [stderr]   Downloaded percent-encoding v2.3.1
[INFO] [stderr]   Downloaded sqlformat v0.2.6
[INFO] [stderr]   Downloaded rustls-pemfile v2.2.0
[INFO] [stderr]   Downloaded zeroize v1.8.1
[INFO] [stderr]   Downloaded shlex v1.3.0
[INFO] [stderr]   Downloaded paste v1.0.15
[INFO] [stderr]   Downloaded byteorder v1.5.0
[INFO] [stderr]   Downloaded futures-channel v0.3.31
[INFO] [stderr]   Downloaded concurrent-queue v2.5.0
[INFO] [stderr]   Downloaded either v1.13.0
[INFO] [stderr]   Downloaded pkg-config v0.3.31
[INFO] [stderr]   Downloaded futures-executor v0.3.31
[INFO] [stderr]   Downloaded wasite v0.1.0
[INFO] [stderr]   Downloaded unicode-properties v0.1.3
[INFO] [stderr]   Downloaded rand_chacha v0.3.1
[INFO] [stderr]   Downloaded home v0.5.9
[INFO] [stderr]   Downloaded etcetera v0.8.0
[INFO] [stderr]   Downloaded windows-targets v0.48.5
[INFO] [stderr]   Downloaded dotenvy v0.15.7
[INFO] [stderr]   Downloaded signature v2.2.0
[INFO] [stderr]   Downloaded pkcs8 v0.10.2
[INFO] [stderr]   Downloaded log v0.4.22
[INFO] [stderr]   Downloaded serde_derive v1.0.210
[INFO] [stderr]   Downloaded unicode-ident v1.0.13
[INFO] [stderr]   Downloaded quote v1.0.37
[INFO] [stderr]   Downloaded sharded-slab v0.1.7
[INFO] [stderr]   Downloaded spin v0.9.8
[INFO] [stderr]   Downloaded unic-ucd-segment v0.9.0
[INFO] [stderr]   Downloaded ucd-trie v0.1.7
[INFO] [stderr]   Downloaded crossbeam-deque v0.8.5
[INFO] [stderr]   Downloaded crossbeam-epoch v0.9.18
[INFO] [stderr]   Downloaded stringprep v0.1.5
[INFO] [stderr]   Downloaded socket2 v0.5.7
[INFO] [stderr]   Downloaded bytes v1.7.2
[INFO] [stderr]   Downloaded tracing v0.1.40
[INFO] [stderr]   Downloaded pest_meta v2.7.13
[INFO] [stderr]   Downloaded whoami v1.5.2
[INFO] [stderr]   Downloaded ppv-lite86 v0.2.20
[INFO] [stderr]   Downloaded tinyvec v1.8.0
[INFO] [stderr]   Downloaded tokio-stream v0.1.16
[INFO] [stderr]   Downloaded rand_core v0.6.4
[INFO] [stderr]   Downloaded crossbeam-utils v0.8.20
[INFO] [stderr]   Downloaded hashlink v0.9.1
[INFO] [stderr]   Downloaded zerocopy-derive v0.7.35
[INFO] [stderr]   Downloaded event-listener v5.3.1
[INFO] [stderr]   Downloaded spki v0.7.3
[INFO] [stderr]   Downloaded serde v1.0.210
[INFO] [stderr]   Downloaded miniz_oxide v0.8.0
[INFO] [stderr]   Downloaded papergrid v0.12.0
[INFO] [stderr]   Downloaded memchr v2.7.4
[INFO] [stderr]   Downloaded rustls-pki-types v1.9.0
[INFO] [stderr]   Downloaded hmac v0.12.1
[INFO] [stderr]   Downloaded sqlx-mysql v0.8.2
[INFO] [stderr]   Downloaded rsa v0.9.6
[INFO] [stderr]   Downloaded pem-rfc7468 v0.7.0
[INFO] [stderr]   Downloaded base64ct v1.6.0
[INFO] [stderr]   Downloaded pkcs1 v0.7.5
[INFO] [stderr]   Downloaded num-integer v0.1.46
[INFO] [stderr]   Downloaded figment v0.10.19
[INFO] [stderr]   Downloaded toml v0.8.19
[INFO] [stderr]   Downloaded clap v4.5.19
[INFO] [stderr]   Downloaded mio v1.0.2
[INFO] [stderr]   Downloaded backtrace v0.3.74
[INFO] [stderr]   Downloaded tera v1.20.0
[INFO] [stderr]   Downloaded ignore v0.4.23
[INFO] [stderr]   Downloaded tempfile v3.13.0
[INFO] [stderr]   Downloaded unicode-bidi v0.3.17
[INFO] [stderr]   Downloaded allocator-api2 v0.2.18
[INFO] [stderr]   Downloaded ahash v0.8.11
[INFO] [stderr]   Downloaded flume v0.11.0
[INFO] [stderr]   Downloaded tracing-subscriber v0.3.18
[INFO] [stderr]   Downloaded pest v2.7.13
[INFO] [stderr]   Downloaded url v2.5.2
[INFO] [stderr]   Downloaded serde_json v1.0.128
[INFO] [stderr]   Downloaded sqlx-sqlite v0.8.2
[INFO] [stderr]   Downloaded unicode_categories v0.1.1
[INFO] [stderr]   Downloaded cc v1.1.28
[INFO] [stderr]   Downloaded futures-intrusive v0.5.0
[INFO] [stderr]   Downloaded time v0.3.36
[INFO] [stderr]   Downloaded minimal-lexical v0.2.1
[INFO] [stderr]   Downloaded sqlx-postgres v0.8.2
[INFO] [stderr]   Downloaded rand v0.8.5
[INFO] [stderr]   Downloaded der v0.7.9
[INFO] [stderr]   Downloaded toml_edit v0.22.22
[INFO] [stderr]   Downloaded sqlx-core v0.8.2
[INFO] [stderr]   Downloaded indexmap v2.6.0
[INFO] [stderr]   Downloaded libm v0.2.8
[INFO] [stderr]   Downloaded aho-corasick v1.1.3
[INFO] [stderr]   Downloaded unicode-normalization v0.1.24
[INFO] [stderr]   Downloaded nom v7.1.3
[INFO] [stderr]   Downloaded num-bigint-dig v0.8.4
[INFO] [stderr]   Downloaded hashbrown v0.15.0
[INFO] [stderr]   Downloaded hashbrown v0.14.5
[INFO] [stderr]   Downloaded hkdf v0.12.4
[INFO] [stderr]   Downloaded clap_builder v4.5.19
[INFO] [stderr]   Downloaded zerocopy v0.7.35
[INFO] [stderr]   Downloaded futures-util v0.3.31
[INFO] [stderr]   Downloaded winnow v0.6.20
[INFO] [stderr]   Downloaded syn v1.0.109
[INFO] [stderr]   Downloaded sqlx v0.8.2
[INFO] [stderr]   Downloaded regex v1.11.1
[INFO] [stderr]   Downloaded rustls-webpki v0.102.8
[INFO] [stderr]   Downloaded vcpkg v0.2.15
[INFO] [stderr]   Downloaded syn v2.0.79
[INFO] [stderr]   Downloaded gimli v0.31.1
[INFO] [stderr]   Downloaded object v0.36.5
[INFO] [stderr]   Downloaded idna v0.5.0
[INFO] [stderr]   Downloaded webpki-roots v0.26.6
[INFO] [stderr]   Downloaded regex-syntax v0.8.5
[INFO] [stderr]   Downloaded rustls v0.23.14
[INFO] [stderr]   Downloaded windows_x86_64_gnullvm v0.52.6
[INFO] [stderr]   Downloaded windows_aarch64_gnullvm v0.48.5
[INFO] [stderr]   Downloaded windows_aarch64_gnullvm v0.52.6
[INFO] [stderr]   Downloaded bstr v1.10.0
[INFO] [stderr]   Downloaded rustix v0.38.37
[INFO] [stderr]   Downloaded windows_i686_gnullvm v0.52.6
[INFO] [stderr]   Downloaded windows_x86_64_gnullvm v0.48.5
[INFO] [stderr]   Downloaded regex-automata v0.4.8
[INFO] [stderr]   Downloaded libc v0.2.159
[INFO] [stderr]   Downloaded tokio v1.40.0
[INFO] [stderr]   Downloaded windows_aarch64_msvc v0.48.5
[INFO] [stderr]   Downloaded windows_aarch64_msvc v0.52.6
[INFO] [stderr]   Downloaded windows_x86_64_msvc v0.52.6
[INFO] [stderr]   Downloaded windows_x86_64_gnu v0.52.6
[INFO] [stderr]   Downloaded windows_i686_msvc v0.52.6
[INFO] [stderr]   Downloaded windows_x86_64_msvc v0.48.5
[INFO] [stderr]   Downloaded windows_i686_gnu v0.52.6
[INFO] [stderr]   Downloaded windows_x86_64_gnu v0.48.5
[INFO] [stderr]   Downloaded windows_i686_msvc v0.48.5
[INFO] [stderr]   Downloaded windows_i686_gnu v0.48.5
[INFO] [stderr]   Downloaded linux-raw-sys v0.4.14
[INFO] [stderr]   Downloaded windows-sys v0.59.0
[INFO] [stderr]   Downloaded windows-sys v0.52.0
[INFO] [stderr]   Downloaded windows-sys v0.48.0
[INFO] [stderr]   Downloaded ring v0.17.8
[INFO] [stderr]   Downloaded libsqlite3-sys v0.30.1
[INFO] running `Command { std: "docker" "create" "-v" "/var/lib/crater-agent-workspace/builds/worker-5-tc1/source:/opt/rustwide/workdir:ro,Z" "-v" "/var/lib/crater-agent-workspace/builds/worker-5-tc1/target:/opt/rustwide/target:rw,Z" "-v" "/var/lib/crater-agent-workspace/cargo-home:/opt/rustwide/cargo-home:ro,Z" "-v" "/var/lib/crater-agent-workspace/rustup-home:/opt/rustwide/rustup-home:ro,Z" "-m" "1610612736" "--network" "none" "ghcr.io/rust-lang/crates-build-env/linux@sha256:8683fc1fc2eb5c9ac98e0d076ab094b2ffac7f99da555d2b6a2e27f346de2ec7" "sleep" "infinity", kill_on_drop: false }`
[INFO] [stdout] 8611b397f7bc2a6357806d9e8be8f2196feb2c441400c34c712f1f2c99453dff
[INFO] running `Command { std: "docker" "start" "8611b397f7bc2a6357806d9e8be8f2196feb2c441400c34c712f1f2c99453dff", kill_on_drop: false }`
[INFO] running `Command { std: "docker" "inspect" "8611b397f7bc2a6357806d9e8be8f2196feb2c441400c34c712f1f2c99453dff", kill_on_drop: false }`
[INFO] running `Command { std: "docker" "exec" "-e" "SOURCE_DIR=/opt/rustwide/workdir" "-e" "CARGO_HOME=/opt/rustwide/cargo-home" "-e" "RUSTUP_HOME=/opt/rustwide/rustup-home" "-e" "CARGO_TARGET_DIR=/opt/rustwide/target" "-w" "/opt/rustwide/workdir" "--user" "0:0" "8611b397f7bc2a6357806d9e8be8f2196feb2c441400c34c712f1f2c99453dff" "/opt/rustwide/cargo-home/bin/cargo" "+1.98.0-beta.8" "metadata" "--no-deps" "--format-version=1", kill_on_drop: false }`
[INFO] running `Command { std: "docker" "inspect" "8611b397f7bc2a6357806d9e8be8f2196feb2c441400c34c712f1f2c99453dff", kill_on_drop: false }`
[INFO] running `Command { std: "docker" "exec" "-e" "SOURCE_DIR=/opt/rustwide/workdir" "-e" "CARGO_HOME=/opt/rustwide/cargo-home" "-e" "RUSTUP_HOME=/opt/rustwide/rustup-home" "-e" "CARGO_TARGET_DIR=/opt/rustwide/target" "-e" "CARGO_INCREMENTAL=0" "-e" "RUST_BACKTRACE=full" "-e" "RUSTFLAGS=--cap-lints=warn" "-e" "RUSTDOCFLAGS=--cap-lints=warn" "-w" "/opt/rustwide/workdir" "--user" "0:0" "8611b397f7bc2a6357806d9e8be8f2196feb2c441400c34c712f1f2c99453dff" "/opt/rustwide/cargo-home/bin/cargo" "+1.98.0-beta.8" "build" "--frozen" "--message-format=json" "--release", kill_on_drop: false }`
[INFO] [stderr]    Compiling proc-macro2 v1.0.86
[INFO] [stderr]    Compiling unicode-ident v1.0.13
[INFO] [stderr]    Compiling version_check v0.9.5
[INFO] [stderr]    Compiling libc v0.2.159
[INFO] [stderr]    Compiling serde v1.0.210
[INFO] [stderr]    Compiling autocfg v1.4.0
[INFO] [stderr]    Compiling typenum v1.17.0
[INFO] [stderr]    Compiling cfg-if v1.0.0
[INFO] [stderr]    Compiling crossbeam-utils v0.8.20
[INFO] [stderr]    Compiling shlex v1.3.0
[INFO] [stderr]    Compiling generic-array v0.14.7
[INFO] [stderr]    Compiling cc v1.1.28
[INFO] [stderr]    Compiling thiserror v1.0.64
[INFO] [stderr]    Compiling parking_lot_core v0.9.10
[INFO] [stderr]    Compiling lock_api v0.4.12
[INFO] [stderr]    Compiling once_cell v1.20.2
[INFO] [stderr]    Compiling memchr v2.7.4
[INFO] [stderr]    Compiling ahash v0.8.11
[INFO] [stderr]    Compiling slab v0.4.9
[INFO] [stderr]    Compiling quote v1.0.37
[INFO] [stderr]    Compiling num-traits v0.2.19
[INFO] [stderr]    Compiling syn v2.0.79
[INFO] [stderr]    Compiling serde_json v1.0.128
[INFO] [stderr]    Compiling byteorder v1.5.0
[INFO] [stderr]    Compiling getrandom v0.2.15
[INFO] [stderr]    Compiling rustls v0.23.14
[INFO] [stderr]    Compiling subtle v2.6.1
[INFO] [stderr]    Compiling crypto-common v0.1.6
[INFO] [stderr]    Compiling block-buffer v0.10.4
[INFO] [stderr]    Compiling log v0.4.22
[INFO] [stderr]    Compiling num-conv v0.1.0
[INFO] [stderr]    Compiling pin-project-lite v0.2.14
[INFO] [stderr]    Compiling time-core v0.1.2
[INFO] [stderr]    Compiling tinyvec_macros v0.1.1
[INFO] [stderr]    Compiling tinyvec v1.8.0
[INFO] [stderr]    Compiling ring v0.17.8
[INFO] [stderr]    Compiling time-macros v0.2.18
[INFO] [stderr]    Compiling digest v0.10.7
[INFO] [stderr]    Compiling futures-core v0.3.31
[INFO] [stderr]    Compiling rustls-pki-types v1.9.0
[INFO] [stderr]    Compiling paste v1.0.15
[INFO] [stderr]    Compiling scopeguard v1.2.0
[INFO] [stderr]    Compiling untrusted v0.9.0
[INFO] [stderr]    Compiling spin v0.9.8
[INFO] [stderr]    Compiling unicode-bidi v0.3.17
[INFO] [stderr]    Compiling unicode-normalization v0.1.24
[INFO] [stderr]    Compiling socket2 v0.5.7
[INFO] [stderr]    Compiling mio v1.0.2
[INFO] [stderr]    Compiling minimal-lexical v0.2.1
[INFO] [stderr]    Compiling allocator-api2 v0.2.18
[INFO] [stderr]    Compiling powerfmt v0.2.0
[INFO] [stderr]    Compiling equivalent v1.0.1
[INFO] [stderr]    Compiling percent-encoding v2.3.1
[INFO] [stderr]    Compiling hashbrown v0.15.0
[INFO] [stderr]    Compiling futures-sink v0.3.31
[INFO] [stderr]    Compiling bytes v1.7.2
[INFO] [stderr]    Compiling itoa v1.0.11
[INFO] [stderr]    Compiling form_urlencoded v1.2.1
[INFO] [stderr]    Compiling deranged v0.3.11
[INFO] [stderr]    Compiling tokio v1.40.0
[INFO] [stderr]    Compiling indexmap v2.6.0
[INFO] [stderr]    Compiling nom v7.1.3
[INFO] [stderr]    Compiling idna v0.5.0
[INFO] [stderr]    Compiling concurrent-queue v2.5.0
[INFO] [stderr]    Compiling rand_core v0.6.4
[INFO] [stderr]    Compiling tracing-core v0.1.32
[INFO] [stderr]    Compiling aho-corasick v1.1.3
[INFO] [stderr]    Compiling rustls-webpki v0.102.8
[INFO] [stderr]    Compiling unicode_categories v0.1.1
[INFO] [stderr]    Compiling zeroize v1.8.1
[INFO] [stderr]    Compiling serde_derive v1.0.210
[INFO] [stderr]    Compiling zerocopy-derive v0.7.35
[INFO] [stderr]    Compiling thiserror-impl v1.0.64
[INFO] [stderr]    Compiling tracing-attributes v0.1.27
[INFO] [stderr]    Compiling parking v2.2.1
[INFO] [stderr]    Compiling ryu v1.0.18
[INFO] [stderr]    Compiling zerocopy v0.7.35
[INFO] [stderr]    Compiling crc-catalog v2.4.0
[INFO] [stderr]    Compiling cpufeatures v0.2.14
[INFO] [stderr]    Compiling rustix v0.38.37
[INFO] [stderr]    Compiling ppv-lite86 v0.2.20
[INFO] [stderr]    Compiling bitflags v2.6.0
[INFO] [stderr]    Compiling hashbrown v0.14.5
[INFO] [stderr]    Compiling regex-syntax v0.8.5
[INFO] [stderr]    Compiling futures-task v0.3.31
[INFO] [stderr]    Compiling futures-io v0.3.31
[INFO] [stderr]    Compiling pin-utils v0.1.0
[INFO] [stderr]    Compiling futures-util v0.3.31
[INFO] [stderr]    Compiling hashlink v0.9.1
[INFO] [stderr]    Compiling rand_chacha v0.3.1
[INFO] [stderr]    Compiling tokio-stream v0.1.16
[INFO] [stderr]    Compiling tracing v0.1.40
[INFO] [stderr]    Compiling sha2 v0.10.8
[INFO] [stderr]    Compiling crc v3.2.1
[INFO] [stderr]    Compiling event-listener v5.3.1
[INFO] [stderr]    Compiling sqlformat v0.2.6
[INFO] [stderr]    Compiling regex-automata v0.4.8
[INFO] [stderr]    Compiling smallvec v1.13.2
[INFO] [stderr]    Compiling either v1.13.0
[INFO] [stderr]    Compiling parking_lot v0.12.3
[INFO] [stderr]    Compiling futures-intrusive v0.5.0
[INFO] [stderr]    Compiling tokio-macros v2.4.0
[INFO] [stderr]    Compiling atoi v2.0.0
[INFO] [stderr]    Compiling url v2.5.2
[INFO] [stderr]    Compiling time v0.3.36
[INFO] [stderr]    Compiling futures-channel v0.3.31
[INFO] [stderr]    Compiling crossbeam-queue v0.3.11
[INFO] [stderr]    Compiling rustls-pemfile v2.2.0
[INFO] [stderr]    Compiling webpki-roots v0.26.6
[INFO] [stderr]    Compiling hmac v0.12.1
[INFO] [stderr]    Compiling signal-hook-registry v1.4.2
[INFO] [stderr]    Compiling hex v0.4.3
[INFO] [stderr]    Compiling heck v0.5.0
[INFO] [stderr]    Compiling unicode-properties v0.1.3
[INFO] [stderr]    Compiling linux-raw-sys v0.4.14
[INFO] [stderr]    Compiling ucd-trie v0.1.7
[INFO] [stderr]    Compiling pest v2.7.13
[INFO] [stderr]    Compiling stringprep v0.1.5
[INFO] [stderr]    Compiling sqlx-core v0.8.2
[INFO] [stderr]    Compiling hkdf v0.12.4
[INFO] [stderr]    Compiling rand v0.8.5
[INFO] [stderr]    Compiling md-5 v0.10.6
[INFO] [stderr]    Compiling crossbeam-epoch v0.9.18
[INFO] [stderr]    Compiling bstr v1.10.0
[INFO] [stderr]    Compiling proc-macro2-diagnostics v0.10.1
[INFO] [stderr]    Compiling base64 v0.22.1
[INFO] [stderr]    Compiling dotenvy v0.15.7
[INFO] [stderr]    Compiling whoami v1.5.2
[INFO] [stderr]    Compiling same-file v1.0.6
[INFO] [stderr]    Compiling fastrand v2.1.1
[INFO] [stderr]    Compiling home v0.5.9
[INFO] [stderr]    Compiling unic-char-range v0.9.0
[INFO] [stderr]    Compiling unic-common v0.9.0
[INFO] [stderr]    Compiling sqlx-postgres v0.8.2
[INFO] [stderr]    Compiling unic-ucd-version v0.9.0
[INFO] [stderr]    Compiling unic-char-property v0.9.0
[INFO] [stderr]    Compiling tempfile v3.13.0
[INFO] [stderr]    Compiling walkdir v2.5.0
[INFO] [stderr]    Compiling globset v0.4.15
[INFO] [stderr]    Compiling crossbeam-deque v0.8.5
[INFO] [stderr]    Compiling pest_meta v2.7.13
[INFO] [stderr]    Compiling yansi v1.0.1
[INFO] [stderr]    Compiling syn v1.0.109
[INFO] [stderr]    Compiling lazy_static v1.5.0
[INFO] [stderr]    Compiling utf8parse v0.2.2
[INFO] [stderr]    Compiling anstyle-parse v0.2.5
[INFO] [stderr]    Compiling pest_generator v2.7.13
[INFO] [stderr]    Compiling sqlx-macros-core v0.8.2
[INFO] [stderr]    Compiling ignore v0.4.23
[INFO] [stderr]    Compiling unic-ucd-segment v0.9.0
[INFO] [stderr]    Compiling toml_datetime v0.6.8
[INFO] [stderr]    Compiling serde_spanned v0.6.8
[INFO] [stderr]    Compiling proc-macro-error-attr2 v2.0.0
[INFO] [stderr]    Compiling uncased v0.9.10
[INFO] [stderr]    Compiling anstyle-query v1.1.1
[INFO] [stderr]    Compiling is_terminal_polyfill v1.70.1
[INFO] [stderr]    Compiling winnow v0.6.20
[INFO] [stderr]    Compiling anstyle v1.0.8
[INFO] [stderr]    Compiling colorchoice v1.0.2
[INFO] [stderr]    Compiling anstream v0.6.15
[INFO] [stderr]    Compiling proc-macro-error2 v2.0.1
[INFO] [stderr]    Compiling sqlx-macros v0.8.2
[INFO] [stderr]    Compiling globwalk v0.9.1
[INFO] [stderr]    Compiling toml_edit v0.22.22
[INFO] [stderr]    Compiling unic-segment v0.9.0
[INFO] [stderr]    Compiling pest_derive v2.7.13
[INFO] [stderr]    Compiling pear_codegen v0.2.9
[INFO] [stderr]    Compiling regex v1.11.1
[INFO] [stderr]    Compiling figment v0.10.19
[INFO] [stderr]    Compiling inlinable_string v0.1.15
[INFO] [stderr]    Compiling unicode-width v0.1.11
[INFO] [stderr]    Compiling heck v0.4.1
[INFO] [stderr]    Compiling fnv v1.0.7
[INFO] [stderr]    Compiling bytecount v0.6.8
[INFO] [stderr]    Compiling overload v0.1.1
[INFO] [stderr]    Compiling anyhow v1.0.89
[INFO] [stderr]    Compiling strsim v0.11.1
[INFO] [stderr]    Compiling clap_lex v0.7.2
[INFO] [stderr]    Compiling toml v0.8.19
[INFO] [stderr]    Compiling pear v0.2.9
[INFO] [stderr]    Compiling clap_builder v4.5.19
[INFO] [stderr]    Compiling nu-ansi-term v0.46.0
[INFO] [stderr]    Compiling sqlx v0.8.2
[INFO] [stderr]    Compiling papergrid v0.12.0
[INFO] [stderr]    Compiling tera v1.20.0
[INFO] [stderr]    Compiling tabled_derive v0.8.0 (https://github.com/jdkaplan/tabled.git?rev=6462758e28619af0b578c37220b74e4e660e0d4f#6462758e)
[INFO] [stderr]    Compiling sharded-slab v0.1.7
[INFO] [stderr]    Compiling clap_derive v4.5.18
[INFO] [stderr]    Compiling tracing-log v0.2.0
[INFO] [stderr]    Compiling thread_local v1.1.8
[INFO] [stderr]    Compiling tracing-subscriber v0.3.18
[INFO] [stderr]    Compiling clap v4.5.19
[INFO] [stderr]    Compiling squill v0.10.0 (/opt/rustwide/workdir/squill)
[INFO] [stderr]    Compiling tabled v0.16.0 (https://github.com/jdkaplan/tabled.git?rev=6462758e28619af0b578c37220b74e4e660e0d4f#6462758e)
[INFO] [stderr]    Compiling squill-cli v0.9.4 (/opt/rustwide/workdir/squill-cli)
[INFO] [stderr]     Finished `release` profile [optimized] target(s) in 7m 37s
[INFO] [stderr] warning: the following packages contain code that will be rejected by a future version of Rust: proc-macro-error2 v2.0.1
[INFO] [stderr] note: to see what the problems were, use the option `--future-incompat-report`, or run `cargo report future-incompatibilities --id 1`
[INFO] running `Command { std: "docker" "inspect" "8611b397f7bc2a6357806d9e8be8f2196feb2c441400c34c712f1f2c99453dff", kill_on_drop: false }`
[INFO] running `Command { std: "docker" "exec" "-e" "SOURCE_DIR=/opt/rustwide/workdir" "-e" "CARGO_HOME=/opt/rustwide/cargo-home" "-e" "RUSTUP_HOME=/opt/rustwide/rustup-home" "-e" "CARGO_TARGET_DIR=/opt/rustwide/target" "-e" "CARGO_INCREMENTAL=0" "-e" "RUST_BACKTRACE=full" "-e" "RUSTFLAGS=--cap-lints=warn" "-e" "RUSTDOCFLAGS=--cap-lints=warn" "-w" "/opt/rustwide/workdir" "--user" "0:0" "8611b397f7bc2a6357806d9e8be8f2196feb2c441400c34c712f1f2c99453dff" "/opt/rustwide/cargo-home/bin/cargo" "+1.98.0-beta.8" "test" "--frozen" "--no-run" "--message-format=json" "--release", kill_on_drop: false }`
[INFO] [stderr]    Compiling bitflags v2.6.0
[INFO] [stderr]    Compiling rustix v0.38.37
[INFO] [stderr]    Compiling linux-raw-sys v0.4.14
[INFO] [stderr]    Compiling fastrand v2.1.1
[INFO] [stderr]    Compiling uuid v1.10.0
[INFO] [stderr]    Compiling sqlx-postgres v0.8.2
[INFO] [stderr]    Compiling globwalk v0.9.1
[INFO] [stderr]    Compiling tera v1.20.0
[INFO] [stderr]    Compiling tempfile v3.13.0
[INFO] [stderr]    Compiling sqlx v0.8.2
[INFO] [stderr]    Compiling squill v0.10.0 (/opt/rustwide/workdir/squill)
[INFO] [stderr]    Compiling squill-cli v0.9.4 (/opt/rustwide/workdir/squill-cli)
[INFO] [stderr]     Finished `release` profile [optimized] target(s) in 1m 40s
[INFO] [stderr] warning: the following packages contain code that will be rejected by a future version of Rust: proc-macro-error2 v2.0.1
[INFO] [stderr] note: to see what the problems were, use the option `--future-incompat-report`, or run `cargo report future-incompatibilities --id 1`
[INFO] running `Command { std: "docker" "inspect" "8611b397f7bc2a6357806d9e8be8f2196feb2c441400c34c712f1f2c99453dff", kill_on_drop: false }`
[INFO] running `Command { std: "docker" "exec" "-e" "SOURCE_DIR=/opt/rustwide/workdir" "-e" "CARGO_HOME=/opt/rustwide/cargo-home" "-e" "RUSTUP_HOME=/opt/rustwide/rustup-home" "-e" "CARGO_TARGET_DIR=/opt/rustwide/target" "-e" "CARGO_INCREMENTAL=0" "-e" "RUST_BACKTRACE=full" "-e" "RUSTFLAGS=--cap-lints=warn" "-e" "RUSTDOCFLAGS=--cap-lints=warn" "-w" "/opt/rustwide/workdir" "--user" "0:0" "8611b397f7bc2a6357806d9e8be8f2196feb2c441400c34c712f1f2c99453dff" "/opt/rustwide/cargo-home/bin/cargo" "+1.98.0-beta.8" "test" "--frozen" "--release", kill_on_drop: false }`
[INFO] [stderr]     Finished `release` profile [optimized] target(s) in 0.33s
[INFO] [stderr] warning: the following packages contain code that will be rejected by a future version of Rust: proc-macro-error2 v2.0.1
[INFO] [stderr] note: to see what the problems were, use the option `--future-incompat-report`, or run `cargo report future-incompatibilities --id 1`
[INFO] [stderr]      Running unittests src/lib.rs (/opt/rustwide/target/release/deps/squill-83086b60165a45a3)
[INFO] [stdout] 
[INFO] [stdout] running 31 tests
[INFO] [stdout] test index::tests::align_id_add_padding ... FAILED
[INFO] [stdout] test db::tests::last_applied_uninit ... FAILED
[INFO] [stdout] test db::tests::last_applied_out_of_order ... FAILED
[INFO] [stdout] test db::tests::missing_table ... FAILED
[INFO] [stdout] test config::tests::not_configured ... FAILED
[INFO] [stdout] test config::tests::connect ... FAILED
[INFO] [stdout] test index::tests::create_migration ... FAILED
[INFO] [stdout] test index::tests::duplicate_migration_ids ... FAILED
[INFO] [stdout] test db::tests::last_applied_init ... FAILED
[INFO] [stdout] test index::tests::no_root_directory ... FAILED
[INFO] [stdout] test index::tests::empty ... FAILED
[INFO] [stdout] test migrate::tests::migration_ids ... ok
[INFO] [stdout] test migrate::tests::yes_tx ... ok
[INFO] [stdout] test migrate::tests::no_tx ... ok
[INFO] [stdout] test index::tests::extra_files ... FAILED
[INFO] [stdout] test index::tests::migration_id_already_exists ... FAILED
[INFO] [stdout] test template::tests::custom_templates_both ... FAILED
[INFO] [stdout] test status::tests::pending_migrations ... FAILED
[INFO] [stdout] test status::tests::status_entries ... FAILED
[INFO] [stdout] test template::tests::named_templates ... FAILED
[INFO] [stdout] test status::tests::status_empty ... FAILED
[INFO] [stdout] test config::tests::connect_error ... FAILED
[INFO] [stdout] test template::tests::custom_templates_only_one ... FAILED
[INFO] [stdout] test template::tests::no_template_overrides ... FAILED
[INFO] [stdout] test template::tests::template_parse_error ... FAILED
[INFO] [stdout] test tests::nonexistent_migration_directory ... FAILED
[INFO] [stdout] test tests::migration_slugs ... ok
[INFO] [stdout] test tests::new_migration_named_template ... FAILED
[INFO] [stdout] test tests::new_migration_embedded_template ... FAILED
[INFO] [stdout] test tests::initial_migration ... FAILED
[INFO] [stdout] test tests::simulated_interactive_session ... FAILED
[INFO] [stdout] 
[INFO] [stdout] failures:
[INFO] [stdout] 
[INFO] [stdout] ---- index::tests::align_id_add_padding stdout ----
[INFO] [stdout] 
[INFO] [stdout] thread 'index::tests::align_id_add_padding' (5117) panicked at squill/src/index.rs:358:40:
[INFO] [stdout] called `Result::unwrap()` on an `Err` value: error communicating with database: Connection refused (os error 111)
[INFO] [stdout] 
[INFO] [stdout] Caused by:
[INFO] [stdout]     Connection refused (os error 111)
[INFO] [stdout] 
[INFO] [stdout] Stack backtrace:
[INFO] [stdout]    0: <anyhow::Error as core::convert::From<sqlx_core::error::Error>>::from
[INFO] [stdout]    1: <squill::testing::TestEnv>::new::{closure#0}
[INFO] [stdout]    2: squill::index::tests::align_id_add_padding::{closure#0}
[INFO] [stdout]    3: <tokio::runtime::scheduler::current_thread::Context>::enter::<core::task::poll::Poll<()>, <tokio::runtime::scheduler::current_thread::CoreGuard>::block_on<core::pin::Pin<&mut core::pin::Pin<&mut dyn core::future::future::Future<Output = ()>>>>::{closure#0}::{closure#0}>
[INFO] [stdout]    4: <tokio::runtime::context::scoped::Scoped<tokio::runtime::scheduler::Context>>::set::<<tokio::runtime::scheduler::current_thread::CoreGuard>::enter<<tokio::runtime::scheduler::current_thread::CoreGuard>::block_on<core::pin::Pin<&mut core::pin::Pin<&mut dyn core::future::future::Future<Output = ()>>>>::{closure#0}, core::option::Option<()>>::{closure#0}, (alloc::boxed::Box<tokio::runtime::scheduler::current_thread::Core>, core::option::Option<()>)>
[INFO] [stdout]    5: <tokio::runtime::scheduler::current_thread::CoreGuard>::block_on::<core::pin::Pin<&mut core::pin::Pin<&mut dyn core::future::future::Future<Output = ()>>>>
[INFO] [stdout]    6: tokio::runtime::context::runtime::enter_runtime::<<tokio::runtime::scheduler::current_thread::CurrentThread>::block_on<core::pin::Pin<&mut dyn core::future::future::Future<Output = ()>>>::{closure#0}, ()>
[INFO] [stdout]    7: <tokio::runtime::runtime::Runtime>::block_on_inner::<core::pin::Pin<&mut dyn core::future::future::Future<Output = ()>>>
[INFO] [stdout]    8: squill::index::tests::align_id_add_padding
[INFO] [stdout]    9: <squill::index::tests::align_id_add_padding::{closure#0} as core::ops::function::FnOnce<()>>::call_once
[INFO] [stdout]   10: test::__rust_begin_short_backtrace::<core::result::Result<(), alloc::string::String>, fn() -> core::result::Result<(), alloc::string::String>>
[INFO] [stdout]   11: test::run_test::{closure#0}
[INFO] [stdout]   12: std::sys::backtrace::__rust_begin_short_backtrace::<test::run_test::{closure#1}, ()>
[INFO] [stdout]   13: <std::thread::lifecycle::spawn_unchecked<test::run_test::{closure#1}, ()>::{closure#1} as core::ops::function::FnOnce<()>>::call_once::{shim:vtable#0}
[INFO] [stdout]   14: <std::sys::thread::unix::Thread>::new::thread_start
[INFO] [stdout]   15: <unknown>
[INFO] [stdout]   16: clone
[INFO] [stdout] stack backtrace:
[INFO] [stdout]    0:     0x5f9aa4a4cf81 - <<std[97b98282bc616a66]::sys::backtrace::BacktraceLock>::print::DisplayBacktrace as core[832e9a552fc17241]::fmt::Display>::fmt
[INFO] [stdout]    1:     0x5f9aa4a65c0a - core[832e9a552fc17241]::fmt::write
[INFO] [stdout]    2:     0x5f9aa4a5223c - <alloc[3ecab9f82c41dc7d]::vec::Vec<u8> as std[97b98282bc616a66]::io::Write>::write_fmt
[INFO] [stdout]    3:     0x5f9aa4a278e6 - std[97b98282bc616a66]::panicking::default_hook::{closure#0}
[INFO] [stdout]    4:     0x5f9aa4a436c9 - std[97b98282bc616a66]::panicking::default_hook
[INFO] [stdout]    5:     0x5f9aa468cdd0 - test[39766f3d73431624]::test_main_inner::<test[39766f3d73431624]::test_main_static::{closure#0}>::{closure#0}
[INFO] [stdout]    6:     0x5f9aa4a439f2 - std[97b98282bc616a66]::panicking::panic_with_hook
[INFO] [stdout]    7:     0x5f9aa4a27992 - std[97b98282bc616a66]::panicking::panic_handler::{closure#0}
[INFO] [stdout]    8:     0x5f9aa4a1e919 - std[97b98282bc616a66]::sys::backtrace::__rust_end_short_backtrace::<std[97b98282bc616a66]::panicking::panic_handler::{closure#0}, !>
[INFO] [stdout]    9:     0x5f9aa4a2888d - __rustc[e3d8617bb01b7f69]::rust_begin_unwind
[INFO] [stdout]   10:     0x5f9aa4a6642c - core[832e9a552fc17241]::panicking::panic_fmt
[INFO] [stdout]   11:     0x5f9aa4a66202 - core[832e9a552fc17241]::result::unwrap_failed
[INFO] [stdout]   12:     0x5f9aa4629e13 - squill[df8cf7265cdb3992]::index::tests::align_id_add_padding::{closure#0}
[INFO] [stdout]   13:     0x5f9aa4677af3 - <tokio[60504813c4259630]::runtime::scheduler::current_thread::Context>::enter::<core[832e9a552fc17241]::task::poll::Poll<()>, <tokio[60504813c4259630]::runtime::scheduler::current_thread::CoreGuard>::block_on<core[832e9a552fc17241]::pin::Pin<&mut core[832e9a552fc17241]::pin::Pin<&mut dyn core[832e9a552fc17241]::future::future::Future<Output = ()>>>>::{closure#0}::{closure#0}>
[INFO] [stdout]   14:     0x5f9aa461c382 - <tokio[60504813c4259630]::runtime::context::scoped::Scoped<tokio[60504813c4259630]::runtime::scheduler::Context>>::set::<<tokio[60504813c4259630]::runtime::scheduler::current_thread::CoreGuard>::enter<<tokio[60504813c4259630]::runtime::scheduler::current_thread::CoreGuard>::block_on<core[832e9a552fc17241]::pin::Pin<&mut core[832e9a552fc17241]::pin::Pin<&mut dyn core[832e9a552fc17241]::future::future::Future<Output = ()>>>>::{closure#0}, core[832e9a552fc17241]::option::Option<()>>::{closure#0}, (alloc[3ecab9f82c41dc7d]::boxed::Box<tokio[60504813c4259630]::runtime::scheduler::current_thread::Core>, core[832e9a552fc17241]::option::Option<()>)>
[INFO] [stdout]   15:     0x5f9aa4678027 - <tokio[60504813c4259630]::runtime::scheduler::current_thread::CoreGuard>::block_on::<core[832e9a552fc17241]::pin::Pin<&mut core[832e9a552fc17241]::pin::Pin<&mut dyn core[832e9a552fc17241]::future::future::Future<Output = ()>>>>
[INFO] [stdout]   16:     0x5f9aa464f173 - tokio[60504813c4259630]::runtime::context::runtime::enter_runtime::<<tokio[60504813c4259630]::runtime::scheduler::current_thread::CurrentThread>::block_on<core[832e9a552fc17241]::pin::Pin<&mut dyn core[832e9a552fc17241]::future::future::Future<Output = ()>>>::{closure#0}, ()>
[INFO] [stdout]   17:     0x5f9aa4613cb5 - <tokio[60504813c4259630]::runtime::runtime::Runtime>::block_on_inner::<core[832e9a552fc17241]::pin::Pin<&mut dyn core[832e9a552fc17241]::future::future::Future<Output = ()>>>
[INFO] [stdout]   18:     0x5f9aa462ceab - squill[df8cf7265cdb3992]::index::tests::align_id_add_padding
[INFO] [stdout]   19:     0x5f9aa4638309 - <squill[df8cf7265cdb3992]::index::tests::align_id_add_padding::{closure#0} as core[832e9a552fc17241]::ops::function::FnOnce<()>>::call_once
[INFO] [stdout]   20:     0x5f9aa468010b - test[39766f3d73431624]::__rust_begin_short_backtrace::<core[832e9a552fc17241]::result::Result<(), alloc[3ecab9f82c41dc7d]::string::String>, fn() -> core[832e9a552fc17241]::result::Result<(), alloc[3ecab9f82c41dc7d]::string::String>>
[INFO] [stdout]   21:     0x5f9aa468d755 - test[39766f3d73431624]::run_test::{closure#0}
[INFO] [stdout]   22:     0x5f9aa4688204 - std[97b98282bc616a66]::sys::backtrace::__rust_begin_short_backtrace::<test[39766f3d73431624]::run_test::{closure#1}, ()>
[INFO] [stdout]   23:     0x5f9aa46908a2 - <std[97b98282bc616a66]::thread::lifecycle::spawn_unchecked<test[39766f3d73431624]::run_test::{closure#1}, ()>::{closure#1} as core[832e9a552fc17241]::ops::function::FnOnce<()>>::call_once::{shim:vtable#0}
[INFO] [stdout]   24:     0x5f9aa4a4bbcf - <std[97b98282bc616a66]::sys::thread::unix::Thread>::new::thread_start
[INFO] [stdout]   25:     0x742c46bf407a - <unknown>
[INFO] [stdout]   26:     0x742c46c87534 - clone
[INFO] [stdout]   27:                0x0 - <unknown>
[INFO] [stdout] 
[INFO] [stdout] ---- db::tests::last_applied_uninit stdout ----
[INFO] [stdout] 
[INFO] [stdout] thread 'db::tests::last_applied_uninit' (5115) panicked at squill/src/db.rs:106:40:
[INFO] [stdout] called `Result::unwrap()` on an `Err` value: error communicating with database: Connection refused (os error 111)
[INFO] [stdout] 
[INFO] [stdout] Caused by:
[INFO] [stdout]     Connection refused (os error 111)
[INFO] [stdout] 
[INFO] [stdout] Stack backtrace:
[INFO] [stdout]    0: <anyhow::Error as core::convert::From<sqlx_core::error::Error>>::from
[INFO] [stdout]    1: <squill::testing::TestEnv>::new::{closure#0}
[INFO] [stdout]    2: squill::db::tests::last_applied_uninit::{closure#0}
[INFO] [stdout]    3: <tokio::runtime::scheduler::current_thread::Context>::enter::<core::task::poll::Poll<()>, <tokio::runtime::scheduler::current_thread::CoreGuard>::block_on<core::pin::Pin<&mut core::pin::Pin<&mut dyn core::future::future::Future<Output = ()>>>>::{closure#0}::{closure#0}>
[INFO] [stdout]    4: <tokio::runtime::context::scoped::Scoped<tokio::runtime::scheduler::Context>>::set::<<tokio::runtime::scheduler::current_thread::CoreGuard>::enter<<tokio::runtime::scheduler::current_thread::CoreGuard>::block_on<core::pin::Pin<&mut core::pin::Pin<&mut dyn core::future::future::Future<Output = ()>>>>::{closure#0}, core::option::Option<()>>::{closure#0}, (alloc::boxed::Box<tokio::runtime::scheduler::current_thread::Core>, core::option::Option<()>)>
[INFO] [stdout]    5: <tokio::runtime::scheduler::current_thread::CoreGuard>::block_on::<core::pin::Pin<&mut core::pin::Pin<&mut dyn core::future::future::Future<Output = ()>>>>
[INFO] [stdout]    6: tokio::runtime::context::runtime::enter_runtime::<<tokio::runtime::scheduler::current_thread::CurrentThread>::block_on<core::pin::Pin<&mut dyn core::future::future::Future<Output = ()>>>::{closure#0}, ()>
[INFO] [stdout]    7: <tokio::runtime::runtime::Runtime>::block_on_inner::<core::pin::Pin<&mut dyn core::future::future::Future<Output = ()>>>
[INFO] [stdout]    8: squill::db::tests::last_applied_uninit
[INFO] [stdout]    9: <squill::db::tests::last_applied_uninit::{closure#0} as core::ops::function::FnOnce<()>>::call_once
[INFO] [stdout]   10: test::__rust_begin_short_backtrace::<core::result::Result<(), alloc::string::String>, fn() -> core::result::Result<(), alloc::string::String>>
[INFO] [stdout]   11: test::run_test::{closure#0}
[INFO] [stdout]   12: std::sys::backtrace::__rust_begin_short_backtrace::<test::run_test::{closure#1}, ()>
[INFO] [stdout]   13: <std::thread::lifecycle::spawn_unchecked<test::run_test::{closure#1}, ()>::{closure#1} as core::ops::function::FnOnce<()>>::call_once::{shim:vtable#0}
[INFO] [stdout]   14: <std::sys::thread::unix::Thread>::new::thread_start
[INFO] [stdout]   15: <unknown>
[INFO] [stdout]   16: clone
[INFO] [stdout] stack backtrace:
[INFO] [stdout]    0:     0x5f9aa4a4cf81 - <<std[97b98282bc616a66]::sys::backtrace::BacktraceLock>::print::DisplayBacktrace as core[832e9a552fc17241]::fmt::Display>::fmt
[INFO] [stdout]    1:     0x5f9aa4a65c0a - core[832e9a552fc17241]::fmt::write
[INFO] [stdout]    2:     0x5f9aa4a5223c - <alloc[3ecab9f82c41dc7d]::vec::Vec<u8> as std[97b98282bc616a66]::io::Write>::write_fmt
[INFO] [stdout]    3:     0x5f9aa4a278e6 - std[97b98282bc616a66]::panicking::default_hook::{closure#0}
[INFO] [stdout]    4:     0x5f9aa4a436c9 - std[97b98282bc616a66]::panicking::default_hook
[INFO] [stdout]    5:     0x5f9aa468cdd0 - test[39766f3d73431624]::test_main_inner::<test[39766f3d73431624]::test_main_static::{closure#0}>::{closure#0}
[INFO] [stdout]    6:     0x5f9aa4a439f2 - std[97b98282bc616a66]::panicking::panic_with_hook
[INFO] [stdout]    7:     0x5f9aa4a27992 - std[97b98282bc616a66]::panicking::panic_handler::{closure#0}
[INFO] [stdout]    8:     0x5f9aa4a1e919 - std[97b98282bc616a66]::sys::backtrace::__rust_end_short_backtrace::<std[97b98282bc616a66]::panicking::panic_handler::{closure#0}, !>
[INFO] [stdout]    9:     0x5f9aa4a2888d - __rustc[e3d8617bb01b7f69]::rust_begin_unwind
[INFO] [stdout]   10:     0x5f9aa4a6642c - core[832e9a552fc17241]::panicking::panic_fmt
[INFO] [stdout]   11:     0x5f9aa4a66202 - core[832e9a552fc17241]::result::unwrap_failed
[INFO] [stdout]   12:     0x5f9aa4661614 - squill[df8cf7265cdb3992]::db::tests::last_applied_uninit::{closure#0}
[INFO] [stdout]   13:     0x5f9aa4677af3 - <tokio[60504813c4259630]::runtime::scheduler::current_thread::Context>::enter::<core[832e9a552fc17241]::task::poll::Poll<()>, <tokio[60504813c4259630]::runtime::scheduler::current_thread::CoreGuard>::block_on<core[832e9a552fc17241]::pin::Pin<&mut core[832e9a552fc17241]::pin::Pin<&mut dyn core[832e9a552fc17241]::future::future::Future<Output = ()>>>>::{closure#0}::{closure#0}>
[INFO] [stdout]   14:     0x5f9aa461c382 - <tokio[60504813c4259630]::runtime::context::scoped::Scoped<tokio[60504813c4259630]::runtime::scheduler::Context>>::set::<<tokio[60504813c4259630]::runtime::scheduler::current_thread::CoreGuard>::enter<<tokio[60504813c4259630]::runtime::scheduler::current_thread::CoreGuard>::block_on<core[832e9a552fc17241]::pin::Pin<&mut core[832e9a552fc17241]::pin::Pin<&mut dyn core[832e9a552fc17241]::future::future::Future<Output = ()>>>>::{closure#0}, core[832e9a552fc17241]::option::Option<()>>::{closure#0}, (alloc[3ecab9f82c41dc7d]::boxed::Box<tokio[60504813c4259630]::runtime::scheduler::current_thread::Core>, core[832e9a552fc17241]::option::Option<()>)>
[INFO] [stdout]   15:     0x5f9aa4678027 - <tokio[60504813c4259630]::runtime::scheduler::current_thread::CoreGuard>::block_on::<core[832e9a552fc17241]::pin::Pin<&mut core[832e9a552fc17241]::pin::Pin<&mut dyn core[832e9a552fc17241]::future::future::Future<Output = ()>>>>
[INFO] [stdout]   16:     0x5f9aa464f173 - tokio[60504813c4259630]::runtime::context::runtime::enter_runtime::<<tokio[60504813c4259630]::runtime::scheduler::current_thread::CurrentThread>::block_on<core[832e9a552fc17241]::pin::Pin<&mut dyn core[832e9a552fc17241]::future::future::Future<Output = ()>>>::{closure#0}, ()>
[INFO] [stdout]   17:     0x5f9aa4613cb5 - <tokio[60504813c4259630]::runtime::runtime::Runtime>::block_on_inner::<core[832e9a552fc17241]::pin::Pin<&mut dyn core[832e9a552fc17241]::future::future::Future<Output = ()>>>
[INFO] [stdout]   18:     0x5f9aa4662afb - squill[df8cf7265cdb3992]::db::tests::last_applied_uninit
[INFO] [stdout]   19:     0x5f9aa4638269 - <squill[df8cf7265cdb3992]::db::tests::last_applied_uninit::{closure#0} as core[832e9a552fc17241]::ops::function::FnOnce<()>>::call_once
[INFO] [stdout]   20:     0x5f9aa468010b - test[39766f3d73431624]::__rust_begin_short_backtrace::<core[832e9a552fc17241]::result::Result<(), alloc[3ecab9f82c41dc7d]::string::String>, fn() -> core[832e9a552fc17241]::result::Result<(), alloc[3ecab9f82c41dc7d]::string::String>>
[INFO] [stdout]   21:     0x5f9aa468d755 - test[39766f3d73431624]::run_test::{closure#0}
[INFO] [stdout]   22:     0x5f9aa4688204 - std[97b98282bc616a66]::sys::backtrace::__rust_begin_short_backtrace::<test[39766f3d73431624]::run_test::{closure#1}, ()>
[INFO] [stdout]   23:     0x5f9aa46908a2 - <std[97b98282bc616a66]::thread::lifecycle::spawn_unchecked<test[39766f3d73431624]::run_test::{closure#1}, ()>::{closure#1} as core[832e9a552fc17241]::ops::function::FnOnce<()>>::call_once::{shim:vtable#0}
[INFO] [stdout]   24:     0x5f9aa4a4bbcf - <std[97b98282bc616a66]::sys::thread::unix::Thread>::new::thread_start
[INFO] [stdout]   25:     0x742c46bf407a - <unknown>
[INFO] [stdout]   26:     0x742c46c87534 - clone
[INFO] [stdout]   27:                0x0 - <unknown>
[INFO] [stdout] 
[INFO] [stdout] ---- db::tests::last_applied_out_of_order stdout ----
[INFO] [stdout] 
[INFO] [stdout] thread 'db::tests::last_applied_out_of_order' (5114) panicked at squill/src/db.rs:132:48:
[INFO] [stdout] called `Result::unwrap()` on an `Err` value: error communicating with database: Connection refused (os error 111)
[INFO] [stdout] 
[INFO] [stdout] Caused by:
[INFO] [stdout]     Connection refused (os error 111)
[INFO] [stdout] 
[INFO] [stdout] Stack backtrace:
[INFO] [stdout]    0: <anyhow::Error as core::convert::From<sqlx_core::error::Error>>::from
[INFO] [stdout]    1: <squill::testing::TestEnv>::new::{closure#0}
[INFO] [stdout]    2: <squill::testing::TestEnv>::initialized::{closure#0}
[INFO] [stdout]    3: squill::db::tests::last_applied_out_of_order::{closure#0}
[INFO] [stdout]    4: <tokio::runtime::scheduler::current_thread::Context>::enter::<core::task::poll::Poll<()>, <tokio::runtime::scheduler::current_thread::CoreGuard>::block_on<core::pin::Pin<&mut core::pin::Pin<&mut dyn core::future::future::Future<Output = ()>>>>::{closure#0}::{closure#0}>
[INFO] [stdout]    5: <tokio::runtime::context::scoped::Scoped<tokio::runtime::scheduler::Context>>::set::<<tokio::runtime::scheduler::current_thread::CoreGuard>::enter<<tokio::runtime::scheduler::current_thread::CoreGuard>::block_on<core::pin::Pin<&mut core::pin::Pin<&mut dyn core::future::future::Future<Output = ()>>>>::{closure#0}, core::option::Option<()>>::{closure#0}, (alloc::boxed::Box<tokio::runtime::scheduler::current_thread::Core>, core::option::Option<()>)>
[INFO] [stdout]    6: <tokio::runtime::scheduler::current_thread::CoreGuard>::block_on::<core::pin::Pin<&mut core::pin::Pin<&mut dyn core::future::future::Future<Output = ()>>>>
[INFO] [stdout]    7: tokio::runtime::context::runtime::enter_runtime::<<tokio::runtime::scheduler::current_thread::CurrentThread>::block_on<core::pin::Pin<&mut dyn core::future::future::Future<Output = ()>>>::{closure#0}, ()>
[INFO] [stdout]    8: <tokio::runtime::runtime::Runtime>::block_on_inner::<core::pin::Pin<&mut dyn core::future::future::Future<Output = ()>>>
[INFO] [stdout]    9: squill::db::tests::last_applied_out_of_order
[INFO] [stdout]   10: <squill::db::tests::last_applied_out_of_order::{closure#0} as core::ops::function::FnOnce<()>>::call_once
[INFO] [stdout]   11: test::__rust_begin_short_backtrace::<core::result::Result<(), alloc::string::String>, fn() -> core::result::Result<(), alloc::string::String>>
[INFO] [stdout]   12: test::run_test::{closure#0}
[INFO] [stdout]   13: std::sys::backtrace::__rust_begin_short_backtrace::<test::run_test::{closure#1}, ()>
[INFO] [stdout]   14: <std::thread::lifecycle::spawn_unchecked<test::run_test::{closure#1}, ()>::{closure#1} as core::ops::function::FnOnce<()>>::call_once::{shim:vtable#0}
[INFO] [stdout]   15: <std::sys::thread::unix::Thread>::new::thread_start
[INFO] [stdout]   16: <unknown>
[INFO] [stdout]   17: clone
[INFO] [stdout] stack backtrace:
[INFO] [stdout]    0:     0x5f9aa4a4cf81 - <<std[97b98282bc616a66]::sys::backtrace::BacktraceLock>::print::DisplayBacktrace as core[832e9a552fc17241]::fmt::Display>::fmt
[INFO] [stdout]    1:     0x5f9aa4a65c0a - core[832e9a552fc17241]::fmt::write
[INFO] [stdout]    2:     0x5f9aa4a5223c - <alloc[3ecab9f82c41dc7d]::vec::Vec<u8> as std[97b98282bc616a66]::io::Write>::write_fmt
[INFO] [stdout]    3:     0x5f9aa4a278e6 - std[97b98282bc616a66]::panicking::default_hook::{closure#0}
[INFO] [stdout]    4:     0x5f9aa4a436c9 - std[97b98282bc616a66]::panicking::default_hook
[INFO] [stdout]    5:     0x5f9aa468cdd0 - test[39766f3d73431624]::test_main_inner::<test[39766f3d73431624]::test_main_static::{closure#0}>::{closure#0}
[INFO] [stdout]    6:     0x5f9aa4a439f2 - std[97b98282bc616a66]::panicking::panic_with_hook
[INFO] [stdout]    7:     0x5f9aa4a27992 - std[97b98282bc616a66]::panicking::panic_handler::{closure#0}
[INFO] [stdout]    8:     0x5f9aa4a1e919 - std[97b98282bc616a66]::sys::backtrace::__rust_end_short_backtrace::<std[97b98282bc616a66]::panicking::panic_handler::{closure#0}, !>
[INFO] [stdout]    9:     0x5f9aa4a2888d - __rustc[e3d8617bb01b7f69]::rust_begin_unwind
[INFO] [stdout]   10:     0x5f9aa4a6642c - core[832e9a552fc17241]::panicking::panic_fmt
[INFO] [stdout]   11:     0x5f9aa4a66202 - core[832e9a552fc17241]::result::unwrap_failed
[INFO] [stdout]   12:     0x5f9aa46622bb - squill[df8cf7265cdb3992]::db::tests::last_applied_out_of_order::{closure#0}
[INFO] [stdout]   13:     0x5f9aa4677af3 - <tokio[60504813c4259630]::runtime::scheduler::current_thread::Context>::enter::<core[832e9a552fc17241]::task::poll::Poll<()>, <tokio[60504813c4259630]::runtime::scheduler::current_thread::CoreGuard>::block_on<core[832e9a552fc17241]::pin::Pin<&mut core[832e9a552fc17241]::pin::Pin<&mut dyn core[832e9a552fc17241]::future::future::Future<Output = ()>>>>::{closure#0}::{closure#0}>
[INFO] [stdout]   14:     0x5f9aa461c382 - <tokio[60504813c4259630]::runtime::context::scoped::Scoped<tokio[60504813c4259630]::runtime::scheduler::Context>>::set::<<tokio[60504813c4259630]::runtime::scheduler::current_thread::CoreGuard>::enter<<tokio[60504813c4259630]::runtime::scheduler::current_thread::CoreGuard>::block_on<core[832e9a552fc17241]::pin::Pin<&mut core[832e9a552fc17241]::pin::Pin<&mut dyn core[832e9a552fc17241]::future::future::Future<Output = ()>>>>::{closure#0}, core[832e9a552fc17241]::option::Option<()>>::{closure#0}, (alloc[3ecab9f82c41dc7d]::boxed::Box<tokio[60504813c4259630]::runtime::scheduler::current_thread::Core>, core[832e9a552fc17241]::option::Option<()>)>
[INFO] [stdout]   15:     0x5f9aa4678027 - <tokio[60504813c4259630]::runtime::scheduler::current_thread::CoreGuard>::block_on::<core[832e9a552fc17241]::pin::Pin<&mut core[832e9a552fc17241]::pin::Pin<&mut dyn core[832e9a552fc17241]::future::future::Future<Output = ()>>>>
[INFO] [stdout]   16:     0x5f9aa464f173 - tokio[60504813c4259630]::runtime::context::runtime::enter_runtime::<<tokio[60504813c4259630]::runtime::scheduler::current_thread::CurrentThread>::block_on<core[832e9a552fc17241]::pin::Pin<&mut dyn core[832e9a552fc17241]::future::future::Future<Output = ()>>>::{closure#0}, ()>
[INFO] [stdout]   17:     0x5f9aa4613cb5 - <tokio[60504813c4259630]::runtime::runtime::Runtime>::block_on_inner::<core[832e9a552fc17241]::pin::Pin<&mut dyn core[832e9a552fc17241]::future::future::Future<Output = ()>>>
[INFO] [stdout]   18:     0x5f9aa4662c4b - squill[df8cf7265cdb3992]::db::tests::last_applied_out_of_order
[INFO] [stdout]   19:     0x5f9aa4638289 - <squill[df8cf7265cdb3992]::db::tests::last_applied_out_of_order::{closure#0} as core[832e9a552fc17241]::ops::function::FnOnce<()>>::call_once
[INFO] [stdout]   20:     0x5f9aa468010b - test[39766f3d73431624]::__rust_begin_short_backtrace::<core[832e9a552fc17241]::result::Result<(), alloc[3ecab9f82c41dc7d]::string::String>, fn() -> core[832e9a552fc17241]::result::Result<(), alloc[3ecab9f82c41dc7d]::string::String>>
[INFO] [stdout]   21:     0x5f9aa468d755 - test[39766f3d73431624]::run_test::{closure#0}
[INFO] [stdout]   22:     0x5f9aa4688204 - std[97b98282bc616a66]::sys::backtrace::__rust_begin_short_backtrace::<test[39766f3d73431624]::run_test::{closure#1}, ()>
[INFO] [stdout]   23:     0x5f9aa46908a2 - <std[97b98282bc616a66]::thread::lifecycle::spawn_unchecked<test[39766f3d73431624]::run_test::{closure#1}, ()>::{closure#1} as core[832e9a552fc17241]::ops::function::FnOnce<()>>::call_once::{shim:vtable#0}
[INFO] [stdout]   24:     0x5f9aa4a4bbcf - <std[97b98282bc616a66]::sys::thread::unix::Thread>::new::thread_start
[INFO] [stdout]   25:     0x742c46bf407a - <unknown>
[INFO] [stdout]   26:     0x742c46c87534 - clone
[INFO] [stdout]   27:                0x0 - <unknown>
[INFO] [stdout] 
[INFO] [stdout] ---- db::tests::missing_table stdout ----
[INFO] [stdout] 
[INFO] [stdout] thread 'db::tests::missing_table' (5116) panicked at squill/src/db.rs:91:40:
[INFO] [stdout] called `Result::unwrap()` on an `Err` value: error communicating with database: Connection refused (os error 111)
[INFO] [stdout] 
[INFO] [stdout] Caused by:
[INFO] [stdout]     Connection refused (os error 111)
[INFO] [stdout] 
[INFO] [stdout] Stack backtrace:
[INFO] [stdout]    0: <anyhow::Error as core::convert::From<sqlx_core::error::Error>>::from
[INFO] [stdout]    1: <squill::testing::TestEnv>::new::{closure#0}
[INFO] [stdout]    2: squill::db::tests::missing_table::{closure#0}
[INFO] [stdout]    3: <tokio::runtime::scheduler::current_thread::Context>::enter::<core::task::poll::Poll<()>, <tokio::runtime::scheduler::current_thread::CoreGuard>::block_on<core::pin::Pin<&mut core::pin::Pin<&mut dyn core::future::future::Future<Output = ()>>>>::{closure#0}::{closure#0}>
[INFO] [stdout]    4: <tokio::runtime::context::scoped::Scoped<tokio::runtime::scheduler::Context>>::set::<<tokio::runtime::scheduler::current_thread::CoreGuard>::enter<<tokio::runtime::scheduler::current_thread::CoreGuard>::block_on<core::pin::Pin<&mut core::pin::Pin<&mut dyn core::future::future::Future<Output = ()>>>>::{closure#0}, core::option::Option<()>>::{closure#0}, (alloc::boxed::Box<tokio::runtime::scheduler::current_thread::Core>, core::option::Option<()>)>
[INFO] [stdout]    5: <tokio::runtime::scheduler::current_thread::CoreGuard>::block_on::<core::pin::Pin<&mut core::pin::Pin<&mut dyn core::future::future::Future<Output = ()>>>>
[INFO] [stdout]    6: tokio::runtime::context::runtime::enter_runtime::<<tokio::runtime::scheduler::current_thread::CurrentThread>::block_on<core::pin::Pin<&mut dyn core::future::future::Future<Output = ()>>>::{closure#0}, ()>
[INFO] [stdout]    7: <tokio::runtime::runtime::Runtime>::block_on_inner::<core::pin::Pin<&mut dyn core::future::future::Future<Output = ()>>>
[INFO] [stdout]    8: squill::db::tests::missing_table
[INFO] [stdout]    9: <squill::db::tests::missing_table::{closure#0} as core::ops::function::FnOnce<()>>::call_once
[INFO] [stdout]   10: test::__rust_begin_short_backtrace::<core::result::Result<(), alloc::string::String>, fn() -> core::result::Result<(), alloc::string::String>>
[INFO] [stdout]   11: test::run_test::{closure#0}
[INFO] [stdout]   12: std::sys::backtrace::__rust_begin_short_backtrace::<test::run_test::{closure#1}, ()>
[INFO] [stdout]   13: <std::thread::lifecycle::spawn_unchecked<test::run_test::{closure#1}, ()>::{closure#1} as core::ops::function::FnOnce<()>>::call_once::{shim:vtable#0}
[INFO] [stdout]   14: <std::sys::thread::unix::Thread>::new::thread_start
[INFO] [stdout]   15: <unknown>
[INFO] [stdout]   16: clone
[INFO] [stdout] stack backtrace:
[INFO] [stdout]    0:     0x5f9aa4a4cf81 - <<std[97b98282bc616a66]::sys::backtrace::BacktraceLock>::print::DisplayBacktrace as core[832e9a552fc17241]::fmt::Display>::fmt
[INFO] [stdout]    1:     0x5f9aa4a65c0a - core[832e9a552fc17241]::fmt::write
[INFO] [stdout]    2:     0x5f9aa4a5223c - <alloc[3ecab9f82c41dc7d]::vec::Vec<u8> as std[97b98282bc616a66]::io::Write>::write_fmt
[INFO] [stdout]    3:     0x5f9aa4a278e6 - std[97b98282bc616a66]::panicking::default_hook::{closure#0}
[INFO] [stdout]    4:     0x5f9aa4a436c9 - std[97b98282bc616a66]::panicking::default_hook
[INFO] [stdout]    5:     0x5f9aa468cdd0 - test[39766f3d73431624]::test_main_inner::<test[39766f3d73431624]::test_main_static::{closure#0}>::{closure#0}
[INFO] [stdout]    6:     0x5f9aa4a439f2 - std[97b98282bc616a66]::panicking::panic_with_hook
[INFO] [stdout]    7:     0x5f9aa4a27992 - std[97b98282bc616a66]::panicking::panic_handler::{closure#0}
[INFO] [stdout]    8:     0x5f9aa4a1e919 - std[97b98282bc616a66]::sys::backtrace::__rust_end_short_backtrace::<std[97b98282bc616a66]::panicking::panic_handler::{closure#0}, !>
[INFO] [stdout]    9:     0x5f9aa4a2888d - __rustc[e3d8617bb01b7f69]::rust_begin_unwind
[INFO] [stdout]   10:     0x5f9aa4a6642c - core[832e9a552fc17241]::panicking::panic_fmt
[INFO] [stdout]   11:     0x5f9aa4a66202 - core[832e9a552fc17241]::result::unwrap_failed
[INFO] [stdout]   12:     0x5f9aa4660806 - squill[df8cf7265cdb3992]::db::tests::missing_table::{closure#0}
[INFO] [stdout]   13:     0x5f9aa4677af3 - <tokio[60504813c4259630]::runtime::scheduler::current_thread::Context>::enter::<core[832e9a552fc17241]::task::poll::Poll<()>, <tokio[60504813c4259630]::runtime::scheduler::current_thread::CoreGuard>::block_on<core[832e9a552fc17241]::pin::Pin<&mut core[832e9a552fc17241]::pin::Pin<&mut dyn core[832e9a552fc17241]::future::future::Future<Output = ()>>>>::{closure#0}::{closure#0}>
[INFO] [stdout]   14:     0x5f9aa461c382 - <tokio[60504813c4259630]::runtime::context::scoped::Scoped<tokio[60504813c4259630]::runtime::scheduler::Context>>::set::<<tokio[60504813c4259630]::runtime::scheduler::current_thread::CoreGuard>::enter<<tokio[60504813c4259630]::runtime::scheduler::current_thread::CoreGuard>::block_on<core[832e9a552fc17241]::pin::Pin<&mut core[832e9a552fc17241]::pin::Pin<&mut dyn core[832e9a552fc17241]::future::future::Future<Output = ()>>>>::{closure#0}, core[832e9a552fc17241]::option::Option<()>>::{closure#0}, (alloc[3ecab9f82c41dc7d]::boxed::Box<tokio[60504813c4259630]::runtime::scheduler::current_thread::Core>, core[832e9a552fc17241]::option::Option<()>)>
[INFO] [stdout]   15:     0x5f9aa4678027 - <tokio[60504813c4259630]::runtime::scheduler::current_thread::CoreGuard>::block_on::<core[832e9a552fc17241]::pin::Pin<&mut core[832e9a552fc17241]::pin::Pin<&mut dyn core[832e9a552fc17241]::future::future::Future<Output = ()>>>>
[INFO] [stdout]   16:     0x5f9aa464f173 - tokio[60504813c4259630]::runtime::context::runtime::enter_runtime::<<tokio[60504813c4259630]::runtime::scheduler::current_thread::CurrentThread>::block_on<core[832e9a552fc17241]::pin::Pin<&mut dyn core[832e9a552fc17241]::future::future::Future<Output = ()>>>::{closure#0}, ()>
[INFO] [stdout]   17:     0x5f9aa4613cb5 - <tokio[60504813c4259630]::runtime::runtime::Runtime>::block_on_inner::<core[832e9a552fc17241]::pin::Pin<&mut dyn core[832e9a552fc17241]::future::future::Future<Output = ()>>>
[INFO] [stdout]   18:     0x5f9aa466285b - squill[df8cf7265cdb3992]::db::tests::missing_table
[INFO] [stdout]   19:     0x5f9aa4638229 - <squill[df8cf7265cdb3992]::db::tests::missing_table::{closure#0} as core[832e9a552fc17241]::ops::function::FnOnce<()>>::call_once
[INFO] [stdout]   20:     0x5f9aa468010b - test[39766f3d73431624]::__rust_begin_short_backtrace::<core[832e9a552fc17241]::result::Result<(), alloc[3ecab9f82c41dc7d]::string::String>, fn() -> core[832e9a552fc17241]::result::Result<(), alloc[3ecab9f82c41dc7d]::string::String>>
[INFO] [stdout]   21:     0x5f9aa468d755 - test[39766f3d73431624]::run_test::{closure#0}
[INFO] [stdout]   22:     0x5f9aa4688204 - std[97b98282bc616a66]::sys::backtrace::__rust_begin_short_backtrace::<test[39766f3d73431624]::run_test::{closure#1}, ()>
[INFO] [stdout]   23:     0x5f9aa46908a2 - <std[97b98282bc616a66]::thread::lifecycle::spawn_unchecked<test[39766f3d73431624]::run_test::{closure#1}, ()>::{closure#1} as core[832e9a552fc17241]::ops::function::FnOnce<()>>::call_once::{shim:vtable#0}
[INFO] [stdout]   24:     0x5f9aa4a4bbcf - <std[97b98282bc616a66]::sys::thread::unix::Thread>::new::thread_start
[INFO] [stdout]   25:     0x742c46bf407a - <unknown>
[INFO] [stdout]   26:     0x742c46c87534 - clone
[INFO] [stdout]   27:                0x0 - <unknown>
[INFO] [stdout] 
[INFO] [stdout] ---- config::tests::not_configured stdout ----
[INFO] [stdout] 
[INFO] [stdout] thread 'config::tests::not_configured' (5112) panicked at squill/src/config.rs:52:40:
[INFO] [stdout] called `Result::unwrap()` on an `Err` value: error communicating with database: Connection refused (os error 111)
[INFO] [stdout] 
[INFO] [stdout] Caused by:
[INFO] [stdout]     Connection refused (os error 111)
[INFO] [stdout] 
[INFO] [stdout] Stack backtrace:
[INFO] [stdout]    0: <anyhow::Error as core::convert::From<sqlx_core::error::Error>>::from
[INFO] [stdout]    1: <squill::testing::TestEnv>::new::{closure#0}
[INFO] [stdout]    2: squill::config::tests::not_configured::{closure#0}
[INFO] [stdout]    3: <tokio::runtime::scheduler::current_thread::Context>::enter::<core::task::poll::Poll<()>, <tokio::runtime::scheduler::current_thread::CoreGuard>::block_on<core::pin::Pin<&mut core::pin::Pin<&mut dyn core::future::future::Future<Output = ()>>>>::{closure#0}::{closure#0}>
[INFO] [stdout]    4: <tokio::runtime::context::scoped::Scoped<tokio::runtime::scheduler::Context>>::set::<<tokio::runtime::scheduler::current_thread::CoreGuard>::enter<<tokio::runtime::scheduler::current_thread::CoreGuard>::block_on<core::pin::Pin<&mut core::pin::Pin<&mut dyn core::future::future::Future<Output = ()>>>>::{closure#0}, core::option::Option<()>>::{closure#0}, (alloc::boxed::Box<tokio::runtime::scheduler::current_thread::Core>, core::option::Option<()>)>
[INFO] [stdout]    5: <tokio::runtime::scheduler::current_thread::CoreGuard>::block_on::<core::pin::Pin<&mut core::pin::Pin<&mut dyn core::future::future::Future<Output = ()>>>>
[INFO] [stdout]    6: tokio::runtime::context::runtime::enter_runtime::<<tokio::runtime::scheduler::current_thread::CurrentThread>::block_on<core::pin::Pin<&mut dyn core::future::future::Future<Output = ()>>>::{closure#0}, ()>
[INFO] [stdout]    7: <tokio::runtime::runtime::Runtime>::block_on_inner::<core::pin::Pin<&mut dyn core::future::future::Future<Output = ()>>>
[INFO] [stdout]    8: squill::config::tests::not_configured
[INFO] [stdout]    9: <squill::config::tests::not_configured::{closure#0} as core::ops::function::FnOnce<()>>::call_once
[INFO] [stdout]   10: test::__rust_begin_short_backtrace::<core::result::Result<(), alloc::string::String>, fn() -> core::result::Result<(), alloc::string::String>>
[INFO] [stdout]   11: test::run_test::{closure#0}
[INFO] [stdout]   12: std::sys::backtrace::__rust_begin_short_backtrace::<test::run_test::{closure#1}, ()>
[INFO] [stdout]   13: <std::thread::lifecycle::spawn_unchecked<test::run_test::{closure#1}, ()>::{closure#1} as core::ops::function::FnOnce<()>>::call_once::{shim:vtable#0}
[INFO] [stdout]   14: <std::sys::thread::unix::Thread>::new::thread_start
[INFO] [stdout]   15: <unknown>
[INFO] [stdout]   16: clone
[INFO] [stdout] stack backtrace:
[INFO] [stdout]    0:     0x5f9aa4a4cf81 - <<std[97b98282bc616a66]::sys::backtrace::BacktraceLock>::print::DisplayBacktrace as core[832e9a552fc17241]::fmt::Display>::fmt
[INFO] [stdout]    1:     0x5f9aa4a65c0a - core[832e9a552fc17241]::fmt::write
[INFO] [stdout]    2:     0x5f9aa4a5223c - <alloc[3ecab9f82c41dc7d]::vec::Vec<u8> as std[97b98282bc616a66]::io::Write>::write_fmt
[INFO] [stdout]    3:     0x5f9aa4a278e6 - std[97b98282bc616a66]::panicking::default_hook::{closure#0}
[INFO] [stdout]    4:     0x5f9aa4a436c9 - std[97b98282bc616a66]::panicking::default_hook
[INFO] [stdout]    5:     0x5f9aa468cdd0 - test[39766f3d73431624]::test_main_inner::<test[39766f3d73431624]::test_main_static::{closure#0}>::{closure#0}
[INFO] [stdout]    6:     0x5f9aa4a439f2 - std[97b98282bc616a66]::panicking::panic_with_hook
[INFO] [stdout]    7:     0x5f9aa4a27992 - std[97b98282bc616a66]::panicking::panic_handler::{closure#0}
[INFO] [stdout]    8:     0x5f9aa4a1e919 - std[97b98282bc616a66]::sys::backtrace::__rust_end_short_backtrace::<std[97b98282bc616a66]::panicking::panic_handler::{closure#0}, !>
[INFO] [stdout]    9:     0x5f9aa4a2888d - __rustc[e3d8617bb01b7f69]::rust_begin_unwind
[INFO] [stdout]   10:     0x5f9aa4a6642c - core[832e9a552fc17241]::panicking::panic_fmt
[INFO] [stdout]   11:     0x5f9aa4a66202 - core[832e9a552fc17241]::result::unwrap_failed
[INFO] [stdout]   12:     0x5f9aa4675989 - squill[df8cf7265cdb3992]::config::tests::not_configured::{closure#0}
[INFO] [stdout]   13:     0x5f9aa4677af3 - <tokio[60504813c4259630]::runtime::scheduler::current_thread::Context>::enter::<core[832e9a552fc17241]::task::poll::Poll<()>, <tokio[60504813c4259630]::runtime::scheduler::current_thread::CoreGuard>::block_on<core[832e9a552fc17241]::pin::Pin<&mut core[832e9a552fc17241]::pin::Pin<&mut dyn core[832e9a552fc17241]::future::future::Future<Output = ()>>>>::{closure#0}::{closure#0}>
[INFO] [stdout]   14:     0x5f9aa461c382 - <tokio[60504813c4259630]::runtime::context::scoped::Scoped<tokio[60504813c4259630]::runtime::scheduler::Context>>::set::<<tokio[60504813c4259630]::runtime::scheduler::current_thread::CoreGuard>::enter<<tokio[60504813c4259630]::runtime::scheduler::current_thread::CoreGuard>::block_on<core[832e9a552fc17241]::pin::Pin<&mut core[832e9a552fc17241]::pin::Pin<&mut dyn core[832e9a552fc17241]::future::future::Future<Output = ()>>>>::{closure#0}, core[832e9a552fc17241]::option::Option<()>>::{closure#0}, (alloc[3ecab9f82c41dc7d]::boxed::Box<tokio[60504813c4259630]::runtime::scheduler::current_thread::Core>, core[832e9a552fc17241]::option::Option<()>)>
[INFO] [stdout]   15:     0x5f9aa4678027 - <tokio[60504813c4259630]::runtime::scheduler::current_thread::CoreGuard>::block_on::<core[832e9a552fc17241]::pin::Pin<&mut core[832e9a552fc17241]::pin::Pin<&mut dyn core[832e9a552fc17241]::future::future::Future<Output = ()>>>>
[INFO] [stdout]   16:     0x5f9aa464f173 - tokio[60504813c4259630]::runtime::context::runtime::enter_runtime::<<tokio[60504813c4259630]::runtime::scheduler::current_thread::CurrentThread>::block_on<core[832e9a552fc17241]::pin::Pin<&mut dyn core[832e9a552fc17241]::future::future::Future<Output = ()>>>::{closure#0}, ()>
[INFO] [stdout]   17:     0x5f9aa4613cb5 - <tokio[60504813c4259630]::runtime::runtime::Runtime>::block_on_inner::<core[832e9a552fc17241]::pin::Pin<&mut dyn core[832e9a552fc17241]::future::future::Future<Output = ()>>>
[INFO] [stdout]   18:     0x5f9aa467603b - squill[df8cf7265cdb3992]::config::tests::not_configured
[INFO] [stdout]   19:     0x5f9aa46383a9 - <squill[df8cf7265cdb3992]::config::tests::not_configured::{closure#0} as core[832e9a552fc17241]::ops::function::FnOnce<()>>::call_once
[INFO] [stdout]   20:     0x5f9aa468010b - test[39766f3d73431624]::__rust_begin_short_backtrace::<core[832e9a552fc17241]::result::Result<(), alloc[3ecab9f82c41dc7d]::string::String>, fn() -> core[832e9a552fc17241]::result::Result<(), alloc[3ecab9f82c41dc7d]::string::String>>
[INFO] [stdout]   21:     0x5f9aa468d755 - test[39766f3d73431624]::run_test::{closure#0}
[INFO] [stdout]   22:     0x5f9aa4688204 - std[97b98282bc616a66]::sys::backtrace::__rust_begin_short_backtrace::<test[39766f3d73431624]::run_test::{closure#1}, ()>
[INFO] [stdout]   23:     0x5f9aa46908a2 - <std[97b98282bc616a66]::thread::lifecycle::spawn_unchecked<test[39766f3d73431624]::run_test::{closure#1}, ()>::{closure#1} as core[832e9a552fc17241]::ops::function::FnOnce<()>>::call_once::{shim:vtable#0}
[INFO] [stdout]   24:     0x5f9aa4a4bbcf - <std[97b98282bc616a66]::sys::thread::unix::Thread>::new::thread_start
[INFO] [stdout]   25:     0x742c46bf407a - <unknown>
[INFO] [stdout]   26:     0x742c46c87534 - clone
[INFO] [stdout]   27:                0x0 - <unknown>
[INFO] [stdout] 
[INFO] [stdout] ---- config::tests::connect stdout ----
[INFO] [stdout] 
[INFO] [stdout] thread 'config::tests::connect' (5110) panicked at squill/src/config.rs:43:40:
[INFO] [stdout] called `Result::unwrap()` on an `Err` value: error communicating with database: Connection refused (os error 111)
[INFO] [stdout] 
[INFO] [stdout] Caused by:
[INFO] [stdout]     Connection refused (os error 111)
[INFO] [stdout] 
[INFO] [stdout] Stack backtrace:
[INFO] [stdout]    0: <anyhow::Error as core::convert::From<sqlx_core::error::Error>>::from
[INFO] [stdout]    1: <squill::testing::TestEnv>::new::{closure#0}
[INFO] [stdout]    2: squill::config::tests::connect::{closure#0}
[INFO] [stdout]    3: <tokio::runtime::scheduler::current_thread::Context>::enter::<core::task::poll::Poll<()>, <tokio::runtime::scheduler::current_thread::CoreGuard>::block_on<core::pin::Pin<&mut core::pin::Pin<&mut dyn core::future::future::Future<Output = ()>>>>::{closure#0}::{closure#0}>
[INFO] [stdout]    4: <tokio::runtime::context::scoped::Scoped<tokio::runtime::scheduler::Context>>::set::<<tokio::runtime::scheduler::current_thread::CoreGuard>::enter<<tokio::runtime::scheduler::current_thread::CoreGuard>::block_on<core::pin::Pin<&mut core::pin::Pin<&mut dyn core::future::future::Future<Output = ()>>>>::{closure#0}, core::option::Option<()>>::{closure#0}, (alloc::boxed::Box<tokio::runtime::scheduler::current_thread::Core>, core::option::Option<()>)>
[INFO] [stdout]    5: <tokio::runtime::scheduler::current_thread::CoreGuard>::block_on::<core::pin::Pin<&mut core::pin::Pin<&mut dyn core::future::future::Future<Output = ()>>>>
[INFO] [stdout]    6: tokio::runtime::context::runtime::enter_runtime::<<tokio::runtime::scheduler::current_thread::CurrentThread>::block_on<core::pin::Pin<&mut dyn core::future::future::Future<Output = ()>>>::{closure#0}, ()>
[INFO] [stdout]    7: <tokio::runtime::runtime::Runtime>::block_on_inner::<core::pin::Pin<&mut dyn core::future::future::Future<Output = ()>>>
[INFO] [stdout]    8: squill::config::tests::connect
[INFO] [stdout]    9: <squill::config::tests::connect::{closure#0} as core::ops::function::FnOnce<()>>::call_once
[INFO] [stdout]   10: test::__rust_begin_short_backtrace::<core::result::Result<(), alloc::string::String>, fn() -> core::result::Result<(), alloc::string::String>>
[INFO] [stdout]   11: test::run_test::{closure#0}
[INFO] [stdout]   12: std::sys::backtrace::__rust_begin_short_backtrace::<test::run_test::{closure#1}, ()>
[INFO] [stdout]   13: <std::thread::lifecycle::spawn_unchecked<test::run_test::{closure#1}, ()>::{closure#1} as core::ops::function::FnOnce<()>>::call_once::{shim:vtable#0}
[INFO] [stdout]   14: <std::sys::thread::unix::Thread>::new::thread_start
[INFO] [stdout]   15: <unknown>
[INFO] [stdout]   16: clone
[INFO] [stdout] stack backtrace:
[INFO] [stdout]    0:     0x5f9aa4a4cf81 - <<std[97b98282bc616a66]::sys::backtrace::BacktraceLock>::print::DisplayBacktrace as core[832e9a552fc17241]::fmt::Display>::fmt
[INFO] [stdout]    1:     0x5f9aa4a65c0a - core[832e9a552fc17241]::fmt::write
[INFO] [stdout]    2:     0x5f9aa4a5223c - <alloc[3ecab9f82c41dc7d]::vec::Vec<u8> as std[97b98282bc616a66]::io::Write>::write_fmt
[INFO] [stdout]    3:     0x5f9aa4a278e6 - std[97b98282bc616a66]::panicking::default_hook::{closure#0}
[INFO] [stdout]    4:     0x5f9aa4a436c9 - std[97b98282bc616a66]::panicking::default_hook
[INFO] [stdout]    5:     0x5f9aa468cdd0 - test[39766f3d73431624]::test_main_inner::<test[39766f3d73431624]::test_main_static::{closure#0}>::{closure#0}
[INFO] [stdout]    6:     0x5f9aa4a439f2 - std[97b98282bc616a66]::panicking::panic_with_hook
[INFO] [stdout]    7:     0x5f9aa4a27992 - std[97b98282bc616a66]::panicking::panic_handler::{closure#0}
[INFO] [stdout]    8:     0x5f9aa4a1e919 - std[97b98282bc616a66]::sys::backtrace::__rust_end_short_backtrace::<std[97b98282bc616a66]::panicking::panic_handler::{closure#0}, !>
[INFO] [stdout]    9:     0x5f9aa4a2888d - __rustc[e3d8617bb01b7f69]::rust_begin_unwind
[INFO] [stdout]   10:     0x5f9aa4a6642c - core[832e9a552fc17241]::panicking::panic_fmt
[INFO] [stdout]   11:     0x5f9aa4a66202 - core[832e9a552fc17241]::result::unwrap_failed
[INFO] [stdout]   12:     0x5f9aa4675d6a - squill[df8cf7265cdb3992]::config::tests::connect::{closure#0}
[INFO] [stdout]   13:     0x5f9aa4677af3 - <tokio[60504813c4259630]::runtime::scheduler::current_thread::Context>::enter::<core[832e9a552fc17241]::task::poll::Poll<()>, <tokio[60504813c4259630]::runtime::scheduler::current_thread::CoreGuard>::block_on<core[832e9a552fc17241]::pin::Pin<&mut core[832e9a552fc17241]::pin::Pin<&mut dyn core[832e9a552fc17241]::future::future::Future<Output = ()>>>>::{closure#0}::{closure#0}>
[INFO] [stdout]   14:     0x5f9aa461c382 - <tokio[60504813c4259630]::runtime::context::scoped::Scoped<tokio[60504813c4259630]::runtime::scheduler::Context>>::set::<<tokio[60504813c4259630]::runtime::scheduler::current_thread::CoreGuard>::enter<<tokio[60504813c4259630]::runtime::scheduler::current_thread::CoreGuard>::block_on<core[832e9a552fc17241]::pin::Pin<&mut core[832e9a552fc17241]::pin::Pin<&mut dyn core[832e9a552fc17241]::future::future::Future<Output = ()>>>>::{closure#0}, core[832e9a552fc17241]::option::Option<()>>::{closure#0}, (alloc[3ecab9f82c41dc7d]::boxed::Box<tokio[60504813c4259630]::runtime::scheduler::current_thread::Core>, core[832e9a552fc17241]::option::Option<()>)>
[INFO] [stdout]   15:     0x5f9aa4678027 - <tokio[60504813c4259630]::runtime::scheduler::current_thread::CoreGuard>::block_on::<core[832e9a552fc17241]::pin::Pin<&mut core[832e9a552fc17241]::pin::Pin<&mut dyn core[832e9a552fc17241]::future::future::Future<Output = ()>>>>
[INFO] [stdout]   16:     0x5f9aa464f173 - tokio[60504813c4259630]::runtime::context::runtime::enter_runtime::<<tokio[60504813c4259630]::runtime::scheduler::current_thread::CurrentThread>::block_on<core[832e9a552fc17241]::pin::Pin<&mut dyn core[832e9a552fc17241]::future::future::Future<Output = ()>>>::{closure#0}, ()>
[INFO] [stdout]   17:     0x5f9aa4613cb5 - <tokio[60504813c4259630]::runtime::runtime::Runtime>::block_on_inner::<core[832e9a552fc17241]::pin::Pin<&mut dyn core[832e9a552fc17241]::future::future::Future<Output = ()>>>
[INFO] [stdout]   18:     0x5f9aa467618b - squill[df8cf7265cdb3992]::config::tests::connect
[INFO] [stdout]   19:     0x5f9aa46383c9 - <squill[df8cf7265cdb3992]::config::tests::connect::{closure#0} as core[832e9a552fc17241]::ops::function::FnOnce<()>>::call_once
[INFO] [stdout]   20:     0x5f9aa468010b - test[39766f3d73431624]::__rust_begin_short_backtrace::<core[832e9a552fc17241]::result::Result<(), alloc[3ecab9f82c41dc7d]::string::String>, fn() -> core[832e9a552fc17241]::result::Result<(), alloc[3ecab9f82c41dc7d]::string::String>>
[INFO] [stdout]   21:     0x5f9aa468d755 - test[39766f3d73431624]::run_test::{closure#0}
[INFO] [stdout]   22:     0x5f9aa4688204 - std[97b98282bc616a66]::sys::backtrace::__rust_begin_short_backtrace::<test[39766f3d73431624]::run_test::{closure#1}, ()>
[INFO] [stdout]   23:     0x5f9aa46908a2 - <std[97b98282bc616a66]::thread::lifecycle::spawn_unchecked<test[39766f3d73431624]::run_test::{closure#1}, ()>::{closure#1} as core[832e9a552fc17241]::ops::function::FnOnce<()>>::call_once::{shim:vtable#0}
[INFO] [stdout]   24:     0x5f9aa4a4bbcf - <std[97b98282bc616a66]::sys::thread::unix::Thread>::new::thread_start
[INFO] [stdout]   25:     0x742c46bf407a - <unknown>
[INFO] [stdout]   26:     0x742c46c87534 - clone
[INFO] [stdout]   27:                0x0 - <unknown>
[INFO] [stdout] 
[INFO] [stdout] ---- index::tests::create_migration stdout ----
[INFO] [stdout] 
[INFO] [stdout] thread 'index::tests::create_migration' (5126) panicked at squill/src/index.rs:330:40:
[INFO] [stdout] called `Result::unwrap()` on an `Err` value: error communicating with database: Connection refused (os error 111)
[INFO] [stdout] 
[INFO] [stdout] Caused by:
[INFO] [stdout]     Connection refused (os error 111)
[INFO] [stdout] 
[INFO] [stdout] Stack backtrace:
[INFO] [stdout]    0: <anyhow::Error as core::convert::From<sqlx_core::error::Error>>::from
[INFO] [stdout]    1: <squill::testing::TestEnv>::new::{closure#0}
[INFO] [stdout]    2: squill::index::tests::create_migration::{closure#0}
[INFO] [stdout]    3: <tokio::runtime::scheduler::current_thread::Context>::enter::<core::task::poll::Poll<()>, <tokio::runtime::scheduler::current_thread::CoreGuard>::block_on<core::pin::Pin<&mut core::pin::Pin<&mut dyn core::future::future::Future<Output = ()>>>>::{closure#0}::{closure#0}>
[INFO] [stdout]    4: <tokio::runtime::context::scoped::Scoped<tokio::runtime::scheduler::Context>>::set::<<tokio::runtime::scheduler::current_thread::CoreGuard>::enter<<tokio::runtime::scheduler::current_thread::CoreGuard>::block_on<core::pin::Pin<&mut core::pin::Pin<&mut dyn core::future::future::Future<Output = ()>>>>::{closure#0}, core::option::Option<()>>::{closure#0}, (alloc::boxed::Box<tokio::runtime::scheduler::current_thread::Core>, core::option::Option<()>)>
[INFO] [stdout]    5: <tokio::runtime::scheduler::current_thread::CoreGuard>::block_on::<core::pin::Pin<&mut core::pin::Pin<&mut dyn core::future::future::Future<Output = ()>>>>
[INFO] [stdout]    6: tokio::runtime::context::runtime::enter_runtime::<<tokio::runtime::scheduler::current_thread::CurrentThread>::block_on<core::pin::Pin<&mut dyn core::future::future::Future<Output = ()>>>::{closure#0}, ()>
[INFO] [stdout]    7: <tokio::runtime::runtime::Runtime>::block_on_inner::<core::pin::Pin<&mut dyn core::future::future::Future<Output = ()>>>
[INFO] [stdout]    8: squill::index::tests::create_migration
[INFO] [stdout]    9: <squill::index::tests::create_migration::{closure#0} as core::ops::function::FnOnce<()>>::call_once
[INFO] [stdout]   10: test::__rust_begin_short_backtrace::<core::result::Result<(), alloc::string::String>, fn() -> core::result::Result<(), alloc::string::String>>
[INFO] [stdout]   11: test::run_test::{closure#0}
[INFO] [stdout]   12: std::sys::backtrace::__rust_begin_short_backtrace::<test::run_test::{closure#1}, ()>
[INFO] [stdout]   13: <std::thread::lifecycle::spawn_unchecked<test::run_test::{closure#1}, ()>::{closure#1} as core::ops::function::FnOnce<()>>::call_once::{shim:vtable#0}
[INFO] [stdout]   14: <std::sys::thread::unix::Thread>::new::thread_start
[INFO] [stdout]   15: <unknown>
[INFO] [stdout]   16: clone
[INFO] [stdout] stack backtrace:
[INFO] [stdout]    0:     0x5f9aa4a4cf81 - <<std[97b98282bc616a66]::sys::backtrace::BacktraceLock>::print::DisplayBacktrace as core[832e9a552fc17241]::fmt::Display>::fmt
[INFO] [stdout]    1:     0x5f9aa4a65c0a - core[832e9a552fc17241]::fmt::write
[INFO] [stdout]    2:     0x5f9aa4a5223c - <alloc[3ecab9f82c41dc7d]::vec::Vec<u8> as std[97b98282bc616a66]::io::Write>::write_fmt
[INFO] [stdout]    3:     0x5f9aa4a278e6 - std[97b98282bc616a66]::panicking::default_hook::{closure#0}
[INFO] [stdout]    4:     0x5f9aa4a436c9 - std[97b98282bc616a66]::panicking::default_hook
[INFO] [stdout]    5:     0x5f9aa468cdd0 - test[39766f3d73431624]::test_main_inner::<test[39766f3d73431624]::test_main_static::{closure#0}>::{closure#0}
[INFO] [stdout]    6:     0x5f9aa4a439f2 - std[97b98282bc616a66]::panicking::panic_with_hook
[INFO] [stdout]    7:     0x5f9aa4a27992 - std[97b98282bc616a66]::panicking::panic_handler::{closure#0}
[INFO] [stdout]    8:     0x5f9aa4a1e919 - std[97b98282bc616a66]::sys::backtrace::__rust_end_short_backtrace::<std[97b98282bc616a66]::panicking::panic_handler::{closure#0}, !>
[INFO] [stdout]    9:     0x5f9aa4a2888d - __rustc[e3d8617bb01b7f69]::rust_begin_unwind
[INFO] [stdout]   10:     0x5f9aa4a6642c - core[832e9a552fc17241]::panicking::panic_fmt
[INFO] [stdout]   11:     0x5f9aa4a66202 - core[832e9a552fc17241]::result::unwrap_failed
[INFO] [stdout]   12:     0x5f9aa4628910 - squill[df8cf7265cdb3992]::index::tests::create_migration::{closure#0}
[INFO] [stdout]   13:     0x5f9aa4677af3 - <tokio[60504813c4259630]::runtime::scheduler::current_thread::Context>::enter::<core[832e9a552fc17241]::task::poll::Poll<()>, <tokio[60504813c4259630]::runtime::scheduler::current_thread::CoreGuard>::block_on<core[832e9a552fc17241]::pin::Pin<&mut core[832e9a552fc17241]::pin::Pin<&mut dyn core[832e9a552fc17241]::future::future::Future<Output = ()>>>>::{closure#0}::{closure#0}>
[INFO] [stdout]   14:     0x5f9aa461c382 - <tokio[60504813c4259630]::runtime::context::scoped::Scoped<tokio[60504813c4259630]::runtime::scheduler::Context>>::set::<<tokio[60504813c4259630]::runtime::scheduler::current_thread::CoreGuard>::enter<<tokio[60504813c4259630]::runtime::scheduler::current_thread::CoreGuard>::block_on<core[832e9a552fc17241]::pin::Pin<&mut core[832e9a552fc17241]::pin::Pin<&mut dyn core[832e9a552fc17241]::future::future::Future<Output = ()>>>>::{closure#0}, core[832e9a552fc17241]::option::Option<()>>::{closure#0}, (alloc[3ecab9f82c41dc7d]::boxed::Box<tokio[60504813c4259630]::runtime::scheduler::current_thread::Core>, core[832e9a552fc17241]::option::Option<()>)>
[INFO] [stdout]   15:     0x5f9aa4678027 - <tokio[60504813c4259630]::runtime::scheduler::current_thread::CoreGuard>::block_on::<core[832e9a552fc17241]::pin::Pin<&mut core[832e9a552fc17241]::pin::Pin<&mut dyn core[832e9a552fc17241]::future::future::Future<Output = ()>>>>
[INFO] [stdout]   16:     0x5f9aa464f173 - tokio[60504813c4259630]::runtime::context::runtime::enter_runtime::<<tokio[60504813c4259630]::runtime::scheduler::current_thread::CurrentThread>::block_on<core[832e9a552fc17241]::pin::Pin<&mut dyn core[832e9a552fc17241]::future::future::Future<Output = ()>>>::{closure#0}, ()>
[INFO] [stdout]   17:     0x5f9aa4613cb5 - <tokio[60504813c4259630]::runtime::runtime::Runtime>::block_on_inner::<core[832e9a552fc17241]::pin::Pin<&mut dyn core[832e9a552fc17241]::future::future::Future<Output = ()>>>
[INFO] [stdout]   18:     0x5f9aa462cbcb - squill[df8cf7265cdb3992]::index::tests::create_migration
[INFO] [stdout]   19:     0x5f9aa46382c9 - <squill[df8cf7265cdb3992]::index::tests::create_migration::{closure#0} as core[832e9a552fc17241]::ops::function::FnOnce<()>>::call_once
[INFO] [stdout]   20:     0x5f9aa468010b - test[39766f3d73431624]::__rust_begin_short_backtrace::<core[832e9a552fc17241]::result::Result<(), alloc[3ecab9f82c41dc7d]::string::String>, fn() -> core[832e9a552fc17241]::result::Result<(), alloc[3ecab9f82c41dc7d]::string::String>>
[INFO] [stdout]   21:     0x5f9aa468d755 - test[39766f3d73431624]::run_test::{closure#0}
[INFO] [stdout]   22:     0x5f9aa4688204 - std[97b98282bc616a66]::sys::backtrace::__rust_begin_short_backtrace::<test[39766f3d73431624]::run_test::{closure#1}, ()>
[INFO] [stdout]   23:     0x5f9aa46908a2 - <std[97b98282bc616a66]::thread::lifecycle::spawn_unchecked<test[39766f3d73431624]::run_test::{closure#1}, ()>::{closure#1} as core[832e9a552fc17241]::ops::function::FnOnce<()>>::call_once::{shim:vtable#0}
[INFO] [stdout]   24:     0x5f9aa4a4bbcf - <std[97b98282bc616a66]::sys::thread::unix::Thread>::new::thread_start
[INFO] [stdout]   25:     0x742c46bf407a - <unknown>
[INFO] [stdout]   26:     0x742c46c87534 - clone
[INFO] [stdout]   27:                0x0 - <unknown>
[INFO] [stdout] 
[INFO] [stdout] ---- index::tests::duplicate_migration_ids stdout ----
[INFO] [stdout] 
[INFO] [stdout] thread 'index::tests::duplicate_migration_ids' (5127) panicked at squill/src/index.rs:254:40:
[INFO] [stdout] called `Result::unwrap()` on an `Err` value: error communicating with database: Connection refused (os error 111)
[INFO] [stdout] 
[INFO] [stdout] Caused by:
[INFO] [stdout]     Connection refused (os error 111)
[INFO] [stdout] 
[INFO] [stdout] Stack backtrace:
[INFO] [stdout]    0: <anyhow::Error as core::convert::From<sqlx_core::error::Error>>::from
[INFO] [stdout]    1: <squill::testing::TestEnv>::new::{closure#0}
[INFO] [stdout]    2: squill::index::tests::duplicate_migration_ids::{closure#0}
[INFO] [stdout]    3: <tokio::runtime::scheduler::current_thread::Context>::enter::<core::task::poll::Poll<()>, <tokio::runtime::scheduler::current_thread::CoreGuard>::block_on<core::pin::Pin<&mut core::pin::Pin<&mut dyn core::future::future::Future<Output = ()>>>>::{closure#0}::{closure#0}>
[INFO] [stdout]    4: <tokio::runtime::context::scoped::Scoped<tokio::runtime::scheduler::Context>>::set::<<tokio::runtime::scheduler::current_thread::CoreGuard>::enter<<tokio::runtime::scheduler::current_thread::CoreGuard>::block_on<core::pin::Pin<&mut core::pin::Pin<&mut dyn core::future::future::Future<Output = ()>>>>::{closure#0}, core::option::Option<()>>::{closure#0}, (alloc::boxed::Box<tokio::runtime::scheduler::current_thread::Core>, core::option::Option<()>)>
[INFO] [stdout]    5: <tokio::runtime::scheduler::current_thread::CoreGuard>::block_on::<core::pin::Pin<&mut core::pin::Pin<&mut dyn core::future::future::Future<Output = ()>>>>
[INFO] [stdout]    6: tokio::runtime::context::runtime::enter_runtime::<<tokio::runtime::scheduler::current_thread::CurrentThread>::block_on<core::pin::Pin<&mut dyn core::future::future::Future<Output = ()>>>::{closure#0}, ()>
[INFO] [stdout]    7: <tokio::runtime::runtime::Runtime>::block_on_inner::<core::pin::Pin<&mut dyn core::future::future::Future<Output = ()>>>
[INFO] [stdout]    8: squill::index::tests::duplicate_migration_ids
[INFO] [stdout]    9: <squill::index::tests::duplicate_migration_ids::{closure#0} as core::ops::function::FnOnce<()>>::call_once
[INFO] [stdout]   10: test::__rust_begin_short_backtrace::<core::result::Result<(), alloc::string::String>, fn() -> core::result::Result<(), alloc::string::String>>
[INFO] [stdout]   11: test::run_test::{closure#0}
[INFO] [stdout]   12: std::sys::backtrace::__rust_begin_short_backtrace::<test::run_test::{closure#1}, ()>
[INFO] [stdout]   13: <std::thread::lifecycle::spawn_unchecked<test::run_test::{closure#1}, ()>::{closure#1} as core::ops::function::FnOnce<()>>::call_once::{shim:vtable#0}
[INFO] [stdout]   14: <std::sys::thread::unix::Thread>::new::thread_start
[INFO] [stdout]   15: <unknown>
[INFO] [stdout]   16: clone
[INFO] [stdout] stack backtrace:
[INFO] [stdout]    0:     0x5f9aa4a4cf81 - <<std[97b98282bc616a66]::sys::backtrace::BacktraceLock>::print::DisplayBacktrace as core[832e9a552fc17241]::fmt::Display>::fmt
[INFO] [stdout]    1:     0x5f9aa4a65c0a - core[832e9a552fc17241]::fmt::write
[INFO] [stdout]    2:     0x5f9aa4a5223c - <alloc[3ecab9f82c41dc7d]::vec::Vec<u8> as std[97b98282bc616a66]::io::Write>::write_fmt
[INFO] [stdout]    3:     0x5f9aa4a278e6 - std[97b98282bc616a66]::panicking::default_hook::{closure#0}
[INFO] [stdout]    4:     0x5f9aa4a436c9 - std[97b98282bc616a66]::panicking::default_hook
[INFO] [stdout]    5:     0x5f9aa468cdd0 - test[39766f3d73431624]::test_main_inner::<test[39766f3d73431624]::test_main_static::{closure#0}>::{closure#0}
[INFO] [stdout]    6:     0x5f9aa4a439f2 - std[97b98282bc616a66]::panicking::panic_with_hook
[INFO] [stdout]    7:     0x5f9aa4a27992 - std[97b98282bc616a66]::panicking::panic_handler::{closure#0}
[INFO] [stdout]    8:     0x5f9aa4a1e919 - std[97b98282bc616a66]::sys::backtrace::__rust_end_short_backtrace::<std[97b98282bc616a66]::panicking::panic_handler::{closure#0}, !>
[INFO] [stdout]    9:     0x5f9aa4a2888d - __rustc[e3d8617bb01b7f69]::rust_begin_unwind
[INFO] [stdout]   10:     0x5f9aa4a6642c - core[832e9a552fc17241]::panicking::panic_fmt
[INFO] [stdout]   11:     0x5f9aa4a66202 - core[832e9a552fc17241]::result::unwrap_failed
[INFO] [stdout]   12:     0x5f9aa462abf5 - squill[df8cf7265cdb3992]::index::tests::duplicate_migration_ids::{closure#0}
[INFO] [stdout]   13:     0x5f9aa4677af3 - <tokio[60504813c4259630]::runtime::scheduler::current_thread::Context>::enter::<core[832e9a552fc17241]::task::poll::Poll<()>, <tokio[60504813c4259630]::runtime::scheduler::current_thread::CoreGuard>::block_on<core[832e9a552fc17241]::pin::Pin<&mut core[832e9a552fc17241]::pin::Pin<&mut dyn core[832e9a552fc17241]::future::future::Future<Output = ()>>>>::{closure#0}::{closure#0}>
[INFO] [stdout]   14:     0x5f9aa461c382 - <tokio[60504813c4259630]::runtime::context::scoped::Scoped<tokio[60504813c4259630]::runtime::scheduler::Context>>::set::<<tokio[60504813c4259630]::runtime::scheduler::current_thread::CoreGuard>::enter<<tokio[60504813c4259630]::runtime::scheduler::current_thread::CoreGuard>::block_on<core[832e9a552fc17241]::pin::Pin<&mut core[832e9a552fc17241]::pin::Pin<&mut dyn core[832e9a552fc17241]::future::future::Future<Output = ()>>>>::{closure#0}, core[832e9a552fc17241]::option::Option<()>>::{closure#0}, (alloc[3ecab9f82c41dc7d]::boxed::Box<tokio[60504813c4259630]::runtime::scheduler::current_thread::Core>, core[832e9a552fc17241]::option::Option<()>)>
[INFO] [stdout]   15:     0x5f9aa4678027 - <tokio[60504813c4259630]::runtime::scheduler::current_thread::CoreGuard>::block_on::<core[832e9a552fc17241]::pin::Pin<&mut core[832e9a552fc17241]::pin::Pin<&mut dyn core[832e9a552fc17241]::future::future::Future<Output = ()>>>>
[INFO] [stdout]   16:     0x5f9aa464f173 - tokio[60504813c4259630]::runtime::context::runtime::enter_runtime::<<tokio[60504813c4259630]::runtime::scheduler::current_thread::CurrentThread>::block_on<core[832e9a552fc17241]::pin::Pin<&mut dyn core[832e9a552fc17241]::future::future::Future<Output = ()>>>::{closure#0}, ()>
[INFO] [stdout]   17:     0x5f9aa4613cb5 - <tokio[60504813c4259630]::runtime::runtime::Runtime>::block_on_inner::<core[832e9a552fc17241]::pin::Pin<&mut dyn core[832e9a552fc17241]::future::future::Future<Output = ()>>>
[INFO] [stdout]   18:     0x5f9aa462d01b - squill[df8cf7265cdb3992]::index::tests::duplicate_migration_ids
[INFO] [stdout]   19:     0x5f9aa4638329 - <squill[df8cf7265cdb3992]::index::tests::duplicate_migration_ids::{closure#0} as core[832e9a552fc17241]::ops::function::FnOnce<()>>::call_once
[INFO] [stdout]   20:     0x5f9aa468010b - test[39766f3d73431624]::__rust_begin_short_backtrace::<core[832e9a552fc17241]::result::Result<(), alloc[3ecab9f82c41dc7d]::string::String>, fn() -> core[832e9a552fc17241]::result::Result<(), alloc[3ecab9f82c41dc7d]::string::String>>
[INFO] [stdout]   21:     0x5f9aa468d755 - test[39766f3d73431624]::run_test::{closure#0}
[INFO] [stdout]   22:     0x5f9aa4688204 - std[97b98282bc616a66]::sys::backtrace::__rust_begin_short_backtrace::<test[39766f3d73431624]::run_test::{closure#1}, ()>
[INFO] [stdout]   23:     0x5f9aa46908a2 - <std[97b98282bc616a66]::thread::lifecycle::spawn_unchecked<test[39766f3d73431624]::run_test::{closure#1}, ()>::{closure#1} as core[832e9a552fc17241]::ops::function::FnOnce<()>>::call_once::{shim:vtable#0}
[INFO] [stdout]   24:     0x5f9aa4a4bbcf - <std[97b98282bc616a66]::sys::thread::unix::Thread>::new::thread_start
[INFO] [stdout]   25:     0x742c46bf407a - <unknown>
[INFO] [stdout]   26:     0x742c46c87534 - clone
[INFO] [stdout]   27:                0x0 - <unknown>
[INFO] [stdout] 
[INFO] [stdout] ---- db::tests::last_applied_init stdout ----
[INFO] [stdout] 
[INFO] [stdout] thread 'db::tests::last_applied_init' (5113) panicked at squill/src/db.rs:117:48:
[INFO] [stdout] called `Result::unwrap()` on an `Err` value: error communicating with database: Connection refused (os error 111)
[INFO] [stdout] 
[INFO] [stdout] Caused by:
[INFO] [stdout]     Connection refused (os error 111)
[INFO] [stdout] 
[INFO] [stdout] Stack backtrace:
[INFO] [stdout]    0: <anyhow::Error as core::convert::From<sqlx_core::error::Error>>::from
[INFO] [stdout]    1: <squill::testing::TestEnv>::new::{closure#0}
[INFO] [stdout]    2: <squill::testing::TestEnv>::initialized::{closure#0}
[INFO] [stdout]    3: squill::db::tests::last_applied_init::{closure#0}
[INFO] [stdout]    4: <tokio::runtime::scheduler::current_thread::Context>::enter::<core::task::poll::Poll<()>, <tokio::runtime::scheduler::current_thread::CoreGuard>::block_on<core::pin::Pin<&mut core::pin::Pin<&mut dyn core::future::future::Future<Output = ()>>>>::{closure#0}::{closure#0}>
[INFO] [stdout]    5: <tokio::runtime::context::scoped::Scoped<tokio::runtime::scheduler::Context>>::set::<<tokio::runtime::scheduler::current_thread::CoreGuard>::enter<<tokio::runtime::scheduler::current_thread::CoreGuard>::block_on<core::pin::Pin<&mut core::pin::Pin<&mut dyn core::future::future::Future<Output = ()>>>>::{closure#0}, core::option::Option<()>>::{closure#0}, (alloc::boxed::Box<tokio::runtime::scheduler::current_thread::Core>, core::option::Option<()>)>
[INFO] [stdout]    6: <tokio::runtime::scheduler::current_thread::CoreGuard>::block_on::<core::pin::Pin<&mut core::pin::Pin<&mut dyn core::future::future::Future<Output = ()>>>>
[INFO] [stdout]    7: tokio::runtime::context::runtime::enter_runtime::<<tokio::runtime::scheduler::current_thread::CurrentThread>::block_on<core::pin::Pin<&mut dyn core::future::future::Future<Output = ()>>>::{closure#0}, ()>
[INFO] [stdout]    8: <tokio::runtime::runtime::Runtime>::block_on_inner::<core::pin::Pin<&mut dyn core::future::future::Future<Output = ()>>>
[INFO] [stdout]    9: squill::db::tests::last_applied_init
[INFO] [stdout]   10: <squill::db::tests::last_applied_init::{closure#0} as core::ops::function::FnOnce<()>>::call_once
[INFO] [stdout]   11: test::__rust_begin_short_backtrace::<core::result::Result<(), alloc::string::String>, fn() -> core::result::Result<(), alloc::string::String>>
[INFO] [stdout]   12: test::run_test::{closure#0}
[INFO] [stdout]   13: std::sys::backtrace::__rust_begin_short_backtrace::<test::run_test::{closure#1}, ()>
[INFO] [stdout]   14: <std::thread::lifecycle::spawn_unchecked<test::run_test::{closure#1}, ()>::{closure#1} as core::ops::function::FnOnce<()>>::call_once::{shim:vtable#0}
[INFO] [stdout]   15: <std::sys::thread::unix::Thread>::new::thread_start
[INFO] [stdout]   16: <unknown>
[INFO] [stdout]   17: clone
[INFO] [stdout] stack backtrace:
[INFO] [stdout]    0:     0x5f9aa4a4cf81 - <<std[97b98282bc616a66]::sys::backtrace::BacktraceLock>::print::DisplayBacktrace as core[832e9a552fc17241]::fmt::Display>::fmt
[INFO] [stdout]    1:     0x5f9aa4a65c0a - core[832e9a552fc17241]::fmt::write
[INFO] [stdout]    2:     0x5f9aa4a5223c - <alloc[3ecab9f82c41dc7d]::vec::Vec<u8> as std[97b98282bc616a66]::io::Write>::write_fmt
[INFO] [stdout]    3:     0x5f9aa4a278e6 - std[97b98282bc616a66]::panicking::default_hook::{closure#0}
[INFO] [stdout]    4:     0x5f9aa4a436c9 - std[97b98282bc616a66]::panicking::default_hook
[INFO] [stdout]    5:     0x5f9aa468cdd0 - test[39766f3d73431624]::test_main_inner::<test[39766f3d73431624]::test_main_static::{closure#0}>::{closure#0}
[INFO] [stdout]    6:     0x5f9aa4a439f2 - std[97b98282bc616a66]::panicking::panic_with_hook
[INFO] [stdout]    7:     0x5f9aa4a27992 - std[97b98282bc616a66]::panicking::panic_handler::{closure#0}
[INFO] [stdout]    8:     0x5f9aa4a1e919 - std[97b98282bc616a66]::sys::backtrace::__rust_end_short_backtrace::<std[97b98282bc616a66]::panicking::panic_handler::{closure#0}, !>
[INFO] [stdout]    9:     0x5f9aa4a2888d - __rustc[e3d8617bb01b7f69]::rust_begin_unwind
[INFO] [stdout]   10:     0x5f9aa4a6642c - core[832e9a552fc17241]::panicking::panic_fmt
[INFO] [stdout]   11:     0x5f9aa4a66202 - core[832e9a552fc17241]::result::unwrap_failed
[INFO] [stdout]   12:     0x5f9aa4660f9c - squill[df8cf7265cdb3992]::db::tests::last_applied_init::{closure#0}
[INFO] [stdout]   13:     0x5f9aa4677af3 - <tokio[60504813c4259630]::runtime::scheduler::current_thread::Context>::enter::<core[832e9a552fc17241]::task::poll::Poll<()>, <tokio[60504813c4259630]::runtime::scheduler::current_thread::CoreGuard>::block_on<core[832e9a552fc17241]::pin::Pin<&mut core[832e9a552fc17241]::pin::Pin<&mut dyn core[832e9a552fc17241]::future::future::Future<Output = ()>>>>::{closure#0}::{closure#0}>
[INFO] [stdout]   14:     0x5f9aa461c382 - <tokio[60504813c4259630]::runtime::context::scoped::Scoped<tokio[60504813c4259630]::runtime::scheduler::Context>>::set::<<tokio[60504813c4259630]::runtime::scheduler::current_thread::CoreGuard>::enter<<tokio[60504813c4259630]::runtime::scheduler::current_thread::CoreGuard>::block_on<core[832e9a552fc17241]::pin::Pin<&mut core[832e9a552fc17241]::pin::Pin<&mut dyn core[832e9a552fc17241]::future::future::Future<Output = ()>>>>::{closure#0}, core[832e9a552fc17241]::option::Option<()>>::{closure#0}, (alloc[3ecab9f82c41dc7d]::boxed::Box<tokio[60504813c4259630]::runtime::scheduler::current_thread::Core>, core[832e9a552fc17241]::option::Option<()>)>
[INFO] [stdout]   15:     0x5f9aa4678027 - <tokio[60504813c4259630]::runtime::scheduler::current_thread::CoreGuard>::block_on::<core[832e9a552fc17241]::pin::Pin<&mut core[832e9a552fc17241]::pin::Pin<&mut dyn core[832e9a552fc17241]::future::future::Future<Output = ()>>>>
[INFO] [stdout]   16:     0x5f9aa464f173 - tokio[60504813c4259630]::runtime::context::runtime::enter_runtime::<<tokio[60504813c4259630]::runtime::scheduler::current_thread::CurrentThread>::block_on<core[832e9a552fc17241]::pin::Pin<&mut dyn core[832e9a552fc17241]::future::future::Future<Output = ()>>>::{closure#0}, ()>
[INFO] [stdout]   17:     0x5f9aa4613cb5 - <tokio[60504813c4259630]::runtime::runtime::Runtime>::block_on_inner::<core[832e9a552fc17241]::pin::Pin<&mut dyn core[832e9a552fc17241]::future::future::Future<Output = ()>>>
[INFO] [stdout]   18:     0x5f9aa46629ab - squill[df8cf7265cdb3992]::db::tests::last_applied_init
[INFO] [stdout]   19:     0x5f9aa4638249 - <squill[df8cf7265cdb3992]::db::tests::last_applied_init::{closure#0} as core[832e9a552fc17241]::ops::function::FnOnce<()>>::call_once
[INFO] [stdout]   20:     0x5f9aa468010b - test[39766f3d73431624]::__rust_begin_short_backtrace::<core[832e9a552fc17241]::result::Result<(), alloc[3ecab9f82c41dc7d]::string::String>, fn() -> core[832e9a552fc17241]::result::Result<(), alloc[3ecab9f82c41dc7d]::string::String>>
[INFO] [stdout]   21:     0x5f9aa468d755 - test[39766f3d73431624]::run_test::{closure#0}
[INFO] [stdout]   22:     0x5f9aa4688204 - std[97b98282bc616a66]::sys::backtrace::__rust_begin_short_backtrace::<test[39766f3d73431624]::run_test::{closure#1}, ()>
[INFO] [stdout]   23:     0x5f9aa46908a2 - <std[97b98282bc616a66]::thread::lifecycle::spawn_unchecked<test[39766f3d73431624]::run_test::{closure#1}, ()>::{closure#1} as core[832e9a552fc17241]::ops::function::FnOnce<()>>::call_once::{shim:vtable#0}
[INFO] [stdout]   24:     0x5f9aa4a4bbcf - <std[97b98282bc616a66]::sys::thread::unix::Thread>::new::thread_start
[INFO] [stdout]   25:     0x742c46bf407a - <unknown>
[INFO] [stdout]   26:     0x742c46c87534 - clone
[INFO] [stdout]   27:                0x0 - <unknown>
[INFO] [stdout] 
[INFO] [stdout] ---- index::tests::no_root_directory stdout ----
[INFO] [stdout] 
[INFO] [stdout] thread 'index::tests::no_root_directory' (5134) panicked at squill/src/index.rs:241:40:
[INFO] [stdout] called `Result::unwrap()` on an `Err` value: error communicating with database: Connection refused (os error 111)
[INFO] [stdout] 
[INFO] [stdout] Caused by:
[INFO] [stdout]     Connection refused (os error 111)
[INFO] [stdout] 
[INFO] [stdout] Stack backtrace:
[INFO] [stdout]    0: <anyhow::Error as core::convert::From<sqlx_core::error::Error>>::from
[INFO] [stdout]    1: <squill::testing::TestEnv>::new::{closure#0}
[INFO] [stdout]    2: squill::index::tests::no_root_directory::{closure#0}
[INFO] [stdout]    3: <tokio::runtime::scheduler::current_thread::Context>::enter::<core::task::poll::Poll<()>, <tokio::runtime::scheduler::current_thread::CoreGuard>::block_on<core::pin::Pin<&mut core::pin::Pin<&mut dyn core::future::future::Future<Output = ()>>>>::{closure#0}::{closure#0}>
[INFO] [stdout]    4: <tokio::runtime::context::scoped::Scoped<tokio::runtime::scheduler::Context>>::set::<<tokio::runtime::scheduler::current_thread::CoreGuard>::enter<<tokio::runtime::scheduler::current_thread::CoreGuard>::block_on<core::pin::Pin<&mut core::pin::Pin<&mut dyn core::future::future::Future<Output = ()>>>>::{closure#0}, core::option::Option<()>>::{closure#0}, (alloc::boxed::Box<tokio::runtime::scheduler::current_thread::Core>, core::option::Option<()>)>
[INFO] [stdout]    5: <tokio::runtime::scheduler::current_thread::CoreGuard>::block_on::<core::pin::Pin<&mut core::pin::Pin<&mut dyn core::future::future::Future<Output = ()>>>>
[INFO] [stdout]    6: tokio::runtime::context::runtime::enter_runtime::<<tokio::runtime::scheduler::current_thread::CurrentThread>::block_on<core::pin::Pin<&mut dyn core::future::future::Future<Output = ()>>>::{closure#0}, ()>
[INFO] [stdout]    7: <tokio::runtime::runtime::Runtime>::block_on_inner::<core::pin::Pin<&mut dyn core::future::future::Future<Output = ()>>>
[INFO] [stdout]    8: squill::index::tests::no_root_directory
[INFO] [stdout]    9: <squill::index::tests::no_root_directory::{closure#0} as core::ops::function::FnOnce<()>>::call_once
[INFO] [stdout]   10: test::__rust_begin_short_backtrace::<core::result::Result<(), alloc::string::String>, fn() -> core::result::Result<(), alloc::string::String>>
[INFO] [stdout]   11: test::run_test::{closure#0}
[INFO] [stdout]   12: std::sys::backtrace::__rust_begin_short_backtrace::<test::run_test::{closure#1}, ()>
[INFO] [stdout]   13: <std::thread::lifecycle::spawn_unchecked<test::run_test::{closure#1}, ()>::{closure#1} as core::ops::function::FnOnce<()>>::call_once::{shim:vtable#0}
[INFO] [stdout]   14: <std::sys::thread::unix::Thread>::new::thread_start
[INFO] [stdout]   15: <unknown>
[INFO] [stdout]   16: clone
[INFO] [stdout] stack backtrace:
[INFO] [stdout]    0:     0x5f9aa4a4cf81 - <<std[97b98282bc616a66]::sys::backtrace::BacktraceLock>::print::DisplayBacktrace as core[832e9a552fc17241]::fmt::Display>::fmt
[INFO] [stdout]    1:     0x5f9aa4a65c0a - core[832e9a552fc17241]::fmt::write
[INFO] [stdout]    2:     0x5f9aa4a5223c - <alloc[3ecab9f82c41dc7d]::vec::Vec<u8> as std[97b98282bc616a66]::io::Write>::write_fmt
[INFO] [stdout]    3:     0x5f9aa4a278e6 - std[97b98282bc616a66]::panicking::default_hook::{closure#0}
[INFO] [stdout]    4:     0x5f9aa4a436c9 - std[97b98282bc616a66]::panicking::default_hook
[INFO] [stdout]    5:     0x5f9aa468cdd0 - test[39766f3d73431624]::test_main_inner::<test[39766f3d73431624]::test_main_static::{closure#0}>::{closure#0}
[INFO] [stdout]    6:     0x5f9aa4a439f2 - std[97b98282bc616a66]::panicking::panic_with_hook
[INFO] [stdout]    7:     0x5f9aa4a27992 - std[97b98282bc616a66]::panicking::panic_handler::{closure#0}
[INFO] [stdout]    8:     0x5f9aa4a1e919 - std[97b98282bc616a66]::sys::backtrace::__rust_end_short_backtrace::<std[97b98282bc616a66]::panicking::panic_handler::{closure#0}, !>
[INFO] [stdout]    9:     0x5f9aa4a2888d - __rustc[e3d8617bb01b7f69]::rust_begin_unwind
[INFO] [stdout]   10:     0x5f9aa4a6642c - core[832e9a552fc17241]::panicking::panic_fmt
[INFO] [stdout]   11:     0x5f9aa4a66202 - core[832e9a552fc17241]::result::unwrap_failed
[INFO] [stdout]   12:     0x5f9aa46290b3 - squill[df8cf7265cdb3992]::index::tests::no_root_directory::{closure#0}
[INFO] [stdout]   13:     0x5f9aa4677af3 - <tokio[60504813c4259630]::runtime::scheduler::current_thread::Context>::enter::<core[832e9a552fc17241]::task::poll::Poll<()>, <tokio[60504813c4259630]::runtime::scheduler::current_thread::CoreGuard>::block_on<core[832e9a552fc17241]::pin::Pin<&mut core[832e9a552fc17241]::pin::Pin<&mut dyn core[832e9a552fc17241]::future::future::Future<Output = ()>>>>::{closure#0}::{closure#0}>
[INFO] [stdout]   14:     0x5f9aa461c382 - <tokio[60504813c4259630]::runtime::context::scoped::Scoped<tokio[60504813c4259630]::runtime::scheduler::Context>>::set::<<tokio[60504813c4259630]::runtime::scheduler::current_thread::CoreGuard>::enter<<tokio[60504813c4259630]::runtime::scheduler::current_thread::CoreGuard>::block_on<core[832e9a552fc17241]::pin::Pin<&mut core[832e9a552fc17241]::pin::Pin<&mut dyn core[832e9a552fc17241]::future::future::Future<Output = ()>>>>::{closure#0}, core[832e9a552fc17241]::option::Option<()>>::{closure#0}, (alloc[3ecab9f82c41dc7d]::boxed::Box<tokio[60504813c4259630]::runtime::scheduler::current_thread::Core>, core[832e9a552fc17241]::option::Option<()>)>
[INFO] [stdout]   15:     0x5f9aa4678027 - <tokio[60504813c4259630]::runtime::scheduler::current_thread::CoreGuard>::block_on::<core[832e9a552fc17241]::pin::Pin<&mut core[832e9a552fc17241]::pin::Pin<&mut dyn core[832e9a552fc17241]::future::future::Future<Output = ()>>>>
[INFO] [stdout]   16:     0x5f9aa464f173 - tokio[60504813c4259630]::runtime::context::runtime::enter_runtime::<<tokio[60504813c4259630]::runtime::scheduler::current_thread::CurrentThread>::block_on<core[832e9a552fc17241]::pin::Pin<&mut dyn core[832e9a552fc17241]::future::future::Future<Output = ()>>>::{closure#0}, ()>
[INFO] [stdout]   17:     0x5f9aa4613cb5 - <tokio[60504813c4259630]::runtime::runtime::Runtime>::block_on_inner::<core[832e9a552fc17241]::pin::Pin<&mut dyn core[832e9a552fc17241]::future::future::Future<Output = ()>>>
[INFO] [stdout]   18:     0x5f9aa462cd3b - squill[df8cf7265cdb3992]::index::tests::no_root_directory
[INFO] [stdout]   19:     0x5f9aa46382e9 - <squill[df8cf7265cdb3992]::index::tests::no_root_directory::{closure#0} as core[832e9a552fc17241]::ops::function::FnOnce<()>>::call_once
[INFO] [stdout]   20:     0x5f9aa468010b - test[39766f3d73431624]::__rust_begin_short_backtrace::<core[832e9a552fc17241]::result::Result<(), alloc[3ecab9f82c41dc7d]::string::String>, fn() -> core[832e9a552fc17241]::result::Result<(), alloc[3ecab9f82c41dc7d]::string::String>>
[INFO] [stdout]   21:     0x5f9aa468d755 - test[39766f3d73431624]::run_test::{closure#0}
[INFO] [stdout]   22:     0x5f9aa4688204 - std[97b98282bc616a66]::sys::backtrace::__rust_begin_short_backtrace::<test[39766f3d73431624]::run_test::{closure#1}, ()>
[INFO] [stdout]   23:     0x5f9aa46908a2 - <std[97b98282bc616a66]::thread::lifecycle::spawn_unchecked<test[39766f3d73431624]::run_test::{closure#1}, ()>::{closure#1} as core[832e9a552fc17241]::ops::function::FnOnce<()>>::call_once::{shim:vtable#0}
[INFO] [stdout]   24:     0x5f9aa4a4bbcf - <std[97b98282bc616a66]::sys::thread::unix::Thread>::new::thread_start
[INFO] [stdout]   25:     0x742c46bf407a - <unknown>
[INFO] [stdout]   26:     0x742c46c87534 - clone
[INFO] [stdout]   27:                0x0 - <unknown>
[INFO] [stdout] 
[INFO] [stdout] ---- index::tests::empty stdout ----
[INFO] [stdout] 
[INFO] [stdout] thread 'index::tests::empty' (5130) panicked at squill/src/index.rs:232:40:
[INFO] [stdout] called `Result::unwrap()` on an `Err` value: error communicating with database: Connection refused (os error 111)
[INFO] [stdout] 
[INFO] [stdout] Caused by:
[INFO] [stdout]     Connection refused (os error 111)
[INFO] [stdout] 
[INFO] [stdout] Stack backtrace:
[INFO] [stdout]    0: <anyhow::Error as core::convert::From<sqlx_core::error::Error>>::from
[INFO] [stdout]    1: <squill::testing::TestEnv>::new::{closure#0}
[INFO] [stdout]    2: squill::index::tests::empty::{closure#0}
[INFO] [stdout]    3: <tokio::runtime::scheduler::current_thread::Context>::enter::<core::task::poll::Poll<()>, <tokio::runtime::scheduler::current_thread::CoreGuard>::block_on<core::pin::Pin<&mut core::pin::Pin<&mut dyn core::future::future::Future<Output = ()>>>>::{closure#0}::{closure#0}>
[INFO] [stdout]    4: <tokio::runtime::context::scoped::Scoped<tokio::runtime::scheduler::Context>>::set::<<tokio::runtime::scheduler::current_thread::CoreGuard>::enter<<tokio::runtime::scheduler::current_thread::CoreGuard>::block_on<core::pin::Pin<&mut core::pin::Pin<&mut dyn core::future::future::Future<Output = ()>>>>::{closure#0}, core::option::Option<()>>::{closure#0}, (alloc::boxed::Box<tokio::runtime::scheduler::current_thread::Core>, core::option::Option<()>)>
[INFO] [stdout]    5: <tokio::runtime::scheduler::current_thread::CoreGuard>::block_on::<core::pin::Pin<&mut core::pin::Pin<&mut dyn core::future::future::Future<Output = ()>>>>
[INFO] [stdout]    6: tokio::runtime::context::runtime::enter_runtime::<<tokio::runtime::scheduler::current_thread::CurrentThread>::block_on<core::pin::Pin<&mut dyn core::future::future::Future<Output = ()>>>::{closure#0}, ()>
[INFO] [stdout]    7: <tokio::runtime::runtime::Runtime>::block_on_inner::<core::pin::Pin<&mut dyn core::future::future::Future<Output = ()>>>
[INFO] [stdout]    8: squill::index::tests::empty
[INFO] [stdout]    9: <squill::index::tests::empty::{closure#0} as core::ops::function::FnOnce<()>>::call_once
[INFO] [stdout]   10: test::__rust_begin_short_backtrace::<core::result::Result<(), alloc::string::String>, fn() -> core::result::Result<(), alloc::string::String>>
[INFO] [stdout]   11: test::run_test::{closure#0}
[INFO] [stdout]   12: std::sys::backtrace::__rust_begin_short_backtrace::<test::run_test::{closure#1}, ()>
[INFO] [stdout]   13: <std::thread::lifecycle::spawn_unchecked<test::run_test::{closure#1}, ()>::{closure#1} as core::ops::function::FnOnce<()>>::call_once::{shim:vtable#0}
[INFO] [stdout]   14: <std::sys::thread::unix::Thread>::new::thread_start
[INFO] [stdout]   15: <unknown>
[INFO] [stdout]   16: clone
[INFO] [stdout] stack backtrace:
[INFO] [stdout]    0:     0x5f9aa4a4cf81 - <<std[97b98282bc616a66]::sys::backtrace::BacktraceLock>::print::DisplayBacktrace as core[832e9a552fc17241]::fmt::Display>::fmt
[INFO] [stdout]    1:     0x5f9aa4a65c0a - core[832e9a552fc17241]::fmt::write
[INFO] [stdout]    2:     0x5f9aa4a5223c - <alloc[3ecab9f82c41dc7d]::vec::Vec<u8> as std[97b98282bc616a66]::io::Write>::write_fmt
[INFO] [stdout]    3:     0x5f9aa4a278e6 - std[97b98282bc616a66]::panicking::default_hook::{closure#0}
[INFO] [stdout]    4:     0x5f9aa4a436c9 - std[97b98282bc616a66]::panicking::default_hook
[INFO] [stdout]    5:     0x5f9aa468cdd0 - test[39766f3d73431624]::test_main_inner::<test[39766f3d73431624]::test_main_static::{closure#0}>::{closure#0}
[INFO] [stdout]    6:     0x5f9aa4a439f2 - std[97b98282bc616a66]::panicking::panic_with_hook
[INFO] [stdout]    7:     0x5f9aa4a27992 - std[97b98282bc616a66]::panicking::panic_handler::{closure#0}
[INFO] [stdout]    8:     0x5f9aa4a1e919 - std[97b98282bc616a66]::sys::backtrace::__rust_end_short_backtrace::<std[97b98282bc616a66]::panicking::panic_handler::{closure#0}, !>
[INFO] [stdout]    9:     0x5f9aa4a2888d - __rustc[e3d8617bb01b7f69]::rust_begin_unwind
[INFO] [stdout]   10:     0x5f9aa4a6642c - core[832e9a552fc17241]::panicking::panic_fmt
[INFO] [stdout]   11:     0x5f9aa4a66202 - core[832e9a552fc17241]::result::unwrap_failed
[INFO] [stdout]   12:     0x5f9aa462bd33 - squill[df8cf7265cdb3992]::index::tests::empty::{closure#0}
[INFO] [stdout]   13:     0x5f9aa4677af3 - <tokio[60504813c4259630]::runtime::scheduler::current_thread::Context>::enter::<core[832e9a552fc17241]::task::poll::Poll<()>, <tokio[60504813c4259630]::runtime::scheduler::current_thread::CoreGuard>::block_on<core[832e9a552fc17241]::pin::Pin<&mut core[832e9a552fc17241]::pin::Pin<&mut dyn core[832e9a552fc17241]::future::future::Future<Output = ()>>>>::{closure#0}::{closure#0}>
[INFO] [stdout]   14:     0x5f9aa461c382 - <tokio[60504813c4259630]::runtime::context::scoped::Scoped<tokio[60504813c4259630]::runtime::scheduler::Context>>::set::<<tokio[60504813c4259630]::runtime::scheduler::current_thread::CoreGuard>::enter<<tokio[60504813c4259630]::runtime::scheduler::current_thread::CoreGuard>::block_on<core[832e9a552fc17241]::pin::Pin<&mut core[832e9a552fc17241]::pin::Pin<&mut dyn core[832e9a552fc17241]::future::future::Future<Output = ()>>>>::{closure#0}, core[832e9a552fc17241]::option::Option<()>>::{closure#0}, (alloc[3ecab9f82c41dc7d]::boxed::Box<tokio[60504813c4259630]::runtime::scheduler::current_thread::Core>, core[832e9a552fc17241]::option::Option<()>)>
[INFO] [stdout]   15:     0x5f9aa4678027 - <tokio[60504813c4259630]::runtime::scheduler::current_thread::CoreGuard>::block_on::<core[832e9a552fc17241]::pin::Pin<&mut core[832e9a552fc17241]::pin::Pin<&mut dyn core[832e9a552fc17241]::future::future::Future<Output = ()>>>>
[INFO] [stdout]   16:     0x5f9aa464f173 - tokio[60504813c4259630]::runtime::context::runtime::enter_runtime::<<tokio[60504813c4259630]::runtime::scheduler::current_thread::CurrentThread>::block_on<core[832e9a552fc17241]::pin::Pin<&mut dyn core[832e9a552fc17241]::future::future::Future<Output = ()>>>::{closure#0}, ()>
[INFO] [stdout]   17:     0x5f9aa4613cb5 - <tokio[60504813c4259630]::runtime::runtime::Runtime>::block_on_inner::<core[832e9a552fc17241]::pin::Pin<&mut dyn core[832e9a552fc17241]::future::future::Future<Output = ()>>>
[INFO] [stdout]   18:     0x5f9aa462d2fb - squill[df8cf7265cdb3992]::index::tests::empty
[INFO] [stdout]   19:     0x5f9aa4638369 - <squill[df8cf7265cdb3992]::index::tests::empty::{closure#0} as core[832e9a552fc17241]::ops::function::FnOnce<()>>::call_once
[INFO] [stdout]   20:     0x5f9aa468010b - test[39766f3d73431624]::__rust_begin_short_backtrace::<core[832e9a552fc17241]::result::Result<(), alloc[3ecab9f82c41dc7d]::string::String>, fn() -> core[832e9a552fc17241]::result::Result<(), alloc[3ecab9f82c41dc7d]::string::String>>
[INFO] [stdout]   21:     0x5f9aa468d755 - test[39766f3d73431624]::run_test::{closure#0}
[INFO] [stdout]   22:     0x5f9aa4688204 - std[97b98282bc616a66]::sys::backtrace::__rust_begin_short_backtrace::<test[39766f3d73431624]::run_test::{closure#1}, ()>
[INFO] [stdout]   23:     0x5f9aa46908a2 - <std[97b98282bc616a66]::thread::lifecycle::spawn_unchecked<test[39766f3d73431624]::run_test::{closure#1}, ()>::{closure#1} as core[832e9a552fc17241]::ops::function::FnOnce<()>>::call_once::{shim:vtable#0}
[INFO] [stdout]   24:     0x5f9aa4a4bbcf - <std[97b98282bc616a66]::sys::thread::unix::Thread>::new::thread_start
[INFO] [stdout]   25:     0x742c46bf407a - <unknown>
[INFO] [stdout]   26:     0x742c46c87534 - clone
[INFO] [stdout]   27:                0x0 - <unknown>
[INFO] [stdout] 
[INFO] [stdout] ---- index::tests::extra_files stdout ----
[INFO] [stdout] 
[INFO] [stdout] thread 'index::tests::extra_files' (5131) panicked at squill/src/index.rs:292:40:
[INFO] [stdout] called `Result::unwrap()` on an `Err` value: error communicating with database: Connection refused (os error 111)
[INFO] [stdout] 
[INFO] [stdout] Caused by:
[INFO] [stdout]     Connection refused (os error 111)
[INFO] [stdout] 
[INFO] [stdout] Stack backtrace:
[INFO] [stdout]    0: <anyhow::Error as core::convert::From<sqlx_core::error::Error>>::from
[INFO] [stdout]    1: <squill::testing::TestEnv>::new::{closure#0}
[INFO] [stdout]    2: squill::index::tests::extra_files::{closure#0}
[INFO] [stdout]    3: <tokio::runtime::scheduler::current_thread::Context>::enter::<core::task::poll::Poll<()>, <tokio::runtime::scheduler::current_thread::CoreGuard>::block_on<core::pin::Pin<&mut core::pin::Pin<&mut dyn core::future::future::Future<Output = ()>>>>::{closure#0}::{closure#0}>
[INFO] [stdout]    4: <tokio::runtime::context::scoped::Scoped<tokio::runtime::scheduler::Context>>::set::<<tokio::runtime::scheduler::current_thread::CoreGuard>::enter<<tokio::runtime::scheduler::current_thread::CoreGuard>::block_on<core::pin::Pin<&mut core::pin::Pin<&mut dyn core::future::future::Future<Output = ()>>>>::{closure#0}, core::option::Option<()>>::{closure#0}, (alloc::boxed::Box<tokio::runtime::scheduler::current_thread::Core>, core::option::Option<()>)>
[INFO] [stdout]    5: <tokio::runtime::scheduler::current_thread::CoreGuard>::block_on::<core::pin::Pin<&mut core::pin::Pin<&mut dyn core::future::future::Future<Output = ()>>>>
[INFO] [stdout]    6: tokio::runtime::context::runtime::enter_runtime::<<tokio::runtime::scheduler::current_thread::CurrentThread>::block_on<core::pin::Pin<&mut dyn core::future::future::Future<Output = ()>>>::{closure#0}, ()>
[INFO] [stdout]    7: <tokio::runtime::runtime::Runtime>::block_on_inner::<core::pin::Pin<&mut dyn core::future::future::Future<Output = ()>>>
[INFO] [stdout]    8: squill::index::tests::extra_files
[INFO] [stdout]    9: <squill::index::tests::extra_files::{closure#0} as core::ops::function::FnOnce<()>>::call_once
[INFO] [stdout]   10: test::__rust_begin_short_backtrace::<core::result::Result<(), alloc::string::String>, fn() -> core::result::Result<(), alloc::string::String>>
[INFO] [stdout]   11: test::run_test::{closure#0}
[INFO] [stdout]   12: std::sys::backtrace::__rust_begin_short_backtrace::<test::run_test::{closure#1}, ()>
[INFO] [stdout]   13: <std::thread::lifecycle::spawn_unchecked<test::run_test::{closure#1}, ()>::{closure#1} as core::ops::function::FnOnce<()>>::call_once::{shim:vtable#0}
[INFO] [stdout]   14: <std::sys::thread::unix::Thread>::new::thread_start
[INFO] [stdout]   15: <unknown>
[INFO] [stdout]   16: clone
[INFO] [stdout] stack backtrace:
[INFO] [stdout]    0:     0x5f9aa4a4cf81 - <<std[97b98282bc616a66]::sys::backtrace::BacktraceLock>::print::DisplayBacktrace as core[832e9a552fc17241]::fmt::Display>::fmt
[INFO] [stdout]    1:     0x5f9aa4a65c0a - core[832e9a552fc17241]::fmt::write
[INFO] [stdout]    2:     0x5f9aa4a5223c - <alloc[3ecab9f82c41dc7d]::vec::Vec<u8> as std[97b98282bc616a66]::io::Write>::write_fmt
[INFO] [stdout]    3:     0x5f9aa4a278e6 - std[97b98282bc616a66]::panicking::default_hook::{closure#0}
[INFO] [stdout]    4:     0x5f9aa4a436c9 - std[97b98282bc616a66]::panicking::default_hook
[INFO] [stdout]    5:     0x5f9aa468cdd0 - test[39766f3d73431624]::test_main_inner::<test[39766f3d73431624]::test_main_static::{closure#0}>::{closure#0}
[INFO] [stdout]    6:     0x5f9aa4a439f2 - std[97b98282bc616a66]::panicking::panic_with_hook
[INFO] [stdout]    7:     0x5f9aa4a27992 - std[97b98282bc616a66]::panicking::panic_handler::{closure#0}
[INFO] [stdout]    8:     0x5f9aa4a1e919 - std[97b98282bc616a66]::sys::backtrace::__rust_end_short_backtrace::<std[97b98282bc616a66]::panicking::panic_handler::{closure#0}, !>
[INFO] [stdout]    9:     0x5f9aa4a2888d - __rustc[e3d8617bb01b7f69]::rust_begin_unwind
[INFO] [stdout]   10:     0x5f9aa4a6642c - core[832e9a552fc17241]::panicking::panic_fmt
[INFO] [stdout]   11:     0x5f9aa4a66202 - core[832e9a552fc17241]::result::unwrap_failed
[INFO] [stdout]   12:     0x5f9aa4627f54 - squill[df8cf7265cdb3992]::index::tests::extra_files::{closure#0}
[INFO] [stdout]   13:     0x5f9aa4677af3 - <tokio[60504813c4259630]::runtime::scheduler::current_thread::Context>::enter::<core[832e9a552fc17241]::task::poll::Poll<()>, <tokio[60504813c4259630]::runtime::scheduler::current_thread::CoreGuard>::block_on<core[832e9a552fc17241]::pin::Pin<&mut core[832e9a552fc17241]::pin::Pin<&mut dyn core[832e9a552fc17241]::future::future::Future<Output = ()>>>>::{closure#0}::{closure#0}>
[INFO] [stdout]   14:     0x5f9aa461c382 - <tokio[60504813c4259630]::runtime::context::scoped::Scoped<tokio[60504813c4259630]::runtime::scheduler::Context>>::set::<<tokio[60504813c4259630]::runtime::scheduler::current_thread::CoreGuard>::enter<<tokio[60504813c4259630]::runtime::scheduler::current_thread::CoreGuard>::block_on<core[832e9a552fc17241]::pin::Pin<&mut core[832e9a552fc17241]::pin::Pin<&mut dyn core[832e9a552fc17241]::future::future::Future<Output = ()>>>>::{closure#0}, core[832e9a552fc17241]::option::Option<()>>::{closure#0}, (alloc[3ecab9f82c41dc7d]::boxed::Box<tokio[60504813c4259630]::runtime::scheduler::current_thread::Core>, core[832e9a552fc17241]::option::Option<()>)>
[INFO] [stdout]   15:     0x5f9aa4678027 - <tokio[60504813c4259630]::runtime::scheduler::current_thread::CoreGuard>::block_on::<core[832e9a552fc17241]::pin::Pin<&mut core[832e9a552fc17241]::pin::Pin<&mut dyn core[832e9a552fc17241]::future::future::Future<Output = ()>>>>
[INFO] [stdout]   16:     0x5f9aa464f173 - tokio[60504813c4259630]::runtime::context::runtime::enter_runtime::<<tokio[60504813c4259630]::runtime::scheduler::current_thread::CurrentThread>::block_on<core[832e9a552fc17241]::pin::Pin<&mut dyn core[832e9a552fc17241]::future::future::Future<Output = ()>>>::{closure#0}, ()>
[INFO] [stdout]   17:     0x5f9aa4613cb5 - <tokio[60504813c4259630]::runtime::runtime::Runtime>::block_on_inner::<core[832e9a552fc17241]::pin::Pin<&mut dyn core[832e9a552fc17241]::future::future::Future<Output = ()>>>
[INFO] [stdout]   18:     0x5f9aa462ca5b - squill[df8cf7265cdb3992]::index::tests::extra_files
[INFO] [stdout]   19:     0x5f9aa46382a9 - <squill[df8cf7265cdb3992]::index::tests::extra_files::{closure#0} as core[832e9a552fc17241]::ops::function::FnOnce<()>>::call_once
[INFO] [stdout]   20:     0x5f9aa468010b - test[39766f3d73431624]::__rust_begin_short_backtrace::<core[832e9a552fc17241]::result::Result<(), alloc[3ecab9f82c41dc7d]::string::String>, fn() -> core[832e9a552fc17241]::result::Result<(), alloc[3ecab9f82c41dc7d]::string::String>>
[INFO] [stdout]   21:     0x5f9aa468d755 - test[39766f3d73431624]::run_test::{closure#0}
[INFO] [stdout]   22:     0x5f9aa4688204 - std[97b98282bc616a66]::sys::backtrace::__rust_begin_short_backtrace::<test[39766f3d73431624]::run_test::{closure#1}, ()>
[INFO] [stdout]   23:     0x5f9aa46908a2 - <std[97b98282bc616a66]::thread::lifecycle::spawn_unchecked<test[39766f3d73431624]::run_test::{closure#1}, ()>::{closure#1} as core[832e9a552fc17241]::ops::function::FnOnce<()>>::call_once::{shim:vtable#0}
[INFO] [stdout]   24:     0x5f9aa4a4bbcf - <std[97b98282bc616a66]::sys::thread::unix::Thread>::new::thread_start
[INFO] [stdout]   25:     0x742c46bf407a - <unknown>
[INFO] [stdout]   26:     0x742c46c87534 - clone
[INFO] [stdout]   27:                0x0 - <unknown>
[INFO] [stdout] 
[INFO] [stdout] ---- index::tests::migration_id_already_exists stdout ----
[INFO] [stdout] 
[INFO] [stdout] thread 'index::tests::migration_id_already_exists' (5132) panicked at squill/src/index.rs:304:40:
[INFO] [stdout] called `Result::unwrap()` on an `Err` value: error communicating with database: Connection refused (os error 111)
[INFO] [stdout] 
[INFO] [stdout] Caused by:
[INFO] [stdout]     Connection refused (os error 111)
[INFO] [stdout] 
[INFO] [stdout] Stack backtrace:
[INFO] [stdout]    0: <anyhow::Error as core::convert::From<sqlx_core::error::Error>>::from
[INFO] [stdout]    1: <squill::testing::TestEnv>::new::{closure#0}
[INFO] [stdout]    2: squill::index::tests::migration_id_already_exists::{closure#0}
[INFO] [stdout]    3: <tokio::runtime::scheduler::current_thread::Context>::enter::<core::task::poll::Poll<()>, <tokio::runtime::scheduler::current_thread::CoreGuard>::block_on<core::pin::Pin<&mut core::pin::Pin<&mut dyn core::future::future::Future<Output = ()>>>>::{closure#0}::{closure#0}>
[INFO] [stdout]    4: <tokio::runtime::context::scoped::Scoped<tokio::runtime::scheduler::Context>>::set::<<tokio::runtime::scheduler::current_thread::CoreGuard>::enter<<tokio::runtime::scheduler::current_thread::CoreGuard>::block_on<core::pin::Pin<&mut core::pin::Pin<&mut dyn core::future::future::Future<Output = ()>>>>::{closure#0}, core::option::Option<()>>::{closure#0}, (alloc::boxed::Box<tokio::runtime::scheduler::current_thread::Core>, core::option::Option<()>)>
[INFO] [stdout]    5: <tokio::runtime::scheduler::current_thread::CoreGuard>::block_on::<core::pin::Pin<&mut core::pin::Pin<&mut dyn core::future::future::Future<Output = ()>>>>
[INFO] [stdout]    6: tokio::runtime::context::runtime::enter_runtime::<<tokio::runtime::scheduler::current_thread::CurrentThread>::block_on<core::pin::Pin<&mut dyn core::future::future::Future<Output = ()>>>::{closure#0}, ()>
[INFO] [stdout]    7: <tokio::runtime::runtime::Runtime>::block_on_inner::<core::pin::Pin<&mut dyn core::future::future::Future<Output = ()>>>
[INFO] [stdout]    8: squill::index::tests::migration_id_already_exists
[INFO] [stdout]    9: <squill::index::tests::migration_id_already_exists::{closure#0} as core::ops::function::FnOnce<()>>::call_once
[INFO] [stdout]   10: test::__rust_begin_short_backtrace::<core::result::Result<(), alloc::string::String>, fn() -> core::result::Result<(), alloc::string::String>>
[INFO] [stdout]   11: test::run_test::{closure#0}
[INFO] [stdout]   12: std::sys::backtrace::__rust_begin_short_backtrace::<test::run_test::{closure#1}, ()>
[INFO] [stdout]   13: <std::thread::lifecycle::spawn_unchecked<test::run_test::{closure#1}, ()>::{closure#1} as core::ops::function::FnOnce<()>>::call_once::{shim:vtable#0}
[INFO] [stdout]   14: <std::sys::thread::unix::Thread>::new::thread_start
[INFO] [stdout]   15: <unknown>
[INFO] [stdout]   16: clone
[INFO] [stdout] stack backtrace:
[INFO] [stdout]    0:     0x5f9aa4a4cf81 - <<std[97b98282bc616a66]::sys::backtrace::BacktraceLock>::print::DisplayBacktrace as core[832e9a552fc17241]::fmt::Display>::fmt
[INFO] [stdout]    1:     0x5f9aa4a65c0a - core[832e9a552fc17241]::fmt::write
[INFO] [stdout]    2:     0x5f9aa4a5223c - <alloc[3ecab9f82c41dc7d]::vec::Vec<u8> as std[97b98282bc616a66]::io::Write>::write_fmt
[INFO] [stdout]    3:     0x5f9aa4a278e6 - std[97b98282bc616a66]::panicking::default_hook::{closure#0}
[INFO] [stdout]    4:     0x5f9aa4a436c9 - std[97b98282bc616a66]::panicking::default_hook
[INFO] [stdout]    5:     0x5f9aa468cdd0 - test[39766f3d73431624]::test_main_inner::<test[39766f3d73431624]::test_main_static::{closure#0}>::{closure#0}
[INFO] [stdout]    6:     0x5f9aa4a439f2 - std[97b98282bc616a66]::panicking::panic_with_hook
[INFO] [stdout]    7:     0x5f9aa4a27992 - std[97b98282bc616a66]::panicking::panic_handler::{closure#0}
[INFO] [stdout]    8:     0x5f9aa4a1e919 - std[97b98282bc616a66]::sys::backtrace::__rust_end_short_backtrace::<std[97b98282bc616a66]::panicking::panic_handler::{closure#0}, !>
[INFO] [stdout]    9:     0x5f9aa4a2888d - __rustc[e3d8617bb01b7f69]::rust_begin_unwind
[INFO] [stdout]   10:     0x5f9aa4a6642c - core[832e9a552fc17241]::panicking::panic_fmt
[INFO] [stdout]   11:     0x5f9aa4a66202 - core[832e9a552fc17241]::result::unwrap_failed
[INFO] [stdout]   12:     0x5f9aa462b781 - squill[df8cf7265cdb3992]::index::tests::migration_id_already_exists::{closure#0}
[INFO] [stdout]   13:     0x5f9aa4677af3 - <tokio[60504813c4259630]::runtime::scheduler::current_thread::Context>::enter::<core[832e9a552fc17241]::task::poll::Poll<()>, <tokio[60504813c4259630]::runtime::scheduler::current_thread::CoreGuard>::block_on<core[832e9a552fc17241]::pin::Pin<&mut core[832e9a552fc17241]::pin::Pin<&mut dyn core[832e9a552fc17241]::future::future::Future<Output = ()>>>>::{closure#0}::{closure#0}>
[INFO] [stdout]   14:     0x5f9aa461c382 - <tokio[60504813c4259630]::runtime::context::scoped::Scoped<tokio[60504813c4259630]::runtime::scheduler::Context>>::set::<<tokio[60504813c4259630]::runtime::scheduler::current_thread::CoreGuard>::enter<<tokio[60504813c4259630]::runtime::scheduler::current_thread::CoreGuard>::block_on<core[832e9a552fc17241]::pin::Pin<&mut core[832e9a552fc17241]::pin::Pin<&mut dyn core[832e9a552fc17241]::future::future::Future<Output = ()>>>>::{closure#0}, core[832e9a552fc17241]::option::Option<()>>::{closure#0}, (alloc[3ecab9f82c41dc7d]::boxed::Box<tokio[60504813c4259630]::runtime::scheduler::current_thread::Core>, core[832e9a552fc17241]::option::Option<()>)>
[INFO] [stdout]   15:     0x5f9aa4678027 - <tokio[60504813c4259630]::runtime::scheduler::current_thread::CoreGuard>::block_on::<core[832e9a552fc17241]::pin::Pin<&mut core[832e9a552fc17241]::pin::Pin<&mut dyn core[832e9a552fc17241]::future::future::Future<Output = ()>>>>
[INFO] [stdout]   16:     0x5f9aa464f173 - tokio[60504813c4259630]::runtime::context::runtime::enter_runtime::<<tokio[60504813c4259630]::runtime::scheduler::current_thread::CurrentThread>::block_on<core[832e9a552fc17241]::pin::Pin<&mut dyn core[832e9a552fc17241]::future::future::Future<Output = ()>>>::{closure#0}, ()>
[INFO] [stdout]   17:     0x5f9aa4613cb5 - <tokio[60504813c4259630]::runtime::runtime::Runtime>::block_on_inner::<core[832e9a552fc17241]::pin::Pin<&mut dyn core[832e9a552fc17241]::future::future::Future<Output = ()>>>
[INFO] [stdout]   18:     0x5f9aa462d18b - squill[df8cf7265cdb3992]::index::tests::migration_id_already_exists
[INFO] [stdout]   19:     0x5f9aa4638349 - <squill[df8cf7265cdb3992]::index::tests::migration_id_already_exists::{closure#0} as core[832e9a552fc17241]::ops::function::FnOnce<()>>::call_once
[INFO] [stdout]   20:     0x5f9aa468010b - test[39766f3d73431624]::__rust_begin_short_backtrace::<core[832e9a552fc17241]::result::Result<(), alloc[3ecab9f82c41dc7d]::string::String>, fn() -> core[832e9a552fc17241]::result::Result<(), alloc[3ecab9f82c41dc7d]::string::String>>
[INFO] [stdout]   21:     0x5f9aa468d755 - test[39766f3d73431624]::run_test::{closure#0}
[INFO] [stdout]   22:     0x5f9aa4688204 - std[97b98282bc616a66]::sys::backtrace::__rust_begin_short_backtrace::<test[39766f3d73431624]::run_test::{closure#1}, ()>
[INFO] [stdout]   23:     0x5f9aa46908a2 - <std[97b98282bc616a66]::thread::lifecycle::spawn_unchecked<test[39766f3d73431624]::run_test::{closure#1}, ()>::{closure#1} as core[832e9a552fc17241]::ops::function::FnOnce<()>>::call_once::{shim:vtable#0}
[INFO] [stdout]   24:     0x5f9aa4a4bbcf - <std[97b98282bc616a66]::sys::thread::unix::Thread>::new::thread_start
[INFO] [stdout]   25:     0x742c46bf407a - <unknown>
[INFO] [stdout]   26:     0x742c46c87534 - clone
[INFO] [stdout]   27:                0x0 - <unknown>
[INFO] [stdout] 
[INFO] [stdout] ---- template::tests::custom_templates_both stdout ----
[INFO] [stdout] 
[INFO] [stdout] thread 'template::tests::custom_templates_both' (5145) panicked at squill/src/template.rs:320:40:
[INFO] [stdout] called `Result::unwrap()` on an `Err` value: error communicating with database: Connection refused (os error 111)
[INFO] [stdout] 
[INFO] [stdout] Caused by:
[INFO] [stdout]     Connection refused (os error 111)
[INFO] [stdout] 
[INFO] [stdout] Stack backtrace:
[INFO] [stdout]    0: <anyhow::Error as core::convert::From<sqlx_core::error::Error>>::from
[INFO] [stdout]    1: <squill::testing::TestEnv>::new::{closure#0}
[INFO] [stdout]    2: squill::template::tests::custom_templates_both::{closure#0}
[INFO] [stdout]    3: <tokio::runtime::scheduler::current_thread::Context>::enter::<core::task::poll::Poll<()>, <tokio::runtime::scheduler::current_thread::CoreGuard>::block_on<core::pin::Pin<&mut core::pin::Pin<&mut dyn core::future::future::Future<Output = ()>>>>::{closure#0}::{closure#0}>
[INFO] [stdout]    4: <tokio::runtime::context::scoped::Scoped<tokio::runtime::scheduler::Context>>::set::<<tokio::runtime::scheduler::current_thread::CoreGuard>::enter<<tokio::runtime::scheduler::current_thread::CoreGuard>::block_on<core::pin::Pin<&mut core::pin::Pin<&mut dyn core::future::future::Future<Output = ()>>>>::{closure#0}, core::option::Option<()>>::{closure#0}, (alloc::boxed::Box<tokio::runtime::scheduler::current_thread::Core>, core::option::Option<()>)>
[INFO] [stdout]    5: <tokio::runtime::scheduler::current_thread::CoreGuard>::block_on::<core::pin::Pin<&mut core::pin::Pin<&mut dyn core::future::future::Future<Output = ()>>>>
[INFO] [stdout]    6: tokio::runtime::context::runtime::enter_runtime::<<tokio::runtime::scheduler::current_thread::CurrentThread>::block_on<core::pin::Pin<&mut dyn core::future::future::Future<Output = ()>>>::{closure#0}, ()>
[INFO] [stdout]    7: <tokio::runtime::runtime::Runtime>::block_on_inner::<core::pin::Pin<&mut dyn core::future::future::Future<Output = ()>>>
[INFO] [stdout]    8: squill::template::tests::custom_templates_both
[INFO] [stdout]    9: <squill::template::tests::custom_templates_both::{closure#0} as core::ops::function::FnOnce<()>>::call_once
[INFO] [stdout]   10: test::__rust_begin_short_backtrace::<core::result::Result<(), alloc::string::String>, fn() -> core::result::Result<(), alloc::string::String>>
[INFO] [stdout]   11: test::run_test::{closure#0}
[INFO] [stdout]   12: std::sys::backtrace::__rust_begin_short_backtrace::<test::run_test::{closure#1}, ()>
[INFO] [stdout]   13: <std::thread::lifecycle::spawn_unchecked<test::run_test::{closure#1}, ()>::{closure#1} as core::ops::function::FnOnce<()>>::call_once::{shim:vtable#0}
[INFO] [stdout]   14: <std::sys::thread::unix::Thread>::new::thread_start
[INFO] [stdout]   15: <unknown>
[INFO] [stdout]   16: clone
[INFO] [stdout] stack backtrace:
[INFO] [stdout]    0:     0x5f9aa4a4cf81 - <<std[97b98282bc616a66]::sys::backtrace::BacktraceLock>::print::DisplayBacktrace as core[832e9a552fc17241]::fmt::Display>::fmt
[INFO] [stdout]    1:     0x5f9aa4a65c0a - core[832e9a552fc17241]::fmt::write
[INFO] [stdout]    2:     0x5f9aa4a5223c - <alloc[3ecab9f82c41dc7d]::vec::Vec<u8> as std[97b98282bc616a66]::io::Write>::write_fmt
[INFO] [stdout]    3:     0x5f9aa4a278e6 - std[97b98282bc616a66]::panicking::default_hook::{closure#0}
[INFO] [stdout]    4:     0x5f9aa4a436c9 - std[97b98282bc616a66]::panicking::default_hook
[INFO] [stdout]    5:     0x5f9aa468cdd0 - test[39766f3d73431624]::test_main_inner::<test[39766f3d73431624]::test_main_static::{closure#0}>::{closure#0}
[INFO] [stdout]    6:     0x5f9aa4a439f2 - std[97b98282bc616a66]::panicking::panic_with_hook
[INFO] [stdout]    7:     0x5f9aa4a27992 - std[97b98282bc616a66]::panicking::panic_handler::{closure#0}
[INFO] [stdout]    8:     0x5f9aa4a1e919 - std[97b98282bc616a66]::sys::backtrace::__rust_end_short_backtrace::<std[97b98282bc616a66]::panicking::panic_handler::{closure#0}, !>
[INFO] [stdout]    9:     0x5f9aa4a2888d - __rustc[e3d8617bb01b7f69]::rust_begin_unwind
[INFO] [stdout]   10:     0x5f9aa4a6642c - core[832e9a552fc17241]::panicking::panic_fmt
[INFO] [stdout]   11:     0x5f9aa4a66202 - core[832e9a552fc17241]::result::unwrap_failed
[INFO] [stdout]   12:     0x5f9aa46566f2 - squill[df8cf7265cdb3992]::template::tests::custom_templates_both::{closure#0}
[INFO] [stdout]   13:     0x5f9aa4677af3 - <tokio[60504813c4259630]::runtime::scheduler::current_thread::Context>::enter::<core[832e9a552fc17241]::task::poll::Poll<()>, <tokio[60504813c4259630]::runtime::scheduler::current_thread::CoreGuard>::block_on<core[832e9a552fc17241]::pin::Pin<&mut core[832e9a552fc17241]::pin::Pin<&mut dyn core[832e9a552fc17241]::future::future::Future<Output = ()>>>>::{closure#0}::{closure#0}>
[INFO] [stdout]   14:     0x5f9aa461c382 - <tokio[60504813c4259630]::runtime::context::scoped::Scoped<tokio[60504813c4259630]::runtime::scheduler::Context>>::set::<<tokio[60504813c4259630]::runtime::scheduler::current_thread::CoreGuard>::enter<<tokio[60504813c4259630]::runtime::scheduler::current_thread::CoreGuard>::block_on<core[832e9a552fc17241]::pin::Pin<&mut core[832e9a552fc17241]::pin::Pin<&mut dyn core[832e9a552fc17241]::future::future::Future<Output = ()>>>>::{closure#0}, core[832e9a552fc17241]::option::Option<()>>::{closure#0}, (alloc[3ecab9f82c41dc7d]::boxed::Box<tokio[60504813c4259630]::runtime::scheduler::current_thread::Core>, core[832e9a552fc17241]::option::Option<()>)>
[INFO] [stdout]   15:     0x5f9aa4678027 - <tokio[60504813c4259630]::runtime::scheduler::current_thread::CoreGuard>::block_on::<core[832e9a552fc17241]::pin::Pin<&mut core[832e9a552fc17241]::pin::Pin<&mut dyn core[832e9a552fc17241]::future::future::Future<Output = ()>>>>
[INFO] [stdout]   16:     0x5f9aa464f173 - tokio[60504813c4259630]::runtime::context::runtime::enter_runtime::<<tokio[60504813c4259630]::runtime::scheduler::current_thread::CurrentThread>::block_on<core[832e9a552fc17241]::pin::Pin<&mut dyn core[832e9a552fc17241]::future::future::Future<Output = ()>>>::{closure#0}, ()>
[INFO] [stdout]   17:     0x5f9aa4613cb5 - <tokio[60504813c4259630]::runtime::runtime::Runtime>::block_on_inner::<core[832e9a552fc17241]::pin::Pin<&mut dyn core[832e9a552fc17241]::future::future::Future<Output = ()>>>
[INFO] [stdout]   18:     0x5f9aa46598fb - squill[df8cf7265cdb3992]::template::tests::custom_templates_both
[INFO] [stdout]   19:     0x5f9aa46384d9 - <squill[df8cf7265cdb3992]::template::tests::custom_templates_both::{closure#0} as core[832e9a552fc17241]::ops::function::FnOnce<()>>::call_once
[INFO] [stdout]   20:     0x5f9aa468010b - test[39766f3d73431624]::__rust_begin_short_backtrace::<core[832e9a552fc17241]::result::Result<(), alloc[3ecab9f82c41dc7d]::string::String>, fn() -> core[832e9a552fc17241]::result::Result<(), alloc[3ecab9f82c41dc7d]::string::String>>
[INFO] [stdout]   21:     0x5f9aa468d755 - test[39766f3d73431624]::run_test::{closure#0}
[INFO] [stdout]   22:     0x5f9aa4688204 - std[97b98282bc616a66]::sys::backtrace::__rust_begin_short_backtrace::<test[39766f3d73431624]::run_test::{closure#1}, ()>
[INFO] [stdout]   23:     0x5f9aa46908a2 - <std[97b98282bc616a66]::thread::lifecycle::spawn_unchecked<test[39766f3d73431624]::run_test::{closure#1}, ()>::{closure#1} as core[832e9a552fc17241]::ops::function::FnOnce<()>>::call_once::{shim:vtable#0}
[INFO] [stdout]   24:     0x5f9aa4a4bbcf - <std[97b98282bc616a66]::sys::thread::unix::Thread>::new::thread_start
[INFO] [stdout]   25:     0x742c46bf407a - <unknown>
[INFO] [stdout]   26:     0x742c46c87534 - clone
[INFO] [stdout]   27:                0x0 - <unknown>
[INFO] [stdout] 
[INFO] [stdout] ---- status::tests::pending_migrations stdout ----
[INFO] [stdout] 
[INFO] [stdout] thread 'status::tests::pending_migrations' (5139) panicked at squill/src/status.rs:135:48:
[INFO] [stdout] called `Result::unwrap()` on an `Err` value: error communicating with database: Connection refused (os error 111)
[INFO] [stdout] 
[INFO] [stdout] Caused by:
[INFO] [stdout]     Connection refused (os error 111)
[INFO] [stdout] 
[INFO] [stdout] Stack backtrace:
[INFO] [stdout]    0: <anyhow::Error as core::convert::From<sqlx_core::error::Error>>::from
[INFO] [stdout]    1: <squill::testing::TestEnv>::new::{closure#0}
[INFO] [stdout]    2: <squill::testing::TestEnv>::initialized::{closure#0}
[INFO] [stdout]    3: squill::status::tests::pending_migrations::{closure#0}
[INFO] [stdout]    4: <tokio::runtime::scheduler::current_thread::Context>::enter::<core::task::poll::Poll<()>, <tokio::runtime::scheduler::current_thread::CoreGuard>::block_on<core::pin::Pin<&mut core::pin::Pin<&mut dyn core::future::future::Future<Output = ()>>>>::{closure#0}::{closure#0}>
[INFO] [stdout]    5: <tokio::runtime::context::scoped::Scoped<tokio::runtime::scheduler::Context>>::set::<<tokio::runtime::scheduler::current_thread::CoreGuard>::enter<<tokio::runtime::scheduler::current_thread::CoreGuard>::block_on<core::pin::Pin<&mut core::pin::Pin<&mut dyn core::future::future::Future<Output = ()>>>>::{closure#0}, core::option::Option<()>>::{closure#0}, (alloc::boxed::Box<tokio::runtime::scheduler::current_thread::Core>, core::option::Option<()>)>
[INFO] [stdout]    6: <tokio::runtime::scheduler::current_thread::CoreGuard>::block_on::<core::pin::Pin<&mut core::pin::Pin<&mut dyn core::future::future::Future<Output = ()>>>>
[INFO] [stdout]    7: tokio::runtime::context::runtime::enter_runtime::<<tokio::runtime::scheduler::current_thread::CurrentThread>::block_on<core::pin::Pin<&mut dyn core::future::future::Future<Output = ()>>>::{closure#0}, ()>
[INFO] [stdout]    8: <tokio::runtime::runtime::Runtime>::block_on_inner::<core::pin::Pin<&mut dyn core::future::future::Future<Output = ()>>>
[INFO] [stdout]    9: squill::status::tests::pending_migrations
[INFO] [stdout]   10: <squill::status::tests::pending_migrations::{closure#0} as core::ops::function::FnOnce<()>>::call_once
[INFO] [stdout]   11: test::__rust_begin_short_backtrace::<core::result::Result<(), alloc::string::String>, fn() -> core::result::Result<(), alloc::string::String>>
[INFO] [stdout]   12: test::run_test::{closure#0}
[INFO] [stdout]   13: std::sys::backtrace::__rust_begin_short_backtrace::<test::run_test::{closure#1}, ()>
[INFO] [stdout]   14: <std::thread::lifecycle::spawn_unchecked<test::run_test::{closure#1}, ()>::{closure#1} as core::ops::function::FnOnce<()>>::call_once::{shim:vtable#0}
[INFO] [stdout]   15: <std::sys::thread::unix::Thread>::new::thread_start
[INFO] [stdout]   16: <unknown>
[INFO] [stdout]   17: clone
[INFO] [stdout] stack backtrace:
[INFO] [stdout]    0:     0x5f9aa4a4cf81 - <<std[97b98282bc616a66]::sys::backtrace::BacktraceLock>::print::DisplayBacktrace as core[832e9a552fc17241]::fmt::Display>::fmt
[INFO] [stdout]    1:     0x5f9aa4a65c0a - core[832e9a552fc17241]::fmt::write
[INFO] [stdout]    2:     0x5f9aa4a5223c - <alloc[3ecab9f82c41dc7d]::vec::Vec<u8> as std[97b98282bc616a66]::io::Write>::write_fmt
[INFO] [stdout]    3:     0x5f9aa4a278e6 - std[97b98282bc616a66]::panicking::default_hook::{closure#0}
[INFO] [stdout]    4:     0x5f9aa4a436c9 - std[97b98282bc616a66]::panicking::default_hook
[INFO] [stdout]    5:     0x5f9aa468cdd0 - test[39766f3d73431624]::test_main_inner::<test[39766f3d73431624]::test_main_static::{closure#0}>::{closure#0}
[INFO] [stdout]    6:     0x5f9aa4a439f2 - std[97b98282bc616a66]::panicking::panic_with_hook
[INFO] [stdout]    7:     0x5f9aa4a27992 - std[97b98282bc616a66]::panicking::panic_handler::{closure#0}
[INFO] [stdout]    8:     0x5f9aa4a1e919 - std[97b98282bc616a66]::sys::backtrace::__rust_end_short_backtrace::<std[97b98282bc616a66]::panicking::panic_handler::{closure#0}, !>
[INFO] [stdout]    9:     0x5f9aa4a2888d - __rustc[e3d8617bb01b7f69]::rust_begin_unwind
[INFO] [stdout]   10:     0x5f9aa4a6642c - core[832e9a552fc17241]::panicking::panic_fmt
[INFO] [stdout]   11:     0x5f9aa4a66202 - core[832e9a552fc17241]::result::unwrap_failed
[INFO] [stdout]   12:     0x5f9aa464a855 - squill[df8cf7265cdb3992]::status::tests::pending_migrations::{closure#0}
[INFO] [stdout]   13:     0x5f9aa4677af3 - <tokio[60504813c4259630]::runtime::scheduler::current_thread::Context>::enter::<core[832e9a552fc17241]::task::poll::Poll<()>, <tokio[60504813c4259630]::runtime::scheduler::current_thread::CoreGuard>::block_on<core[832e9a552fc17241]::pin::Pin<&mut core[832e9a552fc17241]::pin::Pin<&mut dyn core[832e9a552fc17241]::future::future::Future<Output = ()>>>>::{closure#0}::{closure#0}>
[INFO] [stdout]   14:     0x5f9aa461c382 - <tokio[60504813c4259630]::runtime::context::scoped::Scoped<tokio[60504813c4259630]::runtime::scheduler::Context>>::set::<<tokio[60504813c4259630]::runtime::scheduler::current_thread::CoreGuard>::enter<<tokio[60504813c4259630]::runtime::scheduler::current_thread::CoreGuard>::block_on<core[832e9a552fc17241]::pin::Pin<&mut core[832e9a552fc17241]::pin::Pin<&mut dyn core[832e9a552fc17241]::future::future::Future<Output = ()>>>>::{closure#0}, core[832e9a552fc17241]::option::Option<()>>::{closure#0}, (alloc[3ecab9f82c41dc7d]::boxed::Box<tokio[60504813c4259630]::runtime::scheduler::current_thread::Core>, core[832e9a552fc17241]::option::Option<()>)>
[INFO] [stdout]   15:     0x5f9aa4678027 - <tokio[60504813c4259630]::runtime::scheduler::current_thread::CoreGuard>::block_on::<core[832e9a552fc17241]::pin::Pin<&mut core[832e9a552fc17241]::pin::Pin<&mut dyn core[832e9a552fc17241]::future::future::Future<Output = ()>>>>
[INFO] [stdout]   16:     0x5f9aa464f173 - tokio[60504813c4259630]::runtime::context::runtime::enter_runtime::<<tokio[60504813c4259630]::runtime::scheduler::current_thread::CurrentThread>::block_on<core[832e9a552fc17241]::pin::Pin<&mut dyn core[832e9a552fc17241]::future::future::Future<Output = ()>>>::{closure#0}, ()>
[INFO] [stdout]   17:     0x5f9aa4613cb5 - <tokio[60504813c4259630]::runtime::runtime::Runtime>::block_on_inner::<core[832e9a552fc17241]::pin::Pin<&mut dyn core[832e9a552fc17241]::future::future::Future<Output = ()>>>
[INFO] [stdout]   18:     0x5f9aa464c09b - squill[df8cf7265cdb3992]::status::tests::pending_migrations
[INFO] [stdout]   19:     0x5f9aa4638429 - <squill[df8cf7265cdb3992]::status::tests::pending_migrations::{closure#0} as core[832e9a552fc17241]::ops::function::FnOnce<()>>::call_once
[INFO] [stdout]   20:     0x5f9aa468010b - test[39766f3d73431624]::__rust_begin_short_backtrace::<core[832e9a552fc17241]::result::Result<(), alloc[3ecab9f82c41dc7d]::string::String>, fn() -> core[832e9a552fc17241]::result::Result<(), alloc[3ecab9f82c41dc7d]::string::String>>
[INFO] [stdout]   21:     0x5f9aa468d755 - test[39766f3d73431624]::run_test::{closure#0}
[INFO] [stdout]   22:     0x5f9aa4688204 - std[97b98282bc616a66]::sys::backtrace::__rust_begin_short_backtrace::<test[39766f3d73431624]::run_test::{closure#1}, ()>
[INFO] [stdout]   23:     0x5f9aa46908a2 - <std[97b98282bc616a66]::thread::lifecycle::spawn_unchecked<test[39766f3d73431624]::run_test::{closure#1}, ()>::{closure#1} as core[832e9a552fc17241]::ops::function::FnOnce<()>>::call_once::{shim:vtable#0}
[INFO] [stdout]   24:     0x5f9aa4a4bbcf - <std[97b98282bc616a66]::sys::thread::unix::Thread>::new::thread_start
[INFO] [stdout]   25:     0x742c46bf407a - <unknown>
[INFO] [stdout]   26:     0x742c46c87534 - clone
[INFO] [stdout]   27:                0x0 - <unknown>
[INFO] [stdout] 
[INFO] [stdout] ---- status::tests::status_entries stdout ----
[INFO] [stdout] 
[INFO] [stdout] thread 'status::tests::status_entries' (5144) panicked at squill/src/status.rs:162:48:
[INFO] [stdout] called `Result::unwrap()` on an `Err` value: error communicating with database: Connection refused (os error 111)
[INFO] [stdout] 
[INFO] [stdout] Caused by:
[INFO] [stdout]     Connection refused (os error 111)
[INFO] [stdout] 
[INFO] [stdout] Stack backtrace:
[INFO] [stdout]    0: <anyhow::Error as core::convert::From<sqlx_core::error::Error>>::from
[INFO] [stdout]    1: <squill::testing::TestEnv>::new::{closure#0}
[INFO] [stdout]    2: <squill::testing::TestEnv>::initialized::{closure#0}
[INFO] [stdout]    3: squill::status::tests::status_entries::{closure#0}
[INFO] [stdout]    4: <tokio::runtime::scheduler::current_thread::Context>::enter::<core::task::poll::Poll<()>, <tokio::runtime::scheduler::current_thread::CoreGuard>::block_on<core::pin::Pin<&mut core::pin::Pin<&mut dyn core::future::future::Future<Output = ()>>>>::{closure#0}::{closure#0}>
[INFO] [stdout]    5: <tokio::runtime::context::scoped::Scoped<tokio::runtime::scheduler::Context>>::set::<<tokio::runtime::scheduler::current_thread::CoreGuard>::enter<<tokio::runtime::scheduler::current_thread::CoreGuard>::block_on<core::pin::Pin<&mut core::pin::Pin<&mut dyn core::future::future::Future<Output = ()>>>>::{closure#0}, core::option::Option<()>>::{closure#0}, (alloc::boxed::Box<tokio::runtime::scheduler::current_thread::Core>, core::option::Option<()>)>
[INFO] [stdout]    6: <tokio::runtime::scheduler::current_thread::CoreGuard>::block_on::<core::pin::Pin<&mut core::pin::Pin<&mut dyn core::future::future::Future<Output = ()>>>>
[INFO] [stdout]    7: tokio::runtime::context::runtime::enter_runtime::<<tokio::runtime::scheduler::current_thread::CurrentThread>::block_on<core::pin::Pin<&mut dyn core::future::future::Future<Output = ()>>>::{closure#0}, ()>
[INFO] [stdout]    8: <tokio::runtime::runtime::Runtime>::block_on_inner::<core::pin::Pin<&mut dyn core::future::future::Future<Output = ()>>>
[INFO] [stdout]    9: squill::status::tests::status_entries
[INFO] [stdout]   10: <squill::status::tests::status_entries::{closure#0} as core::ops::function::FnOnce<()>>::call_once
[INFO] [stdout]   11: test::__rust_begin_short_backtrace::<core::result::Result<(), alloc::string::String>, fn() -> core::result::Result<(), alloc::string::String>>
[INFO] [stdout]   12: test::run_test::{closure#0}
[INFO] [stdout]   13: std::sys::backtrace::__rust_begin_short_backtrace::<test::run_test::{closure#1}, ()>
[INFO] [stdout]   14: <std::thread::lifecycle::spawn_unchecked<test::run_test::{closure#1}, ()>::{closure#1} as core::ops::function::FnOnce<()>>::call_once::{shim:vtable#0}
[INFO] [stdout]   15: <std::sys::thread::unix::Thread>::new::thread_start
[INFO] [stdout]   16: <unknown>
[INFO] [stdout]   17: clone
[INFO] [stdout] stack backtrace:
[INFO] [stdout]    0:     0x5f9aa4a4cf81 - <<std[97b98282bc616a66]::sys::backtrace::BacktraceLock>::print::DisplayBacktrace as core[832e9a552fc17241]::fmt::Display>::fmt
[INFO] [stdout]    1:     0x5f9aa4a65c0a - core[832e9a552fc17241]::fmt::write
[INFO] [stdout]    2:     0x5f9aa4a5223c - <alloc[3ecab9f82c41dc7d]::vec::Vec<u8> as std[97b98282bc616a66]::io::Write>::write_fmt
[INFO] [stdout]    3:     0x5f9aa4a278e6 - std[97b98282bc616a66]::panicking::default_hook::{closure#0}
[INFO] [stdout]    4:     0x5f9aa4a436c9 - std[97b98282bc616a66]::panicking::default_hook
[INFO] [stdout]    5:     0x5f9aa468cdd0 - test[39766f3d73431624]::test_main_inner::<test[39766f3d73431624]::test_main_static::{closure#0}>::{closure#0}
[INFO] [stdout]    6:     0x5f9aa4a439f2 - std[97b98282bc616a66]::panicking::panic_with_hook
[INFO] [stdout]    7:     0x5f9aa4a27992 - std[97b98282bc616a66]::panicking::panic_handler::{closure#0}
[INFO] [stdout]    8:     0x5f9aa4a1e919 - std[97b98282bc616a66]::sys::backtrace::__rust_end_short_backtrace::<std[97b98282bc616a66]::panicking::panic_handler::{closure#0}, !>
[INFO] [stdout]    9:     0x5f9aa4a2888d - __rustc[e3d8617bb01b7f69]::rust_begin_unwind
[INFO] [stdout]   10:     0x5f9aa4a6642c - core[832e9a552fc17241]::panicking::panic_fmt
[INFO] [stdout]   11:     0x5f9aa4a66202 - core[832e9a552fc17241]::result::unwrap_failed
[INFO] [stdout]   12:     0x5f9aa46498fd - squill[df8cf7265cdb3992]::status::tests::status_entries::{closure#0}
[INFO] [stdout]   13:     0x5f9aa4677af3 - <tokio[60504813c4259630]::runtime::scheduler::current_thread::Context>::enter::<core[832e9a552fc17241]::task::poll::Poll<()>, <tokio[60504813c4259630]::runtime::scheduler::current_thread::CoreGuard>::block_on<core[832e9a552fc17241]::pin::Pin<&mut core[832e9a552fc17241]::pin::Pin<&mut dyn core[832e9a552fc17241]::future::future::Future<Output = ()>>>>::{closure#0}::{closure#0}>
[INFO] [stdout]   14:     0x5f9aa461c382 - <tokio[60504813c4259630]::runtime::context::scoped::Scoped<tokio[60504813c4259630]::runtime::scheduler::Context>>::set::<<tokio[60504813c4259630]::runtime::scheduler::current_thread::CoreGuard>::enter<<tokio[60504813c4259630]::runtime::scheduler::current_thread::CoreGuard>::block_on<core[832e9a552fc17241]::pin::Pin<&mut core[832e9a552fc17241]::pin::Pin<&mut dyn core[832e9a552fc17241]::future::future::Future<Output = ()>>>>::{closure#0}, core[832e9a552fc17241]::option::Option<()>>::{closure#0}, (alloc[3ecab9f82c41dc7d]::boxed::Box<tokio[60504813c4259630]::runtime::scheduler::current_thread::Core>, core[832e9a552fc17241]::option::Option<()>)>
[INFO] [stdout]   15:     0x5f9aa4678027 - <tokio[60504813c4259630]::runtime::scheduler::current_thread::CoreGuard>::block_on::<core[832e9a552fc17241]::pin::Pin<&mut core[832e9a552fc17241]::pin::Pin<&mut dyn core[832e9a552fc17241]::future::future::Future<Output = ()>>>>
[INFO] [stdout]   16:     0x5f9aa464f173 - tokio[60504813c4259630]::runtime::context::runtime::enter_runtime::<<tokio[60504813c4259630]::runtime::scheduler::current_thread::CurrentThread>::block_on<core[832e9a552fc17241]::pin::Pin<&mut dyn core[832e9a552fc17241]::future::future::Future<Output = ()>>>::{closure#0}, ()>
[INFO] [stdout]   17:     0x5f9aa4613cb5 - <tokio[60504813c4259630]::runtime::runtime::Runtime>::block_on_inner::<core[832e9a552fc17241]::pin::Pin<&mut dyn core[832e9a552fc17241]::future::future::Future<Output = ()>>>
[INFO] [stdout]   18:     0x5f9aa464bf4b - squill[df8cf7265cdb3992]::status::tests::status_entries
[INFO] [stdout]   19:     0x5f9aa4638409 - <squill[df8cf7265cdb3992]::status::tests::status_entries::{closure#0} as core[832e9a552fc17241]::ops::function::FnOnce<()>>::call_once
[INFO] [stdout]   20:     0x5f9aa468010b - test[39766f3d73431624]::__rust_begin_short_backtrace::<core[832e9a552fc17241]::result::Result<(), alloc[3ecab9f82c41dc7d]::string::String>, fn() -> core[832e9a552fc17241]::result::Result<(), alloc[3ecab9f82c41dc7d]::string::String>>
[INFO] [stdout]   21:     0x5f9aa468d755 - test[39766f3d73431624]::run_test::{closure#0}
[INFO] [stdout]   22:     0x5f9aa4688204 - std[97b98282bc616a66]::sys::backtrace::__rust_begin_short_backtrace::<test[39766f3d73431624]::run_test::{closure#1}, ()>
[INFO] [stdout]   23:     0x5f9aa46908a2 - <std[97b98282bc616a66]::thread::lifecycle::spawn_unchecked<test[39766f3d73431624]::run_test::{closure#1}, ()>::{closure#1} as core[832e9a552fc17241]::ops::function::FnOnce<()>>::call_once::{shim:vtable#0}
[INFO] [stdout]   24:     0x5f9aa4a4bbcf - <std[97b98282bc616a66]::sys::thread::unix::Thread>::new::thread_start
[INFO] [stdout]   25:     0x742c46bf407a - <unknown>
[INFO] [stdout]   26:     0x742c46c87534 - clone
[INFO] [stdout]   27:                0x0 - <unknown>
[INFO] [stdout] 
[INFO] [stdout] ---- template::tests::named_templates stdout ----
[INFO] [stdout] 
[INFO] [stdout] thread 'template::tests::named_templates' (5151) panicked at squill/src/template.rs:358:40:
[INFO] [stdout] called `Result::unwrap()` on an `Err` value: error communicating with database: Connection refused (os error 111)
[INFO] [stdout] 
[INFO] [stdout] Caused by:
[INFO] [stdout]     Connection refused (os error 111)
[INFO] [stdout] 
[INFO] [stdout] Stack backtrace:
[INFO] [stdout]    0: <anyhow::Error as core::convert::From<sqlx_core::error::Error>>::from
[INFO] [stdout]    1: <squill::testing::TestEnv>::new::{closure#0}
[INFO] [stdout]    2: squill::template::tests::named_templates::{closure#0}
[INFO] [stdout]    3: <tokio::runtime::scheduler::current_thread::Context>::enter::<core::task::poll::Poll<()>, <tokio::runtime::scheduler::current_thread::CoreGuard>::block_on<core::pin::Pin<&mut core::pin::Pin<&mut dyn core::future::future::Future<Output = ()>>>>::{closure#0}::{closure#0}>
[INFO] [stdout]    4: <tokio::runtime::context::scoped::Scoped<tokio::runtime::scheduler::Context>>::set::<<tokio::runtime::scheduler::current_thread::CoreGuard>::enter<<tokio::runtime::scheduler::current_thread::CoreGuard>::block_on<core::pin::Pin<&mut core::pin::Pin<&mut dyn core::future::future::Future<Output = ()>>>>::{closure#0}, core::option::Option<()>>::{closure#0}, (alloc::boxed::Box<tokio::runtime::scheduler::current_thread::Core>, core::option::Option<()>)>
[INFO] [stdout]    5: <tokio::runtime::scheduler::current_thread::CoreGuard>::block_on::<core::pin::Pin<&mut core::pin::Pin<&mut dyn core::future::future::Future<Output = ()>>>>
[INFO] [stdout]    6: tokio::runtime::context::runtime::enter_runtime::<<tokio::runtime::scheduler::current_thread::CurrentThread>::block_on<core::pin::Pin<&mut dyn core::future::future::Future<Output = ()>>>::{closure#0}, ()>
[INFO] [stdout]    7: <tokio::runtime::runtime::Runtime>::block_on_inner::<core::pin::Pin<&mut dyn core::future::future::Future<Output = ()>>>
[INFO] [stdout]    8: squill::template::tests::named_templates
[INFO] [stdout]    9: <squill::template::tests::named_templates::{closure#0} as core::ops::function::FnOnce<()>>::call_once
[INFO] [stdout]   10: test::__rust_begin_short_backtrace::<core::result::Result<(), alloc::string::String>, fn() -> core::result::Result<(), alloc::string::String>>
[INFO] [stdout]   11: test::run_test::{closure#0}
[INFO] [stdout]   12: std::sys::backtrace::__rust_begin_short_backtrace::<test::run_test::{closure#1}, ()>
[INFO] [stdout]   13: <std::thread::lifecycle::spawn_unchecked<test::run_test::{closure#1}, ()>::{closure#1} as core::ops::function::FnOnce<()>>::call_once::{shim:vtable#0}
[INFO] [stdout]   14: <std::sys::thread::unix::Thread>::new::thread_start
[INFO] [stdout]   15: <unknown>
[INFO] [stdout]   16: clone
[INFO] [stdout] stack backtrace:
[INFO] [stdout]    0:     0x5f9aa4a4cf81 - <<std[97b98282bc616a66]::sys::backtrace::BacktraceLock>::print::DisplayBacktrace as core[832e9a552fc17241]::fmt::Display>::fmt
[INFO] [stdout]    1:     0x5f9aa4a65c0a - core[832e9a552fc17241]::fmt::write
[INFO] [stdout]    2:     0x5f9aa4a5223c - <alloc[3ecab9f82c41dc7d]::vec::Vec<u8> as std[97b98282bc616a66]::io::Write>::write_fmt
[INFO] [stdout]    3:     0x5f9aa4a278e6 - std[97b98282bc616a66]::panicking::default_hook::{closure#0}
[INFO] [stdout]    4:     0x5f9aa4a436c9 - std[97b98282bc616a66]::panicking::default_hook
[INFO] [stdout]    5:     0x5f9aa468cdd0 - test[39766f3d73431624]::test_main_inner::<test[39766f3d73431624]::test_main_static::{closure#0}>::{closure#0}
[INFO] [stdout]    6:     0x5f9aa4a439f2 - std[97b98282bc616a66]::panicking::panic_with_hook
[INFO] [stdout]    7:     0x5f9aa4a27992 - std[97b98282bc616a66]::panicking::panic_handler::{closure#0}
[INFO] [stdout]    8:     0x5f9aa4a1e919 - std[97b98282bc616a66]::sys::backtrace::__rust_end_short_backtrace::<std[97b98282bc616a66]::panicking::panic_handler::{closure#0}, !>
[INFO] [stdout]    9:     0x5f9aa4a2888d - __rustc[e3d8617bb01b7f69]::rust_begin_unwind
[INFO] [stdout]   10:     0x5f9aa4a6642c - core[832e9a552fc17241]::panicking::panic_fmt
[INFO] [stdout]   11:     0x5f9aa4a66202 - core[832e9a552fc17241]::result::unwrap_failed
[INFO] [stdout]   12:     0x5f9aa465575c - squill[df8cf7265cdb3992]::template::tests::named_templates::{closure#0}
[INFO] [stdout]   13:     0x5f9aa4677af3 - <tokio[60504813c4259630]::runtime::scheduler::current_thread::Context>::enter::<core[832e9a552fc17241]::task::poll::Poll<()>, <tokio[60504813c4259630]::runtime::scheduler::current_thread::CoreGuard>::block_on<core[832e9a552fc17241]::pin::Pin<&mut core[832e9a552fc17241]::pin::Pin<&mut dyn core[832e9a552fc17241]::future::future::Future<Output = ()>>>>::{closure#0}::{closure#0}>
[INFO] [stdout]   14:     0x5f9aa461c382 - <tokio[60504813c4259630]::runtime::context::scoped::Scoped<tokio[60504813c4259630]::runtime::scheduler::Context>>::set::<<tokio[60504813c4259630]::runtime::scheduler::current_thread::CoreGuard>::enter<<tokio[60504813c4259630]::runtime::scheduler::current_thread::CoreGuard>::block_on<core[832e9a552fc17241]::pin::Pin<&mut core[832e9a552fc17241]::pin::Pin<&mut dyn core[832e9a552fc17241]::future::future::Future<Output = ()>>>>::{closure#0}, core[832e9a552fc17241]::option::Option<()>>::{closure#0}, (alloc[3ecab9f82c41dc7d]::boxed::Box<tokio[60504813c4259630]::runtime::scheduler::current_thread::Core>, core[832e9a552fc17241]::option::Option<()>)>
[INFO] [stdout]   15:     0x5f9aa4678027 - <tokio[60504813c4259630]::runtime::scheduler::current_thread::CoreGuard>::block_on::<core[832e9a552fc17241]::pin::Pin<&mut core[832e9a552fc17241]::pin::Pin<&mut dyn core[832e9a552fc17241]::future::future::Future<Output = ()>>>>
[INFO] [stdout]   16:     0x5f9aa464f173 - tokio[60504813c4259630]::runtime::context::runtime::enter_runtime::<<tokio[60504813c4259630]::runtime::scheduler::current_thread::CurrentThread>::block_on<core[832e9a552fc17241]::pin::Pin<&mut dyn core[832e9a552fc17241]::future::future::Future<Output = ()>>>::{closure#0}, ()>
[INFO] [stdout]   17:     0x5f9aa4613cb5 - <tokio[60504813c4259630]::runtime::runtime::Runtime>::block_on_inner::<core[832e9a552fc17241]::pin::Pin<&mut dyn core[832e9a552fc17241]::future::future::Future<Output = ()>>>
[INFO] [stdout]   18:     0x5f9aa465961b - squill[df8cf7265cdb3992]::template::tests::named_templates
[INFO] [stdout]   19:     0x5f9aa4638499 - <squill[df8cf7265cdb3992]::template::tests::named_templates::{closure#0} as core[832e9a552fc17241]::ops::function::FnOnce<()>>::call_once
[INFO] [stdout]   20:     0x5f9aa468010b - test[39766f3d73431624]::__rust_begin_short_backtrace::<core[832e9a552fc17241]::result::Result<(), alloc[3ecab9f82c41dc7d]::string::String>, fn() -> core[832e9a552fc17241]::result::Result<(), alloc[3ecab9f82c41dc7d]::string::String>>
[INFO] [stdout]   21:     0x5f9aa468d755 - test[39766f3d73431624]::run_test::{closure#0}
[INFO] [stdout]   22:     0x5f9aa4688204 - std[97b98282bc616a66]::sys::backtrace::__rust_begin_short_backtrace::<test[39766f3d73431624]::run_test::{closure#1}, ()>
[INFO] [stdout]   23:     0x5f9aa46908a2 - <std[97b98282bc616a66]::thread::lifecycle::spawn_unchecked<test[39766f3d73431624]::run_test::{closure#1}, ()>::{closure#1} as core[832e9a552fc17241]::ops::function::FnOnce<()>>::call_once::{shim:vtable#0}
[INFO] [stdout]   24:     0x5f9aa4a4bbcf - <std[97b98282bc616a66]::sys::thread::unix::Thread>::new::thread_start
[INFO] [stdout]   25:     0x742c46bf407a - <unknown>
[INFO] [stderr] error: test failed, to rerun pass `-p squill --lib`
[INFO] [stdout]   26:     0x742c46c87534 - clone
[INFO] [stdout]   27:                0x0 - <unknown>
[INFO] [stdout] 
[INFO] [stdout] ---- status::tests::status_empty stdout ----
[INFO] [stdout] 
[INFO] [stdout] thread 'status::tests::status_empty' (5143) panicked at squill/src/status.rs:125:40:
[INFO] [stdout] called `Result::unwrap()` on an `Err` value: error communicating with database: Connection refused (os error 111)
[INFO] [stdout] 
[INFO] [stdout] Caused by:
[INFO] [stdout]     Connection refused (os error 111)
[INFO] [stdout] 
[INFO] [stdout] Stack backtrace:
[INFO] [stdout]    0: <anyhow::Error as core::convert::From<sqlx_core::error::Error>>::from
[INFO] [stdout]    1: <squill::testing::TestEnv>::new::{closure#0}
[INFO] [stdout]    2: squill::status::tests::status_empty::{closure#0}
[INFO] [stdout]    3: <tokio::runtime::scheduler::current_thread::Context>::enter::<core::task::poll::Poll<()>, <tokio::runtime::scheduler::current_thread::CoreGuard>::block_on<core::pin::Pin<&mut core::pin::Pin<&mut dyn core::future::future::Future<Output = ()>>>>::{closure#0}::{closure#0}>
[INFO] [stdout]    4: <tokio::runtime::context::scoped::Scoped<tokio::runtime::scheduler::Context>>::set::<<tokio::runtime::scheduler::current_thread::CoreGuard>::enter<<tokio::runtime::scheduler::current_thread::CoreGuard>::block_on<core::pin::Pin<&mut core::pin::Pin<&mut dyn core::future::future::Future<Output = ()>>>>::{closure#0}, core::option::Option<()>>::{closure#0}, (alloc::boxed::Box<tokio::runtime::scheduler::current_thread::Core>, core::option::Option<()>)>
[INFO] [stdout]    5: <tokio::runtime::scheduler::current_thread::CoreGuard>::block_on::<core::pin::Pin<&mut core::pin::Pin<&mut dyn core::future::future::Future<Output = ()>>>>
[INFO] [stdout]    6: tokio::runtime::context::runtime::enter_runtime::<<tokio::runtime::scheduler::current_thread::CurrentThread>::block_on<core::pin::Pin<&mut dyn core::future::future::Future<Output = ()>>>::{closure#0}, ()>
[INFO] [stdout]    7: <tokio::runtime::runtime::Runtime>::block_on_inner::<core::pin::Pin<&mut dyn core::future::future::Future<Output = ()>>>
[INFO] [stdout]    8: squill::status::tests::status_empty
[INFO] [stdout]    9: <squill::status::tests::status_empty::{closure#0} as core::ops::function::FnOnce<()>>::call_once
[INFO] [stdout]   10: test::__rust_begin_short_backtrace::<core::result::Result<(), alloc::string::String>, fn() -> core::result::Result<(), alloc::string::String>>
[INFO] [stdout]   11: test::run_test::{closure#0}
[INFO] [stdout]   12: std::sys::backtrace::__rust_begin_short_backtrace::<test::run_test::{closure#1}, ()>
[INFO] [stdout]   13: <std::thread::lifecycle::spawn_unchecked<test::run_test::{closure#1}, ()>::{closure#1} as core::ops::function::FnOnce<()>>::call_once::{shim:vtable#0}
[INFO] [stdout]   14: <std::sys::thread::unix::Thread>::new::thread_start
[INFO] [stdout]   15: <unknown>
[INFO] [stdout]   16: clone
[INFO] [stdout] stack backtrace:
[INFO] [stdout]    0:     0x5f9aa4a4cf81 - <<std[97b98282bc616a66]::sys::backtrace::BacktraceLock>::print::DisplayBacktrace as core[832e9a552fc17241]::fmt::Display>::fmt
[INFO] [stdout]    1:     0x5f9aa4a65c0a - core[832e9a552fc17241]::fmt::write
[INFO] [stdout]    2:     0x5f9aa4a5223c - <alloc[3ecab9f82c41dc7d]::vec::Vec<u8> as std[97b98282bc616a66]::io::Write>::write_fmt
[INFO] [stdout]    3:     0x5f9aa4a278e6 - std[97b98282bc616a66]::panicking::default_hook::{closure#0}
[INFO] [stdout]    4:     0x5f9aa4a436c9 - std[97b98282bc616a66]::panicking::default_hook
[INFO] [stdout]    5:     0x5f9aa468cdd0 - test[39766f3d73431624]::test_main_inner::<test[39766f3d73431624]::test_main_static::{closure#0}>::{closure#0}
[INFO] [stdout]    6:     0x5f9aa4a439f2 - std[97b98282bc616a66]::panicking::panic_with_hook
[INFO] [stdout]    7:     0x5f9aa4a27992 - std[97b98282bc616a66]::panicking::panic_handler::{closure#0}
[INFO] [stdout]    8:     0x5f9aa4a1e919 - std[97b98282bc616a66]::sys::backtrace::__rust_end_short_backtrace::<std[97b98282bc616a66]::panicking::panic_handler::{closure#0}, !>
[INFO] [stdout]    9:     0x5f9aa4a2888d - __rustc[e3d8617bb01b7f69]::rust_begin_unwind
[INFO] [stdout]   10:     0x5f9aa4a6642c - core[832e9a552fc17241]::panicking::panic_fmt
[INFO] [stdout]   11:     0x5f9aa4a66202 - core[832e9a552fc17241]::result::unwrap_failed
[INFO] [stdout]   12:     0x5f9aa46489c2 - squill[df8cf7265cdb3992]::status::tests::status_empty::{closure#0}
[INFO] [stdout]   13:     0x5f9aa4677af3 - <tokio[60504813c4259630]::runtime::scheduler::current_thread::Context>::enter::<core[832e9a552fc17241]::task::poll::Poll<()>, <tokio[60504813c4259630]::runtime::scheduler::current_thread::CoreGuard>::block_on<core[832e9a552fc17241]::pin::Pin<&mut core[832e9a552fc17241]::pin::Pin<&mut dyn core[832e9a552fc17241]::future::future::Future<Output = ()>>>>::{closure#0}::{closure#0}>
[INFO] [stdout]   14:     0x5f9aa461c382 - <tokio[60504813c4259630]::runtime::context::scoped::Scoped<tokio[60504813c4259630]::runtime::scheduler::Context>>::set::<<tokio[60504813c4259630]::runtime::scheduler::current_thread::CoreGuard>::enter<<tokio[60504813c4259630]::runtime::scheduler::current_thread::CoreGuard>::block_on<core[832e9a552fc17241]::pin::Pin<&mut core[832e9a552fc17241]::pin::Pin<&mut dyn core[832e9a552fc17241]::future::future::Future<Output = ()>>>>::{closure#0}, core[832e9a552fc17241]::option::Option<()>>::{closure#0}, (alloc[3ecab9f82c41dc7d]::boxed::Box<tokio[60504813c4259630]::runtime::scheduler::current_thread::Core>, core[832e9a552fc17241]::option::Option<()>)>
[INFO] [stdout]   15:     0x5f9aa4678027 - <tokio[60504813c4259630]::runtime::scheduler::current_thread::CoreGuard>::block_on::<core[832e9a552fc17241]::pin::Pin<&mut core[832e9a552fc17241]::pin::Pin<&mut dyn core[832e9a552fc17241]::future::future::Future<Output = ()>>>>
[INFO] [stdout]   16:     0x5f9aa464f173 - tokio[60504813c4259630]::runtime::context::runtime::enter_runtime::<<tokio[60504813c4259630]::runtime::scheduler::current_thread::CurrentThread>::block_on<core[832e9a552fc17241]::pin::Pin<&mut dyn core[832e9a552fc17241]::future::future::Future<Output = ()>>>::{closure#0}, ()>
[INFO] [stdout]   17:     0x5f9aa4613cb5 - <tokio[60504813c4259630]::runtime::runtime::Runtime>::block_on_inner::<core[832e9a552fc17241]::pin::Pin<&mut dyn core[832e9a552fc17241]::future::future::Future<Output = ()>>>
[INFO] [stdout]   18:     0x5f9aa464bdfb - squill[df8cf7265cdb3992]::status::tests::status_empty
[INFO] [stdout]   19:     0x5f9aa46383e9 - <squill[df8cf7265cdb3992]::status::tests::status_empty::{closure#0} as core[832e9a552fc17241]::ops::function::FnOnce<()>>::call_once
[INFO] [stdout]   20:     0x5f9aa468010b - test[39766f3d73431624]::__rust_begin_short_backtrace::<core[832e9a552fc17241]::result::Result<(), alloc[3ecab9f82c41dc7d]::string::String>, fn() -> core[832e9a552fc17241]::result::Result<(), alloc[3ecab9f82c41dc7d]::string::String>>
[INFO] [stdout]   21:     0x5f9aa468d755 - test[39766f3d73431624]::run_test::{closure#0}
[INFO] [stdout]   22:     0x5f9aa4688204 - std[97b98282bc616a66]::sys::backtrace::__rust_begin_short_backtrace::<test[39766f3d73431624]::run_test::{closure#1}, ()>
[INFO] [stdout]   23:     0x5f9aa46908a2 - <std[97b98282bc616a66]::thread::lifecycle::spawn_unchecked<test[39766f3d73431624]::run_test::{closure#1}, ()>::{closure#1} as core[832e9a552fc17241]::ops::function::FnOnce<()>>::call_once::{shim:vtable#0}
[INFO] [stdout]   24:     0x5f9aa4a4bbcf - <std[97b98282bc616a66]::sys::thread::unix::Thread>::new::thread_start
[INFO] [stdout]   25:     0x742c46bf407a - <unknown>
[INFO] [stdout]   26:     0x742c46c87534 - clone
[INFO] [stdout]   27:                0x0 - <unknown>
[INFO] [stdout] 
[INFO] [stdout] ---- config::tests::connect_error stdout ----
[INFO] [stdout] 
[INFO] [stdout] thread 'config::tests::connect_error' (5111) panicked at squill/src/config.rs:68:40:
[INFO] [stdout] called `Result::unwrap()` on an `Err` value: error communicating with database: Connection refused (os error 111)
[INFO] [stdout] 
[INFO] [stdout] Caused by:
[INFO] [stdout]     Connection refused (os error 111)
[INFO] [stdout] 
[INFO] [stdout] Stack backtrace:
[INFO] [stdout]    0: <anyhow::Error as core::convert::From<sqlx_core::error::Error>>::from
[INFO] [stdout]    1: <squill::testing::TestEnv>::new::{closure#0}
[INFO] [stdout]    2: squill::config::tests::connect_error::{closure#0}
[INFO] [stdout]    3: <tokio::runtime::scheduler::current_thread::Context>::enter::<core::task::poll::Poll<()>, <tokio::runtime::scheduler::current_thread::CoreGuard>::block_on<core::pin::Pin<&mut core::pin::Pin<&mut dyn core::future::future::Future<Output = ()>>>>::{closure#0}::{closure#0}>
[INFO] [stdout]    4: <tokio::runtime::context::scoped::Scoped<tokio::runtime::scheduler::Context>>::set::<<tokio::runtime::scheduler::current_thread::CoreGuard>::enter<<tokio::runtime::scheduler::current_thread::CoreGuard>::block_on<core::pin::Pin<&mut core::pin::Pin<&mut dyn core::future::future::Future<Output = ()>>>>::{closure#0}, core::option::Option<()>>::{closure#0}, (alloc::boxed::Box<tokio::runtime::scheduler::current_thread::Core>, core::option::Option<()>)>
[INFO] [stdout]    5: <tokio::runtime::scheduler::current_thread::CoreGuard>::block_on::<core::pin::Pin<&mut core::pin::Pin<&mut dyn core::future::future::Future<Output = ()>>>>
[INFO] [stdout]    6: tokio::runtime::context::runtime::enter_runtime::<<tokio::runtime::scheduler::current_thread::CurrentThread>::block_on<core::pin::Pin<&mut dyn core::future::future::Future<Output = ()>>>::{closure#0}, ()>
[INFO] [stdout]    7: <tokio::runtime::runtime::Runtime>::block_on_inner::<core::pin::Pin<&mut dyn core::future::future::Future<Output = ()>>>
[INFO] [stdout]    8: squill::config::tests::connect_error
[INFO] [stdout]    9: <squill::config::tests::connect_error::{closure#0} as core::ops::function::FnOnce<()>>::call_once
[INFO] [stdout]   10: test::__rust_begin_short_backtrace::<core::result::Result<(), alloc::string::String>, fn() -> core::result::Result<(), alloc::string::String>>
[INFO] [stdout]   11: test::run_test::{closure#0}
[INFO] [stdout]   12: std::sys::backtrace::__rust_begin_short_backtrace::<test::run_test::{closure#1}, ()>
[INFO] [stdout]   13: <std::thread::lifecycle::spawn_unchecked<test::run_test::{closure#1}, ()>::{closure#1} as core::ops::function::FnOnce<()>>::call_once::{shim:vtable#0}
[INFO] [stdout]   14: <std::sys::thread::unix::Thread>::new::thread_start
[INFO] [stdout]   15: <unknown>
[INFO] [stdout]   16: clone
[INFO] [stdout] stack backtrace:
[INFO] [stdout]    0:     0x5f9aa4a4cf81 - <<std[97b98282bc616a66]::sys::backtrace::BacktraceLock>::print::DisplayBacktrace as core[832e9a552fc17241]::fmt::Display>::fmt
[INFO] [stdout]    1:     0x5f9aa4a65c0a - core[832e9a552fc17241]::fmt::write
[INFO] [stdout]    2:     0x5f9aa4a5223c - <alloc[3ecab9f82c41dc7d]::vec::Vec<u8> as std[97b98282bc616a66]::io::Write>::write_fmt
[INFO] [stdout]    3:     0x5f9aa4a278e6 - std[97b98282bc616a66]::panicking::default_hook::{closure#0}
[INFO] [stdout]    4:     0x5f9aa4a436c9 - std[97b98282bc616a66]::panicking::default_hook
[INFO] [stdout]    5:     0x5f9aa468cdd0 - test[39766f3d73431624]::test_main_inner::<test[39766f3d73431624]::test_main_static::{closure#0}>::{closure#0}
[INFO] [stdout]    6:     0x5f9aa4a439f2 - std[97b98282bc616a66]::panicking::panic_with_hook
[INFO] [stdout]    7:     0x5f9aa4a27992 - std[97b98282bc616a66]::panicking::panic_handler::{closure#0}
[INFO] [stdout]    8:     0x5f9aa4a1e919 - std[97b98282bc616a66]::sys::backtrace::__rust_end_short_backtrace::<std[97b98282bc616a66]::panicking::panic_handler::{closure#0}, !>
[INFO] [stdout]    9:     0x5f9aa4a2888d - __rustc[e3d8617bb01b7f69]::rust_begin_unwind
[INFO] [stdout]   10:     0x5f9aa4a6642c - core[832e9a552fc17241]::panicking::panic_fmt
[INFO] [stdout]   11:     0x5f9aa4a66202 - core[832e9a552fc17241]::result::unwrap_failed
[INFO] [stdout]   12:     0x5f9aa46755b3 - squill[df8cf7265cdb3992]::config::tests::connect_error::{closure#0}
[INFO] [stdout]   13:     0x5f9aa4677af3 - <tokio[60504813c4259630]::runtime::scheduler::current_thread::Context>::enter::<core[832e9a552fc17241]::task::poll::Poll<()>, <tokio[60504813c4259630]::runtime::scheduler::current_thread::CoreGuard>::block_on<core[832e9a552fc17241]::pin::Pin<&mut core[832e9a552fc17241]::pin::Pin<&mut dyn core[832e9a552fc17241]::future::future::Future<Output = ()>>>>::{closure#0}::{closure#0}>
[INFO] [stdout]   14:     0x5f9aa461c382 - <tokio[60504813c4259630]::runtime::context::scoped::Scoped<tokio[60504813c4259630]::runtime::scheduler::Context>>::set::<<tokio[60504813c4259630]::runtime::scheduler::current_thread::CoreGuard>::enter<<tokio[60504813c4259630]::runtime::scheduler::current_thread::CoreGuard>::block_on<core[832e9a552fc17241]::pin::Pin<&mut core[832e9a552fc17241]::pin::Pin<&mut dyn core[832e9a552fc17241]::future::future::Future<Output = ()>>>>::{closure#0}, core[832e9a552fc17241]::option::Option<()>>::{closure#0}, (alloc[3ecab9f82c41dc7d]::boxed::Box<tokio[60504813c4259630]::runtime::scheduler::current_thread::Core>, core[832e9a552fc17241]::option::Option<()>)>
[INFO] [stdout]   15:     0x5f9aa4678027 - <tokio[60504813c4259630]::runtime::scheduler::current_thread::CoreGuard>::block_on::<core[832e9a552fc17241]::pin::Pin<&mut core[832e9a552fc17241]::pin::Pin<&mut dyn core[832e9a552fc17241]::future::future::Future<Output = ()>>>>
[INFO] [stdout]   16:     0x5f9aa464f173 - tokio[60504813c4259630]::runtime::context::runtime::enter_runtime::<<tokio[60504813c4259630]::runtime::scheduler::current_thread::CurrentThread>::block_on<core[832e9a552fc17241]::pin::Pin<&mut dyn core[832e9a552fc17241]::future::future::Future<Output = ()>>>::{closure#0}, ()>
[INFO] [stdout]   17:     0x5f9aa4613cb5 - <tokio[60504813c4259630]::runtime::runtime::Runtime>::block_on_inner::<core[832e9a552fc17241]::pin::Pin<&mut dyn core[832e9a552fc17241]::future::future::Future<Output = ()>>>
[INFO] [stdout]   18:     0x5f9aa4675eeb - squill[df8cf7265cdb3992]::config::tests::connect_error
[INFO] [stdout]   19:     0x5f9aa4638389 - <squill[df8cf7265cdb3992]::config::tests::connect_error::{closure#0} as core[832e9a552fc17241]::ops::function::FnOnce<()>>::call_once
[INFO] [stdout]   20:     0x5f9aa468010b - test[39766f3d73431624]::__rust_begin_short_backtrace::<core[832e9a552fc17241]::result::Result<(), alloc[3ecab9f82c41dc7d]::string::String>, fn() -> core[832e9a552fc17241]::result::Result<(), alloc[3ecab9f82c41dc7d]::string::String>>
[INFO] [stdout]   21:     0x5f9aa468d755 - test[39766f3d73431624]::run_test::{closure#0}
[INFO] [stdout]   22:     0x5f9aa4688204 - std[97b98282bc616a66]::sys::backtrace::__rust_begin_short_backtrace::<test[39766f3d73431624]::run_test::{closure#1}, ()>
[INFO] [stdout]   23:     0x5f9aa46908a2 - <std[97b98282bc616a66]::thread::lifecycle::spawn_unchecked<test[39766f3d73431624]::run_test::{closure#1}, ()>::{closure#1} as core[832e9a552fc17241]::ops::function::FnOnce<()>>::call_once::{shim:vtable#0}
[INFO] [stdout]   24:     0x5f9aa4a4bbcf - <std[97b98282bc616a66]::sys::thread::unix::Thread>::new::thread_start
[INFO] [stdout]   25:     0x742c46bf407a - <unknown>
[INFO] [stdout]   26:     0x742c46c87534 - clone
[INFO] [stdout]   27:                0x0 - <unknown>
[INFO] [stdout] 
[INFO] [stdout] ---- template::tests::custom_templates_only_one stdout ----
[INFO] [stdout] 
[INFO] [stdout] thread 'template::tests::custom_templates_only_one' (5149) panicked at squill/src/template.rs:285:40:
[INFO] [stdout] called `Result::unwrap()` on an `Err` value: error communicating with database: Connection refused (os error 111)
[INFO] [stdout] 
[INFO] [stdout] Caused by:
[INFO] [stdout]     Connection refused (os error 111)
[INFO] [stdout] 
[INFO] [stdout] Stack backtrace:
[INFO] [stdout]    0: <anyhow::Error as core::convert::From<sqlx_core::error::Error>>::from
[INFO] [stdout]    1: <squill::testing::TestEnv>::new::{closure#0}
[INFO] [stdout]    2: squill::template::tests::custom_templates_only_one::{closure#0}
[INFO] [stdout]    3: <tokio::runtime::scheduler::current_thread::Context>::enter::<core::task::poll::Poll<()>, <tokio::runtime::scheduler::current_thread::CoreGuard>::block_on<core::pin::Pin<&mut core::pin::Pin<&mut dyn core::future::future::Future<Output = ()>>>>::{closure#0}::{closure#0}>
[INFO] [stdout]    4: <tokio::runtime::context::scoped::Scoped<tokio::runtime::scheduler::Context>>::set::<<tokio::runtime::scheduler::current_thread::CoreGuard>::enter<<tokio::runtime::scheduler::current_thread::CoreGuard>::block_on<core::pin::Pin<&mut core::pin::Pin<&mut dyn core::future::future::Future<Output = ()>>>>::{closure#0}, core::option::Option<()>>::{closure#0}, (alloc::boxed::Box<tokio::runtime::scheduler::current_thread::Core>, core::option::Option<()>)>
[INFO] [stdout]    5: <tokio::runtime::scheduler::current_thread::CoreGuard>::block_on::<core::pin::Pin<&mut core::pin::Pin<&mut dyn core::future::future::Future<Output = ()>>>>
[INFO] [stdout]    6: tokio::runtime::context::runtime::enter_runtime::<<tokio::runtime::scheduler::current_thread::CurrentThread>::block_on<core::pin::Pin<&mut dyn core::future::future::Future<Output = ()>>>::{closure#0}, ()>
[INFO] [stdout]    7: <tokio::runtime::runtime::Runtime>::block_on_inner::<core::pin::Pin<&mut dyn core::future::future::Future<Output = ()>>>
[INFO] [stdout]    8: squill::template::tests::custom_templates_only_one
[INFO] [stdout]    9: <squill::template::tests::custom_templates_only_one::{closure#0} as core::ops::function::FnOnce<()>>::call_once
[INFO] [stdout]   10: test::__rust_begin_short_backtrace::<core::result::Result<(), alloc::string::String>, fn() -> core::result::Result<(), alloc::string::String>>
[INFO] [stdout]   11: test::run_test::{closure#0}
[INFO] [stdout]   12: std::sys::backtrace::__rust_begin_short_backtrace::<test::run_test::{closure#1}, ()>
[INFO] [stdout]   13: <std::thread::lifecycle::spawn_unchecked<test::run_test::{closure#1}, ()>::{closure#1} as core::ops::function::FnOnce<()>>::call_once::{shim:vtable#0}
[INFO] [stdout]   14: <std::sys::thread::unix::Thread>::new::thread_start
[INFO] [stdout]   15: <unknown>
[INFO] [stdout]   16: clone
[INFO] [stdout] stack backtrace:
[INFO] [stdout]    0:     0x5f9aa4a4cf81 - <<std[97b98282bc616a66]::sys::backtrace::BacktraceLock>::print::DisplayBacktrace as core[832e9a552fc17241]::fmt::Display>::fmt
[INFO] [stdout]    1:     0x5f9aa4a65c0a - core[832e9a552fc17241]::fmt::write
[INFO] [stdout]    2:     0x5f9aa4a5223c - <alloc[3ecab9f82c41dc7d]::vec::Vec<u8> as std[97b98282bc616a66]::io::Write>::write_fmt
[INFO] [stdout]    3:     0x5f9aa4a278e6 - std[97b98282bc616a66]::panicking::default_hook::{closure#0}
[INFO] [stdout]    4:     0x5f9aa4a436c9 - std[97b98282bc616a66]::panicking::default_hook
[INFO] [stdout]    5:     0x5f9aa468cdd0 - test[39766f3d73431624]::test_main_inner::<test[39766f3d73431624]::test_main_static::{closure#0}>::{closure#0}
[INFO] [stdout]    6:     0x5f9aa4a439f2 - std[97b98282bc616a66]::panicking::panic_with_hook
[INFO] [stdout]    7:     0x5f9aa4a27992 - std[97b98282bc616a66]::panicking::panic_handler::{closure#0}
[INFO] [stdout]    8:     0x5f9aa4a1e919 - std[97b98282bc616a66]::sys::backtrace::__rust_end_short_backtrace::<std[97b98282bc616a66]::panicking::panic_handler::{closure#0}, !>
[INFO] [stdout]    9:     0x5f9aa4a2888d - __rustc[e3d8617bb01b7f69]::rust_begin_unwind
[INFO] [stdout]   10:     0x5f9aa4a6642c - core[832e9a552fc17241]::panicking::panic_fmt
[INFO] [stdout]   11:     0x5f9aa4a66202 - core[832e9a552fc17241]::result::unwrap_failed
[INFO] [stdout]   12:     0x5f9aa46578ce - squill[df8cf7265cdb3992]::template::tests::custom_templates_only_one::{closure#0}
[INFO] [stdout]   13:     0x5f9aa4677af3 - <tokio[60504813c4259630]::runtime::scheduler::current_thread::Context>::enter::<core[832e9a552fc17241]::task::poll::Poll<()>, <tokio[60504813c4259630]::runtime::scheduler::current_thread::CoreGuard>::block_on<core[832e9a552fc17241]::pin::Pin<&mut core[832e9a552fc17241]::pin::Pin<&mut dyn core[832e9a552fc17241]::future::future::Future<Output = ()>>>>::{closure#0}::{closure#0}>
[INFO] [stdout]   14:     0x5f9aa461c382 - <tokio[60504813c4259630]::runtime::context::scoped::Scoped<tokio[60504813c4259630]::runtime::scheduler::Context>>::set::<<tokio[60504813c4259630]::runtime::scheduler::current_thread::CoreGuard>::enter<<tokio[60504813c4259630]::runtime::scheduler::current_thread::CoreGuard>::block_on<core[832e9a552fc17241]::pin::Pin<&mut core[832e9a552fc17241]::pin::Pin<&mut dyn core[832e9a552fc17241]::future::future::Future<Output = ()>>>>::{closure#0}, core[832e9a552fc17241]::option::Option<()>>::{closure#0}, (alloc[3ecab9f82c41dc7d]::boxed::Box<tokio[60504813c4259630]::runtime::scheduler::current_thread::Core>, core[832e9a552fc17241]::option::Option<()>)>
[INFO] [stdout]   15:     0x5f9aa4678027 - <tokio[60504813c4259630]::runtime::scheduler::current_thread::CoreGuard>::block_on::<core[832e9a552fc17241]::pin::Pin<&mut core[832e9a552fc17241]::pin::Pin<&mut dyn core[832e9a552fc17241]::future::future::Future<Output = ()>>>>
[INFO] [stdout]   16:     0x5f9aa464f173 - tokio[60504813c4259630]::runtime::context::runtime::enter_runtime::<<tokio[60504813c4259630]::runtime::scheduler::current_thread::CurrentThread>::block_on<core[832e9a552fc17241]::pin::Pin<&mut dyn core[832e9a552fc17241]::future::future::Future<Output = ()>>>::{closure#0}, ()>
[INFO] [stdout]   17:     0x5f9aa4613cb5 - <tokio[60504813c4259630]::runtime::runtime::Runtime>::block_on_inner::<core[832e9a552fc17241]::pin::Pin<&mut dyn core[832e9a552fc17241]::future::future::Future<Output = ()>>>
[INFO] [stdout]   18:     0x5f9aa4659bdb - squill[df8cf7265cdb3992]::template::tests::custom_templates_only_one
[INFO] [stdout]   19:     0x5f9aa4638519 - <squill[df8cf7265cdb3992]::template::tests::custom_templates_only_one::{closure#0} as core[832e9a552fc17241]::ops::function::FnOnce<()>>::call_once
[INFO] [stdout]   20:     0x5f9aa468010b - test[39766f3d73431624]::__rust_begin_short_backtrace::<core[832e9a552fc17241]::result::Result<(), alloc[3ecab9f82c41dc7d]::string::String>, fn() -> core[832e9a552fc17241]::result::Result<(), alloc[3ecab9f82c41dc7d]::string::String>>
[INFO] [stdout]   21:     0x5f9aa468d755 - test[39766f3d73431624]::run_test::{closure#0}
[INFO] [stdout]   22:     0x5f9aa4688204 - std[97b98282bc616a66]::sys::backtrace::__rust_begin_short_backtrace::<test[39766f3d73431624]::run_test::{closure#1}, ()>
[INFO] [stdout]   23:     0x5f9aa46908a2 - <std[97b98282bc616a66]::thread::lifecycle::spawn_unchecked<test[39766f3d73431624]::run_test::{closure#1}, ()>::{closure#1} as core[832e9a552fc17241]::ops::function::FnOnce<()>>::call_once::{shim:vtable#0}
[INFO] [stdout]   24:     0x5f9aa4a4bbcf - <std[97b98282bc616a66]::sys::thread::unix::Thread>::new::thread_start
[INFO] [stdout]   25:     0x742c46bf407a - <unknown>
[INFO] [stdout]   26:     0x742c46c87534 - clone
[INFO] [stdout]   27:                0x0 - <unknown>
[INFO] [stdout] 
[INFO] [stdout] ---- template::tests::no_template_overrides stdout ----
[INFO] [stdout] 
[INFO] [stdout] thread 'template::tests::no_template_overrides' (5153) panicked at squill/src/template.rs:263:40:
[INFO] [stdout] called `Result::unwrap()` on an `Err` value: error communicating with database: Connection refused (os error 111)
[INFO] [stdout] 
[INFO] [stdout] Caused by:
[INFO] [stdout]     Connection refused (os error 111)
[INFO] [stdout] 
[INFO] [stdout] Stack backtrace:
[INFO] [stdout]    0: <anyhow::Error as core::convert::From<sqlx_core::error::Error>>::from
[INFO] [stdout]    1: <squill::testing::TestEnv>::new::{closure#0}
[INFO] [stdout]    2: squill::template::tests::no_template_overrides::{closure#0}
[INFO] [stdout]    3: <tokio::runtime::scheduler::current_thread::Context>::enter::<core::task::poll::Poll<()>, <tokio::runtime::scheduler::current_thread::CoreGuard>::block_on<core::pin::Pin<&mut core::pin::Pin<&mut dyn core::future::future::Future<Output = ()>>>>::{closure#0}::{closure#0}>
[INFO] [stdout]    4: <tokio::runtime::context::scoped::Scoped<tokio::runtime::scheduler::Context>>::set::<<tokio::runtime::scheduler::current_thread::CoreGuard>::enter<<tokio::runtime::scheduler::current_thread::CoreGuard>::block_on<core::pin::Pin<&mut core::pin::Pin<&mut dyn core::future::future::Future<Output = ()>>>>::{closure#0}, core::option::Option<()>>::{closure#0}, (alloc::boxed::Box<tokio::runtime::scheduler::current_thread::Core>, core::option::Option<()>)>
[INFO] [stdout]    5: <tokio::runtime::scheduler::current_thread::CoreGuard>::block_on::<core::pin::Pin<&mut core::pin::Pin<&mut dyn core::future::future::Future<Output = ()>>>>
[INFO] [stdout]    6: tokio::runtime::context::runtime::enter_runtime::<<tokio::runtime::scheduler::current_thread::CurrentThread>::block_on<core::pin::Pin<&mut dyn core::future::future::Future<Output = ()>>>::{closure#0}, ()>
[INFO] [stdout]    7: <tokio::runtime::runtime::Runtime>::block_on_inner::<core::pin::Pin<&mut dyn core::future::future::Future<Output = ()>>>
[INFO] [stdout]    8: squill::template::tests::no_template_overrides
[INFO] [stdout]    9: <squill::template::tests::no_template_overrides::{closure#0} as core::ops::function::FnOnce<()>>::call_once
[INFO] [stdout]   10: test::__rust_begin_short_backtrace::<core::result::Result<(), alloc::string::String>, fn() -> core::result::Result<(), alloc::string::String>>
[INFO] [stdout]   11: test::run_test::{closure#0}
[INFO] [stdout]   12: std::sys::backtrace::__rust_begin_short_backtrace::<test::run_test::{closure#1}, ()>
[INFO] [stdout]   13: <std::thread::lifecycle::spawn_unchecked<test::run_test::{closure#1}, ()>::{closure#1} as core::ops::function::FnOnce<()>>::call_once::{shim:vtable#0}
[INFO] [stdout]   14: <std::sys::thread::unix::Thread>::new::thread_start
[INFO] [stdout]   15: <unknown>
[INFO] [stdout]   16: clone
[INFO] [stdout] stack backtrace:
[INFO] [stdout]    0:     0x5f9aa4a4cf81 - <<std[97b98282bc616a66]::sys::backtrace::BacktraceLock>::print::DisplayBacktrace as core[832e9a552fc17241]::fmt::Display>::fmt
[INFO] [stdout]    1:     0x5f9aa4a65c0a - core[832e9a552fc17241]::fmt::write
[INFO] [stdout]    2:     0x5f9aa4a5223c - <alloc[3ecab9f82c41dc7d]::vec::Vec<u8> as std[97b98282bc616a66]::io::Write>::write_fmt
[INFO] [stdout]    3:     0x5f9aa4a278e6 - std[97b98282bc616a66]::panicking::default_hook::{closure#0}
[INFO] [stdout]    4:     0x5f9aa4a436c9 - std[97b98282bc616a66]::panicking::default_hook
[INFO] [stdout]    5:     0x5f9aa468cdd0 - test[39766f3d73431624]::test_main_inner::<test[39766f3d73431624]::test_main_static::{closure#0}>::{closure#0}
[INFO] [stdout]    6:     0x5f9aa4a439f2 - std[97b98282bc616a66]::panicking::panic_with_hook
[INFO] [stdout]    7:     0x5f9aa4a27992 - std[97b98282bc616a66]::panicking::panic_handler::{closure#0}
[INFO] [stdout]    8:     0x5f9aa4a1e919 - std[97b98282bc616a66]::sys::backtrace::__rust_end_short_backtrace::<std[97b98282bc616a66]::panicking::panic_handler::{closure#0}, !>
[INFO] [stdout]    9:     0x5f9aa4a2888d - __rustc[e3d8617bb01b7f69]::rust_begin_unwind
[INFO] [stdout]   10:     0x5f9aa4a6642c - core[832e9a552fc17241]::panicking::panic_fmt
[INFO] [stdout]   11:     0x5f9aa4a66202 - core[832e9a552fc17241]::result::unwrap_failed
[INFO] [stdout]   12:     0x5f9aa465713c - squill[df8cf7265cdb3992]::template::tests::no_template_overrides::{closure#0}
[INFO] [stdout]   13:     0x5f9aa4677af3 - <tokio[60504813c4259630]::runtime::scheduler::current_thread::Context>::enter::<core[832e9a552fc17241]::task::poll::Poll<()>, <tokio[60504813c4259630]::runtime::scheduler::current_thread::CoreGuard>::block_on<core[832e9a552fc17241]::pin::Pin<&mut core[832e9a552fc17241]::pin::Pin<&mut dyn core[832e9a552fc17241]::future::future::Future<Output = ()>>>>::{closure#0}::{closure#0}>
[INFO] [stdout]   14:     0x5f9aa461c382 - <tokio[60504813c4259630]::runtime::context::scoped::Scoped<tokio[60504813c4259630]::runtime::scheduler::Context>>::set::<<tokio[60504813c4259630]::runtime::scheduler::current_thread::CoreGuard>::enter<<tokio[60504813c4259630]::runtime::scheduler::current_thread::CoreGuard>::block_on<core[832e9a552fc17241]::pin::Pin<&mut core[832e9a552fc17241]::pin::Pin<&mut dyn core[832e9a552fc17241]::future::future::Future<Output = ()>>>>::{closure#0}, core[832e9a552fc17241]::option::Option<()>>::{closure#0}, (alloc[3ecab9f82c41dc7d]::boxed::Box<tokio[60504813c4259630]::runtime::scheduler::current_thread::Core>, core[832e9a552fc17241]::option::Option<()>)>
[INFO] [stdout]   15:     0x5f9aa4678027 - <tokio[60504813c4259630]::runtime::scheduler::current_thread::CoreGuard>::block_on::<core[832e9a552fc17241]::pin::Pin<&mut core[832e9a552fc17241]::pin::Pin<&mut dyn core[832e9a552fc17241]::future::future::Future<Output = ()>>>>
[INFO] [stdout]   16:     0x5f9aa464f173 - tokio[60504813c4259630]::runtime::context::runtime::enter_runtime::<<tokio[60504813c4259630]::runtime::scheduler::current_thread::CurrentThread>::block_on<core[832e9a552fc17241]::pin::Pin<&mut dyn core[832e9a552fc17241]::future::future::Future<Output = ()>>>::{closure#0}, ()>
[INFO] [stdout]   17:     0x5f9aa4613cb5 - <tokio[60504813c4259630]::runtime::runtime::Runtime>::block_on_inner::<core[832e9a552fc17241]::pin::Pin<&mut dyn core[832e9a552fc17241]::future::future::Future<Output = ()>>>
[INFO] [stdout]   18:     0x5f9aa4659a6b - squill[df8cf7265cdb3992]::template::tests::no_template_overrides
[INFO] [stdout]   19:     0x5f9aa46384f9 - <squill[df8cf7265cdb3992]::template::tests::no_template_overrides::{closure#0} as core[832e9a552fc17241]::ops::function::FnOnce<()>>::call_once
[INFO] [stdout]   20:     0x5f9aa468010b - test[39766f3d73431624]::__rust_begin_short_backtrace::<core[832e9a552fc17241]::result::Result<(), alloc[3ecab9f82c41dc7d]::string::String>, fn() -> core[832e9a552fc17241]::result::Result<(), alloc[3ecab9f82c41dc7d]::string::String>>
[INFO] [stdout]   21:     0x5f9aa468d755 - test[39766f3d73431624]::run_test::{closure#0}
[INFO] [stdout]   22:     0x5f9aa4688204 - std[97b98282bc616a66]::sys::backtrace::__rust_begin_short_backtrace::<test[39766f3d73431624]::run_test::{closure#1}, ()>
[INFO] [stdout]   23:     0x5f9aa46908a2 - <std[97b98282bc616a66]::thread::lifecycle::spawn_unchecked<test[39766f3d73431624]::run_test::{closure#1}, ()>::{closure#1} as core[832e9a552fc17241]::ops::function::FnOnce<()>>::call_once::{shim:vtable#0}
[INFO] [stdout]   24:     0x5f9aa4a4bbcf - <std[97b98282bc616a66]::sys::thread::unix::Thread>::new::thread_start
[INFO] [stdout]   25:     0x742c46bf407a - <unknown>
[INFO] [stdout]   26:     0x742c46c87534 - clone
[INFO] [stdout]   27:                0x0 - <unknown>
[INFO] [stdout] 
[INFO] [stdout] ---- template::tests::template_parse_error stdout ----
[INFO] [stdout] 
[INFO] [stdout] thread 'template::tests::template_parse_error' (5154) panicked at squill/src/template.rs:248:40:
[INFO] [stdout] called `Result::unwrap()` on an `Err` value: error communicating with database: Connection refused (os error 111)
[INFO] [stdout] 
[INFO] [stdout] Caused by:
[INFO] [stdout]     Connection refused (os error 111)
[INFO] [stdout] 
[INFO] [stdout] Stack backtrace:
[INFO] [stdout]    0: <anyhow::Error as core::convert::From<sqlx_core::error::Error>>::from
[INFO] [stdout]    1: <squill::testing::TestEnv>::new::{closure#0}
[INFO] [stdout]    2: squill::template::tests::template_parse_error::{closure#0}
[INFO] [stdout]    3: <tokio::runtime::scheduler::current_thread::Context>::enter::<core::task::poll::Poll<()>, <tokio::runtime::scheduler::current_thread::CoreGuard>::block_on<core::pin::Pin<&mut core::pin::Pin<&mut dyn core::future::future::Future<Output = ()>>>>::{closure#0}::{closure#0}>
[INFO] [stdout]    4: <tokio::runtime::context::scoped::Scoped<tokio::runtime::scheduler::Context>>::set::<<tokio::runtime::scheduler::current_thread::CoreGuard>::enter<<tokio::runtime::scheduler::current_thread::CoreGuard>::block_on<core::pin::Pin<&mut core::pin::Pin<&mut dyn core::future::future::Future<Output = ()>>>>::{closure#0}, core::option::Option<()>>::{closure#0}, (alloc::boxed::Box<tokio::runtime::scheduler::current_thread::Core>, core::option::Option<()>)>
[INFO] [stdout]    5: <tokio::runtime::scheduler::current_thread::CoreGuard>::block_on::<core::pin::Pin<&mut core::pin::Pin<&mut dyn core::future::future::Future<Output = ()>>>>
[INFO] [stdout]    6: tokio::runtime::context::runtime::enter_runtime::<<tokio::runtime::scheduler::current_thread::CurrentThread>::block_on<core::pin::Pin<&mut dyn core::future::future::Future<Output = ()>>>::{closure#0}, ()>
[INFO] [stdout]    7: <tokio::runtime::runtime::Runtime>::block_on_inner::<core::pin::Pin<&mut dyn core::future::future::Future<Output = ()>>>
[INFO] [stdout]    8: squill::template::tests::template_parse_error
[INFO] [stdout]    9: <squill::template::tests::template_parse_error::{closure#0} as core::ops::function::FnOnce<()>>::call_once
[INFO] [stdout]   10: test::__rust_begin_short_backtrace::<core::result::Result<(), alloc::string::String>, fn() -> core::result::Result<(), alloc::string::String>>
[INFO] [stdout]   11: test::run_test::{closure#0}
[INFO] [stdout]   12: std::sys::backtrace::__rust_begin_short_backtrace::<test::run_test::{closure#1}, ()>
[INFO] [stdout]   13: <std::thread::lifecycle::spawn_unchecked<test::run_test::{closure#1}, ()>::{closure#1} as core::ops::function::FnOnce<()>>::call_once::{shim:vtable#0}
[INFO] [stdout]   14: <std::sys::thread::unix::Thread>::new::thread_start
[INFO] [stdout]   15: <unknown>
[INFO] [stdout]   16: clone
[INFO] [stdout] stack backtrace:
[INFO] [stdout]    0:     0x5f9aa4a4cf81 - <<std[97b98282bc616a66]::sys::backtrace::BacktraceLock>::print::DisplayBacktrace as core[832e9a552fc17241]::fmt::Display>::fmt
[INFO] [stdout]    1:     0x5f9aa4a65c0a - core[832e9a552fc17241]::fmt::write
[INFO] [stdout]    2:     0x5f9aa4a5223c - <alloc[3ecab9f82c41dc7d]::vec::Vec<u8> as std[97b98282bc616a66]::io::Write>::write_fmt
[INFO] [stdout]    3:     0x5f9aa4a278e6 - std[97b98282bc616a66]::panicking::default_hook::{closure#0}
[INFO] [stdout]    4:     0x5f9aa4a436c9 - std[97b98282bc616a66]::panicking::default_hook
[INFO] [stdout]    5:     0x5f9aa468cdd0 - test[39766f3d73431624]::test_main_inner::<test[39766f3d73431624]::test_main_static::{closure#0}>::{closure#0}
[INFO] [stdout]    6:     0x5f9aa4a439f2 - std[97b98282bc616a66]::panicking::panic_with_hook
[INFO] [stdout]    7:     0x5f9aa4a27992 - std[97b98282bc616a66]::panicking::panic_handler::{closure#0}
[INFO] [stdout]    8:     0x5f9aa4a1e919 - std[97b98282bc616a66]::sys::backtrace::__rust_end_short_backtrace::<std[97b98282bc616a66]::panicking::panic_handler::{closure#0}, !>
[INFO] [stdout]    9:     0x5f9aa4a2888d - __rustc[e3d8617bb01b7f69]::rust_begin_unwind
[INFO] [stdout]   10:     0x5f9aa4a6642c - core[832e9a552fc17241]::panicking::panic_fmt
[INFO] [stdout]   11:     0x5f9aa4a66202 - core[832e9a552fc17241]::result::unwrap_failed
[INFO] [stdout]   12:     0x5f9aa4655e92 - squill[df8cf7265cdb3992]::template::tests::template_parse_error::{closure#0}
[INFO] [stdout]   13:     0x5f9aa4677af3 - <tokio[60504813c4259630]::runtime::scheduler::current_thread::Context>::enter::<core[832e9a552fc17241]::task::poll::Poll<()>, <tokio[60504813c4259630]::runtime::scheduler::current_thread::CoreGuard>::block_on<core[832e9a552fc17241]::pin::Pin<&mut core[832e9a552fc17241]::pin::Pin<&mut dyn core[832e9a552fc17241]::future::future::Future<Output = ()>>>>::{closure#0}::{closure#0}>
[INFO] [stdout]   14:     0x5f9aa461c382 - <tokio[60504813c4259630]::runtime::context::scoped::Scoped<tokio[60504813c4259630]::runtime::scheduler::Context>>::set::<<tokio[60504813c4259630]::runtime::scheduler::current_thread::CoreGuard>::enter<<tokio[60504813c4259630]::runtime::scheduler::current_thread::CoreGuard>::block_on<core[832e9a552fc17241]::pin::Pin<&mut core[832e9a552fc17241]::pin::Pin<&mut dyn core[832e9a552fc17241]::future::future::Future<Output = ()>>>>::{closure#0}, core[832e9a552fc17241]::option::Option<()>>::{closure#0}, (alloc[3ecab9f82c41dc7d]::boxed::Box<tokio[60504813c4259630]::runtime::scheduler::current_thread::Core>, core[832e9a552fc17241]::option::Option<()>)>
[INFO] [stdout]   15:     0x5f9aa4678027 - <tokio[60504813c4259630]::runtime::scheduler::current_thread::CoreGuard>::block_on::<core[832e9a552fc17241]::pin::Pin<&mut core[832e9a552fc17241]::pin::Pin<&mut dyn core[832e9a552fc17241]::future::future::Future<Output = ()>>>>
[INFO] [stdout]   16:     0x5f9aa464f173 - tokio[60504813c4259630]::runtime::context::runtime::enter_runtime::<<tokio[60504813c4259630]::runtime::scheduler::current_thread::CurrentThread>::block_on<core[832e9a552fc17241]::pin::Pin<&mut dyn core[832e9a552fc17241]::future::future::Future<Output = ()>>>::{closure#0}, ()>
[INFO] [stdout]   17:     0x5f9aa4613cb5 - <tokio[60504813c4259630]::runtime::runtime::Runtime>::block_on_inner::<core[832e9a552fc17241]::pin::Pin<&mut dyn core[832e9a552fc17241]::future::future::Future<Output = ()>>>
[INFO] [stdout]   18:     0x5f9aa465978b - squill[df8cf7265cdb3992]::template::tests::template_parse_error
[INFO] [stdout]   19:     0x5f9aa46384b9 - <squill[df8cf7265cdb3992]::template::tests::template_parse_error::{closure#0} as core[832e9a552fc17241]::ops::function::FnOnce<()>>::call_once
[INFO] [stdout]   20:     0x5f9aa468010b - test[39766f3d73431624]::__rust_begin_short_backtrace::<core[832e9a552fc17241]::result::Result<(), alloc[3ecab9f82c41dc7d]::string::String>, fn() -> core[832e9a552fc17241]::result::Result<(), alloc[3ecab9f82c41dc7d]::string::String>>
[INFO] [stdout]   21:     0x5f9aa468d755 - test[39766f3d73431624]::run_test::{closure#0}
[INFO] [stdout]   22:     0x5f9aa4688204 - std[97b98282bc616a66]::sys::backtrace::__rust_begin_short_backtrace::<test[39766f3d73431624]::run_test::{closure#1}, ()>
[INFO] [stdout]   23:     0x5f9aa46908a2 - <std[97b98282bc616a66]::thread::lifecycle::spawn_unchecked<test[39766f3d73431624]::run_test::{closure#1}, ()>::{closure#1} as core[832e9a552fc17241]::ops::function::FnOnce<()>>::call_once::{shim:vtable#0}
[INFO] [stdout]   24:     0x5f9aa4a4bbcf - <std[97b98282bc616a66]::sys::thread::unix::Thread>::new::thread_start
[INFO] [stdout]   25:     0x742c46bf407a - <unknown>
[INFO] [stdout]   26:     0x742c46c87534 - clone
[INFO] [stdout]   27:                0x0 - <unknown>
[INFO] [stdout] 
[INFO] [stdout] ---- tests::nonexistent_migration_directory stdout ----
[INFO] [stdout] 
[INFO] [stdout] thread 'tests::nonexistent_migration_directory' (5161) panicked at squill/src/lib.rs:198:40:
[INFO] [stdout] called `Result::unwrap()` on an `Err` value: error communicating with database: Connection refused (os error 111)
[INFO] [stdout] 
[INFO] [stdout] Caused by:
[INFO] [stdout]     Connection refused (os error 111)
[INFO] [stdout] 
[INFO] [stdout] Stack backtrace:
[INFO] [stdout]    0: <anyhow::Error as core::convert::From<sqlx_core::error::Error>>::from
[INFO] [stdout]    1: <squill::testing::TestEnv>::new::{closure#0}
[INFO] [stdout]    2: squill::tests::nonexistent_migration_directory::{closure#0}
[INFO] [stdout]    3: <tokio::runtime::scheduler::current_thread::Context>::enter::<core::task::poll::Poll<()>, <tokio::runtime::scheduler::current_thread::CoreGuard>::block_on<core::pin::Pin<&mut core::pin::Pin<&mut dyn core::future::future::Future<Output = ()>>>>::{closure#0}::{closure#0}>
[INFO] [stdout]    4: <tokio::runtime::context::scoped::Scoped<tokio::runtime::scheduler::Context>>::set::<<tokio::runtime::scheduler::current_thread::CoreGuard>::enter<<tokio::runtime::scheduler::current_thread::CoreGuard>::block_on<core::pin::Pin<&mut core::pin::Pin<&mut dyn core::future::future::Future<Output = ()>>>>::{closure#0}, core::option::Option<()>>::{closure#0}, (alloc::boxed::Box<tokio::runtime::scheduler::current_thread::Core>, core::option::Option<()>)>
[INFO] [stdout]    5: <tokio::runtime::scheduler::current_thread::CoreGuard>::block_on::<core::pin::Pin<&mut core::pin::Pin<&mut dyn core::future::future::Future<Output = ()>>>>
[INFO] [stdout]    6: tokio::runtime::context::runtime::enter_runtime::<<tokio::runtime::scheduler::current_thread::CurrentThread>::block_on<core::pin::Pin<&mut dyn core::future::future::Future<Output = ()>>>::{closure#0}, ()>
[INFO] [stdout]    7: <tokio::runtime::runtime::Runtime>::block_on_inner::<core::pin::Pin<&mut dyn core::future::future::Future<Output = ()>>>
[INFO] [stdout]    8: squill::tests::nonexistent_migration_directory
[INFO] [stdout]    9: <squill::tests::nonexistent_migration_directory::{closure#0} as core::ops::function::FnOnce<()>>::call_once
[INFO] [stdout]   10: test::__rust_begin_short_backtrace::<core::result::Result<(), alloc::string::String>, fn() -> core::result::Result<(), alloc::string::String>>
[INFO] [stdout]   11: test::run_test::{closure#0}
[INFO] [stdout]   12: std::sys::backtrace::__rust_begin_short_backtrace::<test::run_test::{closure#1}, ()>
[INFO] [stdout]   13: <std::thread::lifecycle::spawn_unchecked<test::run_test::{closure#1}, ()>::{closure#1} as core::ops::function::FnOnce<()>>::call_once::{shim:vtable#0}
[INFO] [stdout]   14: <std::sys::thread::unix::Thread>::new::thread_start
[INFO] [stdout]   15: <unknown>
[INFO] [stdout]   16: clone
[INFO] [stdout] stack backtrace:
[INFO] [stdout]    0:     0x5f9aa4a4cf81 - <<std[97b98282bc616a66]::sys::backtrace::BacktraceLock>::print::DisplayBacktrace as core[832e9a552fc17241]::fmt::Display>::fmt
[INFO] [stdout]    1:     0x5f9aa4a65c0a - core[832e9a552fc17241]::fmt::write
[INFO] [stdout]    2:     0x5f9aa4a5223c - <alloc[3ecab9f82c41dc7d]::vec::Vec<u8> as std[97b98282bc616a66]::io::Write>::write_fmt
[INFO] [stdout]    3:     0x5f9aa4a278e6 - std[97b98282bc616a66]::panicking::default_hook::{closure#0}
[INFO] [stdout]    4:     0x5f9aa4a436c9 - std[97b98282bc616a66]::panicking::default_hook
[INFO] [stdout]    5:     0x5f9aa468cdd0 - test[39766f3d73431624]::test_main_inner::<test[39766f3d73431624]::test_main_static::{closure#0}>::{closure#0}
[INFO] [stdout]    6:     0x5f9aa4a439f2 - std[97b98282bc616a66]::panicking::panic_with_hook
[INFO] [stdout]    7:     0x5f9aa4a27992 - std[97b98282bc616a66]::panicking::panic_handler::{closure#0}
[INFO] [stdout]    8:     0x5f9aa4a1e919 - std[97b98282bc616a66]::sys::backtrace::__rust_end_short_backtrace::<std[97b98282bc616a66]::panicking::panic_handler::{closure#0}, !>
[INFO] [stdout]    9:     0x5f9aa4a2888d - __rustc[e3d8617bb01b7f69]::rust_begin_unwind
[INFO] [stdout]   10:     0x5f9aa4a6642c - core[832e9a552fc17241]::panicking::panic_fmt
[INFO] [stdout]   11:     0x5f9aa4a66202 - core[832e9a552fc17241]::result::unwrap_failed
[INFO] [stdout]   12:     0x5f9aa46422fe - squill[df8cf7265cdb3992]::tests::nonexistent_migration_directory::{closure#0}
[INFO] [stdout]   13:     0x5f9aa4677af3 - <tokio[60504813c4259630]::runtime::scheduler::current_thread::Context>::enter::<core[832e9a552fc17241]::task::poll::Poll<()>, <tokio[60504813c4259630]::runtime::scheduler::current_thread::CoreGuard>::block_on<core[832e9a552fc17241]::pin::Pin<&mut core[832e9a552fc17241]::pin::Pin<&mut dyn core[832e9a552fc17241]::future::future::Future<Output = ()>>>>::{closure#0}::{closure#0}>
[INFO] [stdout]   14:     0x5f9aa461c382 - <tokio[60504813c4259630]::runtime::context::scoped::Scoped<tokio[60504813c4259630]::runtime::scheduler::Context>>::set::<<tokio[60504813c4259630]::runtime::scheduler::current_thread::CoreGuard>::enter<<tokio[60504813c4259630]::runtime::scheduler::current_thread::CoreGuard>::block_on<core[832e9a552fc17241]::pin::Pin<&mut core[832e9a552fc17241]::pin::Pin<&mut dyn core[832e9a552fc17241]::future::future::Future<Output = ()>>>>::{closure#0}, core[832e9a552fc17241]::option::Option<()>>::{closure#0}, (alloc[3ecab9f82c41dc7d]::boxed::Box<tokio[60504813c4259630]::runtime::scheduler::current_thread::Core>, core[832e9a552fc17241]::option::Option<()>)>
[INFO] [stdout]   15:     0x5f9aa4678027 - <tokio[60504813c4259630]::runtime::scheduler::current_thread::CoreGuard>::block_on::<core[832e9a552fc17241]::pin::Pin<&mut core[832e9a552fc17241]::pin::Pin<&mut dyn core[832e9a552fc17241]::future::future::Future<Output = ()>>>>
[INFO] [stdout]   16:     0x5f9aa464f173 - tokio[60504813c4259630]::runtime::context::runtime::enter_runtime::<<tokio[60504813c4259630]::runtime::scheduler::current_thread::CurrentThread>::block_on<core[832e9a552fc17241]::pin::Pin<&mut dyn core[832e9a552fc17241]::future::future::Future<Output = ()>>>::{closure#0}, ()>
[INFO] [stdout]   17:     0x5f9aa4613cb5 - <tokio[60504813c4259630]::runtime::runtime::Runtime>::block_on_inner::<core[832e9a552fc17241]::pin::Pin<&mut dyn core[832e9a552fc17241]::future::future::Future<Output = ()>>>
[INFO] [stdout]   18:     0x5f9aa464309b - squill[df8cf7265cdb3992]::tests::nonexistent_migration_directory
[INFO] [stdout]   19:     0x5f9aa4638209 - <squill[df8cf7265cdb3992]::tests::nonexistent_migration_directory::{closure#0} as core[832e9a552fc17241]::ops::function::FnOnce<()>>::call_once
[INFO] [stdout]   20:     0x5f9aa468010b - test[39766f3d73431624]::__rust_begin_short_backtrace::<core[832e9a552fc17241]::result::Result<(), alloc[3ecab9f82c41dc7d]::string::String>, fn() -> core[832e9a552fc17241]::result::Result<(), alloc[3ecab9f82c41dc7d]::string::String>>
[INFO] [stdout]   21:     0x5f9aa468d755 - test[39766f3d73431624]::run_test::{closure#0}
[INFO] [stdout]   22:     0x5f9aa4688204 - std[97b98282bc616a66]::sys::backtrace::__rust_begin_short_backtrace::<test[39766f3d73431624]::run_test::{closure#1}, ()>
[INFO] [stdout]   23:     0x5f9aa46908a2 - <std[97b98282bc616a66]::thread::lifecycle::spawn_unchecked<test[39766f3d73431624]::run_test::{closure#1}, ()>::{closure#1} as core[832e9a552fc17241]::ops::function::FnOnce<()>>::call_once::{shim:vtable#0}
[INFO] [stdout]   24:     0x5f9aa4a4bbcf - <std[97b98282bc616a66]::sys::thread::unix::Thread>::new::thread_start
[INFO] [stdout]   25:     0x742c46bf407a - <unknown>
[INFO] [stdout]   26:     0x742c46c87534 - clone
[INFO] [stdout]   27:                0x0 - <unknown>
[INFO] [stdout] 
[INFO] [stdout] ---- tests::new_migration_named_template stdout ----
[INFO] [stdout] 
[INFO] [stdout] thread 'tests::new_migration_named_template' (5160) panicked at squill/src/lib.rs:258:40:
[INFO] [stdout] called `Result::unwrap()` on an `Err` value: error communicating with database: Connection refused (os error 111)
[INFO] [stdout] 
[INFO] [stdout] Caused by:
[INFO] [stdout]     Connection refused (os error 111)
[INFO] [stdout] 
[INFO] [stdout] Stack backtrace:
[INFO] [stdout]    0: <anyhow::Error as core::convert::From<sqlx_core::error::Error>>::from
[INFO] [stdout]    1: <squill::testing::TestEnv>::new::{closure#0}
[INFO] [stdout]    2: squill::tests::new_migration_named_template::{closure#0}
[INFO] [stdout]    3: <tokio::runtime::scheduler::current_thread::Context>::enter::<core::task::poll::Poll<()>, <tokio::runtime::scheduler::current_thread::CoreGuard>::block_on<core::pin::Pin<&mut core::pin::Pin<&mut dyn core::future::future::Future<Output = ()>>>>::{closure#0}::{closure#0}>
[INFO] [stdout]    4: <tokio::runtime::context::scoped::Scoped<tokio::runtime::scheduler::Context>>::set::<<tokio::runtime::scheduler::current_thread::CoreGuard>::enter<<tokio::runtime::scheduler::current_thread::CoreGuard>::block_on<core::pin::Pin<&mut core::pin::Pin<&mut dyn core::future::future::Future<Output = ()>>>>::{closure#0}, core::option::Option<()>>::{closure#0}, (alloc::boxed::Box<tokio::runtime::scheduler::current_thread::Core>, core::option::Option<()>)>
[INFO] [stdout]    5: <tokio::runtime::scheduler::current_thread::CoreGuard>::block_on::<core::pin::Pin<&mut core::pin::Pin<&mut dyn core::future::future::Future<Output = ()>>>>
[INFO] [stdout]    6: tokio::runtime::context::runtime::enter_runtime::<<tokio::runtime::scheduler::current_thread::CurrentThread>::block_on<core::pin::Pin<&mut dyn core::future::future::Future<Output = ()>>>::{closure#0}, ()>
[INFO] [stdout]    7: <tokio::runtime::runtime::Runtime>::block_on_inner::<core::pin::Pin<&mut dyn core::future::future::Future<Output = ()>>>
[INFO] [stdout]    8: squill::tests::new_migration_named_template
[INFO] [stdout]    9: <squill::tests::new_migration_named_template::{closure#0} as core::ops::function::FnOnce<()>>::call_once
[INFO] [stdout]   10: test::__rust_begin_short_backtrace::<core::result::Result<(), alloc::string::String>, fn() -> core::result::Result<(), alloc::string::String>>
[INFO] [stdout]   11: test::run_test::{closure#0}
[INFO] [stdout]   12: std::sys::backtrace::__rust_begin_short_backtrace::<test::run_test::{closure#1}, ()>
[INFO] [stdout]   13: <std::thread::lifecycle::spawn_unchecked<test::run_test::{closure#1}, ()>::{closure#1} as core::ops::function::FnOnce<()>>::call_once::{shim:vtable#0}
[INFO] [stdout]   14: <std::sys::thread::unix::Thread>::new::thread_start
[INFO] [stdout]   15: <unknown>
[INFO] [stdout]   16: clone
[INFO] [stdout] stack backtrace:
[INFO] [stdout]    0:     0x5f9aa4a4cf81 - <<std[97b98282bc616a66]::sys::backtrace::BacktraceLock>::print::DisplayBacktrace as core[832e9a552fc17241]::fmt::Display>::fmt
[INFO] [stdout]    1:     0x5f9aa4a65c0a - core[832e9a552fc17241]::fmt::write
[INFO] [stdout]    2:     0x5f9aa4a5223c - <alloc[3ecab9f82c41dc7d]::vec::Vec<u8> as std[97b98282bc616a66]::io::Write>::write_fmt
[INFO] [stdout]    3:     0x5f9aa4a278e6 - std[97b98282bc616a66]::panicking::default_hook::{closure#0}
[INFO] [stdout]    4:     0x5f9aa4a436c9 - std[97b98282bc616a66]::panicking::default_hook
[INFO] [stdout]    5:     0x5f9aa468cdd0 - test[39766f3d73431624]::test_main_inner::<test[39766f3d73431624]::test_main_static::{closure#0}>::{closure#0}
[INFO] [stdout]    6:     0x5f9aa4a439f2 - std[97b98282bc616a66]::panicking::panic_with_hook
[INFO] [stdout]    7:     0x5f9aa4a27992 - std[97b98282bc616a66]::panicking::panic_handler::{closure#0}
[INFO] [stdout]    8:     0x5f9aa4a1e919 - std[97b98282bc616a66]::sys::backtrace::__rust_end_short_backtrace::<std[97b98282bc616a66]::panicking::panic_handler::{closure#0}, !>
[INFO] [stdout]    9:     0x5f9aa4a2888d - __rustc[e3d8617bb01b7f69]::rust_begin_unwind
[INFO] [stdout]   10:     0x5f9aa4a6642c - core[832e9a552fc17241]::panicking::panic_fmt
[INFO] [stdout]   11:     0x5f9aa4a66202 - core[832e9a552fc17241]::result::unwrap_failed
[INFO] [stdout]   12:     0x5f9aa463e17c - squill[df8cf7265cdb3992]::tests::new_migration_named_template::{closure#0}
[INFO] [stdout]   13:     0x5f9aa4677af3 - <tokio[60504813c4259630]::runtime::scheduler::current_thread::Context>::enter::<core[832e9a552fc17241]::task::poll::Poll<()>, <tokio[60504813c4259630]::runtime::scheduler::current_thread::CoreGuard>::block_on<core[832e9a552fc17241]::pin::Pin<&mut core[832e9a552fc17241]::pin::Pin<&mut dyn core[832e9a552fc17241]::future::future::Future<Output = ()>>>>::{closure#0}::{closure#0}>
[INFO] [stdout]   14:     0x5f9aa461c382 - <tokio[60504813c4259630]::runtime::context::scoped::Scoped<tokio[60504813c4259630]::runtime::scheduler::Context>>::set::<<tokio[60504813c4259630]::runtime::scheduler::current_thread::CoreGuard>::enter<<tokio[60504813c4259630]::runtime::scheduler::current_thread::CoreGuard>::block_on<core[832e9a552fc17241]::pin::Pin<&mut core[832e9a552fc17241]::pin::Pin<&mut dyn core[832e9a552fc17241]::future::future::Future<Output = ()>>>>::{closure#0}, core[832e9a552fc17241]::option::Option<()>>::{closure#0}, (alloc[3ecab9f82c41dc7d]::boxed::Box<tokio[60504813c4259630]::runtime::scheduler::current_thread::Core>, core[832e9a552fc17241]::option::Option<()>)>
[INFO] [stdout]   15:     0x5f9aa4678027 - <tokio[60504813c4259630]::runtime::scheduler::current_thread::CoreGuard>::block_on::<core[832e9a552fc17241]::pin::Pin<&mut core[832e9a552fc17241]::pin::Pin<&mut dyn core[832e9a552fc17241]::future::future::Future<Output = ()>>>>
[INFO] [stdout]   16:     0x5f9aa464f173 - tokio[60504813c4259630]::runtime::context::runtime::enter_runtime::<<tokio[60504813c4259630]::runtime::scheduler::current_thread::CurrentThread>::block_on<core[832e9a552fc17241]::pin::Pin<&mut dyn core[832e9a552fc17241]::future::future::Future<Output = ()>>>::{closure#0}, ()>
[INFO] [stdout]   17:     0x5f9aa4613cb5 - <tokio[60504813c4259630]::runtime::runtime::Runtime>::block_on_inner::<core[832e9a552fc17241]::pin::Pin<&mut dyn core[832e9a552fc17241]::future::future::Future<Output = ()>>>
[INFO] [stdout]   18:     0x5f9aa4642c5b - squill[df8cf7265cdb3992]::tests::new_migration_named_template
[INFO] [stdout]   19:     0x5f9aa46381a9 - <squill[df8cf7265cdb3992]::tests::new_migration_named_template::{closure#0} as core[832e9a552fc17241]::ops::function::FnOnce<()>>::call_once
[INFO] [stdout]   20:     0x5f9aa468010b - test[39766f3d73431624]::__rust_begin_short_backtrace::<core[832e9a552fc17241]::result::Result<(), alloc[3ecab9f82c41dc7d]::string::String>, fn() -> core[832e9a552fc17241]::result::Result<(), alloc[3ecab9f82c41dc7d]::string::String>>
[INFO] [stdout]   21:     0x5f9aa468d755 - test[39766f3d73431624]::run_test::{closure#0}
[INFO] [stdout]   22:     0x5f9aa4688204 - std[97b98282bc616a66]::sys::backtrace::__rust_begin_short_backtrace::<test[39766f3d73431624]::run_test::{closure#1}, ()>
[INFO] [stdout]   23:     0x5f9aa46908a2 - <std[97b98282bc616a66]::thread::lifecycle::spawn_unchecked<test[39766f3d73431624]::run_test::{closure#1}, ()>::{closure#1} as core[832e9a552fc17241]::ops::function::FnOnce<()>>::call_once::{shim:vtable#0}
[INFO] [stdout]   24:     0x5f9aa4a4bbcf - <std[97b98282bc616a66]::sys::thread::unix::Thread>::new::thread_start
[INFO] [stdout]   25:     0x742c46bf407a - <unknown>
[INFO] [stdout]   26:     0x742c46c87534 - clone
[INFO] [stdout]   27:                0x0 - <unknown>
[INFO] [stdout] 
[INFO] [stdout] ---- tests::new_migration_embedded_template stdout ----
[INFO] [stdout] 
[INFO] [stdout] thread 'tests::new_migration_embedded_template' (5157) panicked at squill/src/lib.rs:239:40:
[INFO] [stdout] called `Result::unwrap()` on an `Err` value: error communicating with database: Connection refused (os error 111)
[INFO] [stdout] 
[INFO] [stdout] Caused by:
[INFO] [stdout]     Connection refused (os error 111)
[INFO] [stdout] 
[INFO] [stdout] Stack backtrace:
[INFO] [stdout]    0: <anyhow::Error as core::convert::From<sqlx_core::error::Error>>::from
[INFO] [stdout]    1: <squill::testing::TestEnv>::new::{closure#0}
[INFO] [stdout]    2: squill::tests::new_migration_embedded_template::{closure#0}
[INFO] [stdout]    3: <tokio::runtime::scheduler::current_thread::Context>::enter::<core::task::poll::Poll<()>, <tokio::runtime::scheduler::current_thread::CoreGuard>::block_on<core::pin::Pin<&mut core::pin::Pin<&mut dyn core::future::future::Future<Output = ()>>>>::{closure#0}::{closure#0}>
[INFO] [stdout]    4: <tokio::runtime::context::scoped::Scoped<tokio::runtime::scheduler::Context>>::set::<<tokio::runtime::scheduler::current_thread::CoreGuard>::enter<<tokio::runtime::scheduler::current_thread::CoreGuard>::block_on<core::pin::Pin<&mut core::pin::Pin<&mut dyn core::future::future::Future<Output = ()>>>>::{closure#0}, core::option::Option<()>>::{closure#0}, (alloc::boxed::Box<tokio::runtime::scheduler::current_thread::Core>, core::option::Option<()>)>
[INFO] [stdout]    5: <tokio::runtime::scheduler::current_thread::CoreGuard>::block_on::<core::pin::Pin<&mut core::pin::Pin<&mut dyn core::future::future::Future<Output = ()>>>>
[INFO] [stdout]    6: tokio::runtime::context::runtime::enter_runtime::<<tokio::runtime::scheduler::current_thread::CurrentThread>::block_on<core::pin::Pin<&mut dyn core::future::future::Future<Output = ()>>>::{closure#0}, ()>
[INFO] [stdout]    7: <tokio::runtime::runtime::Runtime>::block_on_inner::<core::pin::Pin<&mut dyn core::future::future::Future<Output = ()>>>
[INFO] [stdout]    8: squill::tests::new_migration_embedded_template
[INFO] [stdout]    9: <squill::tests::new_migration_embedded_template::{closure#0} as core::ops::function::FnOnce<()>>::call_once
[INFO] [stdout]   10: test::__rust_begin_short_backtrace::<core::result::Result<(), alloc::string::String>, fn() -> core::result::Result<(), alloc::string::String>>
[INFO] [stdout]   11: test::run_test::{closure#0}
[INFO] [stdout]   12: std::sys::backtrace::__rust_begin_short_backtrace::<test::run_test::{closure#1}, ()>
[INFO] [stdout]   13: <std::thread::lifecycle::spawn_unchecked<test::run_test::{closure#1}, ()>::{closure#1} as core::ops::function::FnOnce<()>>::call_once::{shim:vtable#0}
[INFO] [stdout]   14: <std::sys::thread::unix::Thread>::new::thread_start
[INFO] [stdout]   15: <unknown>
[INFO] [stdout]   16: clone
[INFO] [stdout] stack backtrace:
[INFO] [stdout]    0:     0x5f9aa4a4cf81 - <<std[97b98282bc616a66]::sys::backtrace::BacktraceLock>::print::DisplayBacktrace as core[832e9a552fc17241]::fmt::Display>::fmt
[INFO] [stdout]    1:     0x5f9aa4a65c0a - core[832e9a552fc17241]::fmt::write
[INFO] [stdout]    2:     0x5f9aa4a5223c - <alloc[3ecab9f82c41dc7d]::vec::Vec<u8> as std[97b98282bc616a66]::io::Write>::write_fmt
[INFO] [stdout]    3:     0x5f9aa4a278e6 - std[97b98282bc616a66]::panicking::default_hook::{closure#0}
[INFO] [stdout]    4:     0x5f9aa4a436c9 - std[97b98282bc616a66]::panicking::default_hook
[INFO] [stdout]    5:     0x5f9aa468cdd0 - test[39766f3d73431624]::test_main_inner::<test[39766f3d73431624]::test_main_static::{closure#0}>::{closure#0}
[INFO] [stdout]    6:     0x5f9aa4a439f2 - std[97b98282bc616a66]::panicking::panic_with_hook
[INFO] [stdout]    7:     0x5f9aa4a27992 - std[97b98282bc616a66]::panicking::panic_handler::{closure#0}
[INFO] [stdout]    8:     0x5f9aa4a1e919 - std[97b98282bc616a66]::sys::backtrace::__rust_end_short_backtrace::<std[97b98282bc616a66]::panicking::panic_handler::{closure#0}, !>
[INFO] [stdout]    9:     0x5f9aa4a2888d - __rustc[e3d8617bb01b7f69]::rust_begin_unwind
[INFO] [stdout]   10:     0x5f9aa4a6642c - core[832e9a552fc17241]::panicking::panic_fmt
[INFO] [stdout]   11:     0x5f9aa4a66202 - core[832e9a552fc17241]::result::unwrap_failed
[INFO] [stdout]   12:     0x5f9aa4641b93 - squill[df8cf7265cdb3992]::tests::new_migration_embedded_template::{closure#0}
[INFO] [stdout]   13:     0x5f9aa4677af3 - <tokio[60504813c4259630]::runtime::scheduler::current_thread::Context>::enter::<core[832e9a552fc17241]::task::poll::Poll<()>, <tokio[60504813c4259630]::runtime::scheduler::current_thread::CoreGuard>::block_on<core[832e9a552fc17241]::pin::Pin<&mut core[832e9a552fc17241]::pin::Pin<&mut dyn core[832e9a552fc17241]::future::future::Future<Output = ()>>>>::{closure#0}::{closure#0}>
[INFO] [stdout]   14:     0x5f9aa461c382 - <tokio[60504813c4259630]::runtime::context::scoped::Scoped<tokio[60504813c4259630]::runtime::scheduler::Context>>::set::<<tokio[60504813c4259630]::runtime::scheduler::current_thread::CoreGuard>::enter<<tokio[60504813c4259630]::runtime::scheduler::current_thread::CoreGuard>::block_on<core[832e9a552fc17241]::pin::Pin<&mut core[832e9a552fc17241]::pin::Pin<&mut dyn core[832e9a552fc17241]::future::future::Future<Output = ()>>>>::{closure#0}, core[832e9a552fc17241]::option::Option<()>>::{closure#0}, (alloc[3ecab9f82c41dc7d]::boxed::Box<tokio[60504813c4259630]::runtime::scheduler::current_thread::Core>, core[832e9a552fc17241]::option::Option<()>)>
[INFO] [stdout]   15:     0x5f9aa4678027 - <tokio[60504813c4259630]::runtime::scheduler::current_thread::CoreGuard>::block_on::<core[832e9a552fc17241]::pin::Pin<&mut core[832e9a552fc17241]::pin::Pin<&mut dyn core[832e9a552fc17241]::future::future::Future<Output = ()>>>>
[INFO] [stdout]   16:     0x5f9aa464f173 - tokio[60504813c4259630]::runtime::context::runtime::enter_runtime::<<tokio[60504813c4259630]::runtime::scheduler::current_thread::CurrentThread>::block_on<core[832e9a552fc17241]::pin::Pin<&mut dyn core[832e9a552fc17241]::future::future::Future<Output = ()>>>::{closure#0}, ()>
[INFO] [stdout]   17:     0x5f9aa4613cb5 - <tokio[60504813c4259630]::runtime::runtime::Runtime>::block_on_inner::<core[832e9a552fc17241]::pin::Pin<&mut dyn core[832e9a552fc17241]::future::future::Future<Output = ()>>>
[INFO] [stdout]   18:     0x5f9aa4642f2b - squill[df8cf7265cdb3992]::tests::new_migration_embedded_template
[INFO] [stdout]   19:     0x5f9aa46381e9 - <squill[df8cf7265cdb3992]::tests::new_migration_embedded_template::{closure#0} as core[832e9a552fc17241]::ops::function::FnOnce<()>>::call_once
[INFO] [stdout]   20:     0x5f9aa468010b - test[39766f3d73431624]::__rust_begin_short_backtrace::<core[832e9a552fc17241]::result::Result<(), alloc[3ecab9f82c41dc7d]::string::String>, fn() -> core[832e9a552fc17241]::result::Result<(), alloc[3ecab9f82c41dc7d]::string::String>>
[INFO] [stdout]   21:     0x5f9aa468d755 - test[39766f3d73431624]::run_test::{closure#0}
[INFO] [stdout]   22:     0x5f9aa4688204 - std[97b98282bc616a66]::sys::backtrace::__rust_begin_short_backtrace::<test[39766f3d73431624]::run_test::{closure#1}, ()>
[INFO] [stdout]   23:     0x5f9aa46908a2 - <std[97b98282bc616a66]::thread::lifecycle::spawn_unchecked<test[39766f3d73431624]::run_test::{closure#1}, ()>::{closure#1} as core[832e9a552fc17241]::ops::function::FnOnce<()>>::call_once::{shim:vtable#0}
[INFO] [stdout]   24:     0x5f9aa4a4bbcf - <std[97b98282bc616a66]::sys::thread::unix::Thread>::new::thread_start
[INFO] [stdout]   25:     0x742c46bf407a - <unknown>
[INFO] [stdout]   26:     0x742c46c87534 - clone
[INFO] [stdout]   27:                0x0 - <unknown>
[INFO] [stdout] 
[INFO] [stdout] ---- tests::initial_migration stdout ----
[INFO] [stdout] 
[INFO] [stdout] thread 'tests::initial_migration' (5155) panicked at squill/src/lib.rs:222:40:
[INFO] [stdout] called `Result::unwrap()` on an `Err` value: error communicating with database: Connection refused (os error 111)
[INFO] [stdout] 
[INFO] [stdout] Caused by:
[INFO] [stdout]     Connection refused (os error 111)
[INFO] [stdout] 
[INFO] [stdout] Stack backtrace:
[INFO] [stdout]    0: <anyhow::Error as core::convert::From<sqlx_core::error::Error>>::from
[INFO] [stdout]    1: <squill::testing::TestEnv>::new::{closure#0}
[INFO] [stdout]    2: squill::tests::initial_migration::{closure#0}
[INFO] [stdout]    3: <tokio::runtime::scheduler::current_thread::Context>::enter::<core::task::poll::Poll<()>, <tokio::runtime::scheduler::current_thread::CoreGuard>::block_on<core::pin::Pin<&mut core::pin::Pin<&mut dyn core::future::future::Future<Output = ()>>>>::{closure#0}::{closure#0}>
[INFO] [stdout]    4: <tokio::runtime::context::scoped::Scoped<tokio::runtime::scheduler::Context>>::set::<<tokio::runtime::scheduler::current_thread::CoreGuard>::enter<<tokio::runtime::scheduler::current_thread::CoreGuard>::block_on<core::pin::Pin<&mut core::pin::Pin<&mut dyn core::future::future::Future<Output = ()>>>>::{closure#0}, core::option::Option<()>>::{closure#0}, (alloc::boxed::Box<tokio::runtime::scheduler::current_thread::Core>, core::option::Option<()>)>
[INFO] [stdout]    5: <tokio::runtime::scheduler::current_thread::CoreGuard>::block_on::<core::pin::Pin<&mut core::pin::Pin<&mut dyn core::future::future::Future<Output = ()>>>>
[INFO] [stdout]    6: tokio::runtime::context::runtime::enter_runtime::<<tokio::runtime::scheduler::current_thread::CurrentThread>::block_on<core::pin::Pin<&mut dyn core::future::future::Future<Output = ()>>>::{closure#0}, ()>
[INFO] [stdout]    7: <tokio::runtime::runtime::Runtime>::block_on_inner::<core::pin::Pin<&mut dyn core::future::future::Future<Output = ()>>>
[INFO] [stdout]    8: squill::tests::initial_migration
[INFO] [stdout]    9: <squill::tests::initial_migration::{closure#0} as core::ops::function::FnOnce<()>>::call_once
[INFO] [stdout]   10: test::__rust_begin_short_backtrace::<core::result::Result<(), alloc::string::String>, fn() -> core::result::Result<(), alloc::string::String>>
[INFO] [stdout]   11: test::run_test::{closure#0}
[INFO] [stdout]   12: std::sys::backtrace::__rust_begin_short_backtrace::<test::run_test::{closure#1}, ()>
[INFO] [stdout]   13: <std::thread::lifecycle::spawn_unchecked<test::run_test::{closure#1}, ()>::{closure#1} as core::ops::function::FnOnce<()>>::call_once::{shim:vtable#0}
[INFO] [stdout]   14: <std::sys::thread::unix::Thread>::new::thread_start
[INFO] [stdout]   15: <unknown>
[INFO] [stdout]   16: clone
[INFO] [stdout] stack backtrace:
[INFO] [stdout]    0:     0x5f9aa4a4cf81 - <<std[97b98282bc616a66]::sys::backtrace::BacktraceLock>::print::DisplayBacktrace as core[832e9a552fc17241]::fmt::Display>::fmt
[INFO] [stdout]    1:     0x5f9aa4a65c0a - core[832e9a552fc17241]::fmt::write
[INFO] [stdout]    2:     0x5f9aa4a5223c - <alloc[3ecab9f82c41dc7d]::vec::Vec<u8> as std[97b98282bc616a66]::io::Write>::write_fmt
[INFO] [stdout]    3:     0x5f9aa4a278e6 - std[97b98282bc616a66]::panicking::default_hook::{closure#0}
[INFO] [stdout]    4:     0x5f9aa4a436c9 - std[97b98282bc616a66]::panicking::default_hook
[INFO] [stdout]    5:     0x5f9aa468cdd0 - test[39766f3d73431624]::test_main_inner::<test[39766f3d73431624]::test_main_static::{closure#0}>::{closure#0}
[INFO] [stdout]    6:     0x5f9aa4a439f2 - std[97b98282bc616a66]::panicking::panic_with_hook
[INFO] [stdout]    7:     0x5f9aa4a27992 - std[97b98282bc616a66]::panicking::panic_handler::{closure#0}
[INFO] [stdout]    8:     0x5f9aa4a1e919 - std[97b98282bc616a66]::sys::backtrace::__rust_end_short_backtrace::<std[97b98282bc616a66]::panicking::panic_handler::{closure#0}, !>
[INFO] [stdout]    9:     0x5f9aa4a2888d - __rustc[e3d8617bb01b7f69]::rust_begin_unwind
[INFO] [stdout]   10:     0x5f9aa4a6642c - core[832e9a552fc17241]::panicking::panic_fmt
[INFO] [stdout]   11:     0x5f9aa4a66202 - core[832e9a552fc17241]::result::unwrap_failed
[INFO] [stdout]   12:     0x5f9aa463d8ec - squill[df8cf7265cdb3992]::tests::initial_migration::{closure#0}
[INFO] [stdout]   13:     0x5f9aa4677af3 - <tokio[60504813c4259630]::runtime::scheduler::current_thread::Context>::enter::<core[832e9a552fc17241]::task::poll::Poll<()>, <tokio[60504813c4259630]::runtime::scheduler::current_thread::CoreGuard>::block_on<core[832e9a552fc17241]::pin::Pin<&mut core[832e9a552fc17241]::pin::Pin<&mut dyn core[832e9a552fc17241]::future::future::Future<Output = ()>>>>::{closure#0}::{closure#0}>
[INFO] [stdout]   14:     0x5f9aa461c382 - <tokio[60504813c4259630]::runtime::context::scoped::Scoped<tokio[60504813c4259630]::runtime::scheduler::Context>>::set::<<tokio[60504813c4259630]::runtime::scheduler::current_thread::CoreGuard>::enter<<tokio[60504813c4259630]::runtime::scheduler::current_thread::CoreGuard>::block_on<core[832e9a552fc17241]::pin::Pin<&mut core[832e9a552fc17241]::pin::Pin<&mut dyn core[832e9a552fc17241]::future::future::Future<Output = ()>>>>::{closure#0}, core[832e9a552fc17241]::option::Option<()>>::{closure#0}, (alloc[3ecab9f82c41dc7d]::boxed::Box<tokio[60504813c4259630]::runtime::scheduler::current_thread::Core>, core[832e9a552fc17241]::option::Option<()>)>
[INFO] [stdout]   15:     0x5f9aa4678027 - <tokio[60504813c4259630]::runtime::scheduler::current_thread::CoreGuard>::block_on::<core[832e9a552fc17241]::pin::Pin<&mut core[832e9a552fc17241]::pin::Pin<&mut dyn core[832e9a552fc17241]::future::future::Future<Output = ()>>>>
[INFO] [stdout]   16:     0x5f9aa464f173 - tokio[60504813c4259630]::runtime::context::runtime::enter_runtime::<<tokio[60504813c4259630]::runtime::scheduler::current_thread::CurrentThread>::block_on<core[832e9a552fc17241]::pin::Pin<&mut dyn core[832e9a552fc17241]::future::future::Future<Output = ()>>>::{closure#0}, ()>
[INFO] [stdout]   17:     0x5f9aa4613cb5 - <tokio[60504813c4259630]::runtime::runtime::Runtime>::block_on_inner::<core[832e9a552fc17241]::pin::Pin<&mut dyn core[832e9a552fc17241]::future::future::Future<Output = ()>>>
[INFO] [stdout]   18:     0x5f9aa4642aeb - squill[df8cf7265cdb3992]::tests::initial_migration
[INFO] [stdout]   19:     0x5f9aa4638189 - <squill[df8cf7265cdb3992]::tests::initial_migration::{closure#0} as core[832e9a552fc17241]::ops::function::FnOnce<()>>::call_once
[INFO] [stdout]   20:     0x5f9aa468010b - test[39766f3d73431624]::__rust_begin_short_backtrace::<core[832e9a552fc17241]::result::Result<(), alloc[3ecab9f82c41dc7d]::string::String>, fn() -> core[832e9a552fc17241]::result::Result<(), alloc[3ecab9f82c41dc7d]::string::String>>
[INFO] [stdout]   21:     0x5f9aa468d755 - test[39766f3d73431624]::run_test::{closure#0}
[INFO] [stdout]   22:     0x5f9aa4688204 - std[97b98282bc616a66]::sys::backtrace::__rust_begin_short_backtrace::<test[39766f3d73431624]::run_test::{closure#1}, ()>
[INFO] [stdout]   23:     0x5f9aa46908a2 - <std[97b98282bc616a66]::thread::lifecycle::spawn_unchecked<test[39766f3d73431624]::run_test::{closure#1}, ()>::{closure#1} as core[832e9a552fc17241]::ops::function::FnOnce<()>>::call_once::{shim:vtable#0}
[INFO] [stdout]   24:     0x5f9aa4a4bbcf - <std[97b98282bc616a66]::sys::thread::unix::Thread>::new::thread_start
[INFO] [stdout]   25:     0x742c46bf407a - <unknown>
[INFO] [stdout]   26:     0x742c46c87534 - clone
[INFO] [stdout]   27:                0x0 - <unknown>
[INFO] [stdout] 
[INFO] [stdout] ---- tests::simulated_interactive_session stdout ----
[INFO] [stdout] 
[INFO] [stdout] thread 'tests::simulated_interactive_session' (5162) panicked at squill/src/lib.rs:292:48:
[INFO] [stdout] called `Result::unwrap()` on an `Err` value: error communicating with database: Connection refused (os error 111)
[INFO] [stdout] 
[INFO] [stdout] Caused by:
[INFO] [stdout]     Connection refused (os error 111)
[INFO] [stdout] 
[INFO] [stdout] Stack backtrace:
[INFO] [stdout]    0: <anyhow::Error as core::convert::From<sqlx_core::error::Error>>::from
[INFO] [stdout]    1: <squill::testing::TestEnv>::new::{closure#0}
[INFO] [stdout]    2: squill::tests::simulated_interactive_session::{closure#0}
[INFO] [stdout]    3: <tokio::runtime::scheduler::current_thread::Context>::enter::<core::task::poll::Poll<()>, <tokio::runtime::scheduler::current_thread::CoreGuard>::block_on<core::pin::Pin<&mut core::pin::Pin<&mut dyn core::future::future::Future<Output = ()>>>>::{closure#0}::{closure#0}>
[INFO] [stdout]    4: <tokio::runtime::context::scoped::Scoped<tokio::runtime::scheduler::Context>>::set::<<tokio::runtime::scheduler::current_thread::CoreGuard>::enter<<tokio::runtime::scheduler::current_thread::CoreGuard>::block_on<core::pin::Pin<&mut core::pin::Pin<&mut dyn core::future::future::Future<Output = ()>>>>::{closure#0}, core::option::Option<()>>::{closure#0}, (alloc::boxed::Box<tokio::runtime::scheduler::current_thread::Core>, core::option::Option<()>)>
[INFO] [stdout]    5: <tokio::runtime::scheduler::current_thread::CoreGuard>::block_on::<core::pin::Pin<&mut core::pin::Pin<&mut dyn core::future::future::Future<Output = ()>>>>
[INFO] [stdout]    6: tokio::runtime::context::runtime::enter_runtime::<<tokio::runtime::scheduler::current_thread::CurrentThread>::block_on<core::pin::Pin<&mut dyn core::future::future::Future<Output = ()>>>::{closure#0}, ()>
[INFO] [stdout]    7: <tokio::runtime::runtime::Runtime>::block_on_inner::<core::pin::Pin<&mut dyn core::future::future::Future<Output = ()>>>
[INFO] [stdout]    8: squill::tests::simulated_interactive_session
[INFO] [stdout]    9: <squill::tests::simulated_interactive_session::{closure#0} as core::ops::function::FnOnce<()>>::call_once
[INFO] [stdout]   10: test::__rust_begin_short_backtrace::<core::result::Result<(), alloc::string::String>, fn() -> core::result::Result<(), alloc::string::String>>
[INFO] [stdout]   11: test::run_test::{closure#0}
[INFO] [stdout]   12: std::sys::backtrace::__rust_begin_short_backtrace::<test::run_test::{closure#1}, ()>
[INFO] [stdout]   13: <std::thread::lifecycle::spawn_unchecked<test::run_test::{closure#1}, ()>::{closure#1} as core::ops::function::FnOnce<()>>::call_once::{shim:vtable#0}
[INFO] [stdout]   14: <std::sys::thread::unix::Thread>::new::thread_start
[INFO] [stdout]   15: <unknown>
[INFO] [stdout]   16: clone
[INFO] [stdout] stack backtrace:
[INFO] [stdout]    0:     0x5f9aa4a4cf81 - <<std[97b98282bc616a66]::sys::backtrace::BacktraceLock>::print::DisplayBacktrace as core[832e9a552fc17241]::fmt::Display>::fmt
[INFO] [stdout]    1:     0x5f9aa4a65c0a - core[832e9a552fc17241]::fmt::write
[INFO] [stdout]    2:     0x5f9aa4a5223c - <alloc[3ecab9f82c41dc7d]::vec::Vec<u8> as std[97b98282bc616a66]::io::Write>::write_fmt
[INFO] [stdout]    3:     0x5f9aa4a278e6 - std[97b98282bc616a66]::panicking::default_hook::{closure#0}
[INFO] [stdout]    4:     0x5f9aa4a436c9 - std[97b98282bc616a66]::panicking::default_hook
[INFO] [stdout]    5:     0x5f9aa468cdd0 - test[39766f3d73431624]::test_main_inner::<test[39766f3d73431624]::test_main_static::{closure#0}>::{closure#0}
[INFO] [stdout]    6:     0x5f9aa4a439f2 - std[97b98282bc616a66]::panicking::panic_with_hook
[INFO] [stdout]    7:     0x5f9aa4a27992 - std[97b98282bc616a66]::panicking::panic_handler::{closure#0}
[INFO] [stdout]    8:     0x5f9aa4a1e919 - std[97b98282bc616a66]::sys::backtrace::__rust_end_short_backtrace::<std[97b98282bc616a66]::panicking::panic_handler::{closure#0}, !>
[INFO] [stdout]    9:     0x5f9aa4a2888d - __rustc[e3d8617bb01b7f69]::rust_begin_unwind
[INFO] [stdout]   10:     0x5f9aa4a6642c - core[832e9a552fc17241]::panicking::panic_fmt
[INFO] [stdout]   11:     0x5f9aa4a66202 - core[832e9a552fc17241]::result::unwrap_failed
[INFO] [stdout]   12:     0x5f9aa463f6db - squill[df8cf7265cdb3992]::tests::simulated_interactive_session::{closure#0}
[INFO] [stdout]   13:     0x5f9aa4677af3 - <tokio[60504813c4259630]::runtime::scheduler::current_thread::Context>::enter::<core[832e9a552fc17241]::task::poll::Poll<()>, <tokio[60504813c4259630]::runtime::scheduler::current_thread::CoreGuard>::block_on<core[832e9a552fc17241]::pin::Pin<&mut core[832e9a552fc17241]::pin::Pin<&mut dyn core[832e9a552fc17241]::future::future::Future<Output = ()>>>>::{closure#0}::{closure#0}>
[INFO] [stdout]   14:     0x5f9aa461c382 - <tokio[60504813c4259630]::runtime::context::scoped::Scoped<tokio[60504813c4259630]::runtime::scheduler::Context>>::set::<<tokio[60504813c4259630]::runtime::scheduler::current_thread::CoreGuard>::enter<<tokio[60504813c4259630]::runtime::scheduler::current_thread::CoreGuard>::block_on<core[832e9a552fc17241]::pin::Pin<&mut core[832e9a552fc17241]::pin::Pin<&mut dyn core[832e9a552fc17241]::future::future::Future<Output = ()>>>>::{closure#0}, core[832e9a552fc17241]::option::Option<()>>::{closure#0}, (alloc[3ecab9f82c41dc7d]::boxed::Box<tokio[60504813c4259630]::runtime::scheduler::current_thread::Core>, core[832e9a552fc17241]::option::Option<()>)>
[INFO] [stdout]   15:     0x5f9aa4678027 - <tokio[60504813c4259630]::runtime::scheduler::current_thread::CoreGuard>::block_on::<core[832e9a552fc17241]::pin::Pin<&mut core[832e9a552fc17241]::pin::Pin<&mut dyn core[832e9a552fc17241]::future::future::Future<Output = ()>>>>
[INFO] [stdout]   16:     0x5f9aa464f173 - tokio[60504813c4259630]::runtime::context::runtime::enter_runtime::<<tokio[60504813c4259630]::runtime::scheduler::current_thread::CurrentThread>::block_on<core[832e9a552fc17241]::pin::Pin<&mut dyn core[832e9a552fc17241]::future::future::Future<Output = ()>>>::{closure#0}, ()>
[INFO] [stdout]   17:     0x5f9aa4613cb5 - <tokio[60504813c4259630]::runtime::runtime::Runtime>::block_on_inner::<core[832e9a552fc17241]::pin::Pin<&mut dyn core[832e9a552fc17241]::future::future::Future<Output = ()>>>
[INFO] [stdout]   18:     0x5f9aa4642dda - squill[df8cf7265cdb3992]::tests::simulated_interactive_session
[INFO] [stdout]   19:     0x5f9aa46381c9 - <squill[df8cf7265cdb3992]::tests::simulated_interactive_session::{closure#0} as core[832e9a552fc17241]::ops::function::FnOnce<()>>::call_once
[INFO] [stdout]   20:     0x5f9aa468010b - test[39766f3d73431624]::__rust_begin_short_backtrace::<core[832e9a552fc17241]::result::Result<(), alloc[3ecab9f82c41dc7d]::string::String>, fn() -> core[832e9a552fc17241]::result::Result<(), alloc[3ecab9f82c41dc7d]::string::String>>
[INFO] [stdout]   21:     0x5f9aa468d755 - test[39766f3d73431624]::run_test::{closure#0}
[INFO] [stdout]   22:     0x5f9aa4688204 - std[97b98282bc616a66]::sys::backtrace::__rust_begin_short_backtrace::<test[39766f3d73431624]::run_test::{closure#1}, ()>
[INFO] [stdout]   23:     0x5f9aa46908a2 - <std[97b98282bc616a66]::thread::lifecycle::spawn_unchecked<test[39766f3d73431624]::run_test::{closure#1}, ()>::{closure#1} as core[832e9a552fc17241]::ops::function::FnOnce<()>>::call_once::{shim:vtable#0}
[INFO] [stdout]   24:     0x5f9aa4a4bbcf - <std[97b98282bc616a66]::sys::thread::unix::Thread>::new::thread_start
[INFO] [stdout]   25:     0x742c46bf407a - <unknown>
[INFO] [stdout]   26:     0x742c46c87534 - clone
[INFO] [stdout]   27:                0x0 - <unknown>
[INFO] [stdout] 
[INFO] [stdout] 
[INFO] [stdout] failures:
[INFO] [stdout]     config::tests::connect
[INFO] [stdout]     config::tests::connect_error
[INFO] [stdout]     config::tests::not_configured
[INFO] [stdout]     db::tests::last_applied_init
[INFO] [stdout]     db::tests::last_applied_out_of_order
[INFO] [stdout]     db::tests::last_applied_uninit
[INFO] [stdout]     db::tests::missing_table
[INFO] [stdout]     index::tests::align_id_add_padding
[INFO] [stdout]     index::tests::create_migration
[INFO] [stdout]     index::tests::duplicate_migration_ids
[INFO] [stdout]     index::tests::empty
[INFO] [stdout]     index::tests::extra_files
[INFO] [stdout]     index::tests::migration_id_already_exists
[INFO] [stdout]     index::tests::no_root_directory
[INFO] [stdout]     status::tests::pending_migrations
[INFO] [stdout]     status::tests::status_empty
[INFO] [stdout]     status::tests::status_entries
[INFO] [stdout]     template::tests::custom_templates_both
[INFO] [stdout]     template::tests::custom_templates_only_one
[INFO] [stdout]     template::tests::named_templates
[INFO] [stdout]     template::tests::no_template_overrides
[INFO] [stdout]     template::tests::template_parse_error
[INFO] [stdout]     tests::initial_migration
[INFO] [stdout]     tests::new_migration_embedded_template
[INFO] [stdout]     tests::new_migration_named_template
[INFO] [stdout]     tests::nonexistent_migration_directory
[INFO] [stdout]     tests::simulated_interactive_session
[INFO] [stdout] 
[INFO] [stdout] test result: FAILED. 4 passed; 27 failed; 0 ignored; 0 measured; 0 filtered out; finished in 0.04s
[INFO] [stdout] 
[INFO] running `Command { std: "docker" "inspect" "8611b397f7bc2a6357806d9e8be8f2196feb2c441400c34c712f1f2c99453dff", kill_on_drop: false }`
[INFO] running `Command { std: "docker" "rm" "-f" "8611b397f7bc2a6357806d9e8be8f2196feb2c441400c34c712f1f2c99453dff", kill_on_drop: false }`
[INFO] [stdout] 8611b397f7bc2a6357806d9e8be8f2196feb2c441400c34c712f1f2c99453dff
