[INFO] cloning repository https://github.com/jcerise/rssg
[INFO] running `Command { std: "git" "-c" "credential.helper=" "-c" "credential.helper=/workspace/cargo-home/bin/git-credential-null" "clone" "--bare" "https://github.com/jcerise/rssg" "/workspace/cache/git-repos/https%3A%2F%2Fgithub.com%2Fjcerise%2Frssg", kill_on_drop: false }`
[INFO] [stderr] Cloning into bare repository '/workspace/cache/git-repos/https%3A%2F%2Fgithub.com%2Fjcerise%2Frssg'...
[INFO] running `Command { std: "git" "rev-parse" "HEAD", kill_on_drop: false }`
[INFO] [stdout] eda9b7c5e9b968ddcf268680ace5f46d633d60b7
[INFO] testing jcerise/rssg against 1.98.0-beta.8+cargoflags=--release for beta-release-1.99-2
[INFO] running `Command { std: "git" "clone" "/workspace/cache/git-repos/https%3A%2F%2Fgithub.com%2Fjcerise%2Frssg" "/workspace/builds/worker-4-tc1/source", kill_on_drop: false }`
[INFO] [stderr] Cloning into '/workspace/builds/worker-4-tc1/source'...
[INFO] [stderr] done.
[INFO] started tweaking git repo https://github.com/jcerise/rssg
[INFO] finished tweaking git repo https://github.com/jcerise/rssg
[INFO] tweaked toml for git repo https://github.com/jcerise/rssg written to /workspace/builds/worker-4-tc1/source/Cargo.toml
[INFO] validating manifest of git repo https://github.com/jcerise/rssg on toolchain 1.98.0-beta.8
[INFO] running `Command { std: CARGO_HOME="/workspace/cargo-home" RUSTUP_HOME="/workspace/rustup-home" "/workspace/cargo-home/bin/cargo" "+1.98.0-beta.8" "metadata" "--manifest-path" "Cargo.toml" "--no-deps", kill_on_drop: false }`
[INFO] crate git repo https://github.com/jcerise/rssg already has a lockfile, it will not be regenerated
[INFO] running `Command { std: CARGO_HOME="/workspace/cargo-home" RUSTUP_HOME="/workspace/rustup-home" "/workspace/cargo-home/bin/cargo" "+1.98.0-beta.8" "fetch" "--manifest-path" "Cargo.toml", kill_on_drop: false }`
[INFO] [stderr]     Blocking waiting for file lock on package cache
[INFO] [stderr]     Updating crates.io index
[INFO] [stderr]     Blocking waiting for file lock on package cache
[INFO] [stderr]  Downloading crates ...
[INFO] [stderr]   Downloaded linked-hash-map v0.5.6
[INFO] [stderr]   Downloaded yaml-rust v0.4.5
[INFO] [stderr]   Downloaded serde_yaml v0.8.26
[INFO] [stderr]   Downloaded remove_dir_all v0.5.3
[INFO] [stderr]   Downloaded yaml-front-matter v0.1.0
[INFO] [stderr]   Downloaded serde v1.0.204
[INFO] [stderr]   Downloaded rand v0.4.6
[INFO] [stderr]   Downloaded thiserror v1.0.61
[INFO] [stderr]   Downloaded same-file v1.0.6
[INFO] [stderr]   Downloaded digest v0.10.7
[INFO] [stderr]   Downloaded crunchy v0.2.2
[INFO] [stderr]   Downloaded walkdir v2.5.0
[INFO] [stderr]   Downloaded wasi v0.11.0+wasi-snapshot-preview1
[INFO] [stderr]   Downloaded tempdir v0.3.7
[INFO] [stderr]   Downloaded windows-targets v0.52.6
[INFO] [stderr]   Downloaded const-random v0.1.18
[INFO] [stderr]   Downloaded pulldown-cmark-escape v0.11.0
[INFO] [stderr]   Downloaded serde_spanned v0.6.6
[INFO] [stderr]   Downloaded const-random-macro v0.1.16
[INFO] [stderr]   Downloaded android-tzdata v0.1.1
[INFO] [stderr]   Downloaded pathdiff v0.2.1
[INFO] [stderr]   Downloaded unic-ucd-version v0.9.0
[INFO] [stderr]   Downloaded generic-array v0.14.7
[INFO] [stderr]   Downloaded version_check v0.9.4
[INFO] [stderr]   Downloaded winapi-util v0.1.8
[INFO] [stderr]   Downloaded block-buffer v0.10.4
[INFO] [stderr]   Downloaded percent-encoding v2.3.1
[INFO] [stderr]   Downloaded unic-char-range v0.9.0
[INFO] [stderr]   Downloaded globwalk v0.9.1
[INFO] [stderr]   Downloaded unic-common v0.9.0
[INFO] [stderr]   Downloaded wasm-bindgen-shared v0.2.92
[INFO] [stderr]   Downloaded equivalent v1.0.1
[INFO] [stderr]   Downloaded lazy_static v1.5.0
[INFO] [stderr]   Downloaded cfg-if v1.0.0
[INFO] [stderr]   Downloaded iana-time-zone-haiku v0.1.2
[INFO] [stderr]   Downloaded toml_datetime v0.6.6
[INFO] [stderr]   Downloaded android_system_properties v0.1.5
[INFO] [stderr]   Downloaded cc v1.0.104
[INFO] [stderr]   Downloaded json5 v0.4.1
[INFO] [stderr]   Downloaded rust-ini v0.19.0
[INFO] [stderr]   Downloaded tiny-keccak v2.0.2
[INFO] [stderr]   Downloaded convert_case v0.6.0
[INFO] [stderr]   Downloaded ordered-multimap v0.6.0
[INFO] [stderr]   Downloaded dlv-list v0.5.2
[INFO] [stderr]   Downloaded slug v0.1.5
[INFO] [stderr]   Downloaded cpufeatures v0.2.12
[INFO] [stderr]   Downloaded wasm-bindgen-macro v0.2.92
[INFO] [stderr]   Downloaded getopts v0.2.21
[INFO] [stderr]   Downloaded unicase v2.7.0
[INFO] [stderr]   Downloaded itoa v1.0.11
[INFO] [stderr]   Downloaded chrono-tz-build v0.3.0
[INFO] [stderr]   Downloaded async-trait v0.1.81
[INFO] [stderr]   Downloaded thiserror-impl v1.0.61
[INFO] [stderr]   Downloaded humansize v2.1.3
[INFO] [stderr]   Downloaded pulldown-cmark v0.11.0
[INFO] [stderr]   Downloaded toml v0.8.14
[INFO] [stderr]   Downloaded ron v0.8.1
[INFO] [stderr]   Downloaded config v0.14.0
[INFO] [stderr]   Downloaded indexmap v2.2.6
[INFO] [stderr]   Downloaded unic-char-property v0.9.0
[INFO] [stderr]   Downloaded rand_chacha v0.3.1
[INFO] [stderr]   Downloaded phf_shared v0.11.2
[INFO] [stderr]   Downloaded toml_edit v0.22.15
[INFO] [stderr]   Downloaded base64 v0.21.7
[INFO] [stderr]   Downloaded minimal-lexical v0.2.1
[INFO] [stderr]   Downloaded iana-time-zone v0.1.60
[INFO] [stderr]   Downloaded hashbrown v0.13.2
[INFO] [stderr]   Downloaded nom v7.1.3
[INFO] [stderr]   Downloaded unicode-segmentation v1.11.0
[INFO] [stderr]   Downloaded hashbrown v0.14.5
[INFO] [stderr]   Downloaded winnow v0.6.13
[INFO] [stderr]   Downloaded pest_meta v2.7.11
[INFO] [stderr]   Downloaded bitflags v2.6.0
[INFO] [stderr]   Downloaded siphasher v0.3.11
[INFO] [stderr]   Downloaded unicode-width v0.1.13
[INFO] [stderr]   Downloaded quote v1.0.36
[INFO] [stderr]   Downloaded crossbeam-deque v0.8.5
[INFO] [stderr]   Downloaded phf v0.11.2
[INFO] [stderr]   Downloaded sha2 v0.10.8
[INFO] [stderr]   Downloaded crypto-common v0.1.6
[INFO] [stderr]   Downloaded pest_generator v2.7.11
[INFO] [stderr]   Downloaded phf_generator v0.11.2
[INFO] [stderr]   Downloaded wasm-bindgen-macro-support v0.2.92
[INFO] [stderr]   Downloaded ppv-lite86 v0.2.17
[INFO] [stderr]   Downloaded globset v0.4.14
[INFO] [stderr]   Downloaded winapi v0.3.9
[INFO] [stderr]   Downloaded autocfg v1.3.0
[INFO] [stderr]   Downloaded phf_codegen v0.11.2
[INFO] [stderr]   Downloaded crossbeam-epoch v0.9.18
[INFO] [stderr]   Downloaded proc-macro2 v1.0.86
[INFO] [stderr]   Downloaded rand_core v0.6.4
[INFO] [stderr]   Downloaded typenum v1.17.0
[INFO] [stderr]   Downloaded crossbeam-utils v0.8.20
[INFO] [stderr]   Downloaded core-foundation-sys v0.8.6
[INFO] [stderr]   Downloaded ryu v1.0.18
[INFO] [stderr]   Downloaded windows-core v0.52.0
[INFO] [stderr]   Downloaded unic-ucd-segment v0.9.0
[INFO] [stderr]   Downloaded wasm-bindgen-backend v0.2.92
[INFO] [stderr]   Downloaded pest_derive v2.7.11
[INFO] [stderr]   Downloaded unicode-ident v1.0.12
[INFO] [stderr]   Downloaded ucd-trie v0.1.6
[INFO] [stderr]   Downloaded unic-segment v0.9.0
[INFO] [stderr]   Downloaded once_cell v1.19.0
[INFO] [stderr]   Downloaded log v0.4.22
[INFO] [stderr]   Downloaded indexmap v1.9.3
[INFO] [stderr]   Downloaded getrandom v0.2.15
[INFO] [stderr]   Downloaded num-traits v0.2.19
[INFO] [stderr]   Downloaded serde_derive v1.0.204
[INFO] [stderr]   Downloaded ignore v0.4.22
[INFO] [stderr]   Downloaded rand v0.8.5
[INFO] [stderr]   Downloaded memchr v2.7.4
[INFO] [stderr]   Downloaded bumpalo v3.16.0
[INFO] [stderr]   Downloaded js-sys v0.3.69
[INFO] [stderr]   Downloaded hashbrown v0.12.3
[INFO] [stderr]   Downloaded tera v1.20.0
[INFO] [stderr]   Downloaded libm v0.2.8
[INFO] [stderr]   Downloaded parse-zoneinfo v0.3.1
[INFO] [stderr]   Downloaded pest v2.7.11
[INFO] [stderr]   Downloaded serde_json v1.0.120
[INFO] [stderr]   Downloaded deunicode v1.6.0
[INFO] [stderr]   Downloaded wasm-bindgen v0.2.92
[INFO] [stderr]   Downloaded aho-corasick v1.1.3
[INFO] [stderr]   Downloaded chrono v0.4.38
[INFO] [stderr]   Downloaded syn v2.0.68
[INFO] [stderr]   Downloaded regex v1.10.5
[INFO] [stderr]   Downloaded regex-syntax v0.8.4
[INFO] [stderr]   Downloaded chrono-tz v0.9.0
[INFO] [stderr]   Downloaded bstr v1.9.1
[INFO] [stderr]   Downloaded windows_x86_64_gnullvm v0.52.6
[INFO] [stderr]   Downloaded windows_aarch64_gnullvm v0.52.6
[INFO] [stderr]   Downloaded windows_i686_gnullvm v0.52.6
[INFO] [stderr]   Downloaded regex-automata v0.4.7
[INFO] [stderr]   Downloaded libc v0.2.155
[INFO] [stderr]   Downloaded windows_aarch64_msvc v0.52.6
[INFO] [stderr]   Downloaded windows_x86_64_gnu v0.52.6
[INFO] [stderr]   Downloaded windows_i686_msvc v0.52.6
[INFO] [stderr]   Downloaded windows_x86_64_msvc v0.52.6
[INFO] [stderr]   Downloaded windows_i686_gnu v0.52.6
[INFO] [stderr]   Downloaded windows-sys v0.52.0
[INFO] running `Command { std: "docker" "create" "-v" "/var/lib/crater-agent-workspace/builds/worker-4-tc1/source:/opt/rustwide/workdir:ro,Z" "-v" "/var/lib/crater-agent-workspace/builds/worker-4-tc1/target:/opt/rustwide/target:rw,Z" "-v" "/var/lib/crater-agent-workspace/cargo-home:/opt/rustwide/cargo-home:ro,Z" "-v" "/var/lib/crater-agent-workspace/rustup-home:/opt/rustwide/rustup-home:ro,Z" "-m" "1610612736" "--network" "none" "ghcr.io/rust-lang/crates-build-env/linux@sha256:8683fc1fc2eb5c9ac98e0d076ab094b2ffac7f99da555d2b6a2e27f346de2ec7" "sleep" "infinity", kill_on_drop: false }`
[INFO] [stdout] f93c24a5a19a0360b9e19ba4be91b89938916bf76b6cd4bf231582cd42fe0ff5
[INFO] running `Command { std: "docker" "start" "f93c24a5a19a0360b9e19ba4be91b89938916bf76b6cd4bf231582cd42fe0ff5", kill_on_drop: false }`
[INFO] running `Command { std: "docker" "inspect" "f93c24a5a19a0360b9e19ba4be91b89938916bf76b6cd4bf231582cd42fe0ff5", kill_on_drop: false }`
[INFO] running `Command { std: "docker" "exec" "-e" "SOURCE_DIR=/opt/rustwide/workdir" "-e" "CARGO_HOME=/opt/rustwide/cargo-home" "-e" "RUSTUP_HOME=/opt/rustwide/rustup-home" "-e" "CARGO_TARGET_DIR=/opt/rustwide/target" "-w" "/opt/rustwide/workdir" "--user" "0:0" "f93c24a5a19a0360b9e19ba4be91b89938916bf76b6cd4bf231582cd42fe0ff5" "/opt/rustwide/cargo-home/bin/cargo" "+1.98.0-beta.8" "metadata" "--no-deps" "--format-version=1", kill_on_drop: false }`
[INFO] running `Command { std: "docker" "inspect" "f93c24a5a19a0360b9e19ba4be91b89938916bf76b6cd4bf231582cd42fe0ff5", kill_on_drop: false }`
[INFO] running `Command { std: "docker" "exec" "-e" "SOURCE_DIR=/opt/rustwide/workdir" "-e" "CARGO_HOME=/opt/rustwide/cargo-home" "-e" "RUSTUP_HOME=/opt/rustwide/rustup-home" "-e" "CARGO_TARGET_DIR=/opt/rustwide/target" "-e" "CARGO_INCREMENTAL=0" "-e" "RUST_BACKTRACE=full" "-e" "RUSTFLAGS=--cap-lints=warn" "-e" "RUSTDOCFLAGS=--cap-lints=warn" "-w" "/opt/rustwide/workdir" "--user" "0:0" "f93c24a5a19a0360b9e19ba4be91b89938916bf76b6cd4bf231582cd42fe0ff5" "/opt/rustwide/cargo-home/bin/cargo" "+1.98.0-beta.8" "build" "--frozen" "--message-format=json" "--release", kill_on_drop: false }`
[INFO] [stderr]    Compiling proc-macro2 v1.0.86
[INFO] [stderr]    Compiling unicode-ident v1.0.12
[INFO] [stderr]    Compiling serde v1.0.204
[INFO] [stderr]    Compiling memchr v2.7.4
[INFO] [stderr]    Compiling thiserror v1.0.61
[INFO] [stderr]    Compiling once_cell v1.19.0
[INFO] [stderr]    Compiling autocfg v1.3.0
[INFO] [stderr]    Compiling libc v0.2.155
[INFO] [stderr]    Compiling crunchy v0.2.2
[INFO] [stderr]    Compiling siphasher v0.3.11
[INFO] [stderr]    Compiling rand_core v0.6.4
[INFO] [stderr]    Compiling regex-syntax v0.8.4
[INFO] [stderr]    Compiling tiny-keccak v2.0.2
[INFO] [stderr]    Compiling rand v0.8.5
[INFO] [stderr]    Compiling phf_shared v0.11.2
[INFO] [stderr]    Compiling cfg-if v1.0.0
[INFO] [stderr]    Compiling ucd-trie v0.1.6
[INFO] [stderr]    Compiling quote v1.0.36
[INFO] [stderr]    Compiling crossbeam-utils v0.8.20
[INFO] [stderr]    Compiling syn v2.0.68
[INFO] [stderr]    Compiling aho-corasick v1.1.3
[INFO] [stderr]    Compiling phf_generator v0.11.2
[INFO] [stderr]    Compiling getrandom v0.2.15
[INFO] [stderr]    Compiling phf_codegen v0.11.2
[INFO] [stderr]    Compiling phf v0.11.2
[INFO] [stderr]    Compiling const-random-macro v0.1.16
[INFO] [stderr]    Compiling num-traits v0.2.19
[INFO] [stderr]    Compiling ryu v1.0.18
[INFO] [stderr]    Compiling regex-automata v0.4.7
[INFO] [stderr]    Compiling const-random v0.1.18
[INFO] [stderr]    Compiling bstr v1.9.1
[INFO] [stderr]    Compiling indexmap v1.9.3
[INFO] [stderr]    Compiling crossbeam-epoch v0.9.18
[INFO] [stderr]    Compiling equivalent v1.0.1
[INFO] [stderr]    Compiling libm v0.2.8
[INFO] [stderr]    Compiling same-file v1.0.6
[INFO] [stderr]    Compiling hashbrown v0.14.5
[INFO] [stderr]    Compiling unic-common v0.9.0
[INFO] [stderr]    Compiling unic-char-range v0.9.0
[INFO] [stderr]    Compiling log v0.4.22
[INFO] [stderr]    Compiling linked-hash-map v0.5.6
[INFO] [stderr]    Compiling serde_json v1.0.120
[INFO] [stderr]    Compiling version_check v0.9.4
[INFO] [stderr]    Compiling crossbeam-deque v0.8.5
[INFO] [stderr]    Compiling unicase v2.7.0
[INFO] [stderr]    Compiling yaml-rust v0.4.5
[INFO] [stderr]    Compiling unic-char-property v0.9.0
[INFO] [stderr]    Compiling unic-ucd-version v0.9.0
[INFO] [stderr]    Compiling walkdir v2.5.0
[INFO] [stderr]    Compiling regex v1.10.5
[INFO] [stderr]    Compiling parse-zoneinfo v0.3.1
[INFO] [stderr]    Compiling indexmap v2.2.6
[INFO] [stderr]    Compiling chrono-tz-build v0.3.0
[INFO] [stderr]    Compiling chrono-tz v0.9.0
[INFO] [stderr]    Compiling dlv-list v0.5.2
[INFO] [stderr]    Compiling iana-time-zone v0.1.60
[INFO] [stderr]    Compiling hashbrown v0.13.2
[INFO] [stderr]    Compiling winnow v0.6.13
[INFO] [stderr]    Compiling serde_derive v1.0.204
[INFO] [stderr]    Compiling thiserror-impl v1.0.61
[INFO] [stderr]    Compiling hashbrown v0.12.3
[INFO] [stderr]    Compiling globset v0.4.14
[INFO] [stderr]    Compiling pest v2.7.11
[INFO] [stderr]    Compiling pest_meta v2.7.11
[INFO] [stderr]    Compiling itoa v1.0.11
[INFO] [stderr]    Compiling ppv-lite86 v0.2.17
[INFO] [stderr]    Compiling ignore v0.4.22
[INFO] [stderr]    Compiling rand_chacha v0.3.1
[INFO] [stderr]    Compiling pest_generator v2.7.11
[INFO] [stderr]    Compiling pest_derive v2.7.11
[INFO] [stderr]    Compiling ordered-multimap v0.6.0
[INFO] [stderr]    Compiling chrono v0.4.38
[INFO] [stderr]    Compiling unic-ucd-segment v0.9.0
[INFO] [stderr]    Compiling lazy_static v1.5.0
[INFO] [stderr]    Compiling unicode-segmentation v1.11.0
[INFO] [stderr]    Compiling pulldown-cmark v0.11.0
[INFO] [stderr]    Compiling base64 v0.21.7
[INFO] [stderr]    Compiling deunicode v1.6.0
[INFO] [stderr]    Compiling unicode-width v0.1.13
[INFO] [stderr]    Compiling minimal-lexical v0.2.1
[INFO] [stderr]    Compiling slug v0.1.5
[INFO] [stderr]    Compiling getopts v0.2.21
[INFO] [stderr]    Compiling nom v7.1.3
[INFO] [stderr]    Compiling convert_case v0.6.0
[INFO] [stderr]    Compiling unic-segment v0.9.0
[INFO] [stderr]    Compiling bitflags v2.6.0
[INFO] [stderr]    Compiling serde_spanned v0.6.6
[INFO] [stderr]    Compiling toml_datetime v0.6.6
[INFO] [stderr]    Compiling toml_edit v0.22.15
[INFO] [stderr]    Compiling ron v0.8.1
[INFO] [stderr]    Compiling globwalk v0.9.1
[INFO] [stderr]    Compiling json5 v0.4.1
[INFO] [stderr]    Compiling serde_yaml v0.8.26
[INFO] [stderr]    Compiling humansize v2.1.3
[INFO] [stderr]    Compiling rust-ini v0.19.0
[INFO] [stderr]    Compiling toml v0.8.14
[INFO] [stderr]    Compiling async-trait v0.1.81
[INFO] [stderr]    Compiling rand v0.4.6
[INFO] [stderr]    Compiling remove_dir_all v0.5.3
[INFO] [stderr]    Compiling percent-encoding v2.3.1
[INFO] [stderr]    Compiling pathdiff v0.2.1
[INFO] [stderr]    Compiling pulldown-cmark-escape v0.11.0
[INFO] [stderr]    Compiling config v0.14.0
[INFO] [stderr]    Compiling tera v1.20.0
[INFO] [stderr]    Compiling tempdir v0.3.7
[INFO] [stderr]    Compiling yaml-front-matter v0.1.0
[INFO] [stderr]    Compiling rssg v0.1.0 (/opt/rustwide/workdir)
[INFO] [stdout] warning: unused variable: `path`
[INFO] [stdout]    --> src/main.rs:122:92
[INFO] [stdout]     |
[INFO] [stdout] 122 |                 PageInfo {title, description, tags, similar_posts, date, favorite_numbers, path} => {
[INFO] [stdout]     |                                                                                            ^^^^ help: try ignoring the field: `path: _`
[INFO] [stdout]     |
[INFO] [stdout]     = note: `#[warn(unused_variables)]` (part of `#[warn(unused)]`) on by default
[INFO] [stdout] 
[INFO] [stdout] 
[INFO] [stdout] warning: field `theme` is never read
[INFO] [stdout]   --> src/main.rs:27:5
[INFO] [stdout]    |
[INFO] [stdout] 24 | struct SiteConfig {
[INFO] [stdout]    |        ---------- field in this struct
[INFO] [stdout] ...
[INFO] [stdout] 27 |     theme: String,
[INFO] [stdout]    |     ^^^^^
[INFO] [stdout]    |
[INFO] [stdout]    = note: `SiteConfig` has a derived impl for the trait `Debug`, but this is intentionally ignored during dead code analysis
[INFO] [stdout]    = note: `#[warn(dead_code)]` (part of `#[warn(unused)]`) on by default
[INFO] [stdout] 
[INFO] [stdout] 
[INFO] [stderr]     Finished `release` profile [optimized] target(s) in 3m 14s
[INFO] running `Command { std: "docker" "inspect" "f93c24a5a19a0360b9e19ba4be91b89938916bf76b6cd4bf231582cd42fe0ff5", kill_on_drop: false }`
[INFO] running `Command { std: "docker" "exec" "-e" "SOURCE_DIR=/opt/rustwide/workdir" "-e" "CARGO_HOME=/opt/rustwide/cargo-home" "-e" "RUSTUP_HOME=/opt/rustwide/rustup-home" "-e" "CARGO_TARGET_DIR=/opt/rustwide/target" "-e" "CARGO_INCREMENTAL=0" "-e" "RUST_BACKTRACE=full" "-e" "RUSTFLAGS=--cap-lints=warn" "-e" "RUSTDOCFLAGS=--cap-lints=warn" "-w" "/opt/rustwide/workdir" "--user" "0:0" "f93c24a5a19a0360b9e19ba4be91b89938916bf76b6cd4bf231582cd42fe0ff5" "/opt/rustwide/cargo-home/bin/cargo" "+1.98.0-beta.8" "test" "--frozen" "--no-run" "--message-format=json" "--release", kill_on_drop: false }`
[INFO] [stderr]    Compiling rssg v0.1.0 (/opt/rustwide/workdir)
[INFO] [stdout] warning: unused import: `pulldown_cmark::Event`
[INFO] [stdout]    --> src/main.rs:163:9
[INFO] [stdout]     |
[INFO] [stdout] 163 |     use pulldown_cmark::Event;
[INFO] [stdout]     |         ^^^^^^^^^^^^^^^^^^^^^
[INFO] [stdout]     |
[INFO] [stdout]     = note: `#[warn(unused_imports)]` (part of `#[warn(unused)]`) on by default
[INFO] [stdout] 
[INFO] [stdout] 
[INFO] [stdout] warning: unused import: `pulldown_cmark::Tag`
[INFO] [stdout]    --> src/main.rs:164:9
[INFO] [stdout]     |
[INFO] [stdout] 164 |     use pulldown_cmark::Tag;
[INFO] [stdout]     |         ^^^^^^^^^^^^^^^^^^^
[INFO] [stdout] 
[INFO] [stdout] 
[INFO] [stdout] warning: unused variable: `path`
[INFO] [stdout]    --> src/main.rs:122:92
[INFO] [stdout]     |
[INFO] [stdout] 122 |                 PageInfo {title, description, tags, similar_posts, date, favorite_numbers, path} => {
[INFO] [stdout]     |                                                                                            ^^^^ help: try ignoring the field: `path: _`
[INFO] [stdout]     |
[INFO] [stdout]     = note: `#[warn(unused_variables)]` (part of `#[warn(unused)]`) on by default
[INFO] [stdout] 
[INFO] [stdout] 
[INFO] [stdout] warning: field `theme` is never read
[INFO] [stdout]   --> src/main.rs:27:5
[INFO] [stdout]    |
[INFO] [stdout] 24 | struct SiteConfig {
[INFO] [stdout]    |        ---------- field in this struct
[INFO] [stdout] ...
[INFO] [stdout] 27 |     theme: String,
[INFO] [stdout]    |     ^^^^^
[INFO] [stdout]    |
[INFO] [stdout]    = note: `SiteConfig` has a derived impl for the trait `Debug`, but this is intentionally ignored during dead code analysis
[INFO] [stdout]    = note: `#[warn(dead_code)]` (part of `#[warn(unused)]`) on by default
[INFO] [stdout] 
[INFO] [stdout] 
[INFO] [stderr]     Finished `release` profile [optimized] target(s) in 2.48s
[INFO] running `Command { std: "docker" "inspect" "f93c24a5a19a0360b9e19ba4be91b89938916bf76b6cd4bf231582cd42fe0ff5", kill_on_drop: false }`
[INFO] running `Command { std: "docker" "exec" "-e" "SOURCE_DIR=/opt/rustwide/workdir" "-e" "CARGO_HOME=/opt/rustwide/cargo-home" "-e" "RUSTUP_HOME=/opt/rustwide/rustup-home" "-e" "CARGO_TARGET_DIR=/opt/rustwide/target" "-e" "CARGO_INCREMENTAL=0" "-e" "RUST_BACKTRACE=full" "-e" "RUSTFLAGS=--cap-lints=warn" "-e" "RUSTDOCFLAGS=--cap-lints=warn" "-w" "/opt/rustwide/workdir" "--user" "0:0" "f93c24a5a19a0360b9e19ba4be91b89938916bf76b6cd4bf231582cd42fe0ff5" "/opt/rustwide/cargo-home/bin/cargo" "+1.98.0-beta.8" "test" "--frozen" "--release", kill_on_drop: false }`
[INFO] [stderr] warning: unused import: `pulldown_cmark::Event`
[INFO] [stderr]    --> src/main.rs:163:9
[INFO] [stderr]     |
[INFO] [stderr] 163 |     use pulldown_cmark::Event;
[INFO] [stderr]     |         ^^^^^^^^^^^^^^^^^^^^^
[INFO] [stderr]     |
[INFO] [stderr]     = note: `#[warn(unused_imports)]` (part of `#[warn(unused)]`) on by default
[INFO] [stderr] 
[INFO] [stderr] warning: unused import: `pulldown_cmark::Tag`
[INFO] [stderr]    --> src/main.rs:164:9
[INFO] [stderr]     |
[INFO] [stderr] 164 |     use pulldown_cmark::Tag;
[INFO] [stderr]     |         ^^^^^^^^^^^^^^^^^^^
[INFO] [stderr] 
[INFO] [stderr] warning: unused variable: `path`
[INFO] [stderr]    --> src/main.rs:122:92
[INFO] [stderr]     |
[INFO] [stderr] 122 |                 PageInfo {title, description, tags, similar_posts, date, favorite_numbers, path} => {
[INFO] [stderr]     |                                                                                            ^^^^ help: try ignoring the field: `path: _`
[INFO] [stderr]     |
[INFO] [stderr]     = note: `#[warn(unused_variables)]` (part of `#[warn(unused)]`) on by default
[INFO] [stderr] 
[INFO] [stderr] warning: field `theme` is never read
[INFO] [stderr]   --> src/main.rs:27:5
[INFO] [stderr]    |
[INFO] [stderr] 24 | struct SiteConfig {
[INFO] [stderr]    |        ---------- field in this struct
[INFO] [stderr] ...
[INFO] [stderr] 27 |     theme: String,
[INFO] [stderr]    |     ^^^^^
[INFO] [stderr]    |
[INFO] [stderr]    = note: `SiteConfig` has a derived impl for the trait `Debug`, but this is intentionally ignored during dead code analysis
[INFO] [stderr]    = note: `#[warn(dead_code)]` (part of `#[warn(unused)]`) on by default
[INFO] [stderr] 
[INFO] [stderr] warning: `rssg` (bin "rssg" test) generated 4 warnings (run `cargo fix --bin "rssg" -p rssg --tests` to apply 3 suggestions)
[INFO] [stderr]     Finished `release` profile [optimized] target(s) in 0.14s
[INFO] [stderr]      Running unittests src/main.rs (/opt/rustwide/target/release/deps/rssg-bbdfb78e6807b831)
[INFO] [stdout] 
[INFO] [stdout] running 5 tests
[INFO] [stdout] test tests::test_parse_markdown_paragraph ... ok
[INFO] [stdout] test tests::test_parse_markdown_link ... ok
[INFO] [stdout] test tests::test_parse_markdown_header ... ok
[INFO] [stdout] test tests::test_read_dir ... ok
[INFO] [stdout] test tests::test_read_dir_invalid_path - should panic ... FAILED
[INFO] [stdout] 
[INFO] [stdout] failures:
[INFO] [stdout] 
[INFO] [stdout] ---- tests::test_read_dir_invalid_path stdout ----
[INFO] [stdout] 
[INFO] [stdout] thread 'tests::test_read_dir_invalid_path' (2270) panicked at src/main.rs:180:33:
[INFO] [stdout] called `Result::unwrap()` on an `Err` value: Os { code: 2, kind: NotFound, message: "No such file or directory" }
[INFO] [stdout] stack backtrace:
[INFO] [stdout]    0:     0x5982971b32d1 - <<std[97b98282bc616a66]::sys::backtrace::BacktraceLock>::print::DisplayBacktrace as core[832e9a552fc17241]::fmt::Display>::fmt
[INFO] [stdout]    1:     0x5982971c7cfa - core[832e9a552fc17241]::fmt::write
[INFO] [stdout]    2:     0x5982971b7a5c - <alloc[3ecab9f82c41dc7d]::vec::Vec<u8> as std[97b98282bc616a66]::io::Write>::write_fmt
[INFO] [stdout]    3:     0x598297190396 - std[97b98282bc616a66]::panicking::default_hook::{closure#0}
[INFO] [stdout]    4:     0x5982971aab49 - std[97b98282bc616a66]::panicking::default_hook
[INFO] [stdout]    5:     0x598297127ad0 - test[39766f3d73431624]::test_main_inner::<test[39766f3d73431624]::test_main_static::{closure#0}>::{closure#0}
[INFO] [stdout]    6:     0x5982971aad02 - std[97b98282bc616a66]::panicking::panic_with_hook
[INFO] [stdout]    7:     0x598297190442 - std[97b98282bc616a66]::panicking::panic_handler::{closure#0}
[INFO] [stdout]    8:     0x598297187bd9 - std[97b98282bc616a66]::sys::backtrace::__rust_end_short_backtrace::<std[97b98282bc616a66]::panicking::panic_handler::{closure#0}, !>
[INFO] [stdout]    9:     0x59829719103d - __rustc[e3d8617bb01b7f69]::rust_begin_unwind
[INFO] [stdout]   10:     0x5982971c842c - core[832e9a552fc17241]::panicking::panic_fmt
[INFO] [stdout]   11:     0x5982971c8202 - core[832e9a552fc17241]::result::unwrap_failed
[INFO] [stdout]   12:     0x598297116613 - rssg[9536ebe010684baa]::tests::test_read_dir_invalid_path
[INFO] [stdout]   13:     0x598297118679 - <rssg[9536ebe010684baa]::tests::test_read_dir_invalid_path::{closure#0} as core[832e9a552fc17241]::ops::function::FnOnce<()>>::call_once
[INFO] [stdout]   14:     0x59829711ae0b - test[39766f3d73431624]::__rust_begin_short_backtrace::<core[832e9a552fc17241]::result::Result<(), alloc[3ecab9f82c41dc7d]::string::String>, fn() -> core[832e9a552fc17241]::result::Result<(), alloc[3ecab9f82c41dc7d]::string::String>>
[INFO] [stdout]   15:     0x598297128455 - test[39766f3d73431624]::run_test::{closure#0}
[INFO] [stdout]   16:     0x598297122f04 - std[97b98282bc616a66]::sys::backtrace::__rust_begin_short_backtrace::<test[39766f3d73431624]::run_test::{closure#1}, ()>
[INFO] [stdout]   17:     0x59829712b5a2 - <std[97b98282bc616a66]::thread::lifecycle::spawn_unchecked<test[39766f3d73431624]::run_test::{closure#1}, ()>::{closure#1} as core[832e9a552fc17241]::ops::function::FnOnce<()>>::call_once::{shim:vtable#0}
[INFO] [stdout]   18:     0x5982971b2b5f - <std[97b98282bc616a66]::sys::thread::unix::Thread>::new::thread_start
[INFO] [stdout]   19:     0x7f51af22107a - <unknown>
[INFO] [stdout]   20:     0x7f51af2b4534 - clone
[INFO] [stdout]   21:                0x0 - <unknown>
[INFO] [stdout] note: panic did not contain expected string
[INFO] [stdout]       panic message: "called `Result::unwrap()` on an `Err` value: Os { code: 2, kind: NotFound, message: \"No such file or directory\" }"
[INFO] [stdout]  expected substring: "The system cannot find the path specified."
[INFO] [stdout] 
[INFO] [stdout] failures:
[INFO] [stdout]     tests::test_read_dir_invalid_path
[INFO] [stdout] 
[INFO] [stdout] test result: FAILED. 4 passed; 1 failed; 0 ignored; 0 measured; 0 filtered out; finished in 0.01s
[INFO] [stdout] 
[INFO] [stderr] error: test failed, to rerun pass `--bin rssg`
[INFO] running `Command { std: "docker" "inspect" "f93c24a5a19a0360b9e19ba4be91b89938916bf76b6cd4bf231582cd42fe0ff5", kill_on_drop: false }`
[INFO] running `Command { std: "docker" "rm" "-f" "f93c24a5a19a0360b9e19ba4be91b89938916bf76b6cd4bf231582cd42fe0ff5", kill_on_drop: false }`
[INFO] [stdout] f93c24a5a19a0360b9e19ba4be91b89938916bf76b6cd4bf231582cd42fe0ff5
