[INFO] cloning repository https://github.com/jbrummack/cgen
[INFO] running `Command { std: "git" "-c" "credential.helper=" "-c" "credential.helper=/workspace/cargo-home/bin/git-credential-null" "clone" "--bare" "https://github.com/jbrummack/cgen" "/workspace/cache/git-repos/https%3A%2F%2Fgithub.com%2Fjbrummack%2Fcgen", kill_on_drop: false }`
[INFO] [stderr] Cloning into bare repository '/workspace/cache/git-repos/https%3A%2F%2Fgithub.com%2Fjbrummack%2Fcgen'...
[INFO] running `Command { std: "git" "rev-parse" "HEAD", kill_on_drop: false }`
[INFO] [stdout] 2b26029eb02511b738413bb415ab6cb67a3f1d19
[INFO] testing jbrummack/cgen against 1.99.0-beta.1+cargoflags=--release for beta-release-1.99-2
[INFO] running `Command { std: "git" "clone" "/workspace/cache/git-repos/https%3A%2F%2Fgithub.com%2Fjbrummack%2Fcgen" "/workspace/builds/worker-4-tc2/source", kill_on_drop: false }`
[INFO] [stderr] Cloning into '/workspace/builds/worker-4-tc2/source'...
[INFO] [stderr] done.
[INFO] started tweaking git repo https://github.com/jbrummack/cgen
[INFO] removed 0 missing examples
[INFO] finished tweaking git repo https://github.com/jbrummack/cgen
[INFO] tweaked toml for git repo https://github.com/jbrummack/cgen written to /workspace/builds/worker-4-tc2/source/Cargo.toml
[INFO] validating manifest of git repo https://github.com/jbrummack/cgen on toolchain 1.99.0-beta.1
[INFO] running `Command { std: CARGO_HOME="/workspace/cargo-home" RUSTUP_HOME="/workspace/rustup-home" "/workspace/cargo-home/bin/cargo" "+1.99.0-beta.1" "metadata" "--manifest-path" "Cargo.toml" "--no-deps", kill_on_drop: false }`
[INFO] crate git repo https://github.com/jbrummack/cgen already has a lockfile, it will not be regenerated
[INFO] running `Command { std: CARGO_HOME="/workspace/cargo-home" RUSTUP_HOME="/workspace/rustup-home" "/workspace/cargo-home/bin/cargo" "+1.99.0-beta.1" "fetch" "--manifest-path" "Cargo.toml", kill_on_drop: false }`
[INFO] running `Command { std: "docker" "create" "-v" "/var/lib/crater-agent-workspace/builds/worker-4-tc2/source:/opt/rustwide/workdir:ro,Z" "-v" "/var/lib/crater-agent-workspace/builds/worker-4-tc2/target:/opt/rustwide/target:rw,Z" "-v" "/var/lib/crater-agent-workspace/cargo-home:/opt/rustwide/cargo-home:ro,Z" "-v" "/var/lib/crater-agent-workspace/rustup-home:/opt/rustwide/rustup-home:ro,Z" "-m" "1610612736" "--network" "none" "ghcr.io/rust-lang/crates-build-env/linux@sha256:8683fc1fc2eb5c9ac98e0d076ab094b2ffac7f99da555d2b6a2e27f346de2ec7" "sleep" "infinity", kill_on_drop: false }`
[INFO] [stdout] 51bbc73a9039a5ffef9276e2fe61916717926725d7fa7734f780263eb52e0962
[INFO] running `Command { std: "docker" "start" "51bbc73a9039a5ffef9276e2fe61916717926725d7fa7734f780263eb52e0962", kill_on_drop: false }`
[INFO] running `Command { std: "docker" "inspect" "51bbc73a9039a5ffef9276e2fe61916717926725d7fa7734f780263eb52e0962", kill_on_drop: false }`
[INFO] running `Command { std: "docker" "exec" "-e" "SOURCE_DIR=/opt/rustwide/workdir" "-e" "CARGO_HOME=/opt/rustwide/cargo-home" "-e" "RUSTUP_HOME=/opt/rustwide/rustup-home" "-e" "CARGO_TARGET_DIR=/opt/rustwide/target" "-w" "/opt/rustwide/workdir" "--user" "0:0" "51bbc73a9039a5ffef9276e2fe61916717926725d7fa7734f780263eb52e0962" "/opt/rustwide/cargo-home/bin/cargo" "+1.99.0-beta.1" "metadata" "--no-deps" "--format-version=1", kill_on_drop: false }`
[INFO] running `Command { std: "docker" "inspect" "51bbc73a9039a5ffef9276e2fe61916717926725d7fa7734f780263eb52e0962", kill_on_drop: false }`
[INFO] running `Command { std: "docker" "exec" "-e" "SOURCE_DIR=/opt/rustwide/workdir" "-e" "CARGO_HOME=/opt/rustwide/cargo-home" "-e" "RUSTUP_HOME=/opt/rustwide/rustup-home" "-e" "CARGO_TARGET_DIR=/opt/rustwide/target" "-e" "CARGO_INCREMENTAL=0" "-e" "RUST_BACKTRACE=full" "-e" "RUSTFLAGS=--cap-lints=warn" "-e" "RUSTDOCFLAGS=--cap-lints=warn" "-w" "/opt/rustwide/workdir" "--user" "0:0" "51bbc73a9039a5ffef9276e2fe61916717926725d7fa7734f780263eb52e0962" "/opt/rustwide/cargo-home/bin/cargo" "+1.99.0-beta.1" "build" "--frozen" "--message-format=json" "--release", kill_on_drop: false }`
[INFO] [stderr]    Compiling cgen v0.1.0 (/opt/rustwide/workdir)
[INFO] [stderr]     Finished `release` profile [optimized] target(s) in 1.94s
[INFO] running `Command { std: "docker" "inspect" "51bbc73a9039a5ffef9276e2fe61916717926725d7fa7734f780263eb52e0962", kill_on_drop: false }`
[INFO] running `Command { std: "docker" "exec" "-e" "SOURCE_DIR=/opt/rustwide/workdir" "-e" "CARGO_HOME=/opt/rustwide/cargo-home" "-e" "RUSTUP_HOME=/opt/rustwide/rustup-home" "-e" "CARGO_TARGET_DIR=/opt/rustwide/target" "-e" "CARGO_INCREMENTAL=0" "-e" "RUST_BACKTRACE=full" "-e" "RUSTFLAGS=--cap-lints=warn" "-e" "RUSTDOCFLAGS=--cap-lints=warn" "-w" "/opt/rustwide/workdir" "--user" "0:0" "51bbc73a9039a5ffef9276e2fe61916717926725d7fa7734f780263eb52e0962" "/opt/rustwide/cargo-home/bin/cargo" "+1.99.0-beta.1" "test" "--frozen" "--no-run" "--message-format=json" "--release", kill_on_drop: false }`
[INFO] [stderr]    Compiling cgen v0.1.0 (/opt/rustwide/workdir)
[INFO] [stderr]     Finished `release` profile [optimized] target(s) in 1.42s
[INFO] running `Command { std: "docker" "inspect" "51bbc73a9039a5ffef9276e2fe61916717926725d7fa7734f780263eb52e0962", kill_on_drop: false }`
[INFO] running `Command { std: "docker" "exec" "-e" "SOURCE_DIR=/opt/rustwide/workdir" "-e" "CARGO_HOME=/opt/rustwide/cargo-home" "-e" "RUSTUP_HOME=/opt/rustwide/rustup-home" "-e" "CARGO_TARGET_DIR=/opt/rustwide/target" "-e" "CARGO_INCREMENTAL=0" "-e" "RUST_BACKTRACE=full" "-e" "RUSTFLAGS=--cap-lints=warn" "-e" "RUSTDOCFLAGS=--cap-lints=warn" "-w" "/opt/rustwide/workdir" "--user" "0:0" "51bbc73a9039a5ffef9276e2fe61916717926725d7fa7734f780263eb52e0962" "/opt/rustwide/cargo-home/bin/cargo" "+1.99.0-beta.1" "test" "--frozen" "--release", kill_on_drop: false }`
[INFO] [stderr]     Finished `release` profile [optimized] target(s) in 0.02s
[INFO] [stderr]      Running unittests src/lib.rs (/opt/rustwide/target/release/deps/cgen-943f7899301a981d)
[INFO] [stdout] 
[INFO] [stdout] running 3 tests
[INFO] [stdout] test ctype::tests::simple_types ... FAILED
[INFO] [stdout] test ctype::tests::named_types ... ok
[INFO] [stdout] test ctype::tests::pointer_and_array ... FAILED
[INFO] [stdout] 
[INFO] [stdout] failures:
[INFO] [stdout] 
[INFO] [stdout] ---- ctype::tests::simple_types stdout ----
[INFO] [stdout] 
[INFO] [stdout] thread 'ctype::tests::simple_types' (274) panicked at src/ctype.rs:207:9:
[INFO] [stdout] assertion `left == right` failed
[INFO] [stdout]   left: "int x"
[INFO] [stdout]  right: "int_t x"
[INFO] [stdout] stack backtrace:
[INFO] [stdout]    0:     0x5c692afa4971 - <<std[104cf6e2632825ea]::sys::backtrace::BacktraceLock>::print::DisplayBacktrace as core[7c831bd917ebf35f]::fmt::Display>::fmt
[INFO] [stdout]    1:     0x5c692afb8b4a - core[7c831bd917ebf35f]::fmt::write
[INFO] [stdout]    2:     0x5c692afa8e0c - <alloc[2fdc3f7464fcf288]::vec::Vec<u8> as core[7c831bd917ebf35f]::io::write::Write>::write_fmt
[INFO] [stdout]    3:     0x5c692af80f56 - std[104cf6e2632825ea]::panicking::default_hook::{closure#0}
[INFO] [stdout]    4:     0x5c692af9d089 - std[104cf6e2632825ea]::panicking::default_hook
[INFO] [stdout]    5:     0x5c692af39540 - test[73009c9f9aebf890]::test_main_inner::<test[73009c9f9aebf890]::test_main_static::{closure#0}>::{closure#0}
[INFO] [stdout]    6:     0x5c692af9d242 - std[104cf6e2632825ea]::panicking::panic_with_hook
[INFO] [stdout]    7:     0x5c692af81002 - std[104cf6e2632825ea]::panicking::panic_handler::{closure#0}
[INFO] [stdout]    8:     0x5c692af799a9 - std[104cf6e2632825ea]::sys::backtrace::__rust_end_short_backtrace::<std[104cf6e2632825ea]::panicking::panic_handler::{closure#0}, !>
[INFO] [stdout]    9:     0x5c692af81bfd - __rustc[b0d56fa5b193ad05]::rust_begin_unwind
[INFO] [stdout]   10:     0x5c692afb927c - core[7c831bd917ebf35f]::panicking::panic_fmt
[INFO] [stdout]   11:     0x5c692afb9193 - core[7c831bd917ebf35f]::panicking::assert_failed_inner
[INFO] [stdout]   12:     0x5c692af2b0e7 - core[7c831bd917ebf35f]::panicking::assert_failed::<alloc[2fdc3f7464fcf288]::string::String, &str>
[INFO] [stdout]   13:     0x5c692af2c03b - <cgen[fb0f3904b6fe63f0]::ctype::tests::simple_types::{closure#0} as core[7c831bd917ebf35f]::ops::function::FnOnce<()>>::call_once
[INFO] [stdout]   14:     0x5c692af2c82b - test[73009c9f9aebf890]::__rust_begin_short_backtrace::<core[7c831bd917ebf35f]::result::Result<(), alloc[2fdc3f7464fcf288]::string::String>, fn() -> core[7c831bd917ebf35f]::result::Result<(), alloc[2fdc3f7464fcf288]::string::String>>
[INFO] [stdout]   15:     0x5c692af39e95 - test[73009c9f9aebf890]::run_test::{closure#0}
[INFO] [stdout]   16:     0x5c692af33254 - std[104cf6e2632825ea]::sys::backtrace::__rust_begin_short_backtrace::<test[73009c9f9aebf890]::run_test::{closure#1}, ()>
[INFO] [stdout]   17:     0x5c692af3cff2 - <std[104cf6e2632825ea]::thread::lifecycle::spawn_unchecked<test[73009c9f9aebf890]::run_test::{closure#1}, ()>::{closure#1} as core[7c831bd917ebf35f]::ops::function::FnOnce<()>>::call_once::{shim:vtable#0}
[INFO] [stdout]   18:     0x5c692afa4249 - <std[104cf6e2632825ea]::sys::thread::unix::Thread>::new::thread_start
[INFO] [stdout]   19:     0x76db7f7f507a - <unknown>
[INFO] [stdout]   20:     0x76db7f888534 - clone
[INFO] [stdout]   21:                0x0 - <unknown>
[INFO] [stdout] 
[INFO] [stdout] ---- ctype::tests::pointer_and_array stdout ----
[INFO] [stdout] 
[INFO] [stdout] thread 'ctype::tests::pointer_and_array' (273) panicked at src/ctype.rs:218:9:
[INFO] [stdout] assertion `left == right` failed
[INFO] [stdout]   left: "int a[4]"
[INFO] [stdout]  right: "int_t a[4]"
[INFO] [stdout] stack backtrace:
[INFO] [stdout]    0:     0x5c692afa4971 - <<std[104cf6e2632825ea]::sys::backtrace::BacktraceLock>::print::DisplayBacktrace as core[7c831bd917ebf35f]::fmt::Display>::fmt
[INFO] [stdout]    1:     0x5c692afb8b4a - core[7c831bd917ebf35f]::fmt::write
[INFO] [stdout]    2:     0x5c692afa8e0c - <alloc[2fdc3f7464fcf288]::vec::Vec<u8> as core[7c831bd917ebf35f]::io::write::Write>::write_fmt
[INFO] [stdout]    3:     0x5c692af80f56 - std[104cf6e2632825ea]::panicking::default_hook::{closure#0}
[INFO] [stdout]    4:     0x5c692af9d089 - std[104cf6e2632825ea]::panicking::default_hook
[INFO] [stdout]    5:     0x5c692af39540 - test[73009c9f9aebf890]::test_main_inner::<test[73009c9f9aebf890]::test_main_static::{closure#0}>::{closure#0}
[INFO] [stdout]    6:     0x5c692af9d242 - std[104cf6e2632825ea]::panicking::panic_with_hook
[INFO] [stdout]    7:     0x5c692af81002 - std[104cf6e2632825ea]::panicking::panic_handler::{closure#0}
[INFO] [stdout]    8:     0x5c692af799a9 - std[104cf6e2632825ea]::sys::backtrace::__rust_end_short_backtrace::<std[104cf6e2632825ea]::panicking::panic_handler::{closure#0}, !>
[INFO] [stdout]    9:     0x5c692af81bfd - __rustc[b0d56fa5b193ad05]::rust_begin_unwind
[INFO] [stdout]   10:     0x5c692afb927c - core[7c831bd917ebf35f]::panicking::panic_fmt
[INFO] [stderr] error: test failed, to rerun pass `--lib`
[INFO] [stdout]   11:     0x5c692afb9193 - core[7c831bd917ebf35f]::panicking::assert_failed_inner
[INFO] [stdout]   12:     0x5c692af2b0e7 - core[7c831bd917ebf35f]::panicking::assert_failed::<alloc[2fdc3f7464fcf288]::string::String, &str>
[INFO] [stdout]   13:     0x5c692af2c56b - <cgen[fb0f3904b6fe63f0]::ctype::tests::pointer_and_array::{closure#0} as core[7c831bd917ebf35f]::ops::function::FnOnce<()>>::call_once
[INFO] [stdout]   14:     0x5c692af2c82b - test[73009c9f9aebf890]::__rust_begin_short_backtrace::<core[7c831bd917ebf35f]::result::Result<(), alloc[2fdc3f7464fcf288]::string::String>, fn() -> core[7c831bd917ebf35f]::result::Result<(), alloc[2fdc3f7464fcf288]::string::String>>
[INFO] [stdout]   15:     0x5c692af39e95 - test[73009c9f9aebf890]::run_test::{closure#0}
[INFO] [stdout]   16:     0x5c692af33254 - std[104cf6e2632825ea]::sys::backtrace::__rust_begin_short_backtrace::<test[73009c9f9aebf890]::run_test::{closure#1}, ()>
[INFO] [stdout]   17:     0x5c692af3cff2 - <std[104cf6e2632825ea]::thread::lifecycle::spawn_unchecked<test[73009c9f9aebf890]::run_test::{closure#1}, ()>::{closure#1} as core[7c831bd917ebf35f]::ops::function::FnOnce<()>>::call_once::{shim:vtable#0}
[INFO] [stdout]   18:     0x5c692afa4249 - <std[104cf6e2632825ea]::sys::thread::unix::Thread>::new::thread_start
[INFO] [stdout]   19:     0x76db7f7f507a - <unknown>
[INFO] [stdout]   20:     0x76db7f888534 - clone
[INFO] [stdout]   21:                0x0 - <unknown>
[INFO] [stdout] 
[INFO] [stdout] 
[INFO] [stdout] failures:
[INFO] [stdout]     ctype::tests::pointer_and_array
[INFO] [stdout]     ctype::tests::simple_types
[INFO] [stdout] 
[INFO] [stdout] test result: FAILED. 1 passed; 2 failed; 0 ignored; 0 measured; 0 filtered out; finished in 0.00s
[INFO] [stdout] 
[INFO] running `Command { std: "docker" "inspect" "51bbc73a9039a5ffef9276e2fe61916717926725d7fa7734f780263eb52e0962", kill_on_drop: false }`
[INFO] running `Command { std: "docker" "rm" "-f" "51bbc73a9039a5ffef9276e2fe61916717926725d7fa7734f780263eb52e0962", kill_on_drop: false }`
[INFO] [stdout] 51bbc73a9039a5ffef9276e2fe61916717926725d7fa7734f780263eb52e0962
