[INFO] cloning repository https://github.com/janekx21/my-fuse
[INFO] running `Command { std: "git" "-c" "credential.helper=" "-c" "credential.helper=/workspace/cargo-home/bin/git-credential-null" "clone" "--bare" "https://github.com/janekx21/my-fuse" "/workspace/cache/git-repos/https%3A%2F%2Fgithub.com%2Fjanekx21%2Fmy-fuse", kill_on_drop: false }`
[INFO] [stderr] Cloning into bare repository '/workspace/cache/git-repos/https%3A%2F%2Fgithub.com%2Fjanekx21%2Fmy-fuse'...
[INFO] running `Command { std: "git" "rev-parse" "HEAD", kill_on_drop: false }`
[INFO] [stdout] a57b0194d84c428877a95379cbc8b1e7cf8e938f
[INFO] testing janekx21/my-fuse against 1.98.0-beta.8+cargoflags=--release for beta-release-1.99-2
[INFO] running `Command { std: "git" "clone" "/workspace/cache/git-repos/https%3A%2F%2Fgithub.com%2Fjanekx21%2Fmy-fuse" "/workspace/builds/worker-5-tc1/source", kill_on_drop: false }`
[INFO] [stderr] Cloning into '/workspace/builds/worker-5-tc1/source'...
[INFO] [stderr] done.
[INFO] started tweaking git repo https://github.com/janekx21/my-fuse
[INFO] finished tweaking git repo https://github.com/janekx21/my-fuse
[INFO] tweaked toml for git repo https://github.com/janekx21/my-fuse written to /workspace/builds/worker-5-tc1/source/Cargo.toml
[INFO] validating manifest of git repo https://github.com/janekx21/my-fuse on toolchain 1.98.0-beta.8
[INFO] running `Command { std: CARGO_HOME="/workspace/cargo-home" RUSTUP_HOME="/workspace/rustup-home" "/workspace/cargo-home/bin/cargo" "+1.98.0-beta.8" "metadata" "--manifest-path" "Cargo.toml" "--no-deps", kill_on_drop: false }`
[INFO] crate git repo https://github.com/janekx21/my-fuse already has a lockfile, it will not be regenerated
[INFO] running `Command { std: CARGO_HOME="/workspace/cargo-home" RUSTUP_HOME="/workspace/rustup-home" "/workspace/cargo-home/bin/cargo" "+1.98.0-beta.8" "fetch" "--manifest-path" "Cargo.toml", kill_on_drop: false }`
[INFO] [stderr]     Updating crates.io index
[INFO] [stderr]  Downloading crates ...
[INFO] [stderr]   Downloaded test-log-macros v0.2.17
[INFO] [stderr]   Downloaded test-log v0.2.17
[INFO] [stderr]   Downloaded vmm-sys-util v0.12.1
[INFO] [stderr]   Downloaded ctrlc v3.4.6
[INFO] [stderr]   Downloaded clap_derive v4.5.32
[INFO] [stderr]   Downloaded vm-memory v0.14.1
[INFO] [stderr]   Downloaded clap v4.5.39
[INFO] [stderr]   Downloaded criterion v0.6.0
[INFO] [stderr]   Downloaded clap_builder v4.5.39
[INFO] [stderr]   Downloaded fuse-backend-rs v0.12.1
[INFO] running `Command { std: "docker" "create" "-v" "/var/lib/crater-agent-workspace/builds/worker-5-tc1/source:/opt/rustwide/workdir:ro,Z" "-v" "/var/lib/crater-agent-workspace/builds/worker-5-tc1/target:/opt/rustwide/target:rw,Z" "-v" "/var/lib/crater-agent-workspace/cargo-home:/opt/rustwide/cargo-home:ro,Z" "-v" "/var/lib/crater-agent-workspace/rustup-home:/opt/rustwide/rustup-home:ro,Z" "-m" "1610612736" "--network" "none" "ghcr.io/rust-lang/crates-build-env/linux@sha256:8683fc1fc2eb5c9ac98e0d076ab094b2ffac7f99da555d2b6a2e27f346de2ec7" "sleep" "infinity", kill_on_drop: false }`
[INFO] [stdout] b23495b87fa3e37df7da8bf8e551da23c06a40ad229d5681c63932159561f6ae
[INFO] running `Command { std: "docker" "start" "b23495b87fa3e37df7da8bf8e551da23c06a40ad229d5681c63932159561f6ae", kill_on_drop: false }`
[INFO] running `Command { std: "docker" "inspect" "b23495b87fa3e37df7da8bf8e551da23c06a40ad229d5681c63932159561f6ae", kill_on_drop: false }`
[INFO] running `Command { std: "docker" "exec" "-e" "SOURCE_DIR=/opt/rustwide/workdir" "-e" "CARGO_HOME=/opt/rustwide/cargo-home" "-e" "RUSTUP_HOME=/opt/rustwide/rustup-home" "-e" "CARGO_TARGET_DIR=/opt/rustwide/target" "-w" "/opt/rustwide/workdir" "--user" "0:0" "b23495b87fa3e37df7da8bf8e551da23c06a40ad229d5681c63932159561f6ae" "/opt/rustwide/cargo-home/bin/cargo" "+1.98.0-beta.8" "metadata" "--no-deps" "--format-version=1", kill_on_drop: false }`
[INFO] running `Command { std: "docker" "inspect" "b23495b87fa3e37df7da8bf8e551da23c06a40ad229d5681c63932159561f6ae", kill_on_drop: false }`
[INFO] running `Command { std: "docker" "exec" "-e" "SOURCE_DIR=/opt/rustwide/workdir" "-e" "CARGO_HOME=/opt/rustwide/cargo-home" "-e" "RUSTUP_HOME=/opt/rustwide/rustup-home" "-e" "CARGO_TARGET_DIR=/opt/rustwide/target" "-e" "CARGO_INCREMENTAL=0" "-e" "RUST_BACKTRACE=full" "-e" "RUSTFLAGS=--cap-lints=warn" "-e" "RUSTDOCFLAGS=--cap-lints=warn" "-w" "/opt/rustwide/workdir" "--user" "0:0" "b23495b87fa3e37df7da8bf8e551da23c06a40ad229d5681c63932159561f6ae" "/opt/rustwide/cargo-home/bin/cargo" "+1.98.0-beta.8" "build" "--frozen" "--message-format=json" "--release", kill_on_drop: false }`
[INFO] [stderr]    Compiling libc v0.2.172
[INFO] [stderr]    Compiling proc-macro2 v1.0.95
[INFO] [stderr]    Compiling unicode-ident v1.0.18
[INFO] [stderr]    Compiling log v0.4.27
[INFO] [stderr]    Compiling memchr v2.7.4
[INFO] [stderr]    Compiling anstyle-query v1.1.3
[INFO] [stderr]    Compiling anstyle v1.0.11
[INFO] [stderr]    Compiling regex-syntax v0.8.5
[INFO] [stderr]    Compiling cfg_aliases v0.2.1
[INFO] [stderr]    Compiling thiserror v1.0.69
[INFO] [stderr]    Compiling memoffset v0.6.5
[INFO] [stderr]    Compiling smallvec v1.15.0
[INFO] [stderr]    Compiling fuse-backend-rs v0.12.1
[INFO] [stderr]    Compiling humantime v2.2.0
[INFO] [stderr]    Compiling bitflags v2.9.0
[INFO] [stderr]    Compiling endian-type v0.1.2
[INFO] [stderr]    Compiling arc-swap v1.7.1
[INFO] [stderr]    Compiling remove_dir_all v0.5.3
[INFO] [stderr]    Compiling nix v0.29.0
[INFO] [stderr]    Compiling itertools v0.14.0
[INFO] [stderr]    Compiling anstream v0.6.19
[INFO] [stderr]    Compiling env_filter v0.1.3
[INFO] [stderr]    Compiling nibble_vec v0.1.0
[INFO] [stderr]    Compiling radix_trie v0.2.1
[INFO] [stderr]    Compiling aho-corasick v1.1.3
[INFO] [stderr]    Compiling clap_builder v4.5.39
[INFO] [stderr]    Compiling env_logger v0.11.8
[INFO] [stderr]    Compiling quote v1.0.40
[INFO] [stderr]    Compiling syn v2.0.101
[INFO] [stderr]    Compiling is-terminal v0.4.16
[INFO] [stderr]    Compiling rand v0.4.6
[INFO] [stderr]    Compiling mio v0.8.11
[INFO] [stderr]    Compiling nix v0.24.3
[INFO] [stderr]    Compiling vmm-sys-util v0.12.1
[INFO] [stderr]    Compiling regex-automata v0.4.9
[INFO] [stderr]    Compiling tempdir v0.3.7
[INFO] [stderr]    Compiling ctrlc v3.4.6
[INFO] [stderr]    Compiling thiserror-impl v1.0.69
[INFO] [stderr]    Compiling clap_derive v4.5.32
[INFO] [stderr]    Compiling test-log-macros v0.2.17
[INFO] [stderr]    Compiling test-log v0.2.17
[INFO] [stderr]    Compiling vm-memory v0.14.1
[INFO] [stderr]    Compiling caps v0.5.5
[INFO] [stderr]    Compiling regex v1.11.1
[INFO] [stderr]    Compiling env_logger v0.10.2
[INFO] [stderr]    Compiling clap v4.5.39
[INFO] [stderr]    Compiling pretty_env_logger v0.5.0
[INFO] [stderr]    Compiling my-fuse v0.1.0 (/opt/rustwide/workdir)
[INFO] [stdout] warning: unused variable: `ctx`
[INFO] [stdout]    --> src/lib.rs:269:9
[INFO] [stdout]     |
[INFO] [stdout] 269 |         ctx: &fuse_backend_rs::api::filesystem::Context,
[INFO] [stdout]     |         ^^^ help: if this is intentional, prefix it with an underscore: `_ctx`
[INFO] [stdout]     |
[INFO] [stdout]     = note: `#[warn(unused_variables)]` (part of `#[warn(unused)]`) on by default
[INFO] [stdout] 
[INFO] [stdout] 
[INFO] [stdout] warning: unused variable: `mode`
[INFO] [stdout]    --> src/lib.rs:272:9
[INFO] [stdout]     |
[INFO] [stdout] 272 |         mode: u32,
[INFO] [stdout]     |         ^^^^ help: if this is intentional, prefix it with an underscore: `_mode`
[INFO] [stdout] 
[INFO] [stdout] 
[INFO] [stdout] warning: unused variable: `umask`
[INFO] [stdout]    --> src/lib.rs:273:9
[INFO] [stdout]     |
[INFO] [stdout] 273 |         umask: u32,
[INFO] [stdout]     |         ^^^^^ help: if this is intentional, prefix it with an underscore: `_umask`
[INFO] [stdout] 
[INFO] [stdout] 
[INFO] [stdout] warning: unused variable: `ctx`
[INFO] [stdout]    --> src/lib.rs:301:9
[INFO] [stdout]     |
[INFO] [stdout] 301 |         ctx: &fuse_backend_rs::api::filesystem::Context,
[INFO] [stdout]     |         ^^^ help: if this is intentional, prefix it with an underscore: `_ctx`
[INFO] [stdout] 
[INFO] [stdout] 
[INFO] [stdout] warning: unused variable: `ctx`
[INFO] [stdout]    --> src/lib.rs:334:9
[INFO] [stdout]     |
[INFO] [stdout] 334 |         ctx: &fuse_backend_rs::api::filesystem::Context,
[INFO] [stdout]     |         ^^^ help: if this is intentional, prefix it with an underscore: `_ctx`
[INFO] [stdout] 
[INFO] [stdout] 
[INFO] [stdout] warning: unused variable: `ctx`
[INFO] [stdout]    --> src/lib.rs:384:9
[INFO] [stdout]     |
[INFO] [stdout] 384 |         ctx: &fuse_backend_rs::api::filesystem::Context,
[INFO] [stdout]     |         ^^^ help: if this is intentional, prefix it with an underscore: `_ctx`
[INFO] [stdout] 
[INFO] [stdout] 
[INFO] [stdout] warning: unused variable: `mode`
[INFO] [stdout]    --> src/lib.rs:387:9
[INFO] [stdout]     |
[INFO] [stdout] 387 |         mode: u32,
[INFO] [stdout]     |         ^^^^ help: if this is intentional, prefix it with an underscore: `_mode`
[INFO] [stdout] 
[INFO] [stdout] 
[INFO] [stdout] warning: unused variable: `rdev`
[INFO] [stdout]    --> src/lib.rs:388:9
[INFO] [stdout]     |
[INFO] [stdout] 388 |         rdev: u32,
[INFO] [stdout]     |         ^^^^ help: if this is intentional, prefix it with an underscore: `_rdev`
[INFO] [stdout] 
[INFO] [stdout] 
[INFO] [stdout] warning: unused variable: `umask`
[INFO] [stdout]    --> src/lib.rs:389:9
[INFO] [stdout]     |
[INFO] [stdout] 389 |         umask: u32,
[INFO] [stdout]     |         ^^^^^ help: if this is intentional, prefix it with an underscore: `_umask`
[INFO] [stdout] 
[INFO] [stdout] 
[INFO] [stdout] warning: unused variable: `ctx`
[INFO] [stdout]    --> src/lib.rs:420:9
[INFO] [stdout]     |
[INFO] [stdout] 420 |         ctx: &fuse_backend_rs::api::filesystem::Context,
[INFO] [stdout]     |         ^^^ help: if this is intentional, prefix it with an underscore: `_ctx`
[INFO] [stdout] 
[INFO] [stdout] 
[INFO] [stdout] warning: unused variable: `ctx`
[INFO] [stdout]    --> src/lib.rs:455:9
[INFO] [stdout]     |
[INFO] [stdout] 455 |         ctx: &fuse_backend_rs::api::filesystem::Context,
[INFO] [stdout]     |         ^^^ help: if this is intentional, prefix it with an underscore: `_ctx`
[INFO] [stdout] 
[INFO] [stdout] 
[INFO] [stdout] warning: unused variable: `flags`
[INFO] [stdout]    --> src/lib.rs:460:9
[INFO] [stdout]     |
[INFO] [stdout] 460 |         flags: u32,
[INFO] [stdout]     |         ^^^^^ help: if this is intentional, prefix it with an underscore: `_flags`
[INFO] [stdout] 
[INFO] [stdout] 
[INFO] [stdout] warning: unused variable: `ctx`
[INFO] [stdout]    --> src/lib.rs:681:9
[INFO] [stdout]     |
[INFO] [stdout] 681 |         ctx: &fuse_backend_rs::api::filesystem::Context,
[INFO] [stdout]     |         ^^^ help: if this is intentional, prefix it with an underscore: `_ctx`
[INFO] [stdout] 
[INFO] [stdout] 
[INFO] [stdout] warning: unused variable: `inode`
[INFO] [stdout]    --> src/lib.rs:682:9
[INFO] [stdout]     |
[INFO] [stdout] 682 |         inode: Self::Inode,
[INFO] [stdout]     |         ^^^^^ help: if this is intentional, prefix it with an underscore: `_inode`
[INFO] [stdout] 
[INFO] [stdout] 
[INFO] [stdout] warning: unused variable: `flags`
[INFO] [stdout]    --> src/lib.rs:683:9
[INFO] [stdout]     |
[INFO] [stdout] 683 |         flags: u32,
[INFO] [stdout]     |         ^^^^^ help: if this is intentional, prefix it with an underscore: `_flags`
[INFO] [stdout] 
[INFO] [stdout] 
[INFO] [stdout] warning: unused variable: `handle`
[INFO] [stdout]    --> src/lib.rs:684:9
[INFO] [stdout]     |
[INFO] [stdout] 684 |         handle: Self::Handle,
[INFO] [stdout]     |         ^^^^^^ help: if this is intentional, prefix it with an underscore: `_handle`
[INFO] [stdout] 
[INFO] [stdout] 
[INFO] [stdout] warning: field `path_index` is never read
[INFO] [stdout]   --> src/lib.rs:32:5
[INFO] [stdout]    |
[INFO] [stdout] 21 | struct MyFileSystem<'a> {
[INFO] [stdout]    |        ------------ field in this struct
[INFO] [stdout] ...
[INFO] [stdout] 32 |     path_index: BTreeMap<&'a str, Weak<Arc<Node>>>,
[INFO] [stdout]    |     ^^^^^^^^^^
[INFO] [stdout]    |
[INFO] [stdout]    = note: `#[warn(dead_code)]` (part of `#[warn(unused)]`) on by default
[INFO] [stdout] 
[INFO] [stdout] 
[INFO] [stdout] warning: field `thread` is never read
[INFO] [stdout]    --> src/lib.rs:785:9
[INFO] [stdout]     |
[INFO] [stdout] 783 |     pub struct TestFixture {
[INFO] [stdout]     |                ----------- field in this struct
[INFO] [stdout] 784 |         session: Arc<RwLock<FuseSession>>,
[INFO] [stdout] 785 |         thread: JoinHandle<()>,
[INFO] [stdout]     |         ^^^^^^
[INFO] [stdout] 
[INFO] [stdout] 
[INFO] [stderr]     Finished `release` profile [optimized] target(s) in 55.91s
[INFO] running `Command { std: "docker" "inspect" "b23495b87fa3e37df7da8bf8e551da23c06a40ad229d5681c63932159561f6ae", kill_on_drop: false }`
[INFO] running `Command { std: "docker" "exec" "-e" "SOURCE_DIR=/opt/rustwide/workdir" "-e" "CARGO_HOME=/opt/rustwide/cargo-home" "-e" "RUSTUP_HOME=/opt/rustwide/rustup-home" "-e" "CARGO_TARGET_DIR=/opt/rustwide/target" "-e" "CARGO_INCREMENTAL=0" "-e" "RUST_BACKTRACE=full" "-e" "RUSTFLAGS=--cap-lints=warn" "-e" "RUSTDOCFLAGS=--cap-lints=warn" "-w" "/opt/rustwide/workdir" "--user" "0:0" "b23495b87fa3e37df7da8bf8e551da23c06a40ad229d5681c63932159561f6ae" "/opt/rustwide/cargo-home/bin/cargo" "+1.98.0-beta.8" "test" "--frozen" "--no-run" "--message-format=json" "--release", kill_on_drop: false }`
[INFO] [stderr]    Compiling serde v1.0.219
[INFO] [stderr]    Compiling serde_json v1.0.140
[INFO] [stderr]    Compiling half v2.6.0
[INFO] [stderr]    Compiling crossbeam-epoch v0.9.18
[INFO] [stderr]    Compiling plotters-backend v0.3.7
[INFO] [stderr]    Compiling serde_derive v1.0.219
[INFO] [stderr]    Compiling itertools v0.10.5
[INFO] [stdout] warning: unused variable: `ctx`
[INFO] [stdout]    --> src/lib.rs:269:9
[INFO] [stdout]     |
[INFO] [stdout] 269 |         ctx: &fuse_backend_rs::api::filesystem::Context,
[INFO] [stdout]     |         ^^^ help: if this is intentional, prefix it with an underscore: `_ctx`
[INFO] [stdout]     |
[INFO] [stdout]     = note: `#[warn(unused_variables)]` (part of `#[warn(unused)]`) on by default
[INFO] [stdout] 
[INFO] [stdout] 
[INFO] [stdout] warning: unused variable: `mode`
[INFO] [stdout]    --> src/lib.rs:272:9
[INFO] [stdout]     |
[INFO] [stdout] 272 |         mode: u32,
[INFO] [stdout]     |         ^^^^ help: if this is intentional, prefix it with an underscore: `_mode`
[INFO] [stdout] 
[INFO] [stdout] 
[INFO] [stdout] warning: unused variable: `umask`
[INFO] [stdout]    --> src/lib.rs:273:9
[INFO] [stdout]     |
[INFO] [stdout] 273 |         umask: u32,
[INFO] [stdout]     |         ^^^^^ help: if this is intentional, prefix it with an underscore: `_umask`
[INFO] [stdout] 
[INFO] [stdout] 
[INFO] [stdout] warning: unused variable: `ctx`
[INFO] [stdout]    --> src/lib.rs:301:9
[INFO] [stdout]     |
[INFO] [stdout] 301 |         ctx: &fuse_backend_rs::api::filesystem::Context,
[INFO] [stdout]     |         ^^^ help: if this is intentional, prefix it with an underscore: `_ctx`
[INFO] [stdout] 
[INFO] [stdout] 
[INFO] [stdout] warning: unused variable: `ctx`
[INFO] [stdout]    --> src/lib.rs:334:9
[INFO] [stdout]     |
[INFO] [stdout] 334 |         ctx: &fuse_backend_rs::api::filesystem::Context,
[INFO] [stdout]     |         ^^^ help: if this is intentional, prefix it with an underscore: `_ctx`
[INFO] [stdout] 
[INFO] [stdout] 
[INFO] [stdout] warning: unused variable: `ctx`
[INFO] [stdout]    --> src/lib.rs:384:9
[INFO] [stdout]     |
[INFO] [stdout] 384 |         ctx: &fuse_backend_rs::api::filesystem::Context,
[INFO] [stdout]     |         ^^^ help: if this is intentional, prefix it with an underscore: `_ctx`
[INFO] [stdout] 
[INFO] [stdout] 
[INFO] [stdout] warning: unused variable: `mode`
[INFO] [stdout]    --> src/lib.rs:387:9
[INFO] [stdout]     |
[INFO] [stdout] 387 |         mode: u32,
[INFO] [stdout]     |         ^^^^ help: if this is intentional, prefix it with an underscore: `_mode`
[INFO] [stdout] 
[INFO] [stdout] 
[INFO] [stdout] warning: unused variable: `rdev`
[INFO] [stdout]    --> src/lib.rs:388:9
[INFO] [stdout]     |
[INFO] [stdout] 388 |         rdev: u32,
[INFO] [stdout]     |         ^^^^ help: if this is intentional, prefix it with an underscore: `_rdev`
[INFO] [stdout] 
[INFO] [stdout] 
[INFO] [stdout] warning: unused variable: `umask`
[INFO] [stdout]    --> src/lib.rs:389:9
[INFO] [stdout]     |
[INFO] [stdout] 389 |         umask: u32,
[INFO] [stdout]     |         ^^^^^ help: if this is intentional, prefix it with an underscore: `_umask`
[INFO] [stdout] 
[INFO] [stdout] 
[INFO] [stdout] warning: unused variable: `ctx`
[INFO] [stdout]    --> src/lib.rs:420:9
[INFO] [stdout]     |
[INFO] [stdout] 420 |         ctx: &fuse_backend_rs::api::filesystem::Context,
[INFO] [stdout]     |         ^^^ help: if this is intentional, prefix it with an underscore: `_ctx`
[INFO] [stdout] 
[INFO] [stdout] 
[INFO] [stdout] warning: unused variable: `ctx`
[INFO] [stdout]    --> src/lib.rs:455:9
[INFO] [stdout]     |
[INFO] [stdout] 455 |         ctx: &fuse_backend_rs::api::filesystem::Context,
[INFO] [stdout]     |         ^^^ help: if this is intentional, prefix it with an underscore: `_ctx`
[INFO] [stdout] 
[INFO] [stdout] 
[INFO] [stdout] warning: unused variable: `flags`
[INFO] [stdout]    --> src/lib.rs:460:9
[INFO] [stdout]     |
[INFO] [stdout] 460 |         flags: u32,
[INFO] [stdout]     |         ^^^^^ help: if this is intentional, prefix it with an underscore: `_flags`
[INFO] [stdout] 
[INFO] [stdout] 
[INFO] [stdout] warning: unused variable: `ctx`
[INFO] [stdout]    --> src/lib.rs:681:9
[INFO] [stdout]     |
[INFO] [stdout] 681 |         ctx: &fuse_backend_rs::api::filesystem::Context,
[INFO] [stdout]     |         ^^^ help: if this is intentional, prefix it with an underscore: `_ctx`
[INFO] [stdout] 
[INFO] [stdout] 
[INFO] [stdout] warning: unused variable: `inode`
[INFO] [stdout]    --> src/lib.rs:682:9
[INFO] [stdout]     |
[INFO] [stdout] 682 |         inode: Self::Inode,
[INFO] [stdout]     |         ^^^^^ help: if this is intentional, prefix it with an underscore: `_inode`
[INFO] [stdout] 
[INFO] [stdout] 
[INFO] [stdout] warning: unused variable: `flags`
[INFO] [stdout]    --> src/lib.rs:683:9
[INFO] [stdout]     |
[INFO] [stdout] 683 |         flags: u32,
[INFO] [stdout]     |         ^^^^^ help: if this is intentional, prefix it with an underscore: `_flags`
[INFO] [stdout] 
[INFO] [stdout] 
[INFO] [stdout] warning: unused variable: `handle`
[INFO] [stdout]    --> src/lib.rs:684:9
[INFO] [stdout]     |
[INFO] [stdout] 684 |         handle: Self::Handle,
[INFO] [stdout]     |         ^^^^^^ help: if this is intentional, prefix it with an underscore: `_handle`
[INFO] [stdout] 
[INFO] [stdout] 
[INFO] [stdout] warning: field `path_index` is never read
[INFO] [stdout]   --> src/lib.rs:32:5
[INFO] [stdout]    |
[INFO] [stdout] 21 | struct MyFileSystem<'a> {
[INFO] [stdout]    |        ------------ field in this struct
[INFO] [stdout] ...
[INFO] [stdout] 32 |     path_index: BTreeMap<&'a str, Weak<Arc<Node>>>,
[INFO] [stdout]    |     ^^^^^^^^^^
[INFO] [stdout]    |
[INFO] [stdout]    = note: `#[warn(dead_code)]` (part of `#[warn(unused)]`) on by default
[INFO] [stdout] 
[INFO] [stdout] 
[INFO] [stdout] warning: field `thread` is never read
[INFO] [stdout]    --> src/lib.rs:785:9
[INFO] [stdout]     |
[INFO] [stdout] 783 |     pub struct TestFixture {
[INFO] [stdout]     |                ----------- field in this struct
[INFO] [stdout] 784 |         session: Arc<RwLock<FuseSession>>,
[INFO] [stdout] 785 |         thread: JoinHandle<()>,
[INFO] [stdout]     |         ^^^^^^
[INFO] [stdout] 
[INFO] [stdout] 
[INFO] [stderr]    Compiling ciborium-ll v0.2.2
[INFO] [stderr]    Compiling plotters-svg v0.3.7
[INFO] [stderr]    Compiling crossbeam-deque v0.8.6
[INFO] [stderr]    Compiling plotters v0.3.7
[INFO] [stderr]    Compiling rayon-core v1.12.1
[INFO] [stderr]    Compiling rayon v1.10.0
[INFO] [stderr]    Compiling criterion-plot v0.5.0
[INFO] [stderr]    Compiling ciborium v0.2.2
[INFO] [stderr]    Compiling tinytemplate v1.2.1
[INFO] [stderr]    Compiling criterion v0.6.0
[INFO] [stderr]    Compiling my-fuse v0.1.0 (/opt/rustwide/workdir)
[INFO] [stdout] warning: unused import: `ServerSession`
[INFO] [stdout]    --> src/lib.rs:834:17
[INFO] [stdout]     |
[INFO] [stdout] 834 |     use crate::{ServerSession, test_util::TestFixture};
[INFO] [stdout]     |                 ^^^^^^^^^^^^^
[INFO] [stdout]     |
[INFO] [stdout]     = note: `#[warn(unused_imports)]` (part of `#[warn(unused)]`) on by default
[INFO] [stdout] 
[INFO] [stdout] 
[INFO] [stdout] warning: unused import: `fuse_backend_rs::transport::FuseSession`
[INFO] [stdout]    --> src/lib.rs:835:9
[INFO] [stdout]     |
[INFO] [stdout] 835 |     use fuse_backend_rs::transport::FuseSession;
[INFO] [stdout]     |         ^^^^^^^^^^^^^^^^^^^^^^^^^^^^^^^^^^^^^^^
[INFO] [stdout] 
[INFO] [stdout] 
[INFO] [stdout] warning: unused import: `log::info`
[INFO] [stdout]    --> src/lib.rs:838:9
[INFO] [stdout]     |
[INFO] [stdout] 838 |     use log::info;
[INFO] [stdout]     |         ^^^^^^^^^
[INFO] [stdout] 
[INFO] [stdout] 
[INFO] [stdout] warning: unused imports: `Arc`, `JoinHandle`, `RwLock`, `path::Path`, and `self`
[INFO] [stdout]    --> src/lib.rs:841:9
[INFO] [stdout]     |
[INFO] [stdout] 841 |         path::Path,
[INFO] [stdout]     |         ^^^^^^^^^^
[INFO] [stdout] 842 |         sync::{Arc, RwLock},
[INFO] [stdout]     |                ^^^  ^^^^^^
[INFO] [stdout] 843 |         thread::{self, JoinHandle},
[INFO] [stdout]     |                  ^^^^  ^^^^^^^^^^
[INFO] [stdout] 
[INFO] [stdout] 
[INFO] [stdout] warning: unused import: `tempdir::TempDir`
[INFO] [stdout]    --> src/lib.rs:845:9
[INFO] [stdout]     |
[INFO] [stdout] 845 |     use tempdir::TempDir;
[INFO] [stdout]     |         ^^^^^^^^^^^^^^^^
[INFO] [stdout] 
[INFO] [stdout] 
[INFO] [stdout] warning: unused variable: `ctx`
[INFO] [stdout]    --> src/lib.rs:269:9
[INFO] [stdout]     |
[INFO] [stdout] 269 |         ctx: &fuse_backend_rs::api::filesystem::Context,
[INFO] [stdout]     |         ^^^ help: if this is intentional, prefix it with an underscore: `_ctx`
[INFO] [stdout]     |
[INFO] [stdout]     = note: `#[warn(unused_variables)]` (part of `#[warn(unused)]`) on by default
[INFO] [stdout] 
[INFO] [stdout] 
[INFO] [stdout] warning: unused variable: `mode`
[INFO] [stdout]    --> src/lib.rs:272:9
[INFO] [stdout]     |
[INFO] [stdout] 272 |         mode: u32,
[INFO] [stdout]     |         ^^^^ help: if this is intentional, prefix it with an underscore: `_mode`
[INFO] [stdout] 
[INFO] [stdout] 
[INFO] [stdout] warning: unused variable: `umask`
[INFO] [stdout]    --> src/lib.rs:273:9
[INFO] [stdout]     |
[INFO] [stdout] 273 |         umask: u32,
[INFO] [stdout]     |         ^^^^^ help: if this is intentional, prefix it with an underscore: `_umask`
[INFO] [stdout] 
[INFO] [stdout] 
[INFO] [stdout] warning: unused variable: `ctx`
[INFO] [stdout]    --> src/lib.rs:301:9
[INFO] [stdout]     |
[INFO] [stdout] 301 |         ctx: &fuse_backend_rs::api::filesystem::Context,
[INFO] [stdout]     |         ^^^ help: if this is intentional, prefix it with an underscore: `_ctx`
[INFO] [stdout] 
[INFO] [stdout] 
[INFO] [stdout] warning: unused variable: `ctx`
[INFO] [stdout]    --> src/lib.rs:334:9
[INFO] [stdout]     |
[INFO] [stdout] 334 |         ctx: &fuse_backend_rs::api::filesystem::Context,
[INFO] [stdout]     |         ^^^ help: if this is intentional, prefix it with an underscore: `_ctx`
[INFO] [stdout] 
[INFO] [stdout] 
[INFO] [stdout] warning: unused variable: `ctx`
[INFO] [stdout]    --> src/lib.rs:384:9
[INFO] [stdout]     |
[INFO] [stdout] 384 |         ctx: &fuse_backend_rs::api::filesystem::Context,
[INFO] [stdout]     |         ^^^ help: if this is intentional, prefix it with an underscore: `_ctx`
[INFO] [stdout] 
[INFO] [stdout] 
[INFO] [stdout] warning: unused variable: `mode`
[INFO] [stdout]    --> src/lib.rs:387:9
[INFO] [stdout]     |
[INFO] [stdout] 387 |         mode: u32,
[INFO] [stdout]     |         ^^^^ help: if this is intentional, prefix it with an underscore: `_mode`
[INFO] [stdout] 
[INFO] [stdout] 
[INFO] [stdout] warning: unused variable: `rdev`
[INFO] [stdout]    --> src/lib.rs:388:9
[INFO] [stdout]     |
[INFO] [stdout] 388 |         rdev: u32,
[INFO] [stdout]     |         ^^^^ help: if this is intentional, prefix it with an underscore: `_rdev`
[INFO] [stdout] 
[INFO] [stdout] 
[INFO] [stdout] warning: unused variable: `umask`
[INFO] [stdout]    --> src/lib.rs:389:9
[INFO] [stdout]     |
[INFO] [stdout] 389 |         umask: u32,
[INFO] [stdout]     |         ^^^^^ help: if this is intentional, prefix it with an underscore: `_umask`
[INFO] [stdout] 
[INFO] [stdout] 
[INFO] [stdout] warning: unused variable: `ctx`
[INFO] [stdout]    --> src/lib.rs:420:9
[INFO] [stdout]     |
[INFO] [stdout] 420 |         ctx: &fuse_backend_rs::api::filesystem::Context,
[INFO] [stdout]     |         ^^^ help: if this is intentional, prefix it with an underscore: `_ctx`
[INFO] [stdout] 
[INFO] [stdout] 
[INFO] [stdout] warning: unused variable: `ctx`
[INFO] [stdout]    --> src/lib.rs:455:9
[INFO] [stdout]     |
[INFO] [stdout] 455 |         ctx: &fuse_backend_rs::api::filesystem::Context,
[INFO] [stdout]     |         ^^^ help: if this is intentional, prefix it with an underscore: `_ctx`
[INFO] [stdout] 
[INFO] [stdout] 
[INFO] [stdout] warning: unused variable: `flags`
[INFO] [stdout]    --> src/lib.rs:460:9
[INFO] [stdout]     |
[INFO] [stdout] 460 |         flags: u32,
[INFO] [stdout]     |         ^^^^^ help: if this is intentional, prefix it with an underscore: `_flags`
[INFO] [stdout] 
[INFO] [stdout] 
[INFO] [stdout] warning: unused variable: `ctx`
[INFO] [stdout]    --> src/lib.rs:681:9
[INFO] [stdout]     |
[INFO] [stdout] 681 |         ctx: &fuse_backend_rs::api::filesystem::Context,
[INFO] [stdout]     |         ^^^ help: if this is intentional, prefix it with an underscore: `_ctx`
[INFO] [stdout] 
[INFO] [stdout] 
[INFO] [stdout] warning: unused variable: `inode`
[INFO] [stdout]    --> src/lib.rs:682:9
[INFO] [stdout]     |
[INFO] [stdout] 682 |         inode: Self::Inode,
[INFO] [stdout]     |         ^^^^^ help: if this is intentional, prefix it with an underscore: `_inode`
[INFO] [stdout] 
[INFO] [stdout] 
[INFO] [stdout] warning: unused variable: `flags`
[INFO] [stdout]    --> src/lib.rs:683:9
[INFO] [stdout]     |
[INFO] [stdout] 683 |         flags: u32,
[INFO] [stdout]     |         ^^^^^ help: if this is intentional, prefix it with an underscore: `_flags`
[INFO] [stdout] 
[INFO] [stdout] 
[INFO] [stdout] warning: unused variable: `handle`
[INFO] [stdout]    --> src/lib.rs:684:9
[INFO] [stdout]     |
[INFO] [stdout] 684 |         handle: Self::Handle,
[INFO] [stdout]     |         ^^^^^^ help: if this is intentional, prefix it with an underscore: `_handle`
[INFO] [stdout] 
[INFO] [stdout] 
[INFO] [stdout] warning: field `path_index` is never read
[INFO] [stdout]   --> src/lib.rs:32:5
[INFO] [stdout]    |
[INFO] [stdout] 21 | struct MyFileSystem<'a> {
[INFO] [stdout]    |        ------------ field in this struct
[INFO] [stdout] ...
[INFO] [stdout] 32 |     path_index: BTreeMap<&'a str, Weak<Arc<Node>>>,
[INFO] [stdout]    |     ^^^^^^^^^^
[INFO] [stdout]    |
[INFO] [stdout]    = note: `#[warn(dead_code)]` (part of `#[warn(unused)]`) on by default
[INFO] [stdout] 
[INFO] [stdout] 
[INFO] [stdout] warning: field `thread` is never read
[INFO] [stdout]    --> src/lib.rs:785:9
[INFO] [stdout]     |
[INFO] [stdout] 783 |     pub struct TestFixture {
[INFO] [stdout]     |                ----------- field in this struct
[INFO] [stdout] 784 |         session: Arc<RwLock<FuseSession>>,
[INFO] [stdout] 785 |         thread: JoinHandle<()>,
[INFO] [stdout]     |         ^^^^^^
[INFO] [stdout] 
[INFO] [stdout] 
[INFO] [stderr]     Finished `release` profile [optimized] target(s) in 44.31s
[INFO] running `Command { std: "docker" "inspect" "b23495b87fa3e37df7da8bf8e551da23c06a40ad229d5681c63932159561f6ae", kill_on_drop: false }`
[INFO] running `Command { std: "docker" "exec" "-e" "SOURCE_DIR=/opt/rustwide/workdir" "-e" "CARGO_HOME=/opt/rustwide/cargo-home" "-e" "RUSTUP_HOME=/opt/rustwide/rustup-home" "-e" "CARGO_TARGET_DIR=/opt/rustwide/target" "-e" "CARGO_INCREMENTAL=0" "-e" "RUST_BACKTRACE=full" "-e" "RUSTFLAGS=--cap-lints=warn" "-e" "RUSTDOCFLAGS=--cap-lints=warn" "-w" "/opt/rustwide/workdir" "--user" "0:0" "b23495b87fa3e37df7da8bf8e551da23c06a40ad229d5681c63932159561f6ae" "/opt/rustwide/cargo-home/bin/cargo" "+1.98.0-beta.8" "test" "--frozen" "--release", kill_on_drop: false }`
[INFO] [stderr] warning: unused variable: `ctx`
[INFO] [stderr]    --> src/lib.rs:269:9
[INFO] [stderr]     |
[INFO] [stderr] 269 |         ctx: &fuse_backend_rs::api::filesystem::Context,
[INFO] [stderr]     |         ^^^ help: if this is intentional, prefix it with an underscore: `_ctx`
[INFO] [stderr]     |
[INFO] [stderr]     = note: `#[warn(unused_variables)]` (part of `#[warn(unused)]`) on by default
[INFO] [stderr] 
[INFO] [stderr] warning: unused variable: `mode`
[INFO] [stderr]    --> src/lib.rs:272:9
[INFO] [stderr]     |
[INFO] [stderr] 272 |         mode: u32,
[INFO] [stderr]     |         ^^^^ help: if this is intentional, prefix it with an underscore: `_mode`
[INFO] [stderr] 
[INFO] [stderr] warning: unused variable: `umask`
[INFO] [stderr]    --> src/lib.rs:273:9
[INFO] [stderr]     |
[INFO] [stderr] 273 |         umask: u32,
[INFO] [stderr]     |         ^^^^^ help: if this is intentional, prefix it with an underscore: `_umask`
[INFO] [stderr] 
[INFO] [stderr] warning: unused variable: `ctx`
[INFO] [stderr]    --> src/lib.rs:301:9
[INFO] [stderr]     |
[INFO] [stderr] 301 |         ctx: &fuse_backend_rs::api::filesystem::Context,
[INFO] [stderr]     |         ^^^ help: if this is intentional, prefix it with an underscore: `_ctx`
[INFO] [stderr] 
[INFO] [stderr] warning: unused variable: `ctx`
[INFO] [stderr]    --> src/lib.rs:334:9
[INFO] [stderr]     |
[INFO] [stderr] 334 |         ctx: &fuse_backend_rs::api::filesystem::Context,
[INFO] [stderr]     |         ^^^ help: if this is intentional, prefix it with an underscore: `_ctx`
[INFO] [stderr] 
[INFO] [stderr] warning: unused variable: `ctx`
[INFO] [stderr]    --> src/lib.rs:384:9
[INFO] [stderr]     |
[INFO] [stderr] 384 |         ctx: &fuse_backend_rs::api::filesystem::Context,
[INFO] [stderr]     |         ^^^ help: if this is intentional, prefix it with an underscore: `_ctx`
[INFO] [stderr] 
[INFO] [stderr] warning: unused variable: `mode`
[INFO] [stderr]    --> src/lib.rs:387:9
[INFO] [stderr]     |
[INFO] [stderr] 387 |         mode: u32,
[INFO] [stderr]     |         ^^^^ help: if this is intentional, prefix it with an underscore: `_mode`
[INFO] [stderr] 
[INFO] [stderr] warning: unused variable: `rdev`
[INFO] [stderr]    --> src/lib.rs:388:9
[INFO] [stderr]     |
[INFO] [stderr] 388 |         rdev: u32,
[INFO] [stderr]     |         ^^^^ help: if this is intentional, prefix it with an underscore: `_rdev`
[INFO] [stderr] 
[INFO] [stderr] warning: unused variable: `umask`
[INFO] [stderr]    --> src/lib.rs:389:9
[INFO] [stderr]     |
[INFO] [stderr] 389 |         umask: u32,
[INFO] [stderr]     |         ^^^^^ help: if this is intentional, prefix it with an underscore: `_umask`
[INFO] [stderr] 
[INFO] [stderr] warning: unused variable: `ctx`
[INFO] [stderr]    --> src/lib.rs:420:9
[INFO] [stderr]     |
[INFO] [stderr] 420 |         ctx: &fuse_backend_rs::api::filesystem::Context,
[INFO] [stderr]     |         ^^^ help: if this is intentional, prefix it with an underscore: `_ctx`
[INFO] [stderr] 
[INFO] [stderr] warning: unused variable: `ctx`
[INFO] [stderr]    --> src/lib.rs:455:9
[INFO] [stderr]     |
[INFO] [stderr] 455 |         ctx: &fuse_backend_rs::api::filesystem::Context,
[INFO] [stderr]     |         ^^^ help: if this is intentional, prefix it with an underscore: `_ctx`
[INFO] [stderr] 
[INFO] [stderr] warning: unused variable: `flags`
[INFO] [stderr]    --> src/lib.rs:460:9
[INFO] [stderr]     |
[INFO] [stderr] 460 |         flags: u32,
[INFO] [stderr]     |         ^^^^^ help: if this is intentional, prefix it with an underscore: `_flags`
[INFO] [stderr] 
[INFO] [stderr] warning: unused variable: `ctx`
[INFO] [stderr]    --> src/lib.rs:681:9
[INFO] [stderr]     |
[INFO] [stderr] 681 |         ctx: &fuse_backend_rs::api::filesystem::Context,
[INFO] [stderr]     |         ^^^ help: if this is intentional, prefix it with an underscore: `_ctx`
[INFO] [stderr] 
[INFO] [stderr] warning: unused variable: `inode`
[INFO] [stderr]    --> src/lib.rs:682:9
[INFO] [stderr]     |
[INFO] [stderr] 682 |         inode: Self::Inode,
[INFO] [stderr]     |         ^^^^^ help: if this is intentional, prefix it with an underscore: `_inode`
[INFO] [stderr] 
[INFO] [stderr] warning: unused variable: `flags`
[INFO] [stderr]    --> src/lib.rs:683:9
[INFO] [stderr]     |
[INFO] [stderr] 683 |         flags: u32,
[INFO] [stderr]     |         ^^^^^ help: if this is intentional, prefix it with an underscore: `_flags`
[INFO] [stderr] 
[INFO] [stderr] warning: unused variable: `handle`
[INFO] [stderr]    --> src/lib.rs:684:9
[INFO] [stderr]     |
[INFO] [stderr] 684 |         handle: Self::Handle,
[INFO] [stderr]     |         ^^^^^^ help: if this is intentional, prefix it with an underscore: `_handle`
[INFO] [stderr] 
[INFO] [stderr] warning: field `path_index` is never read
[INFO] [stderr]   --> src/lib.rs:32:5
[INFO] [stderr]    |
[INFO] [stderr] 21 | struct MyFileSystem<'a> {
[INFO] [stderr]    |        ------------ field in this struct
[INFO] [stderr] ...
[INFO] [stderr] 32 |     path_index: BTreeMap<&'a str, Weak<Arc<Node>>>,
[INFO] [stderr]    |     ^^^^^^^^^^
[INFO] [stderr]    |
[INFO] [stderr]    = note: `#[warn(dead_code)]` (part of `#[warn(unused)]`) on by default
[INFO] [stderr] 
[INFO] [stderr] warning: field `thread` is never read
[INFO] [stderr]    --> src/lib.rs:785:9
[INFO] [stderr]     |
[INFO] [stderr] 783 |     pub struct TestFixture {
[INFO] [stderr]     |                ----------- field in this struct
[INFO] [stderr] 784 |         session: Arc<RwLock<FuseSession>>,
[INFO] [stderr] 785 |         thread: JoinHandle<()>,
[INFO] [stderr]     |         ^^^^^^
[INFO] [stderr] 
[INFO] [stderr] warning: `my-fuse` (lib) generated 18 warnings (run `cargo fix --lib -p my-fuse` to apply 16 suggestions)
[INFO] [stderr] warning: unused import: `ServerSession`
[INFO] [stderr]    --> src/lib.rs:834:17
[INFO] [stderr]     |
[INFO] [stderr] 834 |     use crate::{ServerSession, test_util::TestFixture};
[INFO] [stderr]     |                 ^^^^^^^^^^^^^
[INFO] [stderr]     |
[INFO] [stderr]     = note: `#[warn(unused_imports)]` (part of `#[warn(unused)]`) on by default
[INFO] [stderr] 
[INFO] [stderr] warning: unused import: `fuse_backend_rs::transport::FuseSession`
[INFO] [stderr]    --> src/lib.rs:835:9
[INFO] [stderr]     |
[INFO] [stderr] 835 |     use fuse_backend_rs::transport::FuseSession;
[INFO] [stderr]     |         ^^^^^^^^^^^^^^^^^^^^^^^^^^^^^^^^^^^^^^^
[INFO] [stderr] 
[INFO] [stderr] warning: unused import: `log::info`
[INFO] [stderr]    --> src/lib.rs:838:9
[INFO] [stderr]     |
[INFO] [stderr] 838 |     use log::info;
[INFO] [stderr]     |         ^^^^^^^^^
[INFO] [stderr] 
[INFO] [stderr] warning: unused imports: `Arc`, `JoinHandle`, `RwLock`, `path::Path`, and `self`
[INFO] [stderr]    --> src/lib.rs:841:9
[INFO] [stderr]     |
[INFO] [stderr] 841 |         path::Path,
[INFO] [stderr]     |         ^^^^^^^^^^
[INFO] [stderr] 842 |         sync::{Arc, RwLock},
[INFO] [stderr]     |                ^^^  ^^^^^^
[INFO] [stderr] 843 |         thread::{self, JoinHandle},
[INFO] [stderr]     |                  ^^^^  ^^^^^^^^^^
[INFO] [stderr] 
[INFO] [stderr] warning: unused import: `tempdir::TempDir`
[INFO] [stderr]    --> src/lib.rs:845:9
[INFO] [stderr]     |
[INFO] [stderr] 845 |     use tempdir::TempDir;
[INFO] [stderr]     |         ^^^^^^^^^^^^^^^^
[INFO] [stderr] 
[INFO] [stderr] warning: `my-fuse` (lib test) generated 23 warnings (18 duplicates) (run `cargo fix --lib -p my-fuse --tests` to apply 5 suggestions)
[INFO] [stderr]     Finished `release` profile [optimized] target(s) in 0.20s
[INFO] [stderr]      Running unittests src/lib.rs (/opt/rustwide/target/release/deps/my_fuse-e09217b8b834f062)
[INFO] [stdout] 
[INFO] [stdout] running 5 tests
[INFO] [stdout] test tests::mkdir ... FAILED
[INFO] [stdout] test tests::mount_filesystem ... FAILED
[INFO] [stdout] test tests::read_file ... FAILED
[INFO] [stdout] test tests::write_file ... FAILED
[INFO] [stdout] test tests::rmdir ... FAILED
[INFO] [stdout] 
[INFO] [stdout] failures:
[INFO] [stdout] 
[INFO] [stdout] ---- tests::mkdir stdout ----
[INFO] [stdout] 
[INFO] [stdout] thread 'tests::mkdir' (1525) panicked at src/lib.rs:724:29:
[INFO] [stdout] called `Result::unwrap()` on an `Err` value: SessionFailure("open /dev/fuse: No such file or directory (os error 2)")
[INFO] [stdout] stack backtrace:
[INFO] [stdout]    0:     0x630c227d5f61 - <<std[97b98282bc616a66]::sys::backtrace::BacktraceLock>::print::DisplayBacktrace as core[832e9a552fc17241]::fmt::Display>::fmt
[INFO] [stdout]    1:     0x630c227ebfba - core[832e9a552fc17241]::fmt::write
[INFO] [stdout]    2:     0x630c227dbf2c - <alloc[3ecab9f82c41dc7d]::vec::Vec<u8> as std[97b98282bc616a66]::io::Write>::write_fmt
[INFO] [stdout]    3:     0x630c227b2596 - std[97b98282bc616a66]::panicking::default_hook::{closure#0}
[INFO] [stdout]    4:     0x630c227cd139 - std[97b98282bc616a66]::panicking::default_hook
[INFO] [stdout]    5:     0x630c22751bb0 - test[39766f3d73431624]::test_main_inner::<test[39766f3d73431624]::test_main_static::{closure#0}>::{closure#0}
[INFO] [stdout]    6:     0x630c227cd2f2 - std[97b98282bc616a66]::panicking::panic_with_hook
[INFO] [stdout]    7:     0x630c227b2642 - std[97b98282bc616a66]::panicking::panic_handler::{closure#0}
[INFO] [stdout]    8:     0x630c227a9c19 - std[97b98282bc616a66]::sys::backtrace::__rust_end_short_backtrace::<std[97b98282bc616a66]::panicking::panic_handler::{closure#0}, !>
[INFO] [stdout]    9:     0x630c227b323d - __rustc[e3d8617bb01b7f69]::rust_begin_unwind
[INFO] [stdout]   10:     0x630c227ec71c - core[832e9a552fc17241]::panicking::panic_fmt
[INFO] [stdout]   11:     0x630c227ec4f2 - core[832e9a552fc17241]::result::unwrap_failed
[INFO] [stdout]   12:     0x630c2273242d - <my_fuse[905223c2275c61cf]::ServerSession>::new
[INFO] [stdout]   13:     0x630c227433b2 - <my_fuse[905223c2275c61cf]::test_util::TestFixture>::new
[INFO] [stdout]   14:     0x630c2273ee98 - my_fuse[905223c2275c61cf]::tests::mkdir
[INFO] [stdout]   15:     0x630c22738e09 - <my_fuse[905223c2275c61cf]::tests::mkdir::{closure#0} as core[832e9a552fc17241]::ops::function::FnOnce<()>>::call_once
[INFO] [stdout]   16:     0x630c22744eeb - test[39766f3d73431624]::__rust_begin_short_backtrace::<core[832e9a552fc17241]::result::Result<(), alloc[3ecab9f82c41dc7d]::string::String>, fn() -> core[832e9a552fc17241]::result::Result<(), alloc[3ecab9f82c41dc7d]::string::String>>
[INFO] [stdout]   17:     0x630c22752535 - test[39766f3d73431624]::run_test::{closure#0}
[INFO] [stdout]   18:     0x630c2274cfe4 - std[97b98282bc616a66]::sys::backtrace::__rust_begin_short_backtrace::<test[39766f3d73431624]::run_test::{closure#1}, ()>
[INFO] [stdout]   19:     0x630c22755682 - <std[97b98282bc616a66]::thread::lifecycle::spawn_unchecked<test[39766f3d73431624]::run_test::{closure#1}, ()>::{closure#1} as core[832e9a552fc17241]::ops::function::FnOnce<()>>::call_once::{shim:vtable#0}
[INFO] [stdout]   20:     0x630c227d52cf - <std[97b98282bc616a66]::sys::thread::unix::Thread>::new::thread_start
[INFO] [stdout]   21:     0x7829e213907a - <unknown>
[INFO] [stdout]   22:     0x7829e21cc534 - clone
[INFO] [stdout]   23:                0x0 - <unknown>
[INFO] [stdout] 
[INFO] [stdout] ---- tests::mount_filesystem stdout ----
[INFO] [stdout] 
[INFO] [stdout] thread 'tests::mount_filesystem' (1526) panicked at src/lib.rs:724:29:
[INFO] [stdout] called `Result::unwrap()` on an `Err` value: SessionFailure("open /dev/fuse: No such file or directory (os error 2)")
[INFO] [stdout] stack backtrace:
[INFO] [stdout]    0:     0x630c227d5f61 - <<std[97b98282bc616a66]::sys::backtrace::BacktraceLock>::print::DisplayBacktrace as core[832e9a552fc17241]::fmt::Display>::fmt
[INFO] [stdout]    1:     0x630c227ebfba - core[832e9a552fc17241]::fmt::write
[INFO] [stdout]    2:     0x630c227dbf2c - <alloc[3ecab9f82c41dc7d]::vec::Vec<u8> as std[97b98282bc616a66]::io::Write>::write_fmt
[INFO] [stdout]    3:     0x630c227b2596 - std[97b98282bc616a66]::panicking::default_hook::{closure#0}
[INFO] [stdout]    4:     0x630c227cd139 - std[97b98282bc616a66]::panicking::default_hook
[INFO] [stdout]    5:     0x630c22751bb0 - test[39766f3d73431624]::test_main_inner::<test[39766f3d73431624]::test_main_static::{closure#0}>::{closure#0}
[INFO] [stdout]    6:     0x630c227cd2f2 - std[97b98282bc616a66]::panicking::panic_with_hook
[INFO] [stdout]    7:     0x630c227b2642 - std[97b98282bc616a66]::panicking::panic_handler::{closure#0}
[INFO] [stdout]    8:     0x630c227a9c19 - std[97b98282bc616a66]::sys::backtrace::__rust_end_short_backtrace::<std[97b98282bc616a66]::panicking::panic_handler::{closure#0}, !>
[INFO] [stdout]    9:     0x630c227b323d - __rustc[e3d8617bb01b7f69]::rust_begin_unwind
[INFO] [stdout]   10:     0x630c227ec71c - core[832e9a552fc17241]::panicking::panic_fmt
[INFO] [stdout]   11:     0x630c227ec4f2 - core[832e9a552fc17241]::result::unwrap_failed
[INFO] [stdout]   12:     0x630c2273242d - <my_fuse[905223c2275c61cf]::ServerSession>::new
[INFO] [stdout]   13:     0x630c227433b2 - <my_fuse[905223c2275c61cf]::test_util::TestFixture>::new
[INFO] [stdout]   14:     0x630c2273eced - my_fuse[905223c2275c61cf]::tests::mount_filesystem
[INFO] [stdout]   15:     0x630c22738de9 - <my_fuse[905223c2275c61cf]::tests::mount_filesystem::{closure#0} as core[832e9a552fc17241]::ops::function::FnOnce<()>>::call_once
[INFO] [stdout]   16:     0x630c22744eeb - test[39766f3d73431624]::__rust_begin_short_backtrace::<core[832e9a552fc17241]::result::Result<(), alloc[3ecab9f82c41dc7d]::string::String>, fn() -> core[832e9a552fc17241]::result::Result<(), alloc[3ecab9f82c41dc7d]::string::String>>
[INFO] [stdout]   17:     0x630c22752535 - test[39766f3d73431624]::run_test::{closure#0}
[INFO] [stdout]   18:     0x630c2274cfe4 - std[97b98282bc616a66]::sys::backtrace::__rust_begin_short_backtrace::<test[39766f3d73431624]::run_test::{closure#1}, ()>
[INFO] [stdout]   19:     0x630c22755682 - <std[97b98282bc616a66]::thread::lifecycle::spawn_unchecked<test[39766f3d73431624]::run_test::{closure#1}, ()>::{closure#1} as core[832e9a552fc17241]::ops::function::FnOnce<()>>::call_once::{shim:vtable#0}
[INFO] [stdout]   20:     0x630c227d52cf - <std[97b98282bc616a66]::sys::thread::unix::Thread>::new::thread_start
[INFO] [stdout]   21:     0x7829e213907a - <unknown>
[INFO] [stdout]   22:     0x7829e21cc534 - clone
[INFO] [stdout]   23:                0x0 - <unknown>
[INFO] [stdout] 
[INFO] [stdout] ---- tests::read_file stdout ----
[INFO] [stdout] 
[INFO] [stderr] error: test failed, to rerun pass `--lib`
[INFO] [stdout] thread 'tests::read_file' (1527) panicked at src/lib.rs:724:29:
[INFO] [stdout] called `Result::unwrap()` on an `Err` value: SessionFailure("open /dev/fuse: No such file or directory (os error 2)")
[INFO] [stdout] stack backtrace:
[INFO] [stdout]    0:     0x630c227d5f61 - <<std[97b98282bc616a66]::sys::backtrace::BacktraceLock>::print::DisplayBacktrace as core[832e9a552fc17241]::fmt::Display>::fmt
[INFO] [stdout]    1:     0x630c227ebfba - core[832e9a552fc17241]::fmt::write
[INFO] [stdout]    2:     0x630c227dbf2c - <alloc[3ecab9f82c41dc7d]::vec::Vec<u8> as std[97b98282bc616a66]::io::Write>::write_fmt
[INFO] [stdout]    3:     0x630c227b2596 - std[97b98282bc616a66]::panicking::default_hook::{closure#0}
[INFO] [stdout]    4:     0x630c227cd139 - std[97b98282bc616a66]::panicking::default_hook
[INFO] [stdout]    5:     0x630c22751bb0 - test[39766f3d73431624]::test_main_inner::<test[39766f3d73431624]::test_main_static::{closure#0}>::{closure#0}
[INFO] [stdout]    6:     0x630c227cd2f2 - std[97b98282bc616a66]::panicking::panic_with_hook
[INFO] [stdout]    7:     0x630c227b2642 - std[97b98282bc616a66]::panicking::panic_handler::{closure#0}
[INFO] [stdout]    8:     0x630c227a9c19 - std[97b98282bc616a66]::sys::backtrace::__rust_end_short_backtrace::<std[97b98282bc616a66]::panicking::panic_handler::{closure#0}, !>
[INFO] [stdout]    9:     0x630c227b323d - __rustc[e3d8617bb01b7f69]::rust_begin_unwind
[INFO] [stdout]   10:     0x630c227ec71c - core[832e9a552fc17241]::panicking::panic_fmt
[INFO] [stdout]   11:     0x630c227ec4f2 - core[832e9a552fc17241]::result::unwrap_failed
[INFO] [stdout]   12:     0x630c2273242d - <my_fuse[905223c2275c61cf]::ServerSession>::new
[INFO] [stdout]   13:     0x630c227433b2 - <my_fuse[905223c2275c61cf]::test_util::TestFixture>::new
[INFO] [stdout]   14:     0x630c2273f600 - my_fuse[905223c2275c61cf]::tests::read_file
[INFO] [stdout]   15:     0x630c22738e49 - <my_fuse[905223c2275c61cf]::tests::read_file::{closure#0} as core[832e9a552fc17241]::ops::function::FnOnce<()>>::call_once
[INFO] [stdout]   16:     0x630c22744eeb - test[39766f3d73431624]::__rust_begin_short_backtrace::<core[832e9a552fc17241]::result::Result<(), alloc[3ecab9f82c41dc7d]::string::String>, fn() -> core[832e9a552fc17241]::result::Result<(), alloc[3ecab9f82c41dc7d]::string::String>>
[INFO] [stdout]   17:     0x630c22752535 - test[39766f3d73431624]::run_test::{closure#0}
[INFO] [stdout]   18:     0x630c2274cfe4 - std[97b98282bc616a66]::sys::backtrace::__rust_begin_short_backtrace::<test[39766f3d73431624]::run_test::{closure#1}, ()>
[INFO] [stdout]   19:     0x630c22755682 - <std[97b98282bc616a66]::thread::lifecycle::spawn_unchecked<test[39766f3d73431624]::run_test::{closure#1}, ()>::{closure#1} as core[832e9a552fc17241]::ops::function::FnOnce<()>>::call_once::{shim:vtable#0}
[INFO] [stdout]   20:     0x630c227d52cf - <std[97b98282bc616a66]::sys::thread::unix::Thread>::new::thread_start
[INFO] [stdout]   21:     0x7829e213907a - <unknown>
[INFO] [stdout]   22:     0x7829e21cc534 - clone
[INFO] [stdout]   23:                0x0 - <unknown>
[INFO] [stdout] 
[INFO] [stdout] ---- tests::write_file stdout ----
[INFO] [stdout] 
[INFO] [stdout] thread 'tests::write_file' (1529) panicked at src/lib.rs:724:29:
[INFO] [stdout] called `Result::unwrap()` on an `Err` value: SessionFailure("open /dev/fuse: No such file or directory (os error 2)")
[INFO] [stdout] stack backtrace:
[INFO] [stdout]    0:     0x630c227d5f61 - <<std[97b98282bc616a66]::sys::backtrace::BacktraceLock>::print::DisplayBacktrace as core[832e9a552fc17241]::fmt::Display>::fmt
[INFO] [stdout]    1:     0x630c227ebfba - core[832e9a552fc17241]::fmt::write
[INFO] [stdout]    2:     0x630c227dbf2c - <alloc[3ecab9f82c41dc7d]::vec::Vec<u8> as std[97b98282bc616a66]::io::Write>::write_fmt
[INFO] [stdout]    3:     0x630c227b2596 - std[97b98282bc616a66]::panicking::default_hook::{closure#0}
[INFO] [stdout]    4:     0x630c227cd139 - std[97b98282bc616a66]::panicking::default_hook
[INFO] [stdout]    5:     0x630c22751bb0 - test[39766f3d73431624]::test_main_inner::<test[39766f3d73431624]::test_main_static::{closure#0}>::{closure#0}
[INFO] [stdout]    6:     0x630c227cd2f2 - std[97b98282bc616a66]::panicking::panic_with_hook
[INFO] [stdout]    7:     0x630c227b2642 - std[97b98282bc616a66]::panicking::panic_handler::{closure#0}
[INFO] [stdout]    8:     0x630c227a9c19 - std[97b98282bc616a66]::sys::backtrace::__rust_end_short_backtrace::<std[97b98282bc616a66]::panicking::panic_handler::{closure#0}, !>
[INFO] [stdout]    9:     0x630c227b323d - __rustc[e3d8617bb01b7f69]::rust_begin_unwind
[INFO] [stdout]   10:     0x630c227ec71c - core[832e9a552fc17241]::panicking::panic_fmt
[INFO] [stdout]   11:     0x630c227ec4f2 - core[832e9a552fc17241]::result::unwrap_failed
[INFO] [stdout]   12:     0x630c2273242d - <my_fuse[905223c2275c61cf]::ServerSession>::new
[INFO] [stdout]   13:     0x630c227433b2 - <my_fuse[905223c2275c61cf]::test_util::TestFixture>::new
[INFO] [stdout]   14:     0x630c2273ea92 - my_fuse[905223c2275c61cf]::tests::write_file
[INFO] [stdout]   15:     0x630c22738dc9 - <my_fuse[905223c2275c61cf]::tests::write_file::{closure#0} as core[832e9a552fc17241]::ops::function::FnOnce<()>>::call_once
[INFO] [stdout]   16:     0x630c22744eeb - test[39766f3d73431624]::__rust_begin_short_backtrace::<core[832e9a552fc17241]::result::Result<(), alloc[3ecab9f82c41dc7d]::string::String>, fn() -> core[832e9a552fc17241]::result::Result<(), alloc[3ecab9f82c41dc7d]::string::String>>
[INFO] [stdout]   17:     0x630c22752535 - test[39766f3d73431624]::run_test::{closure#0}
[INFO] [stdout]   18:     0x630c2274cfe4 - std[97b98282bc616a66]::sys::backtrace::__rust_begin_short_backtrace::<test[39766f3d73431624]::run_test::{closure#1}, ()>
[INFO] [stdout]   19:     0x630c22755682 - <std[97b98282bc616a66]::thread::lifecycle::spawn_unchecked<test[39766f3d73431624]::run_test::{closure#1}, ()>::{closure#1} as core[832e9a552fc17241]::ops::function::FnOnce<()>>::call_once::{shim:vtable#0}
[INFO] [stdout]   20:     0x630c227d52cf - <std[97b98282bc616a66]::sys::thread::unix::Thread>::new::thread_start
[INFO] [stdout]   21:     0x7829e213907a - <unknown>
[INFO] [stdout]   22:     0x7829e21cc534 - clone
[INFO] [stdout]   23:                0x0 - <unknown>
[INFO] [stdout] 
[INFO] [stdout] ---- tests::rmdir stdout ----
[INFO] [stdout] 
[INFO] [stdout] thread 'tests::rmdir' (1528) panicked at src/lib.rs:724:29:
[INFO] [stdout] called `Result::unwrap()` on an `Err` value: SessionFailure("open /dev/fuse: No such file or directory (os error 2)")
[INFO] [stdout] stack backtrace:
[INFO] [stdout]    0:     0x630c227d5f61 - <<std[97b98282bc616a66]::sys::backtrace::BacktraceLock>::print::DisplayBacktrace as core[832e9a552fc17241]::fmt::Display>::fmt
[INFO] [stdout]    1:     0x630c227ebfba - core[832e9a552fc17241]::fmt::write
[INFO] [stdout]    2:     0x630c227dbf2c - <alloc[3ecab9f82c41dc7d]::vec::Vec<u8> as std[97b98282bc616a66]::io::Write>::write_fmt
[INFO] [stdout]    3:     0x630c227b2596 - std[97b98282bc616a66]::panicking::default_hook::{closure#0}
[INFO] [stdout]    4:     0x630c227cd139 - std[97b98282bc616a66]::panicking::default_hook
[INFO] [stdout]    5:     0x630c22751bb0 - test[39766f3d73431624]::test_main_inner::<test[39766f3d73431624]::test_main_static::{closure#0}>::{closure#0}
[INFO] [stdout]    6:     0x630c227cd2f2 - std[97b98282bc616a66]::panicking::panic_with_hook
[INFO] [stdout]    7:     0x630c227b2642 - std[97b98282bc616a66]::panicking::panic_handler::{closure#0}
[INFO] [stdout]    8:     0x630c227a9c19 - std[97b98282bc616a66]::sys::backtrace::__rust_end_short_backtrace::<std[97b98282bc616a66]::panicking::panic_handler::{closure#0}, !>
[INFO] [stdout]    9:     0x630c227b323d - __rustc[e3d8617bb01b7f69]::rust_begin_unwind
[INFO] [stdout]   10:     0x630c227ec71c - core[832e9a552fc17241]::panicking::panic_fmt
[INFO] [stdout]   11:     0x630c227ec4f2 - core[832e9a552fc17241]::result::unwrap_failed
[INFO] [stdout]   12:     0x630c2273242d - <my_fuse[905223c2275c61cf]::ServerSession>::new
[INFO] [stdout]   13:     0x630c227433b2 - <my_fuse[905223c2275c61cf]::test_util::TestFixture>::new
[INFO] [stdout]   14:     0x630c2273f263 - my_fuse[905223c2275c61cf]::tests::rmdir
[INFO] [stdout]   15:     0x630c22738e29 - <my_fuse[905223c2275c61cf]::tests::rmdir::{closure#0} as core[832e9a552fc17241]::ops::function::FnOnce<()>>::call_once
[INFO] [stdout]   16:     0x630c22744eeb - test[39766f3d73431624]::__rust_begin_short_backtrace::<core[832e9a552fc17241]::result::Result<(), alloc[3ecab9f82c41dc7d]::string::String>, fn() -> core[832e9a552fc17241]::result::Result<(), alloc[3ecab9f82c41dc7d]::string::String>>
[INFO] [stdout]   17:     0x630c22752535 - test[39766f3d73431624]::run_test::{closure#0}
[INFO] [stdout]   18:     0x630c2274cfe4 - std[97b98282bc616a66]::sys::backtrace::__rust_begin_short_backtrace::<test[39766f3d73431624]::run_test::{closure#1}, ()>
[INFO] [stdout]   19:     0x630c22755682 - <std[97b98282bc616a66]::thread::lifecycle::spawn_unchecked<test[39766f3d73431624]::run_test::{closure#1}, ()>::{closure#1} as core[832e9a552fc17241]::ops::function::FnOnce<()>>::call_once::{shim:vtable#0}
[INFO] [stdout]   20:     0x630c227d52cf - <std[97b98282bc616a66]::sys::thread::unix::Thread>::new::thread_start
[INFO] [stdout]   21:     0x7829e213907a - <unknown>
[INFO] [stdout]   22:     0x7829e21cc534 - clone
[INFO] [stdout]   23:                0x0 - <unknown>
[INFO] [stdout] 
[INFO] [stdout] 
[INFO] [stdout] failures:
[INFO] [stdout]     tests::mkdir
[INFO] [stdout]     tests::mount_filesystem
[INFO] [stdout]     tests::read_file
[INFO] [stdout]     tests::rmdir
[INFO] [stdout]     tests::write_file
[INFO] [stdout] 
[INFO] [stdout] test result: FAILED. 0 passed; 5 failed; 0 ignored; 0 measured; 0 filtered out; finished in 0.00s
[INFO] [stdout] 
[INFO] running `Command { std: "docker" "inspect" "b23495b87fa3e37df7da8bf8e551da23c06a40ad229d5681c63932159561f6ae", kill_on_drop: false }`
[INFO] running `Command { std: "docker" "rm" "-f" "b23495b87fa3e37df7da8bf8e551da23c06a40ad229d5681c63932159561f6ae", kill_on_drop: false }`
[INFO] [stdout] b23495b87fa3e37df7da8bf8e551da23c06a40ad229d5681c63932159561f6ae
