[INFO] cloning repository https://github.com/jaapieaapie1/csv-converter
[INFO] running `Command { std: "git" "-c" "credential.helper=" "-c" "credential.helper=/workspace/cargo-home/bin/git-credential-null" "clone" "--bare" "https://github.com/jaapieaapie1/csv-converter" "/workspace/cache/git-repos/https%3A%2F%2Fgithub.com%2Fjaapieaapie1%2Fcsv-converter", kill_on_drop: false }`
[INFO] [stderr] Cloning into bare repository '/workspace/cache/git-repos/https%3A%2F%2Fgithub.com%2Fjaapieaapie1%2Fcsv-converter'...
[INFO] running `Command { std: "git" "rev-parse" "HEAD", kill_on_drop: false }`
[INFO] [stdout] 8de629ecbbab35ffec243cded242e26cd1bb6cb9
[INFO] testing jaapieaapie1/csv-converter against 1.99.0-beta.1+cargoflags=--release for beta-release-1.99-2
[INFO] running `Command { std: "git" "clone" "/workspace/cache/git-repos/https%3A%2F%2Fgithub.com%2Fjaapieaapie1%2Fcsv-converter" "/workspace/builds/worker-6-tc2/source", kill_on_drop: false }`
[INFO] [stderr] Cloning into '/workspace/builds/worker-6-tc2/source'...
[INFO] [stderr] done.
[INFO] started tweaking git repo https://github.com/jaapieaapie1/csv-converter
[INFO] finished tweaking git repo https://github.com/jaapieaapie1/csv-converter
[INFO] tweaked toml for git repo https://github.com/jaapieaapie1/csv-converter written to /workspace/builds/worker-6-tc2/source/Cargo.toml
[INFO] validating manifest of git repo https://github.com/jaapieaapie1/csv-converter on toolchain 1.99.0-beta.1
[INFO] running `Command { std: CARGO_HOME="/workspace/cargo-home" RUSTUP_HOME="/workspace/rustup-home" "/workspace/cargo-home/bin/cargo" "+1.99.0-beta.1" "metadata" "--manifest-path" "Cargo.toml" "--no-deps", kill_on_drop: false }`
[INFO] crate git repo https://github.com/jaapieaapie1/csv-converter already has a lockfile, it will not be regenerated
[INFO] running `Command { std: CARGO_HOME="/workspace/cargo-home" RUSTUP_HOME="/workspace/rustup-home" "/workspace/cargo-home/bin/cargo" "+1.99.0-beta.1" "fetch" "--manifest-path" "Cargo.toml", kill_on_drop: false }`
[INFO] running `Command { std: "docker" "create" "-v" "/var/lib/crater-agent-workspace/builds/worker-6-tc2/source:/opt/rustwide/workdir:ro,Z" "-v" "/var/lib/crater-agent-workspace/builds/worker-6-tc2/target:/opt/rustwide/target:rw,Z" "-v" "/var/lib/crater-agent-workspace/cargo-home:/opt/rustwide/cargo-home:ro,Z" "-v" "/var/lib/crater-agent-workspace/rustup-home:/opt/rustwide/rustup-home:ro,Z" "-m" "1610612736" "--network" "none" "ghcr.io/rust-lang/crates-build-env/linux@sha256:8683fc1fc2eb5c9ac98e0d076ab094b2ffac7f99da555d2b6a2e27f346de2ec7" "sleep" "infinity", kill_on_drop: false }`
[INFO] [stdout] ef84b56d338b77b6787276a0f1e920684ef64cf4168c9ea364819f98fe731d7b
[INFO] running `Command { std: "docker" "start" "ef84b56d338b77b6787276a0f1e920684ef64cf4168c9ea364819f98fe731d7b", kill_on_drop: false }`
[INFO] running `Command { std: "docker" "inspect" "ef84b56d338b77b6787276a0f1e920684ef64cf4168c9ea364819f98fe731d7b", kill_on_drop: false }`
[INFO] running `Command { std: "docker" "exec" "-e" "SOURCE_DIR=/opt/rustwide/workdir" "-e" "CARGO_HOME=/opt/rustwide/cargo-home" "-e" "RUSTUP_HOME=/opt/rustwide/rustup-home" "-e" "CARGO_TARGET_DIR=/opt/rustwide/target" "-w" "/opt/rustwide/workdir" "--user" "0:0" "ef84b56d338b77b6787276a0f1e920684ef64cf4168c9ea364819f98fe731d7b" "/opt/rustwide/cargo-home/bin/cargo" "+1.99.0-beta.1" "metadata" "--no-deps" "--format-version=1", kill_on_drop: false }`
[INFO] running `Command { std: "docker" "inspect" "ef84b56d338b77b6787276a0f1e920684ef64cf4168c9ea364819f98fe731d7b", kill_on_drop: false }`
[INFO] running `Command { std: "docker" "exec" "-e" "SOURCE_DIR=/opt/rustwide/workdir" "-e" "CARGO_HOME=/opt/rustwide/cargo-home" "-e" "RUSTUP_HOME=/opt/rustwide/rustup-home" "-e" "CARGO_TARGET_DIR=/opt/rustwide/target" "-e" "CARGO_INCREMENTAL=0" "-e" "RUST_BACKTRACE=full" "-e" "RUSTFLAGS=--cap-lints=warn" "-e" "RUSTDOCFLAGS=--cap-lints=warn" "-w" "/opt/rustwide/workdir" "--user" "0:0" "ef84b56d338b77b6787276a0f1e920684ef64cf4168c9ea364819f98fe731d7b" "/opt/rustwide/cargo-home/bin/cargo" "+1.99.0-beta.1" "build" "--frozen" "--message-format=json" "--release", kill_on_drop: false }`
[INFO] [stderr]    Compiling serde_core v1.0.228
[INFO] [stderr]    Compiling syn v2.0.108
[INFO] [stderr]    Compiling simd-adler32 v0.3.7
[INFO] [stderr]    Compiling encoding_rs v0.8.35
[INFO] [stderr]    Compiling csv-core v0.1.13
[INFO] [stderr]    Compiling miniz_oxide v0.8.9
[INFO] [stderr]    Compiling flate2 v1.1.5
[INFO] [stderr]    Compiling zip v0.6.6
[INFO] [stderr]    Compiling codepage v0.1.2
[INFO] [stderr]    Compiling quick-xml v0.30.0
[INFO] [stderr]    Compiling serde_derive v1.0.228
[INFO] [stderr]    Compiling clap_derive v4.5.49
[INFO] [stderr]    Compiling csv v1.4.0
[INFO] [stderr]    Compiling serde_json v1.0.145
[INFO] [stderr]    Compiling clap v4.5.51
[INFO] [stderr]    Compiling serde v1.0.228
[INFO] [stderr]    Compiling calamine v0.22.1
[INFO] [stderr]    Compiling csv-converter v0.1.0 (/opt/rustwide/workdir)
[INFO] [stderr]     Finished `release` profile [optimized] target(s) in 24.22s
[INFO] running `Command { std: "docker" "inspect" "ef84b56d338b77b6787276a0f1e920684ef64cf4168c9ea364819f98fe731d7b", kill_on_drop: false }`
[INFO] running `Command { std: "docker" "exec" "-e" "SOURCE_DIR=/opt/rustwide/workdir" "-e" "CARGO_HOME=/opt/rustwide/cargo-home" "-e" "RUSTUP_HOME=/opt/rustwide/rustup-home" "-e" "CARGO_TARGET_DIR=/opt/rustwide/target" "-e" "CARGO_INCREMENTAL=0" "-e" "RUST_BACKTRACE=full" "-e" "RUSTFLAGS=--cap-lints=warn" "-e" "RUSTDOCFLAGS=--cap-lints=warn" "-w" "/opt/rustwide/workdir" "--user" "0:0" "ef84b56d338b77b6787276a0f1e920684ef64cf4168c9ea364819f98fe731d7b" "/opt/rustwide/cargo-home/bin/cargo" "+1.99.0-beta.1" "test" "--frozen" "--no-run" "--message-format=json" "--release", kill_on_drop: false }`
[INFO] [stderr]    Compiling csv-converter v0.1.0 (/opt/rustwide/workdir)
[INFO] [stderr]     Finished `release` profile [optimized] target(s) in 1.35s
[INFO] running `Command { std: "docker" "inspect" "ef84b56d338b77b6787276a0f1e920684ef64cf4168c9ea364819f98fe731d7b", kill_on_drop: false }`
[INFO] running `Command { std: "docker" "exec" "-e" "SOURCE_DIR=/opt/rustwide/workdir" "-e" "CARGO_HOME=/opt/rustwide/cargo-home" "-e" "RUSTUP_HOME=/opt/rustwide/rustup-home" "-e" "CARGO_TARGET_DIR=/opt/rustwide/target" "-e" "CARGO_INCREMENTAL=0" "-e" "RUST_BACKTRACE=full" "-e" "RUSTFLAGS=--cap-lints=warn" "-e" "RUSTDOCFLAGS=--cap-lints=warn" "-w" "/opt/rustwide/workdir" "--user" "0:0" "ef84b56d338b77b6787276a0f1e920684ef64cf4168c9ea364819f98fe731d7b" "/opt/rustwide/cargo-home/bin/cargo" "+1.99.0-beta.1" "test" "--frozen" "--release", kill_on_drop: false }`
[INFO] [stderr]     Finished `release` profile [optimized] target(s) in 0.06s
[INFO] [stderr]      Running unittests src/lib.rs (/opt/rustwide/target/release/deps/csv_converter-df416b22a16207ec)
[INFO] [stdout] 
[INFO] [stdout] running 10 tests
[INFO] [stdout] test value_conversion::tests::test_convert_field_value_booleans ... ok
[INFO] [stdout] test value_conversion::tests::test_convert_field_value_empty_to_null ... ok
[INFO] [stdout] test value_conversion::tests::test_convert_field_value_decimal_leading_zero ... ok
[INFO] [stdout] test value_conversion::tests::test_convert_field_value_leading_zeros ... ok
[INFO] [stdout] test value_conversion::tests::test_convert_field_value_negative_numbers ... ok
[INFO] [stdout] test value_conversion::tests::test_convert_field_value_no_type_conversion ... ok
[INFO] [stdout] test value_conversion::tests::test_convert_field_value_floats ... ok
[INFO] [stdout] test value_conversion::tests::test_convert_field_value_integers ... ok
[INFO] [stdout] test value_conversion::tests::test_convert_field_value_strings ... ok
[INFO] [stdout] test value_conversion::tests::test_convert_field_value_string_fields ... ok
[INFO] [stdout] 
[INFO] [stdout] test result: ok. 10 passed; 0 failed; 0 ignored; 0 measured; 0 filtered out; finished in 0.00s
[INFO] [stdout] 
[INFO] [stderr]      Running unittests src/main.rs (/opt/rustwide/target/release/deps/csv_converter-87d498d258c1b85b)
[INFO] [stdout] 
[INFO] [stdout] running 0 tests
[INFO] [stdout] 
[INFO] [stdout] test result: ok. 0 passed; 0 failed; 0 ignored; 0 measured; 0 filtered out; finished in 0.00s
[INFO] [stdout] 
[INFO] [stderr]      Running tests/format_detection_tests.rs (/opt/rustwide/target/release/deps/format_detection_tests-36a98bdbf6e433f8)
[INFO] [stdout] 
[INFO] [stdout] running 15 tests
[INFO] [stdout] test test_consistent_delimiter_detection ... FAILED
[INFO] [stdout] test test_detect_double_quote_escaping ... FAILED
[INFO] [stdout] test test_detect_pipe_delimiter ... FAILED
[INFO] [stdout] test test_detect_comma_delimiter ... FAILED
[INFO] [stdout] test test_detect_semicolon_delimiter ... FAILED
[INFO] [stdout] test test_detect_quote_character ... FAILED
[INFO] [stdout] test test_detect_with_quoted_fields_containing_delimiters ... FAILED
[INFO] [stdout] test test_large_sample_detection ... FAILED
[INFO] [stdout] test test_single_line_file ... FAILED
[INFO] [stdout] test test_detect_with_many_columns ... FAILED
[INFO] [stdout] test test_no_escaping_detection ... FAILED
[INFO] [stdout] test test_detect_backslash_escaping ... FAILED
[INFO] [stdout] test test_empty_file ... FAILED
[INFO] [stdout] test test_detect_tab_delimiter ... FAILED
[INFO] [stdout] test test_mixed_escaping_prefers_double_quote ... FAILED
[INFO] [stdout] 
[INFO] [stdout] failures:
[INFO] [stdout] 
[INFO] [stdout] ---- test_consistent_delimiter_detection stdout ----
[INFO] [stdout] 
[INFO] [stdout] thread 'test_consistent_delimiter_detection' (631) panicked at tests/format_detection_tests.rs:11:40:
[INFO] [stdout] called `Result::unwrap()` on an `Err` value: Os { code: 30, kind: ReadOnlyFilesystem, message: "Read-only file system" }
[INFO] [stdout] stack backtrace:
[INFO] [stdout]    0:     0x60045fea2a31 - <<std[104cf6e2632825ea]::sys::backtrace::BacktraceLock>::print::DisplayBacktrace as core[7c831bd917ebf35f]::fmt::Display>::fmt
[INFO] [stdout]    1:     0x60045feb725a - core[7c831bd917ebf35f]::fmt::write
[INFO] [stdout]    2:     0x60045fea73cc - <alloc[2fdc3f7464fcf288]::vec::Vec<u8> as core[7c831bd917ebf35f]::io::write::Write>::write_fmt
[INFO] [stdout]    3:     0x60045fe7e106 - std[104cf6e2632825ea]::panicking::default_hook::{closure#0}
[INFO] [stdout]    4:     0x60045fe9b049 - std[104cf6e2632825ea]::panicking::default_hook
[INFO] [stdout]    5:     0x60045fe2fd10 - test[73009c9f9aebf890]::test_main_inner::<test[73009c9f9aebf890]::test_main_static::{closure#0}>::{closure#0}
[INFO] [stdout]    6:     0x60045fe9b202 - std[104cf6e2632825ea]::panicking::panic_with_hook
[INFO] [stdout]    7:     0x60045fe7e1b2 - std[104cf6e2632825ea]::panicking::panic_handler::{closure#0}
[INFO] [stdout]    8:     0x60045fe764a9 - std[104cf6e2632825ea]::sys::backtrace::__rust_end_short_backtrace::<std[104cf6e2632825ea]::panicking::panic_handler::{closure#0}, !>
[INFO] [stdout]    9:     0x60045fe7eebd - __rustc[b0d56fa5b193ad05]::rust_begin_unwind
[INFO] [stdout]   10:     0x60045feb798c - core[7c831bd917ebf35f]::panicking::panic_fmt
[INFO] [stdout]   11:     0x60045feb7762 - core[7c831bd917ebf35f]::result::unwrap_failed
[INFO] [stdout]   12:     0x60045fe217dc - format_detection_tests[2672c85324626263]::create_temp_csv
[INFO] [stdout]   13:     0x60045fe22bef - <format_detection_tests[2672c85324626263]::test_consistent_delimiter_detection::{closure#0} as core[7c831bd917ebf35f]::ops::function::FnOnce<()>>::call_once
[INFO] [stdout]   14:     0x60045fe22ffb - test[73009c9f9aebf890]::__rust_begin_short_backtrace::<core[7c831bd917ebf35f]::result::Result<(), alloc[2fdc3f7464fcf288]::string::String>, fn() -> core[7c831bd917ebf35f]::result::Result<(), alloc[2fdc3f7464fcf288]::string::String>>
[INFO] [stdout]   15:     0x60045fe30665 - test[73009c9f9aebf890]::run_test::{closure#0}
[INFO] [stdout]   16:     0x60045fe29a24 - std[104cf6e2632825ea]::sys::backtrace::__rust_begin_short_backtrace::<test[73009c9f9aebf890]::run_test::{closure#1}, ()>
[INFO] [stdout]   17:     0x60045fe337c2 - <std[104cf6e2632825ea]::thread::lifecycle::spawn_unchecked<test[73009c9f9aebf890]::run_test::{closure#1}, ()>::{closure#1} as core[7c831bd917ebf35f]::ops::function::FnOnce<()>>::call_once::{shim:vtable#0}
[INFO] [stdout]   18:     0x60045fea2309 - <std[104cf6e2632825ea]::sys::thread::unix::Thread>::new::thread_start
[INFO] [stdout]   19:     0x7ca3089ae07a - <unknown>
[INFO] [stdout]   20:     0x7ca308a41534 - clone
[INFO] [stdout]   21:                0x0 - <unknown>
[INFO] [stdout] 
[INFO] [stdout] ---- test_detect_double_quote_escaping stdout ----
[INFO] [stdout] 
[INFO] [stdout] thread 'test_detect_double_quote_escaping' (634) panicked at tests/format_detection_tests.rs:11:40:
[INFO] [stdout] called `Result::unwrap()` on an `Err` value: Os { code: 30, kind: ReadOnlyFilesystem, message: "Read-only file system" }
[INFO] [stdout] stack backtrace:
[INFO] [stdout]    0:     0x60045fea2a31 - <<std[104cf6e2632825ea]::sys::backtrace::BacktraceLock>::print::DisplayBacktrace as core[7c831bd917ebf35f]::fmt::Display>::fmt
[INFO] [stdout]    1:     0x60045feb725a - core[7c831bd917ebf35f]::fmt::write
[INFO] [stdout]    2:     0x60045fea73cc - <alloc[2fdc3f7464fcf288]::vec::Vec<u8> as core[7c831bd917ebf35f]::io::write::Write>::write_fmt
[INFO] [stdout]    3:     0x60045fe7e106 - std[104cf6e2632825ea]::panicking::default_hook::{closure#0}
[INFO] [stdout]    4:     0x60045fe9b049 - std[104cf6e2632825ea]::panicking::default_hook
[INFO] [stdout]    5:     0x60045fe2fd10 - test[73009c9f9aebf890]::test_main_inner::<test[73009c9f9aebf890]::test_main_static::{closure#0}>::{closure#0}
[INFO] [stdout]    6:     0x60045fe9b202 - std[104cf6e2632825ea]::panicking::panic_with_hook
[INFO] [stdout]    7:     0x60045fe7e1b2 - std[104cf6e2632825ea]::panicking::panic_handler::{closure#0}
[INFO] [stdout]    8:     0x60045fe764a9 - std[104cf6e2632825ea]::sys::backtrace::__rust_end_short_backtrace::<std[104cf6e2632825ea]::panicking::panic_handler::{closure#0}, !>
[INFO] [stdout]    9:     0x60045fe7eebd - __rustc[b0d56fa5b193ad05]::rust_begin_unwind
[INFO] [stdout]   10:     0x60045feb798c - core[7c831bd917ebf35f]::panicking::panic_fmt
[INFO] [stdout]   11:     0x60045feb7762 - core[7c831bd917ebf35f]::result::unwrap_failed
[INFO] [stdout]   12:     0x60045fe217dc - format_detection_tests[2672c85324626263]::create_temp_csv
[INFO] [stdout]   13:     0x60045fe22aaf - <format_detection_tests[2672c85324626263]::test_detect_double_quote_escaping::{closure#0} as core[7c831bd917ebf35f]::ops::function::FnOnce<()>>::call_once
[INFO] [stdout]   14:     0x60045fe22ffb - test[73009c9f9aebf890]::__rust_begin_short_backtrace::<core[7c831bd917ebf35f]::result::Result<(), alloc[2fdc3f7464fcf288]::string::String>, fn() -> core[7c831bd917ebf35f]::result::Result<(), alloc[2fdc3f7464fcf288]::string::String>>
[INFO] [stdout]   15:     0x60045fe30665 - test[73009c9f9aebf890]::run_test::{closure#0}
[INFO] [stdout]   16:     0x60045fe29a24 - std[104cf6e2632825ea]::sys::backtrace::__rust_begin_short_backtrace::<test[73009c9f9aebf890]::run_test::{closure#1}, ()>
[INFO] [stdout]   17:     0x60045fe337c2 - <std[104cf6e2632825ea]::thread::lifecycle::spawn_unchecked<test[73009c9f9aebf890]::run_test::{closure#1}, ()>::{closure#1} as core[7c831bd917ebf35f]::ops::function::FnOnce<()>>::call_once::{shim:vtable#0}
[INFO] [stdout]   18:     0x60045fea2309 - <std[104cf6e2632825ea]::sys::thread::unix::Thread>::new::thread_start
[INFO] [stdout]   19:     0x7ca3089ae07a - <unknown>
[INFO] [stdout]   20:     0x7ca308a41534 - clone
[INFO] [stdout]   21:                0x0 - <unknown>
[INFO] [stdout] 
[INFO] [stdout] ---- test_detect_pipe_delimiter stdout ----
[INFO] [stdout] 
[INFO] [stdout] thread 'test_detect_pipe_delimiter' (635) panicked at tests/format_detection_tests.rs:11:40:
[INFO] [stdout] called `Result::unwrap()` on an `Err` value: Os { code: 30, kind: ReadOnlyFilesystem, message: "Read-only file system" }
[INFO] [stdout] stack backtrace:
[INFO] [stdout]    0:     0x60045fea2a31 - <<std[104cf6e2632825ea]::sys::backtrace::BacktraceLock>::print::DisplayBacktrace as core[7c831bd917ebf35f]::fmt::Display>::fmt
[INFO] [stdout]    1:     0x60045feb725a - core[7c831bd917ebf35f]::fmt::write
[INFO] [stdout]    2:     0x60045fea73cc - <alloc[2fdc3f7464fcf288]::vec::Vec<u8> as core[7c831bd917ebf35f]::io::write::Write>::write_fmt
[INFO] [stdout]    3:     0x60045fe7e106 - std[104cf6e2632825ea]::panicking::default_hook::{closure#0}
[INFO] [stdout]    4:     0x60045fe9b049 - std[104cf6e2632825ea]::panicking::default_hook
[INFO] [stdout]    5:     0x60045fe2fd10 - test[73009c9f9aebf890]::test_main_inner::<test[73009c9f9aebf890]::test_main_static::{closure#0}>::{closure#0}
[INFO] [stdout]    6:     0x60045fe9b202 - std[104cf6e2632825ea]::panicking::panic_with_hook
[INFO] [stdout]    7:     0x60045fe7e1b2 - std[104cf6e2632825ea]::panicking::panic_handler::{closure#0}
[INFO] [stdout]    8:     0x60045fe764a9 - std[104cf6e2632825ea]::sys::backtrace::__rust_end_short_backtrace::<std[104cf6e2632825ea]::panicking::panic_handler::{closure#0}, !>
[INFO] [stdout]    9:     0x60045fe7eebd - __rustc[b0d56fa5b193ad05]::rust_begin_unwind
[INFO] [stdout]   10:     0x60045feb798c - core[7c831bd917ebf35f]::panicking::panic_fmt
[INFO] [stdout]   11:     0x60045feb7762 - core[7c831bd917ebf35f]::result::unwrap_failed
[INFO] [stdout]   12:     0x60045fe217dc - format_detection_tests[2672c85324626263]::create_temp_csv
[INFO] [stdout]   13:     0x60045fe21e5f - <format_detection_tests[2672c85324626263]::test_detect_pipe_delimiter::{closure#0} as core[7c831bd917ebf35f]::ops::function::FnOnce<()>>::call_once
[INFO] [stdout]   14:     0x60045fe22ffb - test[73009c9f9aebf890]::__rust_begin_short_backtrace::<core[7c831bd917ebf35f]::result::Result<(), alloc[2fdc3f7464fcf288]::string::String>, fn() -> core[7c831bd917ebf35f]::result::Result<(), alloc[2fdc3f7464fcf288]::string::String>>
[INFO] [stdout]   15:     0x60045fe30665 - test[73009c9f9aebf890]::run_test::{closure#0}
[INFO] [stdout]   16:     0x60045fe29a24 - std[104cf6e2632825ea]::sys::backtrace::__rust_begin_short_backtrace::<test[73009c9f9aebf890]::run_test::{closure#1}, ()>
[INFO] [stdout]   17:     0x60045fe337c2 - <std[104cf6e2632825ea]::thread::lifecycle::spawn_unchecked<test[73009c9f9aebf890]::run_test::{closure#1}, ()>::{closure#1} as core[7c831bd917ebf35f]::ops::function::FnOnce<()>>::call_once::{shim:vtable#0}
[INFO] [stdout]   18:     0x60045fea2309 - <std[104cf6e2632825ea]::sys::thread::unix::Thread>::new::thread_start
[INFO] [stdout]   19:     0x7ca3089ae07a - <unknown>
[INFO] [stdout]   20:     0x7ca308a41534 - clone
[INFO] [stdout]   21:                0x0 - <unknown>
[INFO] [stdout] 
[INFO] [stdout] ---- test_detect_comma_delimiter stdout ----
[INFO] [stdout] 
[INFO] [stdout] thread 'test_detect_comma_delimiter' (633) panicked at tests/format_detection_tests.rs:11:40:
[INFO] [stdout] called `Result::unwrap()` on an `Err` value: Os { code: 30, kind: ReadOnlyFilesystem, message: "Read-only file system" }
[INFO] [stdout] stack backtrace:
[INFO] [stdout]    0:     0x60045fea2a31 - <<std[104cf6e2632825ea]::sys::backtrace::BacktraceLock>::print::DisplayBacktrace as core[7c831bd917ebf35f]::fmt::Display>::fmt
[INFO] [stdout]    1:     0x60045feb725a - core[7c831bd917ebf35f]::fmt::write
[INFO] [stdout]    2:     0x60045fea73cc - <alloc[2fdc3f7464fcf288]::vec::Vec<u8> as core[7c831bd917ebf35f]::io::write::Write>::write_fmt
[INFO] [stdout]    3:     0x60045fe7e106 - std[104cf6e2632825ea]::panicking::default_hook::{closure#0}
[INFO] [stdout]    4:     0x60045fe9b049 - std[104cf6e2632825ea]::panicking::default_hook
[INFO] [stdout]    5:     0x60045fe2fd10 - test[73009c9f9aebf890]::test_main_inner::<test[73009c9f9aebf890]::test_main_static::{closure#0}>::{closure#0}
[INFO] [stdout]    6:     0x60045fe9b202 - std[104cf6e2632825ea]::panicking::panic_with_hook
[INFO] [stdout]    7:     0x60045fe7e1b2 - std[104cf6e2632825ea]::panicking::panic_handler::{closure#0}
[INFO] [stdout]    8:     0x60045fe764a9 - std[104cf6e2632825ea]::sys::backtrace::__rust_end_short_backtrace::<std[104cf6e2632825ea]::panicking::panic_handler::{closure#0}, !>
[INFO] [stdout]    9:     0x60045fe7eebd - __rustc[b0d56fa5b193ad05]::rust_begin_unwind
[INFO] [stdout]   10:     0x60045feb798c - core[7c831bd917ebf35f]::panicking::panic_fmt
[INFO] [stdout]   11:     0x60045feb7762 - core[7c831bd917ebf35f]::result::unwrap_failed
[INFO] [stdout]   12:     0x60045fe217dc - format_detection_tests[2672c85324626263]::create_temp_csv
[INFO] [stdout]   13:     0x60045fe220ef - <format_detection_tests[2672c85324626263]::test_detect_comma_delimiter::{closure#0} as core[7c831bd917ebf35f]::ops::function::FnOnce<()>>::call_once
[INFO] [stdout]   14:     0x60045fe22ffb - test[73009c9f9aebf890]::__rust_begin_short_backtrace::<core[7c831bd917ebf35f]::result::Result<(), alloc[2fdc3f7464fcf288]::string::String>, fn() -> core[7c831bd917ebf35f]::result::Result<(), alloc[2fdc3f7464fcf288]::string::String>>
[INFO] [stdout]   15:     0x60045fe30665 - test[73009c9f9aebf890]::run_test::{closure#0}
[INFO] [stdout]   16:     0x60045fe29a24 - std[104cf6e2632825ea]::sys::backtrace::__rust_begin_short_backtrace::<test[73009c9f9aebf890]::run_test::{closure#1}, ()>
[INFO] [stdout]   17:     0x60045fe337c2 - <std[104cf6e2632825ea]::thread::lifecycle::spawn_unchecked<test[73009c9f9aebf890]::run_test::{closure#1}, ()>::{closure#1} as core[7c831bd917ebf35f]::ops::function::FnOnce<()>>::call_once::{shim:vtable#0}
[INFO] [stdout]   18:     0x60045fea2309 - <std[104cf6e2632825ea]::sys::thread::unix::Thread>::new::thread_start
[INFO] [stdout]   19:     0x7ca3089ae07a - <unknown>
[INFO] [stdout]   20:     0x7ca308a41534 - clone
[INFO] [stdout]   21:                0x0 - <unknown>
[INFO] [stdout] 
[INFO] [stdout] ---- test_detect_semicolon_delimiter stdout ----
[INFO] [stdout] 
[INFO] [stdout] thread 'test_detect_semicolon_delimiter' (637) panicked at tests/format_detection_tests.rs:11:40:
[INFO] [stdout] called `Result::unwrap()` on an `Err` value: Os { code: 30, kind: ReadOnlyFilesystem, message: "Read-only file system" }
[INFO] [stdout] stack backtrace:
[INFO] [stdout]    0:     0x60045fea2a31 - <<std[104cf6e2632825ea]::sys::backtrace::BacktraceLock>::print::DisplayBacktrace as core[7c831bd917ebf35f]::fmt::Display>::fmt
[INFO] [stdout]    1:     0x60045feb725a - core[7c831bd917ebf35f]::fmt::write
[INFO] [stdout]    2:     0x60045fea73cc - <alloc[2fdc3f7464fcf288]::vec::Vec<u8> as core[7c831bd917ebf35f]::io::write::Write>::write_fmt
[INFO] [stdout]    3:     0x60045fe7e106 - std[104cf6e2632825ea]::panicking::default_hook::{closure#0}
[INFO] [stdout]    4:     0x60045fe9b049 - std[104cf6e2632825ea]::panicking::default_hook
[INFO] [stdout]    5:     0x60045fe2fd10 - test[73009c9f9aebf890]::test_main_inner::<test[73009c9f9aebf890]::test_main_static::{closure#0}>::{closure#0}
[INFO] [stdout]    6:     0x60045fe9b202 - std[104cf6e2632825ea]::panicking::panic_with_hook
[INFO] [stdout]    7:     0x60045fe7e1b2 - std[104cf6e2632825ea]::panicking::panic_handler::{closure#0}
[INFO] [stdout]    8:     0x60045fe764a9 - std[104cf6e2632825ea]::sys::backtrace::__rust_end_short_backtrace::<std[104cf6e2632825ea]::panicking::panic_handler::{closure#0}, !>
[INFO] [stdout]    9:     0x60045fe7eebd - __rustc[b0d56fa5b193ad05]::rust_begin_unwind
[INFO] [stdout]   10:     0x60045feb798c - core[7c831bd917ebf35f]::panicking::panic_fmt
[INFO] [stdout]   11:     0x60045feb7762 - core[7c831bd917ebf35f]::result::unwrap_failed
[INFO] [stdout]   12:     0x60045fe217dc - format_detection_tests[2672c85324626263]::create_temp_csv
[INFO] [stdout]   13:     0x60045fe2295f - <format_detection_tests[2672c85324626263]::test_detect_semicolon_delimiter::{closure#0} as core[7c831bd917ebf35f]::ops::function::FnOnce<()>>::call_once
[INFO] [stdout]   14:     0x60045fe22ffb - test[73009c9f9aebf890]::__rust_begin_short_backtrace::<core[7c831bd917ebf35f]::result::Result<(), alloc[2fdc3f7464fcf288]::string::String>, fn() -> core[7c831bd917ebf35f]::result::Result<(), alloc[2fdc3f7464fcf288]::string::String>>
[INFO] [stdout]   15:     0x60045fe30665 - test[73009c9f9aebf890]::run_test::{closure#0}
[INFO] [stdout]   16:     0x60045fe29a24 - std[104cf6e2632825ea]::sys::backtrace::__rust_begin_short_backtrace::<test[73009c9f9aebf890]::run_test::{closure#1}, ()>
[INFO] [stdout]   17:     0x60045fe337c2 - <std[104cf6e2632825ea]::thread::lifecycle::spawn_unchecked<test[73009c9f9aebf890]::run_test::{closure#1}, ()>::{closure#1} as core[7c831bd917ebf35f]::ops::function::FnOnce<()>>::call_once::{shim:vtable#0}
[INFO] [stdout]   18:     0x60045fea2309 - <std[104cf6e2632825ea]::sys::thread::unix::Thread>::new::thread_start
[INFO] [stdout]   19:     0x7ca3089ae07a - <unknown>
[INFO] [stdout]   20:     0x7ca308a41534 - clone
[INFO] [stdout]   21:                0x0 - <unknown>
[INFO] [stdout] 
[INFO] [stdout] ---- test_detect_quote_character stdout ----
[INFO] [stdout] 
[INFO] [stdout] thread 'test_detect_quote_character' (636) panicked at tests/format_detection_tests.rs:11:40:
[INFO] [stdout] called `Result::unwrap()` on an `Err` value: Os { code: 30, kind: ReadOnlyFilesystem, message: "Read-only file system" }
[INFO] [stdout] stack backtrace:
[INFO] [stdout]    0:     0x60045fea2a31 - <<std[104cf6e2632825ea]::sys::backtrace::BacktraceLock>::print::DisplayBacktrace as core[7c831bd917ebf35f]::fmt::Display>::fmt
[INFO] [stdout]    1:     0x60045feb725a - core[7c831bd917ebf35f]::fmt::write
[INFO] [stdout]    2:     0x60045fea73cc - <alloc[2fdc3f7464fcf288]::vec::Vec<u8> as core[7c831bd917ebf35f]::io::write::Write>::write_fmt
[INFO] [stdout]    3:     0x60045fe7e106 - std[104cf6e2632825ea]::panicking::default_hook::{closure#0}
[INFO] [stdout]    4:     0x60045fe9b049 - std[104cf6e2632825ea]::panicking::default_hook
[INFO] [stdout]    5:     0x60045fe2fd10 - test[73009c9f9aebf890]::test_main_inner::<test[73009c9f9aebf890]::test_main_static::{closure#0}>::{closure#0}
[INFO] [stdout]    6:     0x60045fe9b202 - std[104cf6e2632825ea]::panicking::panic_with_hook
[INFO] [stdout]    7:     0x60045fe7e1b2 - std[104cf6e2632825ea]::panicking::panic_handler::{closure#0}
[INFO] [stdout]    8:     0x60045fe764a9 - std[104cf6e2632825ea]::sys::backtrace::__rust_end_short_backtrace::<std[104cf6e2632825ea]::panicking::panic_handler::{closure#0}, !>
[INFO] [stdout]    9:     0x60045fe7eebd - __rustc[b0d56fa5b193ad05]::rust_begin_unwind
[INFO] [stdout]   10:     0x60045feb798c - core[7c831bd917ebf35f]::panicking::panic_fmt
[INFO] [stdout]   11:     0x60045feb7762 - core[7c831bd917ebf35f]::result::unwrap_failed
[INFO] [stdout]   12:     0x60045fe217dc - format_detection_tests[2672c85324626263]::create_temp_csv
[INFO] [stdout]   13:     0x60045fe2223f - <format_detection_tests[2672c85324626263]::test_detect_quote_character::{closure#0} as core[7c831bd917ebf35f]::ops::function::FnOnce<()>>::call_once
[INFO] [stdout]   14:     0x60045fe22ffb - test[73009c9f9aebf890]::__rust_begin_short_backtrace::<core[7c831bd917ebf35f]::result::Result<(), alloc[2fdc3f7464fcf288]::string::String>, fn() -> core[7c831bd917ebf35f]::result::Result<(), alloc[2fdc3f7464fcf288]::string::String>>
[INFO] [stdout]   15:     0x60045fe30665 - test[73009c9f9aebf890]::run_test::{closure#0}
[INFO] [stdout]   16:     0x60045fe29a24 - std[104cf6e2632825ea]::sys::backtrace::__rust_begin_short_backtrace::<test[73009c9f9aebf890]::run_test::{closure#1}, ()>
[INFO] [stdout]   17:     0x60045fe337c2 - <std[104cf6e2632825ea]::thread::lifecycle::spawn_unchecked<test[73009c9f9aebf890]::run_test::{closure#1}, ()>::{closure#1} as core[7c831bd917ebf35f]::ops::function::FnOnce<()>>::call_once::{shim:vtable#0}
[INFO] [stdout]   18:     0x60045fea2309 - <std[104cf6e2632825ea]::sys::thread::unix::Thread>::new::thread_start
[INFO] [stdout]   19:     0x7ca3089ae07a - <unknown>
[INFO] [stdout]   20:     0x7ca308a41534 - clone
[INFO] [stdout]   21:                0x0 - <unknown>
[INFO] [stdout] 
[INFO] [stdout] ---- test_detect_with_quoted_fields_containing_delimiters stdout ----
[INFO] [stdout] 
[INFO] [stdout] thread 'test_detect_with_quoted_fields_containing_delimiters' (640) panicked at tests/format_detection_tests.rs:11:40:
[INFO] [stdout] called `Result::unwrap()` on an `Err` value: Os { code: 30, kind: ReadOnlyFilesystem, message: "Read-only file system" }
[INFO] [stdout] stack backtrace:
[INFO] [stdout]    0:     0x60045fea2a31 - <<std[104cf6e2632825ea]::sys::backtrace::BacktraceLock>::print::DisplayBacktrace as core[7c831bd917ebf35f]::fmt::Display>::fmt
[INFO] [stdout]    1:     0x60045feb725a - core[7c831bd917ebf35f]::fmt::write
[INFO] [stdout]    2:     0x60045fea73cc - <alloc[2fdc3f7464fcf288]::vec::Vec<u8> as core[7c831bd917ebf35f]::io::write::Write>::write_fmt
[INFO] [stdout]    3:     0x60045fe7e106 - std[104cf6e2632825ea]::panicking::default_hook::{closure#0}
[INFO] [stdout]    4:     0x60045fe9b049 - std[104cf6e2632825ea]::panicking::default_hook
[INFO] [stdout]    5:     0x60045fe2fd10 - test[73009c9f9aebf890]::test_main_inner::<test[73009c9f9aebf890]::test_main_static::{closure#0}>::{closure#0}
[INFO] [stdout]    6:     0x60045fe9b202 - std[104cf6e2632825ea]::panicking::panic_with_hook
[INFO] [stdout]    7:     0x60045fe7e1b2 - std[104cf6e2632825ea]::panicking::panic_handler::{closure#0}
[INFO] [stdout]    8:     0x60045fe764a9 - std[104cf6e2632825ea]::sys::backtrace::__rust_end_short_backtrace::<std[104cf6e2632825ea]::panicking::panic_handler::{closure#0}, !>
[INFO] [stdout]    9:     0x60045fe7eebd - __rustc[b0d56fa5b193ad05]::rust_begin_unwind
[INFO] [stdout]   10:     0x60045feb798c - core[7c831bd917ebf35f]::panicking::panic_fmt
[INFO] [stdout]   11:     0x60045feb7762 - core[7c831bd917ebf35f]::result::unwrap_failed
[INFO] [stdout]   12:     0x60045fe217dc - format_detection_tests[2672c85324626263]::create_temp_csv
[INFO] [stdout]   13:     0x60045fe22e7f - <format_detection_tests[2672c85324626263]::test_detect_with_quoted_fields_containing_delimiters::{closure#0} as core[7c831bd917ebf35f]::ops::function::FnOnce<()>>::call_once
[INFO] [stdout]   14:     0x60045fe22ffb - test[73009c9f9aebf890]::__rust_begin_short_backtrace::<core[7c831bd917ebf35f]::result::Result<(), alloc[2fdc3f7464fcf288]::string::String>, fn() -> core[7c831bd917ebf35f]::result::Result<(), alloc[2fdc3f7464fcf288]::string::String>>
[INFO] [stdout]   15:     0x60045fe30665 - test[73009c9f9aebf890]::run_test::{closure#0}
[INFO] [stdout]   16:     0x60045fe29a24 - std[104cf6e2632825ea]::sys::backtrace::__rust_begin_short_backtrace::<test[73009c9f9aebf890]::run_test::{closure#1}, ()>
[INFO] [stdout]   17:     0x60045fe337c2 - <std[104cf6e2632825ea]::thread::lifecycle::spawn_unchecked<test[73009c9f9aebf890]::run_test::{closure#1}, ()>::{closure#1} as core[7c831bd917ebf35f]::ops::function::FnOnce<()>>::call_once::{shim:vtable#0}
[INFO] [stdout]   18:     0x60045fea2309 - <std[104cf6e2632825ea]::sys::thread::unix::Thread>::new::thread_start
[INFO] [stdout]   19:     0x7ca3089ae07a - <unknown>
[INFO] [stdout]   20:     0x7ca308a41534 - clone
[INFO] [stdout]   21:                0x0 - <unknown>
[INFO] [stdout] 
[INFO] [stdout] ---- test_large_sample_detection stdout ----
[INFO] [stdout] 
[INFO] [stdout] thread 'test_large_sample_detection' (642) panicked at tests/format_detection_tests.rs:11:40:
[INFO] [stdout] called `Result::unwrap()` on an `Err` value: Os { code: 30, kind: ReadOnlyFilesystem, message: "Read-only file system" }
[INFO] [stdout] stack backtrace:
[INFO] [stdout]    0:     0x60045fea2a31 - <<std[104cf6e2632825ea]::sys::backtrace::BacktraceLock>::print::DisplayBacktrace as core[7c831bd917ebf35f]::fmt::Display>::fmt
[INFO] [stdout]    1:     0x60045feb725a - core[7c831bd917ebf35f]::fmt::write
[INFO] [stdout]    2:     0x60045fea73cc - <alloc[2fdc3f7464fcf288]::vec::Vec<u8> as core[7c831bd917ebf35f]::io::write::Write>::write_fmt
[INFO] [stdout]    3:     0x60045fe7e106 - std[104cf6e2632825ea]::panicking::default_hook::{closure#0}
[INFO] [stdout]    4:     0x60045fe9b049 - std[104cf6e2632825ea]::panicking::default_hook
[INFO] [stdout]    5:     0x60045fe2fd10 - test[73009c9f9aebf890]::test_main_inner::<test[73009c9f9aebf890]::test_main_static::{closure#0}>::{closure#0}
[INFO] [stdout]    6:     0x60045fe9b202 - std[104cf6e2632825ea]::panicking::panic_with_hook
[INFO] [stdout]    7:     0x60045fe7e1b2 - std[104cf6e2632825ea]::panicking::panic_handler::{closure#0}
[INFO] [stdout]    8:     0x60045fe764a9 - std[104cf6e2632825ea]::sys::backtrace::__rust_end_short_backtrace::<std[104cf6e2632825ea]::panicking::panic_handler::{closure#0}, !>
[INFO] [stdout]    9:     0x60045fe7eebd - __rustc[b0d56fa5b193ad05]::rust_begin_unwind
[INFO] [stdout]   10:     0x60045feb798c - core[7c831bd917ebf35f]::panicking::panic_fmt
[INFO] [stdout]   11:     0x60045feb7762 - core[7c831bd917ebf35f]::result::unwrap_failed
[INFO] [stdout]   12:     0x60045fe217dc - format_detection_tests[2672c85324626263]::create_temp_csv
[INFO] [stdout]   13:     0x60045fe224f8 - <format_detection_tests[2672c85324626263]::test_large_sample_detection::{closure#0} as core[7c831bd917ebf35f]::ops::function::FnOnce<()>>::call_once
[INFO] [stdout]   14:     0x60045fe22ffb - test[73009c9f9aebf890]::__rust_begin_short_backtrace::<core[7c831bd917ebf35f]::result::Result<(), alloc[2fdc3f7464fcf288]::string::String>, fn() -> core[7c831bd917ebf35f]::result::Result<(), alloc[2fdc3f7464fcf288]::string::String>>
[INFO] [stdout]   15:     0x60045fe30665 - test[73009c9f9aebf890]::run_test::{closure#0}
[INFO] [stdout]   16:     0x60045fe29a24 - std[104cf6e2632825ea]::sys::backtrace::__rust_begin_short_backtrace::<test[73009c9f9aebf890]::run_test::{closure#1}, ()>
[INFO] [stdout]   17:     0x60045fe337c2 - <std[104cf6e2632825ea]::thread::lifecycle::spawn_unchecked<test[73009c9f9aebf890]::run_test::{closure#1}, ()>::{closure#1} as core[7c831bd917ebf35f]::ops::function::FnOnce<()>>::call_once::{shim:vtable#0}
[INFO] [stdout]   18:     0x60045fea2309 - <std[104cf6e2632825ea]::sys::thread::unix::Thread>::new::thread_start
[INFO] [stdout]   19:     0x7ca3089ae07a - <unknown>
[INFO] [stdout]   20:     0x7ca308a41534 - clone
[INFO] [stdout]   21:                0x0 - <unknown>
[INFO] [stdout] 
[INFO] [stdout] ---- test_single_line_file stdout ----
[INFO] [stdout] 
[INFO] [stdout] thread 'test_single_line_file' (645) panicked at tests/format_detection_tests.rs:11:40:
[INFO] [stdout] called `Result::unwrap()` on an `Err` value: Os { code: 30, kind: ReadOnlyFilesystem, message: "Read-only file system" }
[INFO] [stdout] stack backtrace:
[INFO] [stdout]    0:     0x60045fea2a31 - <<std[104cf6e2632825ea]::sys::backtrace::BacktraceLock>::print::DisplayBacktrace as core[7c831bd917ebf35f]::fmt::Display>::fmt
[INFO] [stdout]    1:     0x60045feb725a - core[7c831bd917ebf35f]::fmt::write
[INFO] [stdout]    2:     0x60045fea73cc - <alloc[2fdc3f7464fcf288]::vec::Vec<u8> as core[7c831bd917ebf35f]::io::write::Write>::write_fmt
[INFO] [stdout]    3:     0x60045fe7e106 - std[104cf6e2632825ea]::panicking::default_hook::{closure#0}
[INFO] [stdout]    4:     0x60045fe9b049 - std[104cf6e2632825ea]::panicking::default_hook
[INFO] [stdout]    5:     0x60045fe2fd10 - test[73009c9f9aebf890]::test_main_inner::<test[73009c9f9aebf890]::test_main_static::{closure#0}>::{closure#0}
[INFO] [stdout]    6:     0x60045fe9b202 - std[104cf6e2632825ea]::panicking::panic_with_hook
[INFO] [stdout]    7:     0x60045fe7e1b2 - std[104cf6e2632825ea]::panicking::panic_handler::{closure#0}
[INFO] [stdout]    8:     0x60045fe764a9 - std[104cf6e2632825ea]::sys::backtrace::__rust_end_short_backtrace::<std[104cf6e2632825ea]::panicking::panic_handler::{closure#0}, !>
[INFO] [stdout]    9:     0x60045fe7eebd - __rustc[b0d56fa5b193ad05]::rust_begin_unwind
[INFO] [stdout]   10:     0x60045feb798c - core[7c831bd917ebf35f]::panicking::panic_fmt
[INFO] [stdout]   11:     0x60045feb7762 - core[7c831bd917ebf35f]::result::unwrap_failed
[INFO] [stdout]   12:     0x60045fe217dc - format_detection_tests[2672c85324626263]::create_temp_csv
[INFO] [stdout]   13:     0x60045fe21bbf - <format_detection_tests[2672c85324626263]::test_single_line_file::{closure#0} as core[7c831bd917ebf35f]::ops::function::FnOnce<()>>::call_once
[INFO] [stdout]   14:     0x60045fe22ffb - test[73009c9f9aebf890]::__rust_begin_short_backtrace::<core[7c831bd917ebf35f]::result::Result<(), alloc[2fdc3f7464fcf288]::string::String>, fn() -> core[7c831bd917ebf35f]::result::Result<(), alloc[2fdc3f7464fcf288]::string::String>>
[INFO] [stdout]   15:     0x60045fe30665 - test[73009c9f9aebf890]::run_test::{closure#0}
[INFO] [stdout]   16:     0x60045fe29a24 - std[104cf6e2632825ea]::sys::backtrace::__rust_begin_short_backtrace::<test[73009c9f9aebf890]::run_test::{closure#1}, ()>
[INFO] [stdout]   17:     0x60045fe337c2 - <std[104cf6e2632825ea]::thread::lifecycle::spawn_unchecked<test[73009c9f9aebf890]::run_test::{closure#1}, ()>::{closure#1} as core[7c831bd917ebf35f]::ops::function::FnOnce<()>>::call_once::{shim:vtable#0}
[INFO] [stdout]   18:     0x60045fea2309 - <std[104cf6e2632825ea]::sys::thread::unix::Thread>::new::thread_start
[INFO] [stdout]   19:     0x7ca3089ae07a - <unknown>
[INFO] [stdout]   20:     0x7ca308a41534 - clone
[INFO] [stdout]   21:                0x0 - <unknown>
[INFO] [stdout] 
[INFO] [stdout] ---- test_detect_with_many_columns stdout ----
[INFO] [stdout] 
[INFO] [stdout] thread 'test_detect_with_many_columns' (639) panicked at tests/format_detection_tests.rs:11:40:
[INFO] [stdout] called `Result::unwrap()` on an `Err` value: Os { code: 30, kind: ReadOnlyFilesystem, message: "Read-only file system" }
[INFO] [stdout] stack backtrace:
[INFO] [stdout]    0:     0x60045fea2a31 - <<std[104cf6e2632825ea]::sys::backtrace::BacktraceLock>::print::DisplayBacktrace as core[7c831bd917ebf35f]::fmt::Display>::fmt
[INFO] [stdout]    1:     0x60045feb725a - core[7c831bd917ebf35f]::fmt::write
[INFO] [stdout]    2:     0x60045fea73cc - <alloc[2fdc3f7464fcf288]::vec::Vec<u8> as core[7c831bd917ebf35f]::io::write::Write>::write_fmt
[INFO] [stdout]    3:     0x60045fe7e106 - std[104cf6e2632825ea]::panicking::default_hook::{closure#0}
[INFO] [stdout]    4:     0x60045fe9b049 - std[104cf6e2632825ea]::panicking::default_hook
[INFO] [stdout]    5:     0x60045fe2fd10 - test[73009c9f9aebf890]::test_main_inner::<test[73009c9f9aebf890]::test_main_static::{closure#0}>::{closure#0}
[INFO] [stdout]    6:     0x60045fe9b202 - std[104cf6e2632825ea]::panicking::panic_with_hook
[INFO] [stdout]    7:     0x60045fe7e1b2 - std[104cf6e2632825ea]::panicking::panic_handler::{closure#0}
[INFO] [stdout]    8:     0x60045fe764a9 - std[104cf6e2632825ea]::sys::backtrace::__rust_end_short_backtrace::<std[104cf6e2632825ea]::panicking::panic_handler::{closure#0}, !>
[INFO] [stdout]    9:     0x60045fe7eebd - __rustc[b0d56fa5b193ad05]::rust_begin_unwind
[INFO] [stdout]   10:     0x60045feb798c - core[7c831bd917ebf35f]::panicking::panic_fmt
[INFO] [stdout]   11:     0x60045feb7762 - core[7c831bd917ebf35f]::result::unwrap_failed
[INFO] [stdout]   12:     0x60045fe217dc - format_detection_tests[2672c85324626263]::create_temp_csv
[INFO] [stdout]   13:     0x60045fe226af - <format_detection_tests[2672c85324626263]::test_detect_with_many_columns::{closure#0} as core[7c831bd917ebf35f]::ops::function::FnOnce<()>>::call_once
[INFO] [stdout]   14:     0x60045fe22ffb - test[73009c9f9aebf890]::__rust_begin_short_backtrace::<core[7c831bd917ebf35f]::result::Result<(), alloc[2fdc3f7464fcf288]::string::String>, fn() -> core[7c831bd917ebf35f]::result::Result<(), alloc[2fdc3f7464fcf288]::string::String>>
[INFO] [stdout]   15:     0x60045fe30665 - test[73009c9f9aebf890]::run_test::{closure#0}
[INFO] [stdout]   16:     0x60045fe29a24 - std[104cf6e2632825ea]::sys::backtrace::__rust_begin_short_backtrace::<test[73009c9f9aebf890]::run_test::{closure#1}, ()>
[INFO] [stdout]   17:     0x60045fe337c2 - <std[104cf6e2632825ea]::thread::lifecycle::spawn_unchecked<test[73009c9f9aebf890]::run_test::{closure#1}, ()>::{closure#1} as core[7c831bd917ebf35f]::ops::function::FnOnce<()>>::call_once::{shim:vtable#0}
[INFO] [stdout]   18:     0x60045fea2309 - <std[104cf6e2632825ea]::sys::thread::unix::Thread>::new::thread_start
[INFO] [stdout]   19:     0x7ca3089ae07a - <unknown>
[INFO] [stdout]   20:     0x7ca308a41534 - clone
[INFO] [stdout]   21:                0x0 - <unknown>
[INFO] [stdout] 
[INFO] [stdout] ---- test_no_escaping_detection stdout ----
[INFO] [stdout] 
[INFO] [stdout] thread 'test_no_escaping_detection' (644) panicked at tests/format_detection_tests.rs:11:40:
[INFO] [stdout] called `Result::unwrap()` on an `Err` value: Os { code: 30, kind: ReadOnlyFilesystem, message: "Read-only file system" }
[INFO] [stdout] stack backtrace:
[INFO] [stdout]    0:     0x60045fea2a31 - <<std[104cf6e2632825ea]::sys::backtrace::BacktraceLock>::print::DisplayBacktrace as core[7c831bd917ebf35f]::fmt::Display>::fmt
[INFO] [stdout]    1:     0x60045feb725a - core[7c831bd917ebf35f]::fmt::write
[INFO] [stdout]    2:     0x60045fea73cc - <alloc[2fdc3f7464fcf288]::vec::Vec<u8> as core[7c831bd917ebf35f]::io::write::Write>::write_fmt
[INFO] [stdout]    3:     0x60045fe7e106 - std[104cf6e2632825ea]::panicking::default_hook::{closure#0}
[INFO] [stdout]    4:     0x60045fe9b049 - std[104cf6e2632825ea]::panicking::default_hook
[INFO] [stdout]    5:     0x60045fe2fd10 - test[73009c9f9aebf890]::test_main_inner::<test[73009c9f9aebf890]::test_main_static::{closure#0}>::{closure#0}
[INFO] [stdout]    6:     0x60045fe9b202 - std[104cf6e2632825ea]::panicking::panic_with_hook
[INFO] [stdout]    7:     0x60045fe7e1b2 - std[104cf6e2632825ea]::panicking::panic_handler::{closure#0}
[INFO] [stdout]    8:     0x60045fe764a9 - std[104cf6e2632825ea]::sys::backtrace::__rust_end_short_backtrace::<std[104cf6e2632825ea]::panicking::panic_handler::{closure#0}, !>
[INFO] [stdout]    9:     0x60045fe7eebd - __rustc[b0d56fa5b193ad05]::rust_begin_unwind
[INFO] [stdout]   10:     0x60045feb798c - core[7c831bd917ebf35f]::panicking::panic_fmt
[INFO] [stdout]   11:     0x60045feb7762 - core[7c831bd917ebf35f]::result::unwrap_failed
[INFO] [stdout]   12:     0x60045fe217dc - format_detection_tests[2672c85324626263]::create_temp_csv
[INFO] [stdout]   13:     0x60045fe21faf - <format_detection_tests[2672c85324626263]::test_no_escaping_detection::{closure#0} as core[7c831bd917ebf35f]::ops::function::FnOnce<()>>::call_once
[INFO] [stdout]   14:     0x60045fe22ffb - test[73009c9f9aebf890]::__rust_begin_short_backtrace::<core[7c831bd917ebf35f]::result::Result<(), alloc[2fdc3f7464fcf288]::string::String>, fn() -> core[7c831bd917ebf35f]::result::Result<(), alloc[2fdc3f7464fcf288]::string::String>>
[INFO] [stdout]   15:     0x60045fe30665 - test[73009c9f9aebf890]::run_test::{closure#0}
[INFO] [stdout]   16:     0x60045fe29a24 - std[104cf6e2632825ea]::sys::backtrace::__rust_begin_short_backtrace::<test[73009c9f9aebf890]::run_test::{closure#1}, ()>
[INFO] [stdout]   17:     0x60045fe337c2 - <std[104cf6e2632825ea]::thread::lifecycle::spawn_unchecked<test[73009c9f9aebf890]::run_test::{closure#1}, ()>::{closure#1} as core[7c831bd917ebf35f]::ops::function::FnOnce<()>>::call_once::{shim:vtable#0}
[INFO] [stdout]   18:     0x60045fea2309 - <std[104cf6e2632825ea]::sys::thread::unix::Thread>::new::thread_start
[INFO] [stdout]   19:     0x7ca3089ae07a - <unknown>
[INFO] [stdout]   20:     0x7ca308a41534 - clone
[INFO] [stdout]   21:                0x0 - <unknown>
[INFO] [stdout] 
[INFO] [stdout] ---- test_detect_backslash_escaping stdout ----
[INFO] [stdout] 
[INFO] [stdout] thread 'test_detect_backslash_escaping' (632) panicked at tests/format_detection_tests.rs:11:40:
[INFO] [stdout] called `Result::unwrap()` on an `Err` value: Os { code: 30, kind: ReadOnlyFilesystem, message: "Read-only file system" }
[INFO] [stdout] stack backtrace:
[INFO] [stdout]    0:     0x60045fea2a31 - <<std[104cf6e2632825ea]::sys::backtrace::BacktraceLock>::print::DisplayBacktrace as core[7c831bd917ebf35f]::fmt::Display>::fmt
[INFO] [stdout]    1:     0x60045feb725a - core[7c831bd917ebf35f]::fmt::write
[INFO] [stdout]    2:     0x60045fea73cc - <alloc[2fdc3f7464fcf288]::vec::Vec<u8> as core[7c831bd917ebf35f]::io::write::Write>::write_fmt
[INFO] [stdout]    3:     0x60045fe7e106 - std[104cf6e2632825ea]::panicking::default_hook::{closure#0}
[INFO] [stdout]    4:     0x60045fe9b049 - std[104cf6e2632825ea]::panicking::default_hook
[INFO] [stdout]    5:     0x60045fe2fd10 - test[73009c9f9aebf890]::test_main_inner::<test[73009c9f9aebf890]::test_main_static::{closure#0}>::{closure#0}
[INFO] [stdout]    6:     0x60045fe9b202 - std[104cf6e2632825ea]::panicking::panic_with_hook
[INFO] [stdout]    7:     0x60045fe7e1b2 - std[104cf6e2632825ea]::panicking::panic_handler::{closure#0}
[INFO] [stdout]    8:     0x60045fe764a9 - std[104cf6e2632825ea]::sys::backtrace::__rust_end_short_backtrace::<std[104cf6e2632825ea]::panicking::panic_handler::{closure#0}, !>
[INFO] [stdout]    9:     0x60045fe7eebd - __rustc[b0d56fa5b193ad05]::rust_begin_unwind
[INFO] [stdout]   10:     0x60045feb798c - core[7c831bd917ebf35f]::panicking::panic_fmt
[INFO] [stdout]   11:     0x60045feb7762 - core[7c831bd917ebf35f]::result::unwrap_failed
[INFO] [stdout]   12:     0x60045fe217dc - format_detection_tests[2672c85324626263]::create_temp_csv
[INFO] [stdout]   13:     0x60045fe227ff - <format_detection_tests[2672c85324626263]::test_detect_backslash_escaping::{closure#0} as core[7c831bd917ebf35f]::ops::function::FnOnce<()>>::call_once
[INFO] [stdout]   14:     0x60045fe22ffb - test[73009c9f9aebf890]::__rust_begin_short_backtrace::<core[7c831bd917ebf35f]::result::Result<(), alloc[2fdc3f7464fcf288]::string::String>, fn() -> core[7c831bd917ebf35f]::result::Result<(), alloc[2fdc3f7464fcf288]::string::String>>
[INFO] [stdout]   15:     0x60045fe30665 - test[73009c9f9aebf890]::run_test::{closure#0}
[INFO] [stdout]   16:     0x60045fe29a24 - std[104cf6e2632825ea]::sys::backtrace::__rust_begin_short_backtrace::<test[73009c9f9aebf890]::run_test::{closure#1}, ()>
[INFO] [stdout]   17:     0x60045fe337c2 - <std[104cf6e2632825ea]::thread::lifecycle::spawn_unchecked<test[73009c9f9aebf890]::run_test::{closure#1}, ()>::{closure#1} as core[7c831bd917ebf35f]::ops::function::FnOnce<()>>::call_once::{shim:vtable#0}
[INFO] [stdout]   18:     0x60045fea2309 - <std[104cf6e2632825ea]::sys::thread::unix::Thread>::new::thread_start
[INFO] [stdout]   19:     0x7ca3089ae07a - <unknown>
[INFO] [stdout]   20:     0x7ca308a41534 - clone
[INFO] [stdout]   21:                0x0 - <unknown>
[INFO] [stdout] 
[INFO] [stdout] ---- test_empty_file stdout ----
[INFO] [stdout] 
[INFO] [stdout] thread 'test_empty_file' (641) panicked at tests/format_detection_tests.rs:11:40:
[INFO] [stdout] called `Result::unwrap()` on an `Err` value: Os { code: 30, kind: ReadOnlyFilesystem, message: "Read-only file system" }
[INFO] [stdout] stack backtrace:
[INFO] [stdout]    0:     0x60045fea2a31 - <<std[104cf6e2632825ea]::sys::backtrace::BacktraceLock>::print::DisplayBacktrace as core[7c831bd917ebf35f]::fmt::Display>::fmt
[INFO] [stdout]    1:     0x60045feb725a - core[7c831bd917ebf35f]::fmt::write
[INFO] [stdout]    2:     0x60045fea73cc - <alloc[2fdc3f7464fcf288]::vec::Vec<u8> as core[7c831bd917ebf35f]::io::write::Write>::write_fmt
[INFO] [stdout]    3:     0x60045fe7e106 - std[104cf6e2632825ea]::panicking::default_hook::{closure#0}
[INFO] [stdout]    4:     0x60045fe9b049 - std[104cf6e2632825ea]::panicking::default_hook
[INFO] [stdout]    5:     0x60045fe2fd10 - test[73009c9f9aebf890]::test_main_inner::<test[73009c9f9aebf890]::test_main_static::{closure#0}>::{closure#0}
[INFO] [stdout]    6:     0x60045fe9b202 - std[104cf6e2632825ea]::panicking::panic_with_hook
[INFO] [stdout]    7:     0x60045fe7e1b2 - std[104cf6e2632825ea]::panicking::panic_handler::{closure#0}
[INFO] [stdout]    8:     0x60045fe764a9 - std[104cf6e2632825ea]::sys::backtrace::__rust_end_short_backtrace::<std[104cf6e2632825ea]::panicking::panic_handler::{closure#0}, !>
[INFO] [stdout]    9:     0x60045fe7eebd - __rustc[b0d56fa5b193ad05]::rust_begin_unwind
[INFO] [stdout]   10:     0x60045feb798c - core[7c831bd917ebf35f]::panicking::panic_fmt
[INFO] [stdout]   11:     0x60045feb7762 - core[7c831bd917ebf35f]::result::unwrap_failed
[INFO] [stdout]   12:     0x60045fe217dc - format_detection_tests[2672c85324626263]::create_temp_csv
[INFO] [stdout]   13:     0x60045fe21a1a - <format_detection_tests[2672c85324626263]::test_empty_file::{closure#0} as core[7c831bd917ebf35f]::ops::function::FnOnce<()>>::call_once
[INFO] [stdout]   14:     0x60045fe22ffb - test[73009c9f9aebf890]::__rust_begin_short_backtrace::<core[7c831bd917ebf35f]::result::Result<(), alloc[2fdc3f7464fcf288]::string::String>, fn() -> core[7c831bd917ebf35f]::result::Result<(), alloc[2fdc3f7464fcf288]::string::String>>
[INFO] [stdout]   15:     0x60045fe30665 - test[73009c9f9aebf890]::run_test::{closure#0}
[INFO] [stdout]   16:     0x60045fe29a24 - std[104cf6e2632825ea]::sys::backtrace::__rust_begin_short_backtrace::<test[73009c9f9aebf890]::run_test::{closure#1}, ()>
[INFO] [stdout]   17:     0x60045fe337c2 - <std[104cf6e2632825ea]::thread::lifecycle::spawn_unchecked<test[73009c9f9aebf890]::run_test::{closure#1}, ()>::{closure#1} as core[7c831bd917ebf35f]::ops::function::FnOnce<()>>::call_once::{shim:vtable#0}
[INFO] [stdout]   18:     0x60045fea2309 - <std[104cf6e2632825ea]::sys::thread::unix::Thread>::new::thread_start
[INFO] [stdout]   19:     0x7ca3089ae07a - <unknown>
[INFO] [stdout]   20:     0x7ca308a41534 - clone
[INFO] [stdout]   21:                0x0 - <unknown>
[INFO] [stdout] 
[INFO] [stdout] ---- test_detect_tab_delimiter stdout ----
[INFO] [stdout] 
[INFO] [stdout] thread 'test_detect_tab_delimiter' (638) panicked at tests/format_detection_tests.rs:11:40:
[INFO] [stdout] called `Result::unwrap()` on an `Err` value: Os { code: 30, kind: ReadOnlyFilesystem, message: "Read-only file system" }
[INFO] [stdout] stack backtrace:
[INFO] [stdout]    0:     0x60045fea2a31 - <<std[104cf6e2632825ea]::sys::backtrace::BacktraceLock>::print::DisplayBacktrace as core[7c831bd917ebf35f]::fmt::Display>::fmt
[INFO] [stdout]    1:     0x60045feb725a - core[7c831bd917ebf35f]::fmt::write
[INFO] [stdout]    2:     0x60045fea73cc - <alloc[2fdc3f7464fcf288]::vec::Vec<u8> as core[7c831bd917ebf35f]::io::write::Write>::write_fmt
[INFO] [stdout]    3:     0x60045fe7e106 - std[104cf6e2632825ea]::panicking::default_hook::{closure#0}
[INFO] [stdout]    4:     0x60045fe9b049 - std[104cf6e2632825ea]::panicking::default_hook
[INFO] [stdout]    5:     0x60045fe2fd10 - test[73009c9f9aebf890]::test_main_inner::<test[73009c9f9aebf890]::test_main_static::{closure#0}>::{closure#0}
[INFO] [stdout]    6:     0x60045fe9b202 - std[104cf6e2632825ea]::panicking::panic_with_hook
[INFO] [stdout]    7:     0x60045fe7e1b2 - std[104cf6e2632825ea]::panicking::panic_handler::{closure#0}
[INFO] [stdout]    8:     0x60045fe764a9 - std[104cf6e2632825ea]::sys::backtrace::__rust_end_short_backtrace::<std[104cf6e2632825ea]::panicking::panic_handler::{closure#0}, !>
[INFO] [stdout]    9:     0x60045fe7eebd - __rustc[b0d56fa5b193ad05]::rust_begin_unwind
[INFO] [stdout]   10:     0x60045feb798c - core[7c831bd917ebf35f]::panicking::panic_fmt
[INFO] [stdout]   11:     0x60045feb7762 - core[7c831bd917ebf35f]::result::unwrap_failed
[INFO] [stdout]   12:     0x60045fe217dc - format_detection_tests[2672c85324626263]::create_temp_csv
[INFO] [stdout]   13:     0x60045fe21d0f - <format_detection_tests[2672c85324626263]::test_detect_tab_delimiter::{closure#0} as core[7c831bd917ebf35f]::ops::function::FnOnce<()>>::call_once
[INFO] [stdout]   14:     0x60045fe22ffb - test[73009c9f9aebf890]::__rust_begin_short_backtrace::<core[7c831bd917ebf35f]::result::Result<(), alloc[2fdc3f7464fcf288]::string::String>, fn() -> core[7c831bd917ebf35f]::result::Result<(), alloc[2fdc3f7464fcf288]::string::String>>
[INFO] [stdout]   15:     0x60045fe30665 - test[73009c9f9aebf890]::run_test::{closure#0}
[INFO] [stdout]   16:     0x60045fe29a24 - std[104cf6e2632825ea]::sys::backtrace::__rust_begin_short_backtrace::<test[73009c9f9aebf890]::run_test::{closure#1}, ()>
[INFO] [stdout]   17:     0x60045fe337c2 - <std[104cf6e2632825ea]::thread::lifecycle::spawn_unchecked<test[73009c9f9aebf890]::run_test::{closure#1}, ()>::{closure#1} as core[7c831bd917ebf35f]::ops::function::FnOnce<()>>::call_once::{shim:vtable#0}
[INFO] [stdout]   18:     0x60045fea2309 - <std[104cf6e2632825ea]::sys::thread::unix::Thread>::new::thread_start
[INFO] [stdout]   19:     0x7ca3089ae07a - <unknown>
[INFO] [stdout]   20:     0x7ca308a41534 - clone
[INFO] [stdout]   21:                0x0 - <unknown>
[INFO] [stdout] 
[INFO] [stdout] ---- test_mixed_escaping_prefers_double_quote stdout ----
[INFO] [stdout] 
[INFO] [stdout] thread 'test_mixed_escaping_prefers_double_quote' (643) panicked at tests/format_detection_tests.rs:11:40:
[INFO] [stdout] called `Result::unwrap()` on an `Err` value: Os { code: 30, kind: ReadOnlyFilesystem, message: "Read-only file system" }
[INFO] [stdout] stack backtrace:
[INFO] [stdout]    0:     0x60045fea2a31 - <<std[104cf6e2632825ea]::sys::backtrace::BacktraceLock>::print::DisplayBacktrace as core[7c831bd917ebf35f]::fmt::Display>::fmt
[INFO] [stdout]    1:     0x60045feb725a - core[7c831bd917ebf35f]::fmt::write
[INFO] [stdout]    2:     0x60045fea73cc - <alloc[2fdc3f7464fcf288]::vec::Vec<u8> as core[7c831bd917ebf35f]::io::write::Write>::write_fmt
[INFO] [stdout]    3:     0x60045fe7e106 - std[104cf6e2632825ea]::panicking::default_hook::{closure#0}
[INFO] [stdout]    4:     0x60045fe9b049 - std[104cf6e2632825ea]::panicking::default_hook
[INFO] [stdout]    5:     0x60045fe2fd10 - test[73009c9f9aebf890]::test_main_inner::<test[73009c9f9aebf890]::test_main_static::{closure#0}>::{closure#0}
[INFO] [stdout]    6:     0x60045fe9b202 - std[104cf6e2632825ea]::panicking::panic_with_hook
[INFO] [stdout]    7:     0x60045fe7e1b2 - std[104cf6e2632825ea]::panicking::panic_handler::{closure#0}
[INFO] [stdout]    8:     0x60045fe764a9 - std[104cf6e2632825ea]::sys::backtrace::__rust_end_short_backtrace::<std[104cf6e2632825ea]::panicking::panic_handler::{closure#0}, !>
[INFO] [stdout]    9:     0x60045fe7eebd - __rustc[b0d56fa5b193ad05]::rust_begin_unwind
[INFO] [stdout]   10:     0x60045feb798c - core[7c831bd917ebf35f]::panicking::panic_fmt
[INFO] [stdout]   11:     0x60045feb7762 - core[7c831bd917ebf35f]::result::unwrap_failed
[INFO] [stdout]   12:     0x60045fe217dc - format_detection_tests[2672c85324626263]::create_temp_csv
[INFO] [stdout]   13:     0x60045fe22d3f - <format_detection_tests[2672c85324626263]::test_mixed_escaping_prefers_double_quote::{closure#0} as core[7c831bd917ebf35f]::ops::function::FnOnce<()>>::call_once
[INFO] [stdout]   14:     0x60045fe22ffb - test[73009c9f9aebf890]::__rust_begin_short_backtrace::<core[7c831bd917ebf35f]::result::Result<(), alloc[2fdc3f7464fcf288]::string::String>, fn() -> core[7c831bd917ebf35f]::result::Result<(), alloc[2fdc3f7464fcf288]::string::String>>
[INFO] [stdout]   15:     0x60045fe30665 - test[73009c9f9aebf890]::run_test::{closure#0}
[INFO] [stdout]   16:     0x60045fe29a24 - std[104cf6e2632825ea]::sys::backtrace::__rust_begin_short_backtrace::<test[73009c9f9aebf890]::run_test::{closure#1}, ()>
[INFO] [stdout]   17:     0x60045fe337c2 - <std[104cf6e2632825ea]::thread::lifecycle::spawn_unchecked<test[73009c9f9aebf890]::run_test::{closure#1}, ()>::{closure#1} as core[7c831bd917ebf35f]::ops::function::FnOnce<()>>::call_once::{shim:vtable#0}
[INFO] [stdout]   18:     0x60045fea2309 - <std[104cf6e2632825ea]::sys::thread::unix::Thread>::new::thread_start
[INFO] [stdout]   19:     0x7ca3089ae07a - <unknown>
[INFO] [stdout]   20:     0x7ca308a41534 - clone
[INFO] [stdout]   21:                0x0 - <unknown>
[INFO] [stdout] 
[INFO] [stdout] 
[INFO] [stdout] failures:
[INFO] [stdout]     test_consistent_delimiter_detection
[INFO] [stdout]     test_detect_backslash_escaping
[INFO] [stdout]     test_detect_comma_delimiter
[INFO] [stdout]     test_detect_double_quote_escaping
[INFO] [stdout]     test_detect_pipe_delimiter
[INFO] [stdout]     test_detect_quote_character
[INFO] [stdout]     test_detect_semicolon_delimiter
[INFO] [stdout]     test_detect_tab_delimiter
[INFO] [stdout]     test_detect_with_many_columns
[INFO] [stdout]     test_detect_with_quoted_fields_containing_delimiters
[INFO] [stdout]     test_empty_file
[INFO] [stdout]     test_large_sample_detection
[INFO] [stderr] error: test failed, to rerun pass `--test format_detection_tests`
[INFO] [stdout]     test_mixed_escaping_prefers_double_quote
[INFO] [stdout]     test_no_escaping_detection
[INFO] [stdout]     test_single_line_file
[INFO] [stdout] 
[INFO] [stdout] test result: FAILED. 0 passed; 15 failed; 0 ignored; 0 measured; 0 filtered out; finished in 0.00s
[INFO] [stdout] 
[INFO] running `Command { std: "docker" "inspect" "ef84b56d338b77b6787276a0f1e920684ef64cf4168c9ea364819f98fe731d7b", kill_on_drop: false }`
[INFO] running `Command { std: "docker" "rm" "-f" "ef84b56d338b77b6787276a0f1e920684ef64cf4168c9ea364819f98fe731d7b", kill_on_drop: false }`
[INFO] [stdout] ef84b56d338b77b6787276a0f1e920684ef64cf4168c9ea364819f98fe731d7b
