[INFO] cloning repository https://github.com/j0yen/autobuilder-metric-harness
[INFO] running `Command { std: "git" "-c" "credential.helper=" "-c" "credential.helper=/workspace/cargo-home/bin/git-credential-null" "clone" "--bare" "https://github.com/j0yen/autobuilder-metric-harness" "/workspace/cache/git-repos/https%3A%2F%2Fgithub.com%2Fj0yen%2Fautobuilder-metric-harness", kill_on_drop: false }`
[INFO] [stderr] Cloning into bare repository '/workspace/cache/git-repos/https%3A%2F%2Fgithub.com%2Fj0yen%2Fautobuilder-metric-harness'...
[INFO] running `Command { std: "git" "rev-parse" "HEAD", kill_on_drop: false }`
[INFO] [stdout] 22cfd2b91f51c240bf67d2d9c019350a832ab472
[INFO] testing j0yen/autobuilder-metric-harness against 1.99.0-beta.1+cargoflags=--release for beta-release-1.99-2
[INFO] running `Command { std: "git" "clone" "/workspace/cache/git-repos/https%3A%2F%2Fgithub.com%2Fj0yen%2Fautobuilder-metric-harness" "/workspace/builds/worker-3-tc2/source", kill_on_drop: false }`
[INFO] [stderr] Cloning into '/workspace/builds/worker-3-tc2/source'...
[INFO] [stderr] done.
[INFO] removed /workspace/builds/worker-3-tc2/source/rust-toolchain.toml
[INFO] started tweaking git repo https://github.com/j0yen/autobuilder-metric-harness
[INFO] finished tweaking git repo https://github.com/j0yen/autobuilder-metric-harness
[INFO] tweaked toml for git repo https://github.com/j0yen/autobuilder-metric-harness written to /workspace/builds/worker-3-tc2/source/Cargo.toml
[INFO] validating manifest of git repo https://github.com/j0yen/autobuilder-metric-harness on toolchain 1.99.0-beta.1
[INFO] running `Command { std: CARGO_HOME="/workspace/cargo-home" RUSTUP_HOME="/workspace/rustup-home" "/workspace/cargo-home/bin/cargo" "+1.99.0-beta.1" "metadata" "--manifest-path" "Cargo.toml" "--no-deps", kill_on_drop: false }`
[INFO] crate git repo https://github.com/j0yen/autobuilder-metric-harness already has a lockfile, it will not be regenerated
[INFO] running `Command { std: CARGO_HOME="/workspace/cargo-home" RUSTUP_HOME="/workspace/rustup-home" "/workspace/cargo-home/bin/cargo" "+1.99.0-beta.1" "fetch" "--manifest-path" "Cargo.toml", kill_on_drop: false }`
[INFO] running `Command { std: "docker" "create" "-v" "/var/lib/crater-agent-workspace/builds/worker-3-tc2/source:/opt/rustwide/workdir:ro,Z" "-v" "/var/lib/crater-agent-workspace/builds/worker-3-tc2/target:/opt/rustwide/target:rw,Z" "-v" "/var/lib/crater-agent-workspace/cargo-home:/opt/rustwide/cargo-home:ro,Z" "-v" "/var/lib/crater-agent-workspace/rustup-home:/opt/rustwide/rustup-home:ro,Z" "-m" "1610612736" "--network" "none" "ghcr.io/rust-lang/crates-build-env/linux@sha256:8683fc1fc2eb5c9ac98e0d076ab094b2ffac7f99da555d2b6a2e27f346de2ec7" "sleep" "infinity", kill_on_drop: false }`
[INFO] [stdout] d500e62112b9d832a52734a2e5b1e85ea596eecd381a9c6978ca700cd0909d61
[INFO] running `Command { std: "docker" "start" "d500e62112b9d832a52734a2e5b1e85ea596eecd381a9c6978ca700cd0909d61", kill_on_drop: false }`
[INFO] running `Command { std: "docker" "inspect" "d500e62112b9d832a52734a2e5b1e85ea596eecd381a9c6978ca700cd0909d61", kill_on_drop: false }`
[INFO] running `Command { std: "docker" "exec" "-e" "SOURCE_DIR=/opt/rustwide/workdir" "-e" "CARGO_HOME=/opt/rustwide/cargo-home" "-e" "RUSTUP_HOME=/opt/rustwide/rustup-home" "-e" "CARGO_TARGET_DIR=/opt/rustwide/target" "-w" "/opt/rustwide/workdir" "--user" "0:0" "d500e62112b9d832a52734a2e5b1e85ea596eecd381a9c6978ca700cd0909d61" "/opt/rustwide/cargo-home/bin/cargo" "+1.99.0-beta.1" "metadata" "--no-deps" "--format-version=1", kill_on_drop: false }`
[INFO] running `Command { std: "docker" "inspect" "d500e62112b9d832a52734a2e5b1e85ea596eecd381a9c6978ca700cd0909d61", kill_on_drop: false }`
[INFO] running `Command { std: "docker" "exec" "-e" "SOURCE_DIR=/opt/rustwide/workdir" "-e" "CARGO_HOME=/opt/rustwide/cargo-home" "-e" "RUSTUP_HOME=/opt/rustwide/rustup-home" "-e" "CARGO_TARGET_DIR=/opt/rustwide/target" "-e" "CARGO_INCREMENTAL=0" "-e" "RUST_BACKTRACE=full" "-e" "RUSTFLAGS=--cap-lints=warn" "-e" "RUSTDOCFLAGS=--cap-lints=warn" "-w" "/opt/rustwide/workdir" "--user" "0:0" "d500e62112b9d832a52734a2e5b1e85ea596eecd381a9c6978ca700cd0909d61" "/opt/rustwide/cargo-home/bin/cargo" "+1.99.0-beta.1" "build" "--frozen" "--message-format=json" "--release", kill_on_drop: false }`
[INFO] [stderr]    Compiling proc-macro2 v1.0.106
[INFO] [stderr]    Compiling unicode-ident v1.0.24
[INFO] [stderr]    Compiling quote v1.0.45
[INFO] [stderr]    Compiling version_check v0.9.5
[INFO] [stderr]    Compiling typenum v1.20.0
[INFO] [stderr]    Compiling utf8parse v0.2.2
[INFO] [stderr]    Compiling serde_core v1.0.228
[INFO] [stderr]    Compiling zmij v1.0.21
[INFO] [stderr]    Compiling anstyle v1.0.14
[INFO] [stderr]    Compiling is_terminal_polyfill v1.70.2
[INFO] [stderr]    Compiling colorchoice v1.0.5
[INFO] [stderr]    Compiling anstyle-query v1.1.5
[INFO] [stderr]    Compiling serde v1.0.228
[INFO] [stderr]    Compiling serde_json v1.0.150
[INFO] [stderr]    Compiling heck v0.5.0
[INFO] [stderr]    Compiling strsim v0.11.1
[INFO] [stderr]    Compiling anstyle-parse v1.0.0
[INFO] [stderr]    Compiling clap_lex v1.1.0
[INFO] [stderr]    Compiling anyhow v1.0.102
[INFO] [stderr]    Compiling memchr v2.8.0
[INFO] [stderr]    Compiling cpufeatures v0.2.17
[INFO] [stderr]    Compiling itoa v1.0.18
[INFO] [stderr]    Compiling cfg-if v1.0.4
[INFO] [stderr]    Compiling anstream v1.0.0
[INFO] [stderr]    Compiling clap_builder v4.6.0
[INFO] [stderr]    Compiling generic-array v0.14.7
[INFO] [stderr]    Compiling syn v2.0.117
[INFO] [stderr]    Compiling block-buffer v0.10.4
[INFO] [stderr]    Compiling crypto-common v0.1.7
[INFO] [stderr]    Compiling digest v0.10.7
[INFO] [stderr]    Compiling sha2 v0.10.9
[INFO] [stderr]    Compiling clap_derive v4.6.1
[INFO] [stderr]    Compiling serde_derive v1.0.228
[INFO] [stderr]    Compiling clap v4.6.1
[INFO] [stderr]    Compiling autobuilder-metric-harness v0.1.0 (/opt/rustwide/workdir)
[INFO] [stderr]     Finished `release` profile [optimized] target(s) in 21.00s
[INFO] running `Command { std: "docker" "inspect" "d500e62112b9d832a52734a2e5b1e85ea596eecd381a9c6978ca700cd0909d61", kill_on_drop: false }`
[INFO] running `Command { std: "docker" "exec" "-e" "SOURCE_DIR=/opt/rustwide/workdir" "-e" "CARGO_HOME=/opt/rustwide/cargo-home" "-e" "RUSTUP_HOME=/opt/rustwide/rustup-home" "-e" "CARGO_TARGET_DIR=/opt/rustwide/target" "-e" "CARGO_INCREMENTAL=0" "-e" "RUST_BACKTRACE=full" "-e" "RUSTFLAGS=--cap-lints=warn" "-e" "RUSTDOCFLAGS=--cap-lints=warn" "-w" "/opt/rustwide/workdir" "--user" "0:0" "d500e62112b9d832a52734a2e5b1e85ea596eecd381a9c6978ca700cd0909d61" "/opt/rustwide/cargo-home/bin/cargo" "+1.99.0-beta.1" "test" "--frozen" "--no-run" "--message-format=json" "--release", kill_on_drop: false }`
[INFO] [stderr]    Compiling libc v0.2.186
[INFO] [stderr]    Compiling cfg-if v1.0.4
[INFO] [stderr]    Compiling getrandom v0.3.4
[INFO] [stderr]    Compiling typenum v1.20.0
[INFO] [stderr]    Compiling getrandom v0.4.2
[INFO] [stderr]    Compiling zerocopy v0.8.48
[INFO] [stderr]    Compiling utf8parse v0.2.2
[INFO] [stderr]    Compiling rustix v1.1.4
[INFO] [stderr]    Compiling is_terminal_polyfill v1.70.2
[INFO] [stderr]    Compiling anstyle-query v1.1.5
[INFO] [stderr]    Compiling autocfg v1.5.0
[INFO] [stderr]    Compiling bitflags v2.11.1
[INFO] [stderr]    Compiling linux-raw-sys v0.12.1
[INFO] [stderr]    Compiling colorchoice v1.0.5
[INFO] [stderr]    Compiling anstyle v1.0.14
[INFO] [stderr]    Compiling serde_core v1.0.228
[INFO] [stderr]    Compiling once_cell v1.21.4
[INFO] [stderr]    Compiling anstyle-parse v1.0.0
[INFO] [stderr]    Compiling strsim v0.11.1
[INFO] [stderr]    Compiling clap_lex v1.1.0
[INFO] [stderr]    Compiling fastrand v2.4.1
[INFO] [stderr]    Compiling zmij v1.0.21
[INFO] [stderr]    Compiling cpufeatures v0.2.17
[INFO] [stderr]    Compiling bit-vec v0.8.0
[INFO] [stderr]    Compiling itoa v1.0.18
[INFO] [stderr]    Compiling quick-error v1.2.3
[INFO] [stderr]    Compiling fnv v1.0.7
[INFO] [stderr]    Compiling memchr v2.8.0
[INFO] [stderr]    Compiling anyhow v1.0.102
[INFO] [stderr]    Compiling unarray v0.1.4
[INFO] [stderr]    Compiling regex-syntax v0.8.10
[INFO] [stderr]    Compiling anstream v1.0.0
[INFO] [stderr]    Compiling num-traits v0.2.19
[INFO] [stderr]    Compiling bit-set v0.8.0
[INFO] [stderr]    Compiling clap_builder v4.6.0
[INFO] [stderr]    Compiling generic-array v0.14.7
[INFO] [stderr]    Compiling wait-timeout v0.2.1
[INFO] [stderr]    Compiling rand_core v0.9.5
[INFO] [stderr]    Compiling rand v0.9.4
[INFO] [stderr]    Compiling rand_xorshift v0.4.0
[INFO] [stderr]    Compiling block-buffer v0.10.4
[INFO] [stderr]    Compiling crypto-common v0.1.7
[INFO] [stderr]    Compiling digest v0.10.7
[INFO] [stderr]    Compiling sha2 v0.10.9
[INFO] [stderr]    Compiling tempfile v3.27.0
[INFO] [stderr]    Compiling rusty-fork v0.3.1
[INFO] [stderr]    Compiling ppv-lite86 v0.2.21
[INFO] [stderr]    Compiling serde_json v1.0.150
[INFO] [stderr]    Compiling serde v1.0.228
[INFO] [stderr]    Compiling clap v4.6.1
[INFO] [stderr]    Compiling rand_chacha v0.9.0
[INFO] [stderr]    Compiling proptest v1.11.0
[INFO] [stderr]    Compiling autobuilder-metric-harness v0.1.0 (/opt/rustwide/workdir)
[INFO] [stderr]     Finished `release` profile [optimized] target(s) in 1m 50s
[INFO] running `Command { std: "docker" "inspect" "d500e62112b9d832a52734a2e5b1e85ea596eecd381a9c6978ca700cd0909d61", kill_on_drop: false }`
[INFO] running `Command { std: "docker" "exec" "-e" "SOURCE_DIR=/opt/rustwide/workdir" "-e" "CARGO_HOME=/opt/rustwide/cargo-home" "-e" "RUSTUP_HOME=/opt/rustwide/rustup-home" "-e" "CARGO_TARGET_DIR=/opt/rustwide/target" "-e" "CARGO_INCREMENTAL=0" "-e" "RUST_BACKTRACE=full" "-e" "RUSTFLAGS=--cap-lints=warn" "-e" "RUSTDOCFLAGS=--cap-lints=warn" "-w" "/opt/rustwide/workdir" "--user" "0:0" "d500e62112b9d832a52734a2e5b1e85ea596eecd381a9c6978ca700cd0909d61" "/opt/rustwide/cargo-home/bin/cargo" "+1.99.0-beta.1" "test" "--frozen" "--release", kill_on_drop: false }`
[INFO] [stderr]     Finished `release` profile [optimized] target(s) in 0.13s
[INFO] [stderr]      Running unittests src/lib.rs (/opt/rustwide/target/release/deps/autobuilder_metric_harness-aaafa320487ac0da)
[INFO] [stdout] 
[INFO] [stdout] running 0 tests
[INFO] [stdout] 
[INFO] [stderr]      Running unittests src/main.rs (/opt/rustwide/target/release/deps/autobuilder_metric_harness-5758c6e05017c13c)
[INFO] [stdout] test result: ok. 0 passed; 0 failed; 0 ignored; 0 measured; 0 filtered out; finished in 0.00s
[INFO] [stdout] 
[INFO] [stdout] 
[INFO] [stderr]      Running tests/acceptance_ac1.rs (/opt/rustwide/target/release/deps/acceptance_ac1-01eb9987b1b4ea0a)
[INFO] [stdout] running 0 tests
[INFO] [stdout] 
[INFO] [stdout] test result: ok. 0 passed; 0 failed; 0 ignored; 0 measured; 0 filtered out; finished in 0.00s
[INFO] [stdout] 
[INFO] [stdout] 
[INFO] [stdout] running 2 tests
[INFO] [stdout] test acceptance_ac1_exit_2_when_script_is_missing ... FAILED
[INFO] [stdout] test acceptance_ac1_exit_2_when_script_not_executable ... FAILED
[INFO] [stdout] 
[INFO] [stdout] failures:
[INFO] [stdout] 
[INFO] [stdout] ---- acceptance_ac1_exit_2_when_script_is_missing stdout ----
[INFO] [stdout] 
[INFO] [stdout] thread 'acceptance_ac1_exit_2_when_script_is_missing' (2120) panicked at tests/acceptance_ac1.rs:35:5:
[INFO] [stdout] AC1: stderr should identify scripts/run-metrics.sh; got: autobuilder-metric-harness: stub — implement me
[INFO] [stdout] 
[INFO] [stdout] stack backtrace:
[INFO] [stdout]    0:     0x57b98ffbe8b6 - <<std[104cf6e2632825ea]::sys::backtrace::BacktraceLock>::print::DisplayBacktrace as core[7c831bd917ebf35f]::fmt::Display>::fmt
[INFO] [stdout]    1:     0x57b98ff70d0a - core[7c831bd917ebf35f]::fmt::write
[INFO] [stdout]    2:     0x57b98ffc42ac - <alloc[2fdc3f7464fcf288]::vec::Vec<u8> as core[7c831bd917ebf35f]::io::write::Write>::write_fmt
[INFO] [stdout]    3:     0x57b98ff965b2 - std[104cf6e2632825ea]::panicking::default_hook::{closure#0}
[INFO] [stdout]    4:     0x57b98ffb6c41 - std[104cf6e2632825ea]::panicking::default_hook
[INFO] [stdout]    5:     0x57b98ffb6e22 - std[104cf6e2632825ea]::panicking::panic_with_hook
[INFO] [stdout]    6:     0x57b98ff96662 - std[104cf6e2632825ea]::panicking::panic_handler::{closure#0}
[INFO] [stdout]    7:     0x57b98ff8f079 - std[104cf6e2632825ea]::sys::backtrace::__rust_end_short_backtrace::<std[104cf6e2632825ea]::panicking::panic_handler::{closure#0}, !>
[INFO] [stdout]    8:     0x57b98ff9b5ed - __rustc[b0d56fa5b193ad05]::rust_begin_unwind
[INFO] [stdout]    9:     0x57b98ff713fc - core[7c831bd917ebf35f]::panicking::panic_fmt
[INFO] [stdout]   10:     0x57b98ff6c418 - <acceptance_ac1[62a94940379dccb6]::acceptance_ac1_exit_2_when_script_is_missing::{closure#0} as core[7c831bd917ebf35f]::ops::function::FnOnce<()>>::call_once
[INFO] [stdout]   11:     0x57b98ffc67fb - test[73009c9f9aebf890]::__rust_begin_short_backtrace::<core[7c831bd917ebf35f]::result::Result<(), alloc[2fdc3f7464fcf288]::string::String>, fn() -> core[7c831bd917ebf35f]::result::Result<(), alloc[2fdc3f7464fcf288]::string::String>>
[INFO] [stdout]   12:     0x57b98ffd4951 - test[73009c9f9aebf890]::run_test::{closure#0}
[INFO] [stdout]   13:     0x57b98ffcdbb4 - std[104cf6e2632825ea]::sys::backtrace::__rust_begin_short_backtrace::<test[73009c9f9aebf890]::run_test::{closure#1}, ()>
[INFO] [stdout]   14:     0x57b98ffd8772 - <std[104cf6e2632825ea]::thread::lifecycle::spawn_unchecked<test[73009c9f9aebf890]::run_test::{closure#1}, ()>::{closure#1} as core[7c831bd917ebf35f]::ops::function::FnOnce<()>>::call_once::{shim:vtable#0}
[INFO] [stdout]   15:     0x57b98ffbdefe - <std[104cf6e2632825ea]::sys::thread::unix::Thread>::new::thread_start
[INFO] [stdout]   16:     0x7a48ee42e07a - <unknown>
[INFO] [stdout]   17:     0x7a48ee4c1534 - clone
[INFO] [stdout]   18:                0x0 - <unknown>
[INFO] [stdout] 
[INFO] [stdout] ---- acceptance_ac1_exit_2_when_script_not_executable stdout ----
[INFO] [stdout] 
[INFO] [stdout] thread 'acceptance_ac1_exit_2_when_script_not_executable' (2121) panicked at tests/acceptance_ac1.rs:69:5:
[INFO] [stdout] AC1: stderr should identify scripts/run-metrics.sh; got: autobuilder-metric-harness: stub — implement me
[INFO] [stdout] 
[INFO] [stdout] stack backtrace:
[INFO] [stdout]    0:     0x57b98ffbe8b6 - <<std[104cf6e2632825ea]::sys::backtrace::BacktraceLock>::print::DisplayBacktrace as core[7c831bd917ebf35f]::fmt::Display>::fmt
[INFO] [stdout]    1:     0x57b98ff70d0a - core[7c831bd917ebf35f]::fmt::write
[INFO] [stdout]    2:     0x57b98ffc42ac - <alloc[2fdc3f7464fcf288]::vec::Vec<u8> as core[7c831bd917ebf35f]::io::write::Write>::write_fmt
[INFO] [stdout]    3:     0x57b98ff965b2 - std[104cf6e2632825ea]::panicking::default_hook::{closure#0}
[INFO] [stdout]    4:     0x57b98ffb6c41 - std[104cf6e2632825ea]::panicking::default_hook
[INFO] [stdout]    5:     0x57b98ffb6e22 - std[104cf6e2632825ea]::panicking::panic_with_hook
[INFO] [stdout]    6:     0x57b98ff96662 - std[104cf6e2632825ea]::panicking::panic_handler::{closure#0}
[INFO] [stdout]    7:     0x57b98ff8f079 - std[104cf6e2632825ea]::sys::backtrace::__rust_end_short_backtrace::<std[104cf6e2632825ea]::panicking::panic_handler::{closure#0}, !>
[INFO] [stdout]    8:     0x57b98ff9b5ed - __rustc[b0d56fa5b193ad05]::rust_begin_unwind
[INFO] [stdout]    9:     0x57b98ff713fc - core[7c831bd917ebf35f]::panicking::panic_fmt
[INFO] [stdout]   10:     0x57b98ff6cb2e - <acceptance_ac1[62a94940379dccb6]::acceptance_ac1_exit_2_when_script_not_executable::{closure#0} as core[7c831bd917ebf35f]::ops::function::FnOnce<()>>::call_once
[INFO] [stdout]   11:     0x57b98ffc67fb - test[73009c9f9aebf890]::__rust_begin_short_backtrace::<core[7c831bd917ebf35f]::result::Result<(), alloc[2fdc3f7464fcf288]::string::String>, fn() -> core[7c831bd917ebf35f]::result::Result<(), alloc[2fdc3f7464fcf288]::string::String>>
[INFO] [stdout]   12:     0x57b98ffd4951 - test[73009c9f9aebf890]::run_test::{closure#0}
[INFO] [stdout]   13:     0x57b98ffcdbb4 - std[104cf6e2632825ea]::sys::backtrace::__rust_begin_short_backtrace::<test[73009c9f9aebf890]::run_test::{closure#1}, ()>
[INFO] [stdout]   14:     0x57b98ffd8772 - <std[104cf6e2632825ea]::thread::lifecycle::spawn_unchecked<test[73009c9f9aebf890]::run_test::{closure#1}, ()>::{closure#1} as core[7c831bd917ebf35f]::ops::function::FnOnce<()>>::call_once::{shim:vtable#0}
[INFO] [stderr] error: test failed, to rerun pass `--test acceptance_ac1`
[INFO] [stdout]   15:     0x57b98ffbdefe - <std[104cf6e2632825ea]::sys::thread::unix::Thread>::new::thread_start
[INFO] [stdout]   16:     0x7a48ee42e07a - <unknown>
[INFO] [stdout]   17:     0x7a48ee4c1534 - clone
[INFO] [stdout]   18:                0x0 - <unknown>
[INFO] [stdout] 
[INFO] [stdout] 
[INFO] [stdout] failures:
[INFO] [stdout]     acceptance_ac1_exit_2_when_script_is_missing
[INFO] [stdout]     acceptance_ac1_exit_2_when_script_not_executable
[INFO] [stdout] 
[INFO] [stdout] test result: FAILED. 0 passed; 2 failed; 0 ignored; 0 measured; 0 filtered out; finished in 0.01s
[INFO] [stdout] 
[INFO] running `Command { std: "docker" "inspect" "d500e62112b9d832a52734a2e5b1e85ea596eecd381a9c6978ca700cd0909d61", kill_on_drop: false }`
[INFO] running `Command { std: "docker" "rm" "-f" "d500e62112b9d832a52734a2e5b1e85ea596eecd381a9c6978ca700cd0909d61", kill_on_drop: false }`
[INFO] [stdout] d500e62112b9d832a52734a2e5b1e85ea596eecd381a9c6978ca700cd0909d61
