[INFO] cloning repository https://github.com/iwa-koiwa/grap
[INFO] running `Command { std: "git" "-c" "credential.helper=" "-c" "credential.helper=/workspace/cargo-home/bin/git-credential-null" "clone" "--bare" "https://github.com/iwa-koiwa/grap" "/workspace/cache/git-repos/https%3A%2F%2Fgithub.com%2Fiwa-koiwa%2Fgrap", kill_on_drop: false }`
[INFO] [stderr] Cloning into bare repository '/workspace/cache/git-repos/https%3A%2F%2Fgithub.com%2Fiwa-koiwa%2Fgrap'...
[INFO] running `Command { std: "git" "rev-parse" "HEAD", kill_on_drop: false }`
[INFO] [stdout] 5ae754fe59469e7f8f7ca44d2c27d0ca7f1f352c
[INFO] testing iwa-koiwa/grap against 1.99.0-beta.1+cargoflags=--release for beta-release-1.99-2
[INFO] running `Command { std: "git" "clone" "/workspace/cache/git-repos/https%3A%2F%2Fgithub.com%2Fiwa-koiwa%2Fgrap" "/workspace/builds/worker-2-tc2/source", kill_on_drop: false }`
[INFO] [stderr] Cloning into '/workspace/builds/worker-2-tc2/source'...
[INFO] [stderr] done.
[INFO] [stderr] Updating files:  29% (828/2826)
Updating files:  30% (848/2826)
Updating files:  31% (877/2826)
Updating files:  32% (905/2826)
Updating files:  33% (933/2826)
Updating files:  34% (961/2826)
Updating files:  35% (990/2826)
Updating files:  35% (993/2826)
Updating files:  36% (1018/2826)
Updating files:  37% (1046/2826)
Updating files:  38% (1074/2826)
Updating files:  39% (1103/2826)
Updating files:  40% (1131/2826)
Updating files:  41% (1159/2826)
Updating files:  42% (1187/2826)
Updating files:  43% (1216/2826)
Updating files:  44% (1244/2826)
Updating files:  45% (1272/2826)
Updating files:  46% (1300/2826)
Updating files:  47% (1329/2826)
Updating files:  48% (1357/2826)
Updating files:  49% (1385/2826)
Updating files:  50% (1413/2826)
Updating files:  51% (1442/2826)
Updating files:  52% (1470/2826)
Updating files:  53% (1498/2826)
Updating files:  54% (1527/2826)
Updating files:  55% (1555/2826)
Updating files:  56% (1583/2826)
Updating files:  57% (1611/2826)
Updating files:  58% (1640/2826)
Updating files:  59% (1668/2826)
Updating files:  60% (1696/2826)
Updating files:  61% (1724/2826)
Updating files:  62% (1753/2826)
Updating files:  63% (1781/2826)
Updating files:  64% (1809/2826)
Updating files:  65% (1837/2826)
Updating files:  66% (1866/2826)
Updating files:  67% (1894/2826)
Updating files:  68% (1922/2826)
Updating files:  69% (1950/2826)
Updating files:  70% (1979/2826)
Updating files:  71% (2007/2826)
Updating files:  72% (2035/2826)
Updating files:  73% (2063/2826)
Updating files:  74% (2092/2826)
Updating files:  75% (2120/2826)
Updating files:  76% (2148/2826)
Updating files:  77% (2177/2826)
Updating files:  78% (2205/2826)
Updating files:  79% (2233/2826)
Updating files:  80% (2261/2826)
Updating files:  81% (2290/2826)
Updating files:  82% (2318/2826)
Updating files:  83% (2346/2826)
Updating files:  84% (2374/2826)
Updating files:  85% (2403/2826)
Updating files:  86% (2431/2826)
Updating files:  87% (2459/2826)
Updating files:  88% (2487/2826)
Updating files:  89% (2516/2826)
Updating files:  90% (2544/2826)
Updating files:  91% (2572/2826)
Updating files:  92% (2600/2826)
Updating files:  93% (2629/2826)
Updating files:  94% (2657/2826)
Updating files:  95% (2685/2826)
Updating files:  96% (2713/2826)
Updating files:  97% (2742/2826)
Updating files:  98% (2770/2826)
Updating files:  99% (2798/2826)
Updating files:  99% (2813/2826)
Updating files: 100% (2826/2826)
Updating files: 100% (2826/2826), done.
[INFO] started tweaking git repo https://github.com/iwa-koiwa/grap
[INFO] finished tweaking git repo https://github.com/iwa-koiwa/grap
[INFO] tweaked toml for git repo https://github.com/iwa-koiwa/grap written to /workspace/builds/worker-2-tc2/source/Cargo.toml
[INFO] validating manifest of git repo https://github.com/iwa-koiwa/grap on toolchain 1.99.0-beta.1
[INFO] running `Command { std: CARGO_HOME="/workspace/cargo-home" RUSTUP_HOME="/workspace/rustup-home" "/workspace/cargo-home/bin/cargo" "+1.99.0-beta.1" "metadata" "--manifest-path" "Cargo.toml" "--no-deps", kill_on_drop: false }`
[INFO] crate git repo https://github.com/iwa-koiwa/grap already has a lockfile, it will not be regenerated
[INFO] running `Command { std: CARGO_HOME="/workspace/cargo-home" RUSTUP_HOME="/workspace/rustup-home" "/workspace/cargo-home/bin/cargo" "+1.99.0-beta.1" "fetch" "--manifest-path" "Cargo.toml", kill_on_drop: false }`
[INFO] running `Command { std: "docker" "create" "-v" "/var/lib/crater-agent-workspace/builds/worker-2-tc2/source:/opt/rustwide/workdir:ro,Z" "-v" "/var/lib/crater-agent-workspace/builds/worker-2-tc2/target:/opt/rustwide/target:rw,Z" "-v" "/var/lib/crater-agent-workspace/cargo-home:/opt/rustwide/cargo-home:ro,Z" "-v" "/var/lib/crater-agent-workspace/rustup-home:/opt/rustwide/rustup-home:ro,Z" "-m" "1610612736" "--network" "none" "ghcr.io/rust-lang/crates-build-env/linux@sha256:8683fc1fc2eb5c9ac98e0d076ab094b2ffac7f99da555d2b6a2e27f346de2ec7" "sleep" "infinity", kill_on_drop: false }`
[INFO] [stdout] 0f871f2a57616f9c1e92584183771d3f38762e4c79c40d8b70ef0729ff06e8ba
[INFO] running `Command { std: "docker" "start" "0f871f2a57616f9c1e92584183771d3f38762e4c79c40d8b70ef0729ff06e8ba", kill_on_drop: false }`
[INFO] running `Command { std: "docker" "inspect" "0f871f2a57616f9c1e92584183771d3f38762e4c79c40d8b70ef0729ff06e8ba", kill_on_drop: false }`
[INFO] running `Command { std: "docker" "exec" "-e" "SOURCE_DIR=/opt/rustwide/workdir" "-e" "CARGO_HOME=/opt/rustwide/cargo-home" "-e" "RUSTUP_HOME=/opt/rustwide/rustup-home" "-e" "CARGO_TARGET_DIR=/opt/rustwide/target" "-w" "/opt/rustwide/workdir" "--user" "0:0" "0f871f2a57616f9c1e92584183771d3f38762e4c79c40d8b70ef0729ff06e8ba" "/opt/rustwide/cargo-home/bin/cargo" "+1.99.0-beta.1" "metadata" "--no-deps" "--format-version=1", kill_on_drop: false }`
[INFO] running `Command { std: "docker" "inspect" "0f871f2a57616f9c1e92584183771d3f38762e4c79c40d8b70ef0729ff06e8ba", kill_on_drop: false }`
[INFO] running `Command { std: "docker" "exec" "-e" "SOURCE_DIR=/opt/rustwide/workdir" "-e" "CARGO_HOME=/opt/rustwide/cargo-home" "-e" "RUSTUP_HOME=/opt/rustwide/rustup-home" "-e" "CARGO_TARGET_DIR=/opt/rustwide/target" "-e" "CARGO_INCREMENTAL=0" "-e" "RUST_BACKTRACE=full" "-e" "RUSTFLAGS=--cap-lints=warn" "-e" "RUSTDOCFLAGS=--cap-lints=warn" "-w" "/opt/rustwide/workdir" "--user" "0:0" "0f871f2a57616f9c1e92584183771d3f38762e4c79c40d8b70ef0729ff06e8ba" "/opt/rustwide/cargo-home/bin/cargo" "+1.99.0-beta.1" "build" "--frozen" "--message-format=json" "--release", kill_on_drop: false }`
[INFO] [stderr]    Compiling pkg-config v0.3.32
[INFO] [stderr]    Compiling crc32fast v1.5.0
[INFO] [stderr]    Compiling simd-adler32 v0.3.8
[INFO] [stderr]    Compiling adler2 v2.0.1
[INFO] [stderr]    Compiling libloading v0.8.9
[INFO] [stderr]    Compiling color_quant v1.1.0
[INFO] [stderr]    Compiling weezl v0.1.12
[INFO] [stderr]    Compiling num-traits v0.2.19
[INFO] [stderr]    Compiling plotters-backend v0.3.7
[INFO] [stderr]    Compiling font-kit v0.14.3
[INFO] [stderr]    Compiling jpeg-decoder v0.3.2
[INFO] [stderr]    Compiling pathfinder_simd v0.5.5
[INFO] [stderr]    Compiling bytemuck v1.24.0
[INFO] [stderr]    Compiling dirs-sys v0.5.0
[INFO] [stderr]    Compiling memchr v2.7.6
[INFO] [stderr]    Compiling float-ord v0.3.2
[INFO] [stderr]    Compiling ttf-parser v0.20.0
[INFO] [stderr]    Compiling dlib v0.5.2
[INFO] [stderr]    Compiling proconio v0.5.0
[INFO] [stderr]    Compiling miniz_oxide v0.8.9
[INFO] [stderr]    Compiling fdeflate v0.3.7
[INFO] [stderr]    Compiling dirs v6.0.0
[INFO] [stderr]    Compiling csv-core v0.1.13
[INFO] [stderr]    Compiling gif v0.12.0
[INFO] [stderr]    Compiling plotters-svg v0.3.7
[INFO] [stderr]    Compiling yeslogic-fontconfig-sys v6.0.0
[INFO] [stderr]    Compiling freetype-sys v0.20.1
[INFO] [stderr]    Compiling csv v1.4.0
[INFO] [stderr]    Compiling pathfinder_geometry v0.5.1
[INFO] [stderr]    Compiling flate2 v1.1.8
[INFO] [stderr]    Compiling png v0.17.16
[INFO] [stderr]    Compiling chrono v0.4.43
[INFO] [stderr]    Compiling image v0.24.9
[INFO] [stderr]    Compiling plotters-bitmap v0.3.7
[INFO] [stderr]    Compiling plotters v0.3.7
[INFO] [stderr]    Compiling grap v0.1.0 (/opt/rustwide/workdir)
[INFO] [stdout] warning: unused import: `proconio::input`
[INFO] [stdout]  --> src/bin/main.rs:3:5
[INFO] [stdout]   |
[INFO] [stdout] 3 | use proconio::input;
[INFO] [stdout]   |     ^^^^^^^^^^^^^^^
[INFO] [stdout]   |
[INFO] [stdout]   = note: `#[warn(unused_imports)]` (part of `#[warn(unused)]`) on by default
[INFO] [stdout] 
[INFO] [stdout] 
[INFO] [stdout] warning: unused variable: `lower`
[INFO] [stdout]   --> src/bin/main.rs:22:17
[INFO] [stdout]    |
[INFO] [stdout] 22 |     let (upper, lower) = root_area.split_vertically(512);
[INFO] [stdout]    |                 ^^^^^ help: if this is intentional, prefix it with an underscore: `_lower`
[INFO] [stdout]    |
[INFO] [stdout]    = note: `#[warn(unused_variables)]` (part of `#[warn(unused)]`) on by default
[INFO] [stdout] 
[INFO] [stdout] 
[INFO] [stderr]     Finished `release` profile [optimized] target(s) in 35.94s
[INFO] running `Command { std: "docker" "inspect" "0f871f2a57616f9c1e92584183771d3f38762e4c79c40d8b70ef0729ff06e8ba", kill_on_drop: false }`
[INFO] running `Command { std: "docker" "exec" "-e" "SOURCE_DIR=/opt/rustwide/workdir" "-e" "CARGO_HOME=/opt/rustwide/cargo-home" "-e" "RUSTUP_HOME=/opt/rustwide/rustup-home" "-e" "CARGO_TARGET_DIR=/opt/rustwide/target" "-e" "CARGO_INCREMENTAL=0" "-e" "RUST_BACKTRACE=full" "-e" "RUSTFLAGS=--cap-lints=warn" "-e" "RUSTDOCFLAGS=--cap-lints=warn" "-w" "/opt/rustwide/workdir" "--user" "0:0" "0f871f2a57616f9c1e92584183771d3f38762e4c79c40d8b70ef0729ff06e8ba" "/opt/rustwide/cargo-home/bin/cargo" "+1.99.0-beta.1" "test" "--frozen" "--no-run" "--message-format=json" "--release", kill_on_drop: false }`
[INFO] [stderr]    Compiling grap v0.1.0 (/opt/rustwide/workdir)
[INFO] [stdout] warning: unused import: `proconio::input`
[INFO] [stdout]  --> src/bin/main.rs:3:5
[INFO] [stdout]   |
[INFO] [stdout] 3 | use proconio::input;
[INFO] [stdout]   |     ^^^^^^^^^^^^^^^
[INFO] [stdout]   |
[INFO] [stdout]   = note: `#[warn(unused_imports)]` (part of `#[warn(unused)]`) on by default
[INFO] [stdout] 
[INFO] [stdout] 
[INFO] [stdout] warning: unused variable: `lower`
[INFO] [stdout]   --> src/bin/main.rs:22:17
[INFO] [stdout]    |
[INFO] [stdout] 22 |     let (upper, lower) = root_area.split_vertically(512);
[INFO] [stdout]    |                 ^^^^^ help: if this is intentional, prefix it with an underscore: `_lower`
[INFO] [stdout]    |
[INFO] [stdout]    = note: `#[warn(unused_variables)]` (part of `#[warn(unused)]`) on by default
[INFO] [stdout] 
[INFO] [stdout] 
[INFO] [stderr]     Finished `release` profile [optimized] target(s) in 2.57s
[INFO] running `Command { std: "docker" "inspect" "0f871f2a57616f9c1e92584183771d3f38762e4c79c40d8b70ef0729ff06e8ba", kill_on_drop: false }`
[INFO] running `Command { std: "docker" "exec" "-e" "SOURCE_DIR=/opt/rustwide/workdir" "-e" "CARGO_HOME=/opt/rustwide/cargo-home" "-e" "RUSTUP_HOME=/opt/rustwide/rustup-home" "-e" "CARGO_TARGET_DIR=/opt/rustwide/target" "-e" "CARGO_INCREMENTAL=0" "-e" "RUST_BACKTRACE=full" "-e" "RUSTFLAGS=--cap-lints=warn" "-e" "RUSTDOCFLAGS=--cap-lints=warn" "-w" "/opt/rustwide/workdir" "--user" "0:0" "0f871f2a57616f9c1e92584183771d3f38762e4c79c40d8b70ef0729ff06e8ba" "/opt/rustwide/cargo-home/bin/cargo" "+1.99.0-beta.1" "test" "--frozen" "--release", kill_on_drop: false }`
[INFO] [stderr] warning: unused import: `proconio::input`
[INFO] [stderr]  --> src/bin/main.rs:3:5
[INFO] [stderr]   |
[INFO] [stderr] 3 | use proconio::input;
[INFO] [stderr]   |     ^^^^^^^^^^^^^^^
[INFO] [stderr]   |
[INFO] [stderr]   = note: `#[warn(unused_imports)]` (part of `#[warn(unused)]`) on by default
[INFO] [stderr] 
[INFO] [stderr] warning: unused variable: `lower`
[INFO] [stderr]   --> src/bin/main.rs:22:17
[INFO] [stderr]    |
[INFO] [stderr] 22 |     let (upper, lower) = root_area.split_vertically(512);
[INFO] [stderr]    |                 ^^^^^ help: if this is intentional, prefix it with an underscore: `_lower`
[INFO] [stderr]    |
[INFO] [stderr]    = note: `#[warn(unused_variables)]` (part of `#[warn(unused)]`) on by default
[INFO] [stderr] 
[INFO] [stderr] warning: `grap` (bin "main" test) generated 2 warnings (run `cargo fix --bin "main" -p grap --tests` to apply 2 suggestions)
[INFO] [stderr]     Finished `release` profile [optimized] target(s) in 0.09s
[INFO] [stderr]      Running unittests src/main.rs (/opt/rustwide/target/release/deps/grap-affd80fe91b0285e)
[INFO] [stdout] 
[INFO] [stdout] running 0 tests
[INFO] [stdout] 
[INFO] [stdout] test result: ok. 0 passed; 0 failed; 0 ignored; 0 measured; 0 filtered out; finished in 0.00s
[INFO] [stdout] 
[INFO] [stderr]      Running unittests src/bin/main.rs (/opt/rustwide/target/release/deps/main-2f9c356e0f1a0a03)
[INFO] [stdout] 
[INFO] [stdout] running 1 test
[INFO] [stdout] test entry_point ... FAILED
[INFO] [stdout] 
[INFO] [stdout] failures:
[INFO] [stdout] 
[INFO] [stdout] ---- entry_point stdout ----
[INFO] [stdout] StringRecord(["0"])
[INFO] [stdout] StringRecord(["0.05"])
[INFO] [stdout] StringRecord(["0.1"])
[INFO] [stdout] StringRecord(["0.15"])
[INFO] [stdout] StringRecord(["0.2"])
[INFO] [stdout] StringRecord(["0.25"])
[INFO] [stdout] StringRecord(["0.3"])
[INFO] [stdout] StringRecord(["0.35"])
[INFO] [stdout] StringRecord(["0.4"])
[INFO] [stdout] StringRecord(["0.45"])
[INFO] [stdout] StringRecord(["0.5"])
[INFO] [stdout] StringRecord(["0.55"])
[INFO] [stdout] StringRecord(["0.6"])
[INFO] [stdout] StringRecord(["0.65"])
[INFO] [stdout] StringRecord(["0.7"])
[INFO] [stdout] StringRecord(["0.75"])
[INFO] [stdout] StringRecord(["0.8"])
[INFO] [stdout] StringRecord(["0.85"])
[INFO] [stdout] StringRecord(["0.9"])
[INFO] [stdout] StringRecord(["0.95"])
[INFO] [stdout] StringRecord(["1"])
[INFO] [stdout] StringRecord(["1.05"])
[INFO] [stdout] StringRecord(["1.1"])
[INFO] [stdout] StringRecord(["1.15"])
[INFO] [stdout] StringRecord(["1.2"])
[INFO] [stdout] StringRecord(["1.25"])
[INFO] [stdout] StringRecord(["1.3"])
[INFO] [stdout] StringRecord(["1.35"])
[INFO] [stdout] StringRecord(["1.4"])
[INFO] [stdout] StringRecord(["1.45"])
[INFO] [stdout] StringRecord(["1.5"])
[INFO] [stdout] StringRecord(["1.55"])
[INFO] [stdout] StringRecord(["1.6"])
[INFO] [stdout] StringRecord(["1.65"])
[INFO] [stdout] StringRecord(["1.7"])
[INFO] [stdout] StringRecord(["1.75"])
[INFO] [stdout] StringRecord(["1.8"])
[INFO] [stdout] StringRecord(["1.85"])
[INFO] [stdout] StringRecord(["1.9"])
[INFO] [stdout] StringRecord(["1.95"])
[INFO] [stdout] StringRecord(["2"])
[INFO] [stdout] StringRecord(["2.05"])
[INFO] [stdout] StringRecord(["2.1"])
[INFO] [stdout] StringRecord(["2.15"])
[INFO] [stdout] StringRecord(["2.2"])
[INFO] [stdout] StringRecord(["2.25"])
[INFO] [stdout] StringRecord(["2.3"])
[INFO] [stdout] StringRecord(["2.35"])
[INFO] [stdout] StringRecord(["2.4"])
[INFO] [stdout] StringRecord(["2.45"])
[INFO] [stdout] StringRecord(["2.5"])
[INFO] [stdout] StringRecord(["2.55"])
[INFO] [stdout] StringRecord(["2.6"])
[INFO] [stdout] StringRecord(["2.65"])
[INFO] [stdout] StringRecord(["2.7"])
[INFO] [stdout] StringRecord(["2.75"])
[INFO] [stdout] StringRecord(["2.8"])
[INFO] [stdout] StringRecord(["2.85"])
[INFO] [stdout] StringRecord(["2.9"])
[INFO] [stdout] StringRecord(["2.95"])
[INFO] [stdout] StringRecord(["3"])
[INFO] [stdout] StringRecord(["3.05"])
[INFO] [stdout] StringRecord(["3.1"])
[INFO] [stdout] StringRecord(["3.15"])
[INFO] [stdout] 
[INFO] [stdout] thread 'entry_point' (1236) panicked at src/bin/main.rs:52:25:
[INFO] [stdout] Unable to write result to file, please make sure 'plotters-doc-data' dir exists under current dir: BackendError(DrawingError(ImageError(IoError(Os { code: 30, kind: ReadOnlyFilesystem, message: "Read-only file system" }))))
[INFO] [stdout] stack backtrace:
[INFO] [stdout]    0:     0x64d8f819ce31 - <<std[104cf6e2632825ea]::sys::backtrace::BacktraceLock>::print::DisplayBacktrace as core[7c831bd917ebf35f]::fmt::Display>::fmt
[INFO] [stdout]    1:     0x64d8f81b38ca - core[7c831bd917ebf35f]::fmt::write
[INFO] [stdout]    2:     0x64d8f81a13fc - <alloc[2fdc3f7464fcf288]::vec::Vec<u8> as core[7c831bd917ebf35f]::io::write::Write>::write_fmt
[INFO] [stdout]    3:     0x64d8f8179216 - std[104cf6e2632825ea]::panicking::default_hook::{closure#0}
[INFO] [stdout]    4:     0x64d8f8195549 - std[104cf6e2632825ea]::panicking::default_hook
[INFO] [stdout]    5:     0x64d8f80f0360 - test[73009c9f9aebf890]::test_main_inner::<test[73009c9f9aebf890]::test_main_static::{closure#0}>::{closure#0}
[INFO] [stdout]    6:     0x64d8f8195702 - std[104cf6e2632825ea]::panicking::panic_with_hook
[INFO] [stdout]    7:     0x64d8f81792c2 - std[104cf6e2632825ea]::panicking::panic_handler::{closure#0}
[INFO] [stdout]    8:     0x64d8f8171c39 - std[104cf6e2632825ea]::sys::backtrace::__rust_end_short_backtrace::<std[104cf6e2632825ea]::panicking::panic_handler::{closure#0}, !>
[INFO] [stdout]    9:     0x64d8f8179ebd - __rustc[b0d56fa5b193ad05]::rust_begin_unwind
[INFO] [stdout]   10:     0x64d8f81b402c - core[7c831bd917ebf35f]::panicking::panic_fmt
[INFO] [stdout]   11:     0x64d8f81b3e02 - core[7c831bd917ebf35f]::result::unwrap_failed
[INFO] [stdout]   12:     0x64d8f80c6fa5 - <core[7c831bd917ebf35f]::result::Result<(), plotters[633db9da43087e71]::drawing::area::DrawingAreaErrorKind<plotters_bitmap[8e6a8eee8aa607b]::error::BitMapBackendError>>>::expect
[INFO] [stdout]   13:     0x64d8f80c81e1 - <main[f61eae202f7206e]::entry_point::{closure#0} as core[7c831bd917ebf35f]::ops::function::FnOnce<()>>::call_once
[INFO] [stdout]   14:     0x64d8f80e364b - test[73009c9f9aebf890]::__rust_begin_short_backtrace::<core[7c831bd917ebf35f]::result::Result<(), alloc[2fdc3f7464fcf288]::string::String>, fn() -> core[7c831bd917ebf35f]::result::Result<(), alloc[2fdc3f7464fcf288]::string::String>>
[INFO] [stdout]   15:     0x64d8f80f0cb5 - test[73009c9f9aebf890]::run_test::{closure#0}
[INFO] [stdout]   16:     0x64d8f80ea074 - std[104cf6e2632825ea]::sys::backtrace::__rust_begin_short_backtrace::<test[73009c9f9aebf890]::run_test::{closure#1}, ()>
[INFO] [stdout]   17:     0x64d8f80f3e12 - <std[104cf6e2632825ea]::thread::lifecycle::spawn_unchecked<test[73009c9f9aebf890]::run_test::{closure#1}, ()>::{closure#1} as core[7c831bd917ebf35f]::ops::function::FnOnce<()>>::call_once::{shim:vtable#0}
[INFO] [stdout]   18:     0x64d8f819c709 - <std[104cf6e2632825ea]::sys::thread::unix::Thread>::new::thread_start
[INFO] [stdout]   19:     0x77d87f78207a - <unknown>
[INFO] [stdout]   20:     0x77d87f815534 - clone
[INFO] [stdout]   21:                0x0 - <unknown>
[INFO] [stdout] 
[INFO] [stdout] 
[INFO] [stdout] failures:
[INFO] [stdout]     entry_point
[INFO] [stdout] 
[INFO] [stdout] test result: FAILED. 0 passed; 1 failed; 0 ignored; 0 measured; 0 filtered out; finished in 0.24s
[INFO] [stdout] 
[INFO] [stderr] error: test failed, to rerun pass `--bin main`
[INFO] running `Command { std: "docker" "inspect" "0f871f2a57616f9c1e92584183771d3f38762e4c79c40d8b70ef0729ff06e8ba", kill_on_drop: false }`
[INFO] running `Command { std: "docker" "rm" "-f" "0f871f2a57616f9c1e92584183771d3f38762e4c79c40d8b70ef0729ff06e8ba", kill_on_drop: false }`
[INFO] [stdout] 0f871f2a57616f9c1e92584183771d3f38762e4c79c40d8b70ef0729ff06e8ba
