[INFO] cloning repository https://github.com/ivykernel/ivk
[INFO] running `Command { std: "git" "-c" "credential.helper=" "-c" "credential.helper=/workspace/cargo-home/bin/git-credential-null" "clone" "--bare" "https://github.com/ivykernel/ivk" "/workspace/cache/git-repos/https%3A%2F%2Fgithub.com%2Fivykernel%2Fivk", kill_on_drop: false }`
[INFO] [stderr] Cloning into bare repository '/workspace/cache/git-repos/https%3A%2F%2Fgithub.com%2Fivykernel%2Fivk'...
[INFO] running `Command { std: "git" "rev-parse" "HEAD", kill_on_drop: false }`
[INFO] [stdout] 99527fc7238b872d7f3066ab3243ee1f759f026f
[INFO] testing ivykernel/ivk against 1.98.0-beta.8+cargoflags=--release for beta-release-1.99-2
[INFO] running `Command { std: "git" "clone" "/workspace/cache/git-repos/https%3A%2F%2Fgithub.com%2Fivykernel%2Fivk" "/workspace/builds/worker-7-tc1/source", kill_on_drop: false }`
[INFO] [stderr] Cloning into '/workspace/builds/worker-7-tc1/source'...
[INFO] [stderr] done.
[INFO] started tweaking git repo https://github.com/ivykernel/ivk
[INFO] finished tweaking git repo https://github.com/ivykernel/ivk
[INFO] tweaked toml for git repo https://github.com/ivykernel/ivk written to /workspace/builds/worker-7-tc1/source/Cargo.toml
[INFO] validating manifest of git repo https://github.com/ivykernel/ivk on toolchain 1.98.0-beta.8
[INFO] running `Command { std: CARGO_HOME="/workspace/cargo-home" RUSTUP_HOME="/workspace/rustup-home" "/workspace/cargo-home/bin/cargo" "+1.98.0-beta.8" "metadata" "--manifest-path" "Cargo.toml" "--no-deps", kill_on_drop: false }`
[INFO] crate git repo https://github.com/ivykernel/ivk already has a lockfile, it will not be regenerated
[INFO] running `Command { std: CARGO_HOME="/workspace/cargo-home" RUSTUP_HOME="/workspace/rustup-home" "/workspace/cargo-home/bin/cargo" "+1.98.0-beta.8" "fetch" "--manifest-path" "Cargo.toml", kill_on_drop: false }`
[INFO] [stderr]     Updating crates.io index
[INFO] [stderr]  Downloading crates ...
[INFO] [stderr]   Downloaded rsqlite-vfs v0.1.1
[INFO] [stderr]   Downloaded rusqlite v0.40.1
[INFO] [stderr]   Downloaded libsqlite3-sys v0.38.1
[INFO] [stderr]   Downloaded sqlite-wasm-rs v0.5.5
[INFO] running `Command { std: "docker" "create" "-v" "/var/lib/crater-agent-workspace/builds/worker-7-tc1/source:/opt/rustwide/workdir:ro,Z" "-v" "/var/lib/crater-agent-workspace/builds/worker-7-tc1/target:/opt/rustwide/target:rw,Z" "-v" "/var/lib/crater-agent-workspace/cargo-home:/opt/rustwide/cargo-home:ro,Z" "-v" "/var/lib/crater-agent-workspace/rustup-home:/opt/rustwide/rustup-home:ro,Z" "-m" "1610612736" "--network" "none" "ghcr.io/rust-lang/crates-build-env/linux@sha256:8683fc1fc2eb5c9ac98e0d076ab094b2ffac7f99da555d2b6a2e27f346de2ec7" "sleep" "infinity", kill_on_drop: false }`
[INFO] [stdout] 0108299044db33d17da5ff36b87c6e8c943316452a0a9534b2c481e459d6ccba
[INFO] running `Command { std: "docker" "start" "0108299044db33d17da5ff36b87c6e8c943316452a0a9534b2c481e459d6ccba", kill_on_drop: false }`
[INFO] running `Command { std: "docker" "inspect" "0108299044db33d17da5ff36b87c6e8c943316452a0a9534b2c481e459d6ccba", kill_on_drop: false }`
[INFO] running `Command { std: "docker" "exec" "-e" "SOURCE_DIR=/opt/rustwide/workdir" "-e" "CARGO_HOME=/opt/rustwide/cargo-home" "-e" "RUSTUP_HOME=/opt/rustwide/rustup-home" "-e" "CARGO_TARGET_DIR=/opt/rustwide/target" "-w" "/opt/rustwide/workdir" "--user" "0:0" "0108299044db33d17da5ff36b87c6e8c943316452a0a9534b2c481e459d6ccba" "/opt/rustwide/cargo-home/bin/cargo" "+1.98.0-beta.8" "metadata" "--no-deps" "--format-version=1", kill_on_drop: false }`
[INFO] running `Command { std: "docker" "inspect" "0108299044db33d17da5ff36b87c6e8c943316452a0a9534b2c481e459d6ccba", kill_on_drop: false }`
[INFO] running `Command { std: "docker" "exec" "-e" "SOURCE_DIR=/opt/rustwide/workdir" "-e" "CARGO_HOME=/opt/rustwide/cargo-home" "-e" "RUSTUP_HOME=/opt/rustwide/rustup-home" "-e" "CARGO_TARGET_DIR=/opt/rustwide/target" "-e" "CARGO_INCREMENTAL=0" "-e" "RUST_BACKTRACE=full" "-e" "RUSTFLAGS=--cap-lints=warn" "-e" "RUSTDOCFLAGS=--cap-lints=warn" "-w" "/opt/rustwide/workdir" "--user" "0:0" "0108299044db33d17da5ff36b87c6e8c943316452a0a9534b2c481e459d6ccba" "/opt/rustwide/cargo-home/bin/cargo" "+1.98.0-beta.8" "build" "--frozen" "--message-format=json" "--release", kill_on_drop: false }`
[INFO] [stderr]    Compiling find-msvc-tools v0.1.9
[INFO] [stderr]    Compiling shlex v2.0.1
[INFO] [stderr]    Compiling serde_core v1.0.228
[INFO] [stderr]    Compiling vcpkg v0.2.15
[INFO] [stderr]    Compiling pkg-config v0.3.33
[INFO] [stderr]    Compiling proc-macro2 v1.0.106
[INFO] [stderr]    Compiling zmij v1.0.21
[INFO] [stderr]    Compiling foldhash v0.2.0
[INFO] [stderr]    Compiling quote v1.0.46
[INFO] [stderr]    Compiling unicode-ident v1.0.24
[INFO] [stderr]    Compiling libc v0.2.186
[INFO] [stderr]    Compiling serde_json v1.0.150
[INFO] [stderr]    Compiling smallvec v1.15.2
[INFO] [stderr]    Compiling bitflags v2.13.0
[INFO] [stderr]    Compiling memchr v2.8.2
[INFO] [stderr]    Compiling fallible-streaming-iterator v0.1.9
[INFO] [stderr]    Compiling fallible-iterator v0.3.0
[INFO] [stderr]    Compiling itoa v1.0.18
[INFO] [stderr]    Compiling serde v1.0.228
[INFO] [stderr]    Compiling hashbrown v0.17.1
[INFO] [stderr]    Compiling cc v1.2.67
[INFO] [stderr]    Compiling hashlink v0.12.1
[INFO] [stderr]    Compiling syn v2.0.118
[INFO] [stderr]    Compiling libsqlite3-sys v0.38.1
[INFO] [stderr]    Compiling serde_derive v1.0.228
[INFO] [stderr]    Compiling rusqlite v0.40.1
[INFO] [stderr]    Compiling ivk-core v0.0.2 (/opt/rustwide/workdir/crates/ivk-core)
[INFO] [stderr]    Compiling clonewt v0.0.2 (/opt/rustwide/workdir/crates/clonewt)
[INFO] [stderr]    Compiling ivk-cli v0.0.2 (/opt/rustwide/workdir/crates/ivk-cli)
[INFO] [stderr]     Finished `release` profile [optimized] target(s) in 1m 55s
[INFO] running `Command { std: "docker" "inspect" "0108299044db33d17da5ff36b87c6e8c943316452a0a9534b2c481e459d6ccba", kill_on_drop: false }`
[INFO] running `Command { std: "docker" "exec" "-e" "SOURCE_DIR=/opt/rustwide/workdir" "-e" "CARGO_HOME=/opt/rustwide/cargo-home" "-e" "RUSTUP_HOME=/opt/rustwide/rustup-home" "-e" "CARGO_TARGET_DIR=/opt/rustwide/target" "-e" "CARGO_INCREMENTAL=0" "-e" "RUST_BACKTRACE=full" "-e" "RUSTFLAGS=--cap-lints=warn" "-e" "RUSTDOCFLAGS=--cap-lints=warn" "-w" "/opt/rustwide/workdir" "--user" "0:0" "0108299044db33d17da5ff36b87c6e8c943316452a0a9534b2c481e459d6ccba" "/opt/rustwide/cargo-home/bin/cargo" "+1.98.0-beta.8" "test" "--frozen" "--no-run" "--message-format=json" "--release", kill_on_drop: false }`
[INFO] [stderr]    Compiling foldhash v0.2.0
[INFO] [stderr]    Compiling bitflags v2.13.0
[INFO] [stderr]    Compiling memchr v2.8.2
[INFO] [stderr]    Compiling itoa v1.0.18
[INFO] [stderr]    Compiling smallvec v1.15.2
[INFO] [stderr]    Compiling fallible-streaming-iterator v0.1.9
[INFO] [stderr]    Compiling fallible-iterator v0.3.0
[INFO] [stderr]    Compiling serde_core v1.0.228
[INFO] [stderr]    Compiling zmij v1.0.21
[INFO] [stderr]    Compiling libc v0.2.186
[INFO] [stderr]    Compiling libsqlite3-sys v0.38.1
[INFO] [stderr]    Compiling cfg-if v1.0.4
[INFO] [stderr]    Compiling hashbrown v0.17.1
[INFO] [stderr]    Compiling hashlink v0.12.1
[INFO] [stderr]    Compiling filetime v0.2.29
[INFO] [stderr]    Compiling rusqlite v0.40.1
[INFO] [stderr]    Compiling serde_json v1.0.150
[INFO] [stderr]    Compiling serde v1.0.228
[INFO] [stderr]    Compiling ivk-core v0.0.2 (/opt/rustwide/workdir/crates/ivk-core)
[INFO] [stderr]    Compiling clonewt v0.0.2 (/opt/rustwide/workdir/crates/clonewt)
[INFO] [stderr]    Compiling ivk-cli v0.0.2 (/opt/rustwide/workdir/crates/ivk-cli)
[INFO] [stderr]     Finished `release` profile [optimized] target(s) in 1m 31s
[INFO] running `Command { std: "docker" "inspect" "0108299044db33d17da5ff36b87c6e8c943316452a0a9534b2c481e459d6ccba", kill_on_drop: false }`
[INFO] running `Command { std: "docker" "exec" "-e" "SOURCE_DIR=/opt/rustwide/workdir" "-e" "CARGO_HOME=/opt/rustwide/cargo-home" "-e" "RUSTUP_HOME=/opt/rustwide/rustup-home" "-e" "CARGO_TARGET_DIR=/opt/rustwide/target" "-e" "CARGO_INCREMENTAL=0" "-e" "RUST_BACKTRACE=full" "-e" "RUSTFLAGS=--cap-lints=warn" "-e" "RUSTDOCFLAGS=--cap-lints=warn" "-w" "/opt/rustwide/workdir" "--user" "0:0" "0108299044db33d17da5ff36b87c6e8c943316452a0a9534b2c481e459d6ccba" "/opt/rustwide/cargo-home/bin/cargo" "+1.98.0-beta.8" "test" "--frozen" "--release", kill_on_drop: false }`
[INFO] [stderr]     Finished `release` profile [optimized] target(s) in 0.10s
[INFO] [stderr]      Running unittests src/main.rs (/opt/rustwide/target/release/deps/clonewt-cb2804f5ce9b62e0)
[INFO] [stdout] 
[INFO] [stdout] running 0 tests
[INFO] [stdout] 
[INFO] [stdout] test result: ok. 0 passed; 0 failed; 0 ignored; 0 measured; 0 filtered out; finished in 0.00s
[INFO] [stdout] 
[INFO] [stdout] 
[INFO] [stdout] running 0 tests
[INFO] [stdout] 
[INFO] [stdout] test result: ok. 0 passed; 0 failed; 0 ignored; 0 measured; 0 filtered out; finished in 0.00s
[INFO] [stderr]      Running unittests src/main.rs (/opt/rustwide/target/release/deps/ivk-7f105b9d664cbc99)
[INFO] [stdout] 
[INFO] [stderr]      Running tests/bench.rs (/opt/rustwide/target/release/deps/bench-cf80f3c9466bcc9b)
[INFO] [stdout] 
[INFO] [stdout] running 15 tests
[INFO] [stdout] test bench_spawn_refuses_outside_repo ... ok
[INFO] [stdout] test bench_compare_count_1_warns_about_sample_size ... ok
[INFO] [stdout] test bench_gc_count_too_small_rejected ... ok
[INFO] [stdout] test bench_gc_removes_orphan_half_and_preserves_user_workspaces ... FAILED
[INFO] [stdout] test bench_spawn_bad_count_rejected ... ok
[INFO] [stdout] test bench_compare_cleans_up_git_worktree_admin ... ok
[INFO] [stdout] test bench_unknown_subcommand_errors ... ok
[INFO] [stdout] test bench_disk_emits_triad_and_lp_blurb ... FAILED
[INFO] [stdout] test bench_compare_lp_blurb_never_says_inf ... ok
[INFO] [stdout] test bench_help_lists_subcommands ... ok
[INFO] [stdout] test bench_disk_zero_df_delta_does_not_emit_infinity ... FAILED
[INFO] [stdout] test bench_compare_emits_both_arms_and_lp_blurb ... ok
[INFO] [stdout] test bench_spawn_refuses_no_commits ... ok
[INFO] [stdout] test bench_spawn_percentiles_monotone ... ok
[INFO] [stdout] test bench_spawn_count_3_emits_three_and_cleans_up ... FAILED
[INFO] [stdout] 
[INFO] [stdout] failures:
[INFO] [stdout] 
[INFO] [stdout] ---- bench_gc_removes_orphan_half_and_preserves_user_workspaces stdout ----
[INFO] [stdout] 
[INFO] [stdout] thread 'bench_gc_removes_orphan_half_and_preserves_user_workspaces' (1665) panicked at crates/ivk-cli/tests/bench.rs:69:5:
[INFO] [stdout] ivk ["new", "keep-me"] failed: stdout= stderr=ivk: failed to create workspace `keep-me`: clone failed for /tmp/ivk-bench-it-gcbench-1656-1788425277099718944-ThreadId(9)/src-repo/./README.md -> /tmp/ivk-bench-it-gcbench-1656-1788425277099718944-ThreadId(9)/src-repo/./.ivk/workspaces/keep-me/README.md: Operation not supported (os error 95) — the destination filesystem does not support reflink. ivk works on macOS APFS and on Linux btrfs / xfs (reflink=1) / zfs ≥ 2.2 / bcachefs. ext4 is unsupported; see docs/portability.md for the planned overlayfs fallback.
[INFO] [stdout] 
[INFO] [stderr] error: test failed, to rerun pass `-p ivk-cli --test bench`
[INFO] [stdout] stack backtrace:
[INFO] [stdout]    0:     0x602cf20912e6 - <unknown>
[INFO] [stdout]    1:     0x602cf203deba - <unknown>
[INFO] [stdout]    2:     0x602cf2096e5c - <unknown>
[INFO] [stdout]    3:     0x602cf206b162 - <unknown>
[INFO] [stdout]    4:     0x602cf2089311 - <unknown>
[INFO] [stdout]    5:     0x602cf20894f2 - <unknown>
[INFO] [stdout]    6:     0x602cf206b212 - <unknown>
[INFO] [stdout]    7:     0x602cf2062c29 - <unknown>
[INFO] [stdout]    8:     0x602cf206ffad - <unknown>
[INFO] [stdout]    9:     0x602cf203e59c - <unknown>
[INFO] [stdout]   10:     0x602cf202ff46 - <unknown>
[INFO] [stdout]   11:     0x602cf203a114 - <unknown>
[INFO] [stdout]   12:     0x602cf2098a9b - <unknown>
[INFO] [stdout]   13:     0x602cf20a6e11 - <unknown>
[INFO] [stdout]   14:     0x602cf20a16e4 - <unknown>
[INFO] [stdout]   15:     0x602cf20aac82 - <unknown>
[INFO] [stdout]   16:     0x602cf2090904 - <unknown>
[INFO] [stdout]   17:     0x7ccde731807a - <unknown>
[INFO] [stdout]   18:     0x7ccde73ab534 - clone
[INFO] [stdout]   19:                0x0 - <unknown>
[INFO] [stdout] 
[INFO] [stdout] ---- bench_disk_emits_triad_and_lp_blurb stdout ----
[INFO] [stdout] 
[INFO] [stdout] thread 'bench_disk_emits_triad_and_lp_blurb' (1661) panicked at crates/ivk-cli/tests/bench.rs:69:5:
[INFO] [stdout] ivk ["bench", "disk", "--count", "4", "--json"] failed: stdout={
[INFO] [stdout]   "ok": false,
[INFO] [stdout]   "command": "bench.disk",
[INFO] [stdout]   "next_command": "ivk doctor",
[INFO] [stdout]   "error": {
[INFO] [stdout]     "code": "materialize_failed",
[INFO] [stdout]     "message": "every workspace failed to materialize: ws-0000: clone failed for /tmp/ivk-bench-it-disk-1656-1788425277099621194-ThreadId(6)/src-repo/README.md -> /tmp/ivk-bench-it-disk-1656-1788425277099621194-ThreadId(6)/src-repo/.ivk/bench/b-disk-1764-1788425277315292938/ws-0000/README.md: Operation not supported (os error 95) — the destination filesystem does not support reflink. ivk works on macOS APFS and on Linux btrfs / xfs (reflink=1) / zfs ≥ 2.2 / bcachefs. ext4 is unsupported; see docs/portability.md for the planned overlayfs fallback."
[INFO] [stdout]   }
[INFO] [stdout] }
[INFO] [stdout]  stderr=
[INFO] [stdout] stack backtrace:
[INFO] [stdout]    0:     0x602cf20912e6 - <unknown>
[INFO] [stdout]    1:     0x602cf203deba - <unknown>
[INFO] [stdout]    2:     0x602cf2096e5c - <unknown>
[INFO] [stdout]    3:     0x602cf206b162 - <unknown>
[INFO] [stdout]    4:     0x602cf2089311 - <unknown>
[INFO] [stdout]    5:     0x602cf20894f2 - <unknown>
[INFO] [stdout]    6:     0x602cf206b212 - <unknown>
[INFO] [stdout]    7:     0x602cf2062c29 - <unknown>
[INFO] [stdout]    8:     0x602cf206ffad - <unknown>
[INFO] [stdout]    9:     0x602cf203e59c - <unknown>
[INFO] [stdout]   10:     0x602cf202ff46 - <unknown>
[INFO] [stdout]   11:     0x602cf203635a - <unknown>
[INFO] [stdout]   12:     0x602cf2098a9b - <unknown>
[INFO] [stdout]   13:     0x602cf20a6e11 - <unknown>
[INFO] [stdout]   14:     0x602cf20a16e4 - <unknown>
[INFO] [stdout]   15:     0x602cf20aac82 - <unknown>
[INFO] [stdout]   16:     0x602cf2090904 - <unknown>
[INFO] [stdout]   17:     0x7ccde731807a - <unknown>
[INFO] [stdout]   18:     0x7ccde73ab534 - clone
[INFO] [stdout]   19:                0x0 - <unknown>
[INFO] [stdout] 
[INFO] [stdout] ---- bench_disk_zero_df_delta_does_not_emit_infinity stdout ----
[INFO] [stdout] 
[INFO] [stdout] thread 'bench_disk_zero_df_delta_does_not_emit_infinity' (1663) panicked at crates/ivk-cli/tests/bench.rs:69:5:
[INFO] [stdout] ivk ["bench", "disk", "--count", "2", "--json"] failed: stdout={
[INFO] [stdout]   "ok": false,
[INFO] [stdout]   "command": "bench.disk",
[INFO] [stdout]   "next_command": "ivk doctor",
[INFO] [stdout]   "error": {
[INFO] [stdout]     "code": "materialize_failed",
[INFO] [stdout]     "message": "every workspace failed to materialize: ws-0000: clone failed for /tmp/ivk-bench-it-disk0-1656-1788425277103286344-ThreadId(7)/src-repo/README.md -> /tmp/ivk-bench-it-disk0-1656-1788425277103286344-ThreadId(7)/src-repo/.ivk/bench/b-disk-1827-1788425277480289793/ws-0000/README.md: Operation not supported (os error 95) — the destination filesystem does not support reflink. ivk works on macOS APFS and on Linux btrfs / xfs (reflink=1) / zfs ≥ 2.2 / bcachefs. ext4 is unsupported; see docs/portability.md for the planned overlayfs fallback."
[INFO] [stdout]   }
[INFO] [stdout] }
[INFO] [stdout]  stderr=
[INFO] [stdout] stack backtrace:
[INFO] [stdout]    0:     0x602cf20912e6 - <unknown>
[INFO] [stdout]    1:     0x602cf203deba - <unknown>
[INFO] [stdout]    2:     0x602cf2096e5c - <unknown>
[INFO] [stdout]    3:     0x602cf206b162 - <unknown>
[INFO] [stdout]    4:     0x602cf2089311 - <unknown>
[INFO] [stdout]    5:     0x602cf20894f2 - <unknown>
[INFO] [stdout]    6:     0x602cf206b212 - <unknown>
[INFO] [stdout]    7:     0x602cf2062c29 - <unknown>
[INFO] [stdout]    8:     0x602cf206ffad - <unknown>
[INFO] [stdout]    9:     0x602cf203e59c - <unknown>
[INFO] [stdout]   10:     0x602cf202ff46 - <unknown>
[INFO] [stdout]   11:     0x602cf20399e6 - <unknown>
[INFO] [stdout]   12:     0x602cf2098a9b - <unknown>
[INFO] [stdout]   13:     0x602cf20a6e11 - <unknown>
[INFO] [stdout]   14:     0x602cf20a16e4 - <unknown>
[INFO] [stdout]   15:     0x602cf20aac82 - <unknown>
[INFO] [stdout]   16:     0x602cf2090904 - <unknown>
[INFO] [stdout]   17:     0x7ccde731807a - <unknown>
[INFO] [stdout]   18:     0x7ccde73ab534 - clone
[INFO] [stdout]   19:                0x0 - <unknown>
[INFO] [stdout] 
[INFO] [stdout] ---- bench_spawn_count_3_emits_three_and_cleans_up stdout ----
[INFO] [stdout] 
[INFO] [stdout] thread 'bench_spawn_count_3_emits_three_and_cleans_up' (1668) panicked at crates/ivk-cli/tests/bench.rs:150:5:
[INFO] [stdout] assertion `left == right` failed
[INFO] [stdout]   left: Number(0)
[INFO] [stdout]  right: 3
[INFO] [stdout] stack backtrace:
[INFO] [stdout]    0:     0x602cf20912e6 - <unknown>
[INFO] [stdout]    1:     0x602cf203deba - <unknown>
[INFO] [stdout]    2:     0x602cf2096e5c - <unknown>
[INFO] [stdout]    3:     0x602cf206b162 - <unknown>
[INFO] [stdout]    4:     0x602cf2089311 - <unknown>
[INFO] [stdout]    5:     0x602cf20894f2 - <unknown>
[INFO] [stdout]    6:     0x602cf206b212 - <unknown>
[INFO] [stdout]    7:     0x602cf2062c29 - <unknown>
[INFO] [stdout]    8:     0x602cf206ffad - <unknown>
[INFO] [stdout]    9:     0x602cf203e59c - <unknown>
[INFO] [stdout]   10:     0x602cf203e4b3 - <unknown>
[INFO] [stdout]   11:     0x602cf202d91a - <unknown>
[INFO] [stdout]   12:     0x602cf20397ec - <unknown>
[INFO] [stdout]   13:     0x602cf2098a9b - <unknown>
[INFO] [stdout]   14:     0x602cf20a6e11 - <unknown>
[INFO] [stdout]   15:     0x602cf20a16e4 - <unknown>
[INFO] [stdout]   16:     0x602cf20aac82 - <unknown>
[INFO] [stdout]   17:     0x602cf2090904 - <unknown>
[INFO] [stdout]   18:     0x7ccde731807a - <unknown>
[INFO] [stdout]   19:     0x7ccde73ab534 - clone
[INFO] [stdout]   20:                0x0 - <unknown>
[INFO] [stdout] 
[INFO] [stdout] 
[INFO] [stdout] failures:
[INFO] [stdout]     bench_disk_emits_triad_and_lp_blurb
[INFO] [stdout]     bench_disk_zero_df_delta_does_not_emit_infinity
[INFO] [stdout]     bench_gc_removes_orphan_half_and_preserves_user_workspaces
[INFO] [stdout]     bench_spawn_count_3_emits_three_and_cleans_up
[INFO] [stdout] 
[INFO] [stdout] test result: FAILED. 11 passed; 4 failed; 0 ignored; 0 measured; 0 filtered out; finished in 0.89s
[INFO] [stdout] 
[INFO] running `Command { std: "docker" "inspect" "0108299044db33d17da5ff36b87c6e8c943316452a0a9534b2c481e459d6ccba", kill_on_drop: false }`
[INFO] running `Command { std: "docker" "rm" "-f" "0108299044db33d17da5ff36b87c6e8c943316452a0a9534b2c481e459d6ccba", kill_on_drop: false }`
[INFO] [stdout] 0108299044db33d17da5ff36b87c6e8c943316452a0a9534b2c481e459d6ccba
