[INFO] cloning repository https://github.com/ivixiz/dscapture
[INFO] running `Command { std: "git" "-c" "credential.helper=" "-c" "credential.helper=/workspace/cargo-home/bin/git-credential-null" "clone" "--bare" "https://github.com/ivixiz/dscapture" "/workspace/cache/git-repos/https%3A%2F%2Fgithub.com%2Fivixiz%2Fdscapture", kill_on_drop: false }`
[INFO] [stderr] Cloning into bare repository '/workspace/cache/git-repos/https%3A%2F%2Fgithub.com%2Fivixiz%2Fdscapture'...
[INFO] running `Command { std: "git" "rev-parse" "HEAD", kill_on_drop: false }`
[INFO] [stdout] e85cc5c4dd89693f63cf9467337a405d31e227ba
[INFO] testing ivixiz/dscapture/e85cc5c4dd89693f63cf9467337a405d31e227ba against 1.98.0-beta.8+cargoflags=--release for beta-release-1.99-2
[INFO] running `Command { std: "git" "clone" "/workspace/cache/git-repos/https%3A%2F%2Fgithub.com%2Fivixiz%2Fdscapture" "/workspace/builds/worker-6-tc1/source", kill_on_drop: false }`
[INFO] [stderr] Cloning into '/workspace/builds/worker-6-tc1/source'...
[INFO] [stderr] done.
[INFO] started tweaking git repo https://github.com/ivixiz/dscapture
[INFO] finished tweaking git repo https://github.com/ivixiz/dscapture
[INFO] tweaked toml for git repo https://github.com/ivixiz/dscapture written to /workspace/builds/worker-6-tc1/source/Cargo.toml
[INFO] validating manifest of git repo https://github.com/ivixiz/dscapture on toolchain 1.98.0-beta.8
[INFO] running `Command { std: CARGO_HOME="/workspace/cargo-home" RUSTUP_HOME="/workspace/rustup-home" "/workspace/cargo-home/bin/cargo" "+1.98.0-beta.8" "metadata" "--manifest-path" "Cargo.toml" "--no-deps", kill_on_drop: false }`
[INFO] crate git repo https://github.com/ivixiz/dscapture already has a lockfile, it will not be regenerated
[INFO] running `Command { std: CARGO_HOME="/workspace/cargo-home" RUSTUP_HOME="/workspace/rustup-home" "/workspace/cargo-home/bin/cargo" "+1.98.0-beta.8" "fetch" "--manifest-path" "Cargo.toml", kill_on_drop: false }`
[INFO] [stderr]     Updating crates.io index
[INFO] [stderr]  Downloading crates ...
[INFO] [stderr]   Downloaded zmij v1.0.23
[INFO] [stderr]   Downloaded winsplit v0.1.0
[INFO] [stderr]   Downloaded jiff-tzdb-platform v0.1.3
[INFO] [stderr]   Downloaded ecb v0.1.2
[INFO] [stderr]   Downloaded android_system_properties v0.1.6
[INFO] [stderr]   Downloaded md-5 v0.10.6
[INFO] [stderr]   Downloaded jiff-static v0.2.35
[INFO] [stderr]   Downloaded defmt-parser v1.0.0
[INFO] [stderr]   Downloaded block-padding v0.3.3
[INFO] [stderr]   Downloaded wasm-bindgen-shared v0.2.127
[INFO] [stderr]   Downloaded wasm-bindgen-macro v0.2.127
[INFO] [stderr]   Downloaded glob v0.3.4
[INFO] [stderr]   Downloaded autocfg v1.5.1
[INFO] [stderr]   Downloaded stringprep v0.1.5
[INFO] [stderr]   Downloaded either v1.17.0
[INFO] [stderr]   Downloaded nom_locate v5.0.0
[INFO] [stderr]   Downloaded defmt-macros v1.1.1
[INFO] [stderr]   Downloaded serde_json v1.0.151
[INFO] [stderr]   Downloaded crossbeam-deque v0.8.7
[INFO] [stderr]   Downloaded bytecount v0.6.9
[INFO] [stderr]   Downloaded crossbeam-epoch v0.9.20
[INFO] [stderr]   Downloaded cbc v0.1.2
[INFO] [stderr]   Downloaded rustversion v1.0.23
[INFO] [stderr]   Downloaded serde_derive v1.0.229
[INFO] [stderr]   Downloaded unicode-properties v0.1.4
[INFO] [stderr]   Downloaded time-macros v0.2.32
[INFO] [stderr]   Downloaded defmt v1.1.1
[INFO] [stderr]   Downloaded clang-sys v1.9.1
[INFO] [stderr]   Downloaded rangemap v1.8.0
[INFO] [stderr]   Downloaded unicode-bidi v0.3.18
[INFO] [stderr]   Downloaded jiff-tzdb v0.1.8
[INFO] [stderr]   Downloaded clang v2.1.0
[INFO] [stderr]   Downloaded wasm-bindgen v0.2.127
[INFO] [stderr]   Downloaded wasm-bindgen-macro-support v0.2.127
[INFO] [stderr]   Downloaded regex v1.13.1
[INFO] [stderr]   Downloaded rand v0.9.5
[INFO] [stderr]   Downloaded zerocopy-derive v0.8.56
[INFO] [stderr]   Downloaded js-sys v0.3.104
[INFO] [stderr]   Downloaded cc v1.4.3
[INFO] [stderr]   Downloaded unicode-normalization v0.1.25
[INFO] [stderr]   Downloaded jiff-core v0.1.0
[INFO] [stderr]   Downloaded opencv-binding-generator v0.103.0
[INFO] [stderr]   Downloaded aho-corasick v1.1.5
[INFO] [stderr]   Downloaded ttf-parser v0.25.1
[INFO] [stderr]   Downloaded portable-atomic v1.15.0
[INFO] [stderr]   Downloaded chrono v0.4.45
[INFO] [stderr]   Downloaded time v0.3.55
[INFO] [stderr]   Downloaded zerocopy v0.8.56
[INFO] [stderr]   Downloaded regex-automata v0.4.18
[INFO] [stderr]   Downloaded jiff v0.2.35
[INFO] [stderr]   Downloaded opencv v0.99.1
[INFO] [stderr]   Downloaded lopdf v0.39.0
[INFO] running `Command { std: "docker" "create" "-v" "/var/lib/crater-agent-workspace/builds/worker-6-tc1/source:/opt/rustwide/workdir:ro,Z" "-v" "/var/lib/crater-agent-workspace/builds/worker-6-tc1/target:/opt/rustwide/target:rw,Z" "-v" "/var/lib/crater-agent-workspace/cargo-home:/opt/rustwide/cargo-home:ro,Z" "-v" "/var/lib/crater-agent-workspace/rustup-home:/opt/rustwide/rustup-home:ro,Z" "-m" "1610612736" "--network" "none" "ghcr.io/rust-lang/crates-build-env/linux@sha256:8683fc1fc2eb5c9ac98e0d076ab094b2ffac7f99da555d2b6a2e27f346de2ec7" "sleep" "infinity", kill_on_drop: false }`
[INFO] [stdout] 2452450729e6e5b44fddfd09075ed95d48271d92181a9477032839693029a646
[INFO] running `Command { std: "docker" "start" "2452450729e6e5b44fddfd09075ed95d48271d92181a9477032839693029a646", kill_on_drop: false }`
[INFO] running `Command { std: "docker" "inspect" "2452450729e6e5b44fddfd09075ed95d48271d92181a9477032839693029a646", kill_on_drop: false }`
[INFO] running `Command { std: "docker" "exec" "-e" "SOURCE_DIR=/opt/rustwide/workdir" "-e" "CARGO_HOME=/opt/rustwide/cargo-home" "-e" "RUSTUP_HOME=/opt/rustwide/rustup-home" "-e" "CARGO_TARGET_DIR=/opt/rustwide/target" "-w" "/opt/rustwide/workdir" "--user" "0:0" "2452450729e6e5b44fddfd09075ed95d48271d92181a9477032839693029a646" "/opt/rustwide/cargo-home/bin/cargo" "+1.98.0-beta.8" "metadata" "--no-deps" "--format-version=1", kill_on_drop: false }`
[INFO] running `Command { std: "docker" "inspect" "2452450729e6e5b44fddfd09075ed95d48271d92181a9477032839693029a646", kill_on_drop: false }`
[INFO] running `Command { std: "docker" "exec" "-e" "SOURCE_DIR=/opt/rustwide/workdir" "-e" "CARGO_HOME=/opt/rustwide/cargo-home" "-e" "RUSTUP_HOME=/opt/rustwide/rustup-home" "-e" "CARGO_TARGET_DIR=/opt/rustwide/target" "-e" "CARGO_INCREMENTAL=0" "-e" "RUST_BACKTRACE=full" "-e" "RUSTFLAGS=--cap-lints=warn" "-e" "RUSTDOCFLAGS=--cap-lints=warn" "-w" "/opt/rustwide/workdir" "--user" "0:0" "2452450729e6e5b44fddfd09075ed95d48271d92181a9477032839693029a646" "/opt/rustwide/cargo-home/bin/cargo" "+1.98.0-beta.8" "build" "--frozen" "--message-format=json" "--release", kill_on_drop: false }`
[INFO] [stderr]    Compiling version_check v0.9.5
[INFO] [stderr]    Compiling cfg-if v1.0.4
[INFO] [stderr]    Compiling typenum v1.20.1
[INFO] [stderr]    Compiling proc-macro2 v1.0.107
[INFO] [stderr]    Compiling unicode-ident v1.0.24
[INFO] [stderr]    Compiling quote v1.0.47
[INFO] [stderr]    Compiling libc v0.2.189
[INFO] [stderr]    Compiling crossbeam-utils v0.8.22
[INFO] [stderr]    Compiling memchr v2.8.3
[INFO] [stderr]    Compiling zerocopy v0.8.56
[INFO] [stderr]    Compiling getrandom v0.3.4
[INFO] [stderr]    Compiling crossbeam-epoch v0.9.20
[INFO] [stderr]    Compiling crossbeam-deque v0.8.7
[INFO] [stderr]    Compiling autocfg v1.5.1
[INFO] [stderr]    Compiling generic-array v0.14.7
[INFO] [stderr]    Compiling tinyvec_macros v0.1.1
[INFO] [stderr]    Compiling crc32fast v1.5.0
[INFO] [stderr]    Compiling utf8parse v0.2.2
[INFO] [stderr]    Compiling rayon-core v1.13.0
[INFO] [stderr]    Compiling num-traits v0.2.19
[INFO] [stderr]    Compiling serde_core v1.0.229
[INFO] [stderr]    Compiling syn v3.0.3
[INFO] [stderr]    Compiling anstyle-parse v1.0.0
[INFO] [stderr]    Compiling rand_core v0.9.5
[INFO] [stderr]    Compiling tinyvec v1.12.0
[INFO] [stderr]    Compiling rustix v1.1.4
[INFO] [stderr]    Compiling bitflags v2.13.1
[INFO] [stderr]    Compiling anstyle-query v1.1.5
[INFO] [stderr]    Compiling cpufeatures v0.2.17
[INFO] [stderr]    Compiling anstyle v1.0.14
[INFO] [stderr]    Compiling getrandom v0.4.3
[INFO] [stderr]    Compiling is_terminal_polyfill v1.70.2
[INFO] [stderr]    Compiling adler2 v2.0.1
[INFO] [stderr]    Compiling colorchoice v1.0.5
[INFO] [stderr]    Compiling zmij v1.0.23
[INFO] [stderr]    Compiling simd-adler32 v0.3.10
[INFO] [stderr]    Compiling thiserror v2.0.20
[INFO] [stderr]    Compiling anstream v1.0.0
[INFO] [stderr]    Compiling unicode-normalization v0.1.25
[INFO] [stderr]    Compiling miniz_oxide v0.8.9
[INFO] [stderr]    Compiling crypto-common v0.1.7
[INFO] [stderr]    Compiling block-padding v0.3.3
[INFO] [stderr]    Compiling inout v0.1.4
[INFO] [stderr]    Compiling block-buffer v0.10.4
[INFO] [stderr]    Compiling cipher v0.4.4
[INFO] [stderr]    Compiling digest v0.10.7
[INFO] [stderr]    Compiling nom v8.0.0
[INFO] [stderr]    Compiling aho-corasick v1.1.5
[INFO] [stderr]    Compiling heck v0.5.0
[INFO] [stderr]    Compiling unicode-properties v0.1.4
[INFO] [stderr]    Compiling regex-syntax v0.8.11
[INFO] [stderr]    Compiling strsim v0.11.1
[INFO] [stderr]    Compiling num-conv v0.2.2
[INFO] [stderr]    Compiling either v1.17.0
[INFO] [stderr]    Compiling itoa v1.0.18
[INFO] [stderr]    Compiling deranged v0.5.8
[INFO] [stderr]    Compiling bytecount v0.6.9
[INFO] [stderr]    Compiling jiff-core v0.1.0
[INFO] [stderr]    Compiling thiserror-impl v2.0.20
[INFO] [stderr]    Compiling linux-raw-sys v0.12.1
[INFO] [stderr]    Compiling ppv-lite86 v0.2.21
[INFO] [stderr]    Compiling iana-time-zone v0.1.65
[INFO] [stderr]    Compiling serde v1.0.229
[INFO] [stderr]    Compiling hashbrown v0.17.1
[INFO] [stderr]    Compiling rand_chacha v0.9.0
[INFO] [stderr]    Compiling time-core v0.1.9
[INFO] [stderr]    Compiling powerfmt v0.2.0
[INFO] [stderr]    Compiling equivalent v1.0.2
[INFO] [stderr]    Compiling serde_json v1.0.151
[INFO] [stderr]    Compiling unicode-bidi v0.3.18
[INFO] [stderr]    Compiling clap_lex v1.1.0
[INFO] [stderr]    Compiling indexmap v2.14.0
[INFO] [stderr]    Compiling time v0.3.55
[INFO] [stderr]    Compiling nom_locate v5.0.0
[INFO] [stderr]    Compiling clap_builder v4.6.6
[INFO] [stderr]    Compiling rand v0.9.5
[INFO] [stderr]    Compiling chrono v0.4.45
[INFO] [stderr]    Compiling stringprep v0.1.5
[INFO] [stderr]    Compiling regex-automata v0.4.18
[INFO] [stderr]    Compiling jiff v0.2.35
[INFO] [stderr]    Compiling clap_derive v4.6.4
[INFO] [stderr]    Compiling serde_derive v1.0.229
[INFO] [stderr]    Compiling rayon v1.12.0
[INFO] [stderr]    Compiling ecb v0.1.2
[INFO] [stderr]    Compiling cbc v0.1.2
[INFO] [stderr]    Compiling aes v0.8.4
[INFO] [stderr]    Compiling flate2 v1.1.9
[INFO] [stderr]    Compiling md-5 v0.10.6
[INFO] [stderr]    Compiling sha2 v0.10.9
[INFO] [stderr]    Compiling encoding_rs v0.8.35
[INFO] [stderr]    Compiling rangemap v1.8.0
[INFO] [stderr]    Compiling ttf-parser v0.25.1
[INFO] [stderr]    Compiling log v0.4.33
[INFO] [stderr]    Compiling once_cell v1.21.4
[INFO] [stderr]    Compiling weezl v0.1.12
[INFO] [stderr]    Compiling fastrand v2.5.0
[INFO] [stderr]    Compiling tempfile v3.27.0
[INFO] [stderr]    Compiling clap v4.6.6
[INFO] [stderr]    Compiling regex v1.13.1
[INFO] [stderr]    Compiling lopdf v0.39.0
[INFO] [stderr]    Compiling dscapture v0.1.0 (/opt/rustwide/workdir)
[INFO] [stderr]     Finished `release` profile [optimized] target(s) in 3m 46s
[INFO] running `Command { std: "docker" "inspect" "2452450729e6e5b44fddfd09075ed95d48271d92181a9477032839693029a646", kill_on_drop: false }`
[INFO] running `Command { std: "docker" "exec" "-e" "SOURCE_DIR=/opt/rustwide/workdir" "-e" "CARGO_HOME=/opt/rustwide/cargo-home" "-e" "RUSTUP_HOME=/opt/rustwide/rustup-home" "-e" "CARGO_TARGET_DIR=/opt/rustwide/target" "-e" "CARGO_INCREMENTAL=0" "-e" "RUST_BACKTRACE=full" "-e" "RUSTFLAGS=--cap-lints=warn" "-e" "RUSTDOCFLAGS=--cap-lints=warn" "-w" "/opt/rustwide/workdir" "--user" "0:0" "2452450729e6e5b44fddfd09075ed95d48271d92181a9477032839693029a646" "/opt/rustwide/cargo-home/bin/cargo" "+1.98.0-beta.8" "test" "--frozen" "--no-run" "--message-format=json" "--release", kill_on_drop: false }`
[INFO] [stderr]    Compiling dscapture v0.1.0 (/opt/rustwide/workdir)
[INFO] [stderr]     Finished `release` profile [optimized] target(s) in 1m 32s
[INFO] running `Command { std: "docker" "inspect" "2452450729e6e5b44fddfd09075ed95d48271d92181a9477032839693029a646", kill_on_drop: false }`
[INFO] running `Command { std: "docker" "exec" "-e" "SOURCE_DIR=/opt/rustwide/workdir" "-e" "CARGO_HOME=/opt/rustwide/cargo-home" "-e" "RUSTUP_HOME=/opt/rustwide/rustup-home" "-e" "CARGO_TARGET_DIR=/opt/rustwide/target" "-e" "CARGO_INCREMENTAL=0" "-e" "RUST_BACKTRACE=full" "-e" "RUSTFLAGS=--cap-lints=warn" "-e" "RUSTDOCFLAGS=--cap-lints=warn" "-w" "/opt/rustwide/workdir" "--user" "0:0" "2452450729e6e5b44fddfd09075ed95d48271d92181a9477032839693029a646" "/opt/rustwide/cargo-home/bin/cargo" "+1.98.0-beta.8" "test" "--frozen" "--release", kill_on_drop: false }`
[INFO] [stderr]     Finished `release` profile [optimized] target(s) in 0.15s
[INFO] [stderr]      Running unittests src/lib.rs (/opt/rustwide/target/release/deps/dscapture-ff9844bd451b7c9f)
[INFO] [stdout] 
[INFO] [stdout] running 11 tests
[INFO] [stdout] test netlist::tests::validates_derating_policy ... ok
[INFO] [stdout] test netlist::tests::handles_asymmetric_p_channel_limits_and_continuation_rows ... ok
[INFO] [stdout] test netlist::tests::generates_compact_smoke_profile ... ok
[INFO] [stdout] test parser::tests::parses_ocr_rating_with_conditions_after_unit ... ok
[INFO] [stdout] test parser::tests::standalone_reference_marker_does_not_end_a_rating_table ... ok
[INFO] [stdout] test netlist::tests::emits_generic_ic_voltage_limits ... FAILED
[INFO] [stdout] test parser::tests::parses_min_typ_max_rating ... ok
[INFO] [stdout] test parser::tests::parses_name_first_and_pin_first_rows ... ok
[INFO] [stdout] test parser::tests::package_names_are_canonicalized_and_unique ... ok
[INFO] [stdout] test parser::tests::recognizes_numbered_headings ... ok
[INFO] [stdout] test parser::tests::parses_multi_page_electrical_characteristics ... ok
[INFO] [stdout] 
[INFO] [stdout] failures:
[INFO] [stdout] 
[INFO] [stdout] ---- netlist::tests::emits_generic_ic_voltage_limits stdout ----
[INFO] [stdout] 
[INFO] [stdout] thread 'netlist::tests::emits_generic_ic_voltage_limits' (1866) panicked at src/netlist.rs:805:9:
[INFO] [stdout] assertion failed: profile.contains("- VIN_MIN=-0.3\n")
[INFO] [stdout] stack backtrace:
[INFO] [stdout]    0:     0x5d86ba814776 - <unknown>
[INFO] [stdout]    1:     0x5d86ba70a3da - <unknown>
[INFO] [stdout]    2:     0x5d86ba819ecc - <unknown>
[INFO] [stdout]    3:     0x5d86ba7efed2 - <unknown>
[INFO] [stdout]    4:     0x5d86ba80d281 - <unknown>
[INFO] [stdout]    5:     0x5d86ba80d462 - <unknown>
[INFO] [stdout]    6:     0x5d86ba7effb4 - <unknown>
[INFO] [stdout]    7:     0x5d86ba7e7b29 - <unknown>
[INFO] [stdout]    8:     0x5d86ba7f4d1d - <unknown>
[INFO] [stdout]    9:     0x5d86ba70aaec - <unknown>
[INFO] [stdout]   10:     0x5d86ba70aab2 - <unknown>
[INFO] [stdout]   11:     0x5d86ba73f32e - <unknown>
[INFO] [stdout]   12:     0x5d86ba81baab - <unknown>
[INFO] [stdout]   13:     0x5d86ba829e21 - <unknown>
[INFO] [stdout]   14:     0x5d86ba8246f4 - <unknown>
[INFO] [stdout]   15:     0x5d86ba82dc92 - <unknown>
[INFO] [stdout]   16:     0x5d86ba814054 - <unknown>
[INFO] [stdout]   17:     0x7a21315ee07a - <unknown>
[INFO] [stdout]   18:     0x7a2131681534 - clone
[INFO] [stdout]   19:                0x0 - <unknown>
[INFO] [stdout] 
[INFO] [stdout] 
[INFO] [stdout] failures:
[INFO] [stdout]     netlist::tests::emits_generic_ic_voltage_limits
[INFO] [stdout] 
[INFO] [stdout] test result: FAILED. 10 passed; 1 failed; 0 ignored; 0 measured; 0 filtered out; finished in 0.02s
[INFO] [stdout] 
[INFO] [stderr] error: test failed, to rerun pass `--lib`
[INFO] running `Command { std: "docker" "inspect" "2452450729e6e5b44fddfd09075ed95d48271d92181a9477032839693029a646", kill_on_drop: false }`
[INFO] running `Command { std: "docker" "rm" "-f" "2452450729e6e5b44fddfd09075ed95d48271d92181a9477032839693029a646", kill_on_drop: false }`
[INFO] [stdout] 2452450729e6e5b44fddfd09075ed95d48271d92181a9477032839693029a646
