[INFO] cloning repository https://github.com/issueye/icoo_lang_r
[INFO] running `Command { std: "git" "-c" "credential.helper=" "-c" "credential.helper=/workspace/cargo-home/bin/git-credential-null" "clone" "--bare" "https://github.com/issueye/icoo_lang_r" "/workspace/cache/git-repos/https%3A%2F%2Fgithub.com%2Fissueye%2Ficoo_lang_r", kill_on_drop: false }`
[INFO] [stderr] Cloning into bare repository '/workspace/cache/git-repos/https%3A%2F%2Fgithub.com%2Fissueye%2Ficoo_lang_r'...
[INFO] running `Command { std: "git" "rev-parse" "HEAD", kill_on_drop: false }`
[INFO] [stdout] 0b3fe3b0525eb45b1f70f7061677c1bf81d681f4
[INFO] testing issueye/icoo_lang_r against 1.98.0-beta.8+cargoflags=--release for beta-release-1.99-2
[INFO] running `Command { std: "git" "clone" "/workspace/cache/git-repos/https%3A%2F%2Fgithub.com%2Fissueye%2Ficoo_lang_r" "/workspace/builds/worker-5-tc1/source", kill_on_drop: false }`
[INFO] [stderr] Cloning into '/workspace/builds/worker-5-tc1/source'...
[INFO] [stderr] done.
[INFO] removed /workspace/builds/worker-5-tc1/source/.cargo/config.toml
[INFO] removed /workspace/builds/worker-5-tc1/source/rust-toolchain.toml
[INFO] started tweaking git repo https://github.com/issueye/icoo_lang_r
[INFO] finished tweaking git repo https://github.com/issueye/icoo_lang_r
[INFO] tweaked toml for git repo https://github.com/issueye/icoo_lang_r written to /workspace/builds/worker-5-tc1/source/Cargo.toml
[INFO] validating manifest of git repo https://github.com/issueye/icoo_lang_r on toolchain 1.98.0-beta.8
[INFO] running `Command { std: CARGO_HOME="/workspace/cargo-home" RUSTUP_HOME="/workspace/rustup-home" "/workspace/cargo-home/bin/cargo" "+1.98.0-beta.8" "metadata" "--manifest-path" "Cargo.toml" "--no-deps", kill_on_drop: false }`
[INFO] crate git repo https://github.com/issueye/icoo_lang_r already has a lockfile, it will not be regenerated
[INFO] running `Command { std: CARGO_HOME="/workspace/cargo-home" RUSTUP_HOME="/workspace/rustup-home" "/workspace/cargo-home/bin/cargo" "+1.98.0-beta.8" "fetch" "--manifest-path" "Cargo.toml", kill_on_drop: false }`
[INFO] [stderr]     Updating crates.io index
[INFO] [stderr]  Downloading crates ...
[INFO] [stderr]   Downloaded serde_yml v0.0.12
[INFO] [stderr]   Downloaded asn1-rs-derive v0.6.0
[INFO] [stderr]   Downloaded num-conv v0.2.2
[INFO] [stderr]   Downloaded oid-registry v0.8.1
[INFO] [stderr]   Downloaded rustls-pki-types v1.14.1
[INFO] [stderr]   Downloaded yasna v0.6.0
[INFO] [stderr]   Downloaded log v0.4.30
[INFO] [stderr]   Downloaded rcgen v0.14.8
[INFO] [stderr]   Downloaded der-parser v10.0.0
[INFO] [stderr]   Downloaded libyml v0.0.5
[INFO] [stderr]   Downloaded asn1-rs v0.7.2
[INFO] [stderr]   Downloaded rustls-webpki v0.103.13
[INFO] [stderr]   Downloaded x509-parser v0.18.1
[INFO] [stderr]   Downloaded aws-lc-rs v1.17.0
[INFO] [stderr]   Downloaded rustls v0.23.40
[INFO] [stderr]   Downloaded tokio v1.52.3
[INFO] [stderr]   Downloaded aws-lc-sys v0.41.0
[INFO] running `Command { std: "docker" "create" "-v" "/var/lib/crater-agent-workspace/builds/worker-5-tc1/source:/opt/rustwide/workdir:ro,Z" "-v" "/var/lib/crater-agent-workspace/builds/worker-5-tc1/target:/opt/rustwide/target:rw,Z" "-v" "/var/lib/crater-agent-workspace/cargo-home:/opt/rustwide/cargo-home:ro,Z" "-v" "/var/lib/crater-agent-workspace/rustup-home:/opt/rustwide/rustup-home:ro,Z" "-m" "1610612736" "--network" "none" "ghcr.io/rust-lang/crates-build-env/linux@sha256:8683fc1fc2eb5c9ac98e0d076ab094b2ffac7f99da555d2b6a2e27f346de2ec7" "sleep" "infinity", kill_on_drop: false }`
[INFO] [stdout] edd4924ea1a1fd875196e0a378d2a8e1f57f02c946adaf5e2935bc12767856a2
[INFO] running `Command { std: "docker" "start" "edd4924ea1a1fd875196e0a378d2a8e1f57f02c946adaf5e2935bc12767856a2", kill_on_drop: false }`
[INFO] running `Command { std: "docker" "inspect" "edd4924ea1a1fd875196e0a378d2a8e1f57f02c946adaf5e2935bc12767856a2", kill_on_drop: false }`
[INFO] running `Command { std: "docker" "exec" "-e" "SOURCE_DIR=/opt/rustwide/workdir" "-e" "CARGO_HOME=/opt/rustwide/cargo-home" "-e" "RUSTUP_HOME=/opt/rustwide/rustup-home" "-e" "CARGO_TARGET_DIR=/opt/rustwide/target" "-w" "/opt/rustwide/workdir" "--user" "0:0" "edd4924ea1a1fd875196e0a378d2a8e1f57f02c946adaf5e2935bc12767856a2" "/opt/rustwide/cargo-home/bin/cargo" "+1.98.0-beta.8" "metadata" "--no-deps" "--format-version=1", kill_on_drop: false }`
[INFO] running `Command { std: "docker" "inspect" "edd4924ea1a1fd875196e0a378d2a8e1f57f02c946adaf5e2935bc12767856a2", kill_on_drop: false }`
[INFO] running `Command { std: "docker" "exec" "-e" "SOURCE_DIR=/opt/rustwide/workdir" "-e" "CARGO_HOME=/opt/rustwide/cargo-home" "-e" "RUSTUP_HOME=/opt/rustwide/rustup-home" "-e" "CARGO_TARGET_DIR=/opt/rustwide/target" "-e" "CARGO_INCREMENTAL=0" "-e" "RUST_BACKTRACE=full" "-e" "RUSTFLAGS=--cap-lints=warn" "-e" "RUSTDOCFLAGS=--cap-lints=warn" "-w" "/opt/rustwide/workdir" "--user" "0:0" "edd4924ea1a1fd875196e0a378d2a8e1f57f02c946adaf5e2935bc12767856a2" "/opt/rustwide/cargo-home/bin/cargo" "+1.98.0-beta.8" "build" "--frozen" "--message-format=json" "--release", kill_on_drop: false }`
[INFO] [stderr]    Compiling libc v0.2.186
[INFO] [stderr]    Compiling find-msvc-tools v0.1.9
[INFO] [stderr]    Compiling serde_core v1.0.228
[INFO] [stderr]    Compiling dunce v1.0.5
[INFO] [stderr]    Compiling fs_extra v1.3.0
[INFO] [stderr]    Compiling serde v1.0.228
[INFO] [stderr]    Compiling aws-lc-rs v1.17.0
[INFO] [stderr]    Compiling zeroize v1.8.2
[INFO] [stderr]    Compiling hashbrown v0.17.1
[INFO] [stderr]    Compiling crc32fast v1.5.0
[INFO] [stderr]    Compiling anyhow v1.0.102
[INFO] [stderr]    Compiling equivalent v1.0.2
[INFO] [stderr]    Compiling rustls-pki-types v1.14.1
[INFO] [stderr]    Compiling cfg-if v1.0.4
[INFO] [stderr]    Compiling simd-adler32 v0.3.9
[INFO] [stderr]    Compiling zmij v1.0.21
[INFO] [stderr]    Compiling serde_yml v0.0.12
[INFO] [stderr]    Compiling winnow v0.7.15
[INFO] [stderr]    Compiling miniz_oxide v0.8.9
[INFO] [stderr]    Compiling indexmap v2.14.0
[INFO] [stderr]    Compiling rustls v0.23.40
[INFO] [stderr]    Compiling untrusted v0.9.0
[INFO] [stderr]    Compiling serde_json v1.0.149
[INFO] [stderr]    Compiling toml_write v0.1.2
[INFO] [stderr]    Compiling itoa v1.0.18
[INFO] [stderr]    Compiling jobserver v0.1.34
[INFO] [stderr]    Compiling memchr v2.8.0
[INFO] [stderr]    Compiling flate2 v1.1.9
[INFO] [stderr]    Compiling libyml v0.0.5
[INFO] [stderr]    Compiling cc v1.2.62
[INFO] [stderr]    Compiling ryu v1.0.23
[INFO] [stderr]    Compiling once_cell v1.21.4
[INFO] [stderr]    Compiling pin-project-lite v0.2.17
[INFO] [stderr]    Compiling subtle v2.6.1
[INFO] [stderr]    Compiling openssl-probe v0.2.1
[INFO] [stderr]    Compiling cmake v0.1.58
[INFO] [stderr]    Compiling log v0.4.30
[INFO] [stderr]    Compiling byteorder v1.5.0
[INFO] [stderr]    Compiling rustls-native-certs v0.8.3
[INFO] [stderr]    Compiling tokio v1.52.3
[INFO] [stderr]    Compiling zip v0.6.6
[INFO] [stderr]    Compiling aws-lc-sys v0.41.0
[INFO] [stderr]    Compiling toml_datetime v0.6.11
[INFO] [stderr]    Compiling serde_spanned v0.6.9
[INFO] [stderr]    Compiling toml_edit v0.22.27
[INFO] [stderr]    Compiling toml v0.8.23
[INFO] [stderr]    Compiling rustls-webpki v0.103.13
[INFO] [stderr]    Compiling icoo_lang_r v0.1.0 (/opt/rustwide/workdir)
[INFO] [stderr]     Finished `release` profile [optimized] target(s) in 3m 23s
[INFO] running `Command { std: "docker" "inspect" "edd4924ea1a1fd875196e0a378d2a8e1f57f02c946adaf5e2935bc12767856a2", kill_on_drop: false }`
[INFO] running `Command { std: "docker" "exec" "-e" "SOURCE_DIR=/opt/rustwide/workdir" "-e" "CARGO_HOME=/opt/rustwide/cargo-home" "-e" "RUSTUP_HOME=/opt/rustwide/rustup-home" "-e" "CARGO_TARGET_DIR=/opt/rustwide/target" "-e" "CARGO_INCREMENTAL=0" "-e" "RUST_BACKTRACE=full" "-e" "RUSTFLAGS=--cap-lints=warn" "-e" "RUSTDOCFLAGS=--cap-lints=warn" "-w" "/opt/rustwide/workdir" "--user" "0:0" "edd4924ea1a1fd875196e0a378d2a8e1f57f02c946adaf5e2935bc12767856a2" "/opt/rustwide/cargo-home/bin/cargo" "+1.98.0-beta.8" "test" "--frozen" "--no-run" "--message-format=json" "--release", kill_on_drop: false }`
[INFO] [stderr]    Compiling libc v0.2.186
[INFO] [stderr]    Compiling powerfmt v0.2.0
[INFO] [stderr]    Compiling ring v0.17.14
[INFO] [stderr]    Compiling num-conv v0.2.2
[INFO] [stderr]    Compiling time-core v0.1.8
[INFO] [stderr]    Compiling base64 v0.22.1
[INFO] [stderr]    Compiling deranged v0.5.8
[INFO] [stderr]    Compiling pem v3.0.6
[INFO] [stderr]    Compiling getrandom v0.2.17
[INFO] [stderr]    Compiling time v0.3.47
[INFO] [stderr]    Compiling yasna v0.6.0
[INFO] [stderr]    Compiling rcgen v0.14.8
[INFO] [stderr]    Compiling icoo_lang_r v0.1.0 (/opt/rustwide/workdir)
[INFO] [stderr]     Finished `release` profile [optimized] target(s) in 1m 10s
[INFO] running `Command { std: "docker" "inspect" "edd4924ea1a1fd875196e0a378d2a8e1f57f02c946adaf5e2935bc12767856a2", kill_on_drop: false }`
[INFO] running `Command { std: "docker" "exec" "-e" "SOURCE_DIR=/opt/rustwide/workdir" "-e" "CARGO_HOME=/opt/rustwide/cargo-home" "-e" "RUSTUP_HOME=/opt/rustwide/rustup-home" "-e" "CARGO_TARGET_DIR=/opt/rustwide/target" "-e" "CARGO_INCREMENTAL=0" "-e" "RUST_BACKTRACE=full" "-e" "RUSTFLAGS=--cap-lints=warn" "-e" "RUSTDOCFLAGS=--cap-lints=warn" "-w" "/opt/rustwide/workdir" "--user" "0:0" "edd4924ea1a1fd875196e0a378d2a8e1f57f02c946adaf5e2935bc12767856a2" "/opt/rustwide/cargo-home/bin/cargo" "+1.98.0-beta.8" "test" "--frozen" "--release", kill_on_drop: false }`
[INFO] [stderr]     Finished `release` profile [optimized] target(s) in 0.18s
[INFO] [stderr]      Running unittests src/lib.rs (/opt/rustwide/target/release/deps/icoo_lang_r-becf36d9610dbc92)
[INFO] [stdout] 
[INFO] [stdout] running 37 tests
[INFO] [stdout] test interpreter::http_alpn::tests::http_alpn_future_h2_policy_prefers_h2_then_http_11 ... ok
[INFO] [stdout] test interpreter::http_alpn::tests::http_alpn_default_policy_only_advertises_http_11 ... ok
[INFO] [stdout] test interpreter::http_client::tests::interpreter_reuses_cached_http_tls_client_config ... ok
[INFO] [stdout] test interpreter::http_proxy::tests::builds_absolute_form_target_for_plain_http_proxy_request ... ok
[INFO] [stdout] test interpreter::http_proxy::tests::builds_connect_request_with_proxy_authorization ... ok
[INFO] [stdout] test interpreter::http_alpn::tests::http_alpn_classifies_negotiated_protocols ... ok
[INFO] [stdout] test interpreter::http_proxy::tests::builds_connect_request_without_proxy_authorization ... ok
[INFO] [stdout] test interpreter::http_proxy::tests::http_proxy_rejects_empty_host ... ok
[INFO] [stdout] test interpreter::http_proxy::tests::http_proxy_rejects_zero_port ... ok
[INFO] [stdout] test interpreter::http_proxy::tests::stores_proxy_configuration ... ok
[INFO] [stdout] test interpreter::http_redirect::tests::http_redirect_extracts_location_from_lowercased_headers ... ok
[INFO] [stdout] test interpreter::http_redirect::tests::http_redirect_enforces_max_redirects ... ok
[INFO] [stdout] test interpreter::http_redirect::tests::http_redirect_ignores_non_redirect_status ... ok
[INFO] [stdout] test interpreter::http_redirect::tests::http_redirect_rejects_unsupported_absolute_location_scheme ... ok
[INFO] [stdout] test interpreter::http_redirect::tests::http_redirect_preserves_method_and_body_for_307_308 ... ok
[INFO] [stdout] test interpreter::http_redirect::tests::http_redirect_resolves_absolute_location ... ok
[INFO] [stdout] test interpreter::http_redirect::tests::http_redirect_resolves_directory_relative_location ... ok
[INFO] [stdout] test interpreter::http_redirect::tests::http_redirect_requires_location_header ... ok
[INFO] [stdout] test interpreter::http_redirect::tests::http_redirect_resolves_query_relative_location ... ok
[INFO] [stdout] test interpreter::http_redirect::tests::http_redirect_resolves_root_relative_location ... ok
[INFO] [stdout] test interpreter::http_redirect::tests::http_redirect_resolves_scheme_relative_location ... ok
[INFO] [stdout] test interpreter::http_redirect::tests::http_redirect_rewrites_301_302_post_to_get_and_drops_body ... ok
[INFO] [stdout] test interpreter::http_redirect::tests::http_redirect_rewrites_303_to_get_and_drops_body ... ok
[INFO] [stdout] test interpreter::http_redirect::tests::http_redirect_status_detection_matches_redirect_codes ... ok
[INFO] [stdout] test interpreter::http_url::tests::keeps_unsupported_scheme_error_text_stable ... ok
[INFO] [stdout] test interpreter::http_url::tests::omits_explicit_default_port_from_host_header ... ok
[INFO] [stdout] test interpreter::http_url::tests::parses_bracketed_ipv6_with_default_https_port ... ok
[INFO] [stdout] test interpreter::http_url::tests::parses_bracketed_ipv6_with_port_path_and_query ... ok
[INFO] [stdout] test interpreter::http_url::tests::parses_explicit_non_default_port ... ok
[INFO] [stdout] test interpreter::http_proxy::tests::brackets_ipv6_hosts_in_proxy_request_targets ... ok
[INFO] [stderr]      Running unittests src/main.rs (/opt/rustwide/target/release/deps/icoo-bbc55976b42cb54a)
[INFO] [stdout] test interpreter::http_url::tests::parses_http_url_with_default_port_and_path ... ok
[INFO] [stderr]      Running tests/async_event_loop.rs (/opt/rustwide/target/release/deps/async_event_loop-35aae16914166d81)
[INFO] [stdout] test interpreter::http_url::tests::preserves_query_without_explicit_path ... ok
[INFO] [stdout] test interpreter::http_url::tests::rejects_empty_host ... ok
[INFO] [stdout] test interpreter::http_url::tests::rejects_invalid_port ... ok
[INFO] [stdout] test interpreter::http_url::tests::rejects_malformed_bracketed_ipv6 ... ok
[INFO] [stdout] test interpreter::http_url::tests::rejects_unbracketed_ipv6 ... ok
[INFO] [stdout] test interpreter::http_url::tests::parses_https_url_with_default_path ... ok
[INFO] [stdout] 
[INFO] [stdout] test result: ok. 37 passed; 0 failed; 0 ignored; 0 measured; 0 filtered out; finished in 0.00s
[INFO] [stdout] 
[INFO] [stdout] 
[INFO] [stdout] running 0 tests
[INFO] [stdout] 
[INFO] [stdout] test result: ok. 0 passed; 0 failed; 0 ignored; 0 measured; 0 filtered out; finished in 0.00s
[INFO] [stdout] 
[INFO] [stdout] 
[INFO] [stdout] running 5 tests
[INFO] [stdout] test cancelling_task_wakes_awaiters_with_stable_error ... ok
[INFO] [stdout] test resolver_rejects_await_inside_complex_expressions ... ok
[INFO] [stdout] test spawn_rejects_reusing_the_same_coroutine ... ok
[INFO] [stdout] test run_until_only_waits_for_target_task ... ok
[INFO] [stdout] test run_until_rejects_task_from_another_event_loop ... ok
[INFO] [stdout] 
[INFO] [stdout] test result: ok. 5 passed; 0 failed; 0 ignored; 0 measured; 0 filtered out; finished in 0.00s
[INFO] [stdout] 
[INFO] [stdout] 
[INFO] [stderr]      Running tests/backend_equivalence.rs (/opt/rustwide/target/release/deps/backend_equivalence-52c4c1f0884d8c3a)
[INFO] [stdout] running 9 tests
[INFO] [stderr]      Running tests/bytes.rs (/opt/rustwide/target/release/deps/bytes-03ca8b41b21b2c88)
[INFO] [stdout] test sync_classes_and_inheritance_match ... ok
[INFO] [stdout] test sync_collections_and_templates_match ... ok
[INFO] [stdout] test vm_sync_subset_control_flow_matches_ast ... ok
[INFO] [stdout] test sync_literals_operators_and_bindings_match ... ok
[INFO] [stdout] test sync_control_flow_matches ... ok
[INFO] [stdout] test sync_functions_and_closures_match ... ok
[INFO] [stdout] test vm_sync_subset_literals_arithmetic_and_bindings_match_ast ... ok
[INFO] [stdout] test vm_sync_subset_reports_unsupported_features ... ok
[INFO] [stdout] test vm_sync_subset_ternary_and_match_match_ast ... ok
[INFO] [stdout] 
[INFO] [stdout] test result: ok. 9 passed; 0 failed; 0 ignored; 0 measured; 0 filtered out; finished in 0.00s
[INFO] [stdout] 
[INFO] [stdout] 
[INFO] [stdout] running 8 tests
[INFO] [stdout] test bytes_display_is_safe_for_printing ... ok
[INFO] [stdout] test rejects_implicit_json_encoding_for_bytes ... ok
[INFO] [stdout] test rejects_invalid_bytes_usage ... ok
[INFO] [stdout] test supports_buffer_builder_and_snapshots ... ok
[INFO] [stdout] test supports_bytes_methods_and_string_encoding ... ok
[INFO] [stdout] test supports_bytes_static_constructors_and_base64 ... ok
[INFO] [stdout] test rejects_oversized_file_bytes ... FAILED
[INFO] [stdout] test supports_std_io_fs_binary_round_trip ... FAILED
[INFO] [stdout] 
[INFO] [stdout] failures:
[INFO] [stdout] 
[INFO] [stdout] ---- rejects_oversized_file_bytes stdout ----
[INFO] [stdout] 
[INFO] [stdout] thread 'rejects_oversized_file_bytes' (3371) panicked at tests/bytes.rs:184:45:
[INFO] [stdout] called `Result::unwrap()` on an `Err` value: Os { code: 30, kind: ReadOnlyFilesystem, message: "Read-only file system" }
[INFO] [stdout] stack backtrace:
[INFO] [stdout]    0:     0x601a013b4ba1 - <<std[97b98282bc616a66]::sys::backtrace::BacktraceLock>::print::DisplayBacktrace as core[832e9a552fc17241]::fmt::Display>::fmt
[INFO] [stdout]    1:     0x601a013ccd0a - core[832e9a552fc17241]::fmt::write
[INFO] [stdout]    2:     0x601a013b9c2c - <alloc[3ecab9f82c41dc7d]::vec::Vec<u8> as std[97b98282bc616a66]::io::Write>::write_fmt
[INFO] [stdout]    3:     0x601a0138d746 - std[97b98282bc616a66]::panicking::default_hook::{closure#0}
[INFO] [stdout]    4:     0x601a013a9e29 - std[97b98282bc616a66]::panicking::default_hook
[INFO] [stdout]    5:     0x601a00f47ce0 - test[39766f3d73431624]::test_main_inner::<test[39766f3d73431624]::test_main_static::{closure#0}>::{closure#0}
[INFO] [stdout]    6:     0x601a013aa152 - std[97b98282bc616a66]::panicking::panic_with_hook
[INFO] [stdout]    7:     0x601a0138d7f2 - std[97b98282bc616a66]::panicking::panic_handler::{closure#0}
[INFO] [stdout]    8:     0x601a01384c89 - std[97b98282bc616a66]::sys::backtrace::__rust_end_short_backtrace::<std[97b98282bc616a66]::panicking::panic_handler::{closure#0}, !>
[INFO] [stdout]    9:     0x601a0138e7bd - __rustc[e3d8617bb01b7f69]::rust_begin_unwind
[INFO] [stdout]   10:     0x601a013cd46c - core[832e9a552fc17241]::panicking::panic_fmt
[INFO] [stdout]   11:     0x601a013cd242 - core[832e9a552fc17241]::result::unwrap_failed
[INFO] [stdout]   12:     0x601a00f35aed - <bytes[26e7ac07187df873]::rejects_oversized_file_bytes::{closure#0} as core[832e9a552fc17241]::ops::function::FnOnce<()>>::call_once
[INFO] [stdout]   13:     0x601a00f3b01b - test[39766f3d73431624]::__rust_begin_short_backtrace::<core[832e9a552fc17241]::result::Result<(), alloc[3ecab9f82c41dc7d]::string::String>, fn() -> core[832e9a552fc17241]::result::Result<(), alloc[3ecab9f82c41dc7d]::string::String>>
[INFO] [stdout]   14:     0x601a00f48665 - test[39766f3d73431624]::run_test::{closure#0}
[INFO] [stdout]   15:     0x601a00f43114 - std[97b98282bc616a66]::sys::backtrace::__rust_begin_short_backtrace::<test[39766f3d73431624]::run_test::{closure#1}, ()>
[INFO] [stdout]   16:     0x601a00f4b7b2 - <std[97b98282bc616a66]::thread::lifecycle::spawn_unchecked<test[39766f3d73431624]::run_test::{closure#1}, ()>::{closure#1} as core[832e9a552fc17241]::ops::function::FnOnce<()>>::call_once::{shim:vtable#0}
[INFO] [stdout]   17:     0x601a013b335f - <std[97b98282bc616a66]::sys::thread::unix::Thread>::new::thread_start
[INFO] [stdout]   18:     0x74ee9bca407a - <unknown>
[INFO] [stdout]   19:     0x74ee9bd37534 - clone
[INFO] [stdout]   20:                0x0 - <unknown>
[INFO] [stdout] 
[INFO] [stdout] ---- supports_std_io_fs_binary_round_trip stdout ----
[INFO] [stdout] 
[INFO] [stdout] thread 'supports_std_io_fs_binary_round_trip' (3375) panicked at tests/bytes.rs:98:45:
[INFO] [stdout] called `Result::unwrap()` on an `Err` value: Os { code: 30, kind: ReadOnlyFilesystem, message: "Read-only file system" }
[INFO] [stdout] stack backtrace:
[INFO] [stdout]    0:     0x601a013b4ba1 - <<std[97b98282bc616a66]::sys::backtrace::BacktraceLock>::print::DisplayBacktrace as core[832e9a552fc17241]::fmt::Display>::fmt
[INFO] [stdout]    1:     0x601a013ccd0a - core[832e9a552fc17241]::fmt::write
[INFO] [stdout]    2:     0x601a013b9c2c - <alloc[3ecab9f82c41dc7d]::vec::Vec<u8> as std[97b98282bc616a66]::io::Write>::write_fmt
[INFO] [stdout]    3:     0x601a0138d746 - std[97b98282bc616a66]::panicking::default_hook::{closure#0}
[INFO] [stdout]    4:     0x601a013a9e29 - std[97b98282bc616a66]::panicking::default_hook
[INFO] [stdout]    5:     0x601a00f47ce0 - test[39766f3d73431624]::test_main_inner::<test[39766f3d73431624]::test_main_static::{closure#0}>::{closure#0}
[INFO] [stdout]    6:     0x601a013aa152 - std[97b98282bc616a66]::panicking::panic_with_hook
[INFO] [stdout]    7:     0x601a0138d7f2 - std[97b98282bc616a66]::panicking::panic_handler::{closure#0}
[INFO] [stdout]    8:     0x601a01384c89 - std[97b98282bc616a66]::sys::backtrace::__rust_end_short_backtrace::<std[97b98282bc616a66]::panicking::panic_handler::{closure#0}, !>
[INFO] [stdout]    9:     0x601a0138e7bd - __rustc[e3d8617bb01b7f69]::rust_begin_unwind
[INFO] [stdout]   10:     0x601a013cd46c - core[832e9a552fc17241]::panicking::panic_fmt
[INFO] [stdout]   11:     0x601a013cd242 - core[832e9a552fc17241]::result::unwrap_failed
[INFO] [stdout]   12:     0x601a00f36123 - <bytes[26e7ac07187df873]::supports_std_io_fs_binary_round_trip::{closure#0} as core[832e9a552fc17241]::ops::function::FnOnce<()>>::call_once
[INFO] [stdout]   13:     0x601a00f3b01b - test[39766f3d73431624]::__rust_begin_short_backtrace::<core[832e9a552fc17241]::result::Result<(), alloc[3ecab9f82c41dc7d]::string::String>, fn() -> core[832e9a552fc17241]::result::Result<(), alloc[3ecab9f82c41dc7d]::string::String>>
[INFO] [stdout]   14:     0x601a00f48665 - test[39766f3d73431624]::run_test::{closure#0}
[INFO] [stdout]   15:     0x601a00f43114 - std[97b98282bc616a66]::sys::backtrace::__rust_begin_short_backtrace::<test[39766f3d73431624]::run_test::{closure#1}, ()>
[INFO] [stdout]   16:     0x601a00f4b7b2 - <std[97b98282bc616a66]::thread::lifecycle::spawn_unchecked<test[39766f3d73431624]::run_test::{closure#1}, ()>::{closure#1} as core[832e9a552fc17241]::ops::function::FnOnce<()>>::call_once::{shim:vtable#0}
[INFO] [stdout]   17:     0x601a013b335f - <std[97b98282bc616a66]::sys::thread::unix::Thread>::new::thread_start
[INFO] [stdout]   18:     0x74ee9bca407a - <unknown>
[INFO] [stdout]   19:     0x74ee9bd37534 - clone
[INFO] [stdout]   20:                0x0 - <unknown>
[INFO] [stdout] 
[INFO] [stdout] 
[INFO] [stdout] failures:
[INFO] [stdout]     rejects_oversized_file_bytes
[INFO] [stdout]     supports_std_io_fs_binary_round_trip
[INFO] [stdout] 
[INFO] [stdout] test result: FAILED. 6 passed; 2 failed; 0 ignored; 0 measured; 0 filtered out; finished in 0.00s
[INFO] [stdout] 
[INFO] [stderr] error: test failed, to rerun pass `--test bytes`
[INFO] running `Command { std: "docker" "inspect" "edd4924ea1a1fd875196e0a378d2a8e1f57f02c946adaf5e2935bc12767856a2", kill_on_drop: false }`
[INFO] running `Command { std: "docker" "rm" "-f" "edd4924ea1a1fd875196e0a378d2a8e1f57f02c946adaf5e2935bc12767856a2", kill_on_drop: false }`
[INFO] [stdout] edd4924ea1a1fd875196e0a378d2a8e1f57f02c946adaf5e2935bc12767856a2
