[INFO] cloning repository https://github.com/inkthorne/ink-rpc
[INFO] running `Command { std: "git" "-c" "credential.helper=" "-c" "credential.helper=/workspace/cargo-home/bin/git-credential-null" "clone" "--bare" "https://github.com/inkthorne/ink-rpc" "/workspace/cache/git-repos/https%3A%2F%2Fgithub.com%2Finkthorne%2Fink-rpc", kill_on_drop: false }`
[INFO] [stderr] Cloning into bare repository '/workspace/cache/git-repos/https%3A%2F%2Fgithub.com%2Finkthorne%2Fink-rpc'...
[INFO] running `Command { std: "git" "rev-parse" "HEAD", kill_on_drop: false }`
[INFO] [stdout] 7e7551fbfd6dd6b28c3a6c4c4c86dfe3b9b7fdd8
[INFO] testing inkthorne/ink-rpc against 1.99.0-beta.1+cargoflags=--release for beta-release-1.99-2
[INFO] running `Command { std: "git" "clone" "/workspace/cache/git-repos/https%3A%2F%2Fgithub.com%2Finkthorne%2Fink-rpc" "/workspace/builds/worker-3-tc2/source", kill_on_drop: false }`
[INFO] [stderr] Cloning into '/workspace/builds/worker-3-tc2/source'...
[INFO] [stderr] done.
[INFO] started tweaking git repo https://github.com/inkthorne/ink-rpc
[INFO] finished tweaking git repo https://github.com/inkthorne/ink-rpc
[INFO] tweaked toml for git repo https://github.com/inkthorne/ink-rpc written to /workspace/builds/worker-3-tc2/source/Cargo.toml
[INFO] validating manifest of git repo https://github.com/inkthorne/ink-rpc on toolchain 1.99.0-beta.1
[INFO] running `Command { std: CARGO_HOME="/workspace/cargo-home" RUSTUP_HOME="/workspace/rustup-home" "/workspace/cargo-home/bin/cargo" "+1.99.0-beta.1" "metadata" "--manifest-path" "Cargo.toml" "--no-deps", kill_on_drop: false }`
[INFO] crate git repo https://github.com/inkthorne/ink-rpc already has a lockfile, it will not be regenerated
[INFO] running `Command { std: CARGO_HOME="/workspace/cargo-home" RUSTUP_HOME="/workspace/rustup-home" "/workspace/cargo-home/bin/cargo" "+1.99.0-beta.1" "fetch" "--manifest-path" "Cargo.toml", kill_on_drop: false }`
[INFO] running `Command { std: "docker" "create" "-v" "/var/lib/crater-agent-workspace/builds/worker-3-tc2/source:/opt/rustwide/workdir:ro,Z" "-v" "/var/lib/crater-agent-workspace/builds/worker-3-tc2/target:/opt/rustwide/target:rw,Z" "-v" "/var/lib/crater-agent-workspace/cargo-home:/opt/rustwide/cargo-home:ro,Z" "-v" "/var/lib/crater-agent-workspace/rustup-home:/opt/rustwide/rustup-home:ro,Z" "-m" "1610612736" "--network" "none" "ghcr.io/rust-lang/crates-build-env/linux@sha256:8683fc1fc2eb5c9ac98e0d076ab094b2ffac7f99da555d2b6a2e27f346de2ec7" "sleep" "infinity", kill_on_drop: false }`
[INFO] [stdout] aba6cc48c22f078c6aec37324e0f3863e1ff1fc4bdf5985e4c174a1d6554c444
[INFO] running `Command { std: "docker" "start" "aba6cc48c22f078c6aec37324e0f3863e1ff1fc4bdf5985e4c174a1d6554c444", kill_on_drop: false }`
[INFO] running `Command { std: "docker" "inspect" "aba6cc48c22f078c6aec37324e0f3863e1ff1fc4bdf5985e4c174a1d6554c444", kill_on_drop: false }`
[INFO] running `Command { std: "docker" "exec" "-e" "SOURCE_DIR=/opt/rustwide/workdir" "-e" "CARGO_HOME=/opt/rustwide/cargo-home" "-e" "RUSTUP_HOME=/opt/rustwide/rustup-home" "-e" "CARGO_TARGET_DIR=/opt/rustwide/target" "-w" "/opt/rustwide/workdir" "--user" "0:0" "aba6cc48c22f078c6aec37324e0f3863e1ff1fc4bdf5985e4c174a1d6554c444" "/opt/rustwide/cargo-home/bin/cargo" "+1.99.0-beta.1" "metadata" "--no-deps" "--format-version=1", kill_on_drop: false }`
[INFO] running `Command { std: "docker" "inspect" "aba6cc48c22f078c6aec37324e0f3863e1ff1fc4bdf5985e4c174a1d6554c444", kill_on_drop: false }`
[INFO] running `Command { std: "docker" "exec" "-e" "SOURCE_DIR=/opt/rustwide/workdir" "-e" "CARGO_HOME=/opt/rustwide/cargo-home" "-e" "RUSTUP_HOME=/opt/rustwide/rustup-home" "-e" "CARGO_TARGET_DIR=/opt/rustwide/target" "-e" "CARGO_INCREMENTAL=0" "-e" "RUST_BACKTRACE=full" "-e" "RUSTFLAGS=--cap-lints=warn" "-e" "RUSTDOCFLAGS=--cap-lints=warn" "-w" "/opt/rustwide/workdir" "--user" "0:0" "aba6cc48c22f078c6aec37324e0f3863e1ff1fc4bdf5985e4c174a1d6554c444" "/opt/rustwide/cargo-home/bin/cargo" "+1.99.0-beta.1" "build" "--frozen" "--message-format=json" "--release", kill_on_drop: false }`
[INFO] [stderr]    Compiling proc-macro2 v1.0.95
[INFO] [stderr]    Compiling unicode-ident v1.0.18
[INFO] [stderr]    Compiling serde v1.0.219
[INFO] [stderr]    Compiling serde_json v1.0.140
[INFO] [stderr]    Compiling ryu v1.0.20
[INFO] [stderr]    Compiling memchr v2.7.4
[INFO] [stderr]    Compiling itoa v1.0.15
[INFO] [stderr]    Compiling quote v1.0.40
[INFO] [stderr]    Compiling syn v2.0.101
[INFO] [stderr]    Compiling serde_derive v1.0.219
[INFO] [stderr]    Compiling ink-rpc v0.1.0 (/opt/rustwide/workdir)
[INFO] [stderr]     Finished `release` profile [optimized] target(s) in 14.08s
[INFO] running `Command { std: "docker" "inspect" "aba6cc48c22f078c6aec37324e0f3863e1ff1fc4bdf5985e4c174a1d6554c444", kill_on_drop: false }`
[INFO] running `Command { std: "docker" "exec" "-e" "SOURCE_DIR=/opt/rustwide/workdir" "-e" "CARGO_HOME=/opt/rustwide/cargo-home" "-e" "RUSTUP_HOME=/opt/rustwide/rustup-home" "-e" "CARGO_TARGET_DIR=/opt/rustwide/target" "-e" "CARGO_INCREMENTAL=0" "-e" "RUST_BACKTRACE=full" "-e" "RUSTFLAGS=--cap-lints=warn" "-e" "RUSTDOCFLAGS=--cap-lints=warn" "-w" "/opt/rustwide/workdir" "--user" "0:0" "aba6cc48c22f078c6aec37324e0f3863e1ff1fc4bdf5985e4c174a1d6554c444" "/opt/rustwide/cargo-home/bin/cargo" "+1.99.0-beta.1" "test" "--frozen" "--no-run" "--message-format=json" "--release", kill_on_drop: false }`
[INFO] [stderr]    Compiling ink-rpc v0.1.0 (/opt/rustwide/workdir)
[INFO] [stderr]     Finished `release` profile [optimized] target(s) in 2.19s
[INFO] running `Command { std: "docker" "inspect" "aba6cc48c22f078c6aec37324e0f3863e1ff1fc4bdf5985e4c174a1d6554c444", kill_on_drop: false }`
[INFO] running `Command { std: "docker" "exec" "-e" "SOURCE_DIR=/opt/rustwide/workdir" "-e" "CARGO_HOME=/opt/rustwide/cargo-home" "-e" "RUSTUP_HOME=/opt/rustwide/rustup-home" "-e" "CARGO_TARGET_DIR=/opt/rustwide/target" "-e" "CARGO_INCREMENTAL=0" "-e" "RUST_BACKTRACE=full" "-e" "RUSTFLAGS=--cap-lints=warn" "-e" "RUSTDOCFLAGS=--cap-lints=warn" "-w" "/opt/rustwide/workdir" "--user" "0:0" "aba6cc48c22f078c6aec37324e0f3863e1ff1fc4bdf5985e4c174a1d6554c444" "/opt/rustwide/cargo-home/bin/cargo" "+1.99.0-beta.1" "test" "--frozen" "--release", kill_on_drop: false }`
[INFO] [stderr]     Finished `release` profile [optimized] target(s) in 0.05s
[INFO] [stderr]      Running unittests src/lib.rs (/opt/rustwide/target/release/deps/ink_rpc-41823384f794f2e3)
[INFO] [stdout] 
[INFO] [stdout] running 31 tests
[INFO] [stdout] test request::tests::test_builder_pattern ... ok
[INFO] [stdout] test request::tests::test_json_deserialization ... ok
[INFO] [stdout] test request::tests::test_json_serialization ... ok
[INFO] [stdout] test response::tests::test_error_and_result_independence ... ok
[INFO] [stdout] test response::tests::test_error_getter ... ok
[INFO] [stdout] test response::tests::test_as_json ... ok
[INFO] [stdout] test request::tests::test_new_request_initialization ... ok
[INFO] [stdout] test response::tests::test_from_json_with_error ... ok
[INFO] [stdout] test response::tests::test_id_extraction ... ok
[INFO] [stdout] test response::tests::test_id_invalid_type_returns_zero ... ok
[INFO] [stdout] test request::tests::test_display_formatting ... FAILED
[INFO] [stdout] test request::tests::test_params_operations ... ok
[INFO] [stdout] test response::tests::test_from_json ... ok
[INFO] [stdout] test response::tests::test_id_missing_returns_zero ... ok
[INFO] [stdout] test request::tests::test_method_operations ... ok
[INFO] [stdout] test response::tests::test_new_response ... ok
[INFO] [stdout] test response::tests::test_new_response_large_id ... ok
[INFO] [stdout] test request::tests::test_params_complex_structures ... ok
[INFO] [stdout] test response::tests::test_result_getter ... ok
[INFO] [stdout] test response::tests::test_new_response_zero_id ... ok
[INFO] [stdout] test response::tests::test_set_error_overwrites_previous ... ok
[INFO] [stdout] test response::tests::test_set_error_null ... ok
[INFO] [stdout] test response::tests::test_set_result_array ... ok
[INFO] [stdout] test response::tests::test_set_error_standard_codes ... ok
[INFO] [stdout] test response::tests::test_set_result_null ... ok
[INFO] [stdout] test response::tests::test_set_result_boolean ... ok
[INFO] [stdout] test response::tests::test_set_error_with_data ... ok
[INFO] [stdout] test response::tests::test_set_result_object ... ok
[INFO] [stdout] test response::tests::test_set_result_overwrites_previous ... ok
[INFO] [stdout] test response::tests::test_set_result_string ... ok
[INFO] [stdout] test response::tests::test_set_result_number ... ok
[INFO] [stdout] 
[INFO] [stdout] failures:
[INFO] [stdout] 
[INFO] [stdout] ---- request::tests::test_display_formatting stdout ----
[INFO] [stdout] 
[INFO] [stdout] thread 'request::tests::test_display_formatting' (436) panicked at src/request.rs:475:9:
[INFO] [stdout] assertion failed: display_string.contains("\"jsonrpc\": \"2.0\"")
[INFO] [stdout] stack backtrace:
[INFO] [stdout]    0:     0x5f9b75f28dc1 - <<std[104cf6e2632825ea]::sys::backtrace::BacktraceLock>::print::DisplayBacktrace as core[7c831bd917ebf35f]::fmt::Display>::fmt
[INFO] [stdout]    1:     0x5f9b75f3dd3a - core[7c831bd917ebf35f]::fmt::write
[INFO] [stdout]    2:     0x5f9b75f2d25c - <alloc[2fdc3f7464fcf288]::vec::Vec<u8> as core[7c831bd917ebf35f]::io::write::Write>::write_fmt
[INFO] [stdout]    3:     0x5f9b75f053a6 - std[104cf6e2632825ea]::panicking::default_hook::{closure#0}
[INFO] [stdout]    4:     0x5f9b75f214d9 - std[104cf6e2632825ea]::panicking::default_hook
[INFO] [stdout]    5:     0x5f9b75eb5410 - test[73009c9f9aebf890]::test_main_inner::<test[73009c9f9aebf890]::test_main_static::{closure#0}>::{closure#0}
[INFO] [stdout]    6:     0x5f9b75f21692 - std[104cf6e2632825ea]::panicking::panic_with_hook
[INFO] [stdout]    7:     0x5f9b75f05484 - std[104cf6e2632825ea]::panicking::panic_handler::{closure#0}
[INFO] [stdout]    8:     0x5f9b75efddf9 - std[104cf6e2632825ea]::sys::backtrace::__rust_end_short_backtrace::<std[104cf6e2632825ea]::panicking::panic_handler::{closure#0}, !>
[INFO] [stdout]    9:     0x5f9b75f0604d - __rustc[b0d56fa5b193ad05]::rust_begin_unwind
[INFO] [stdout]   10:     0x5f9b75f3e46c - core[7c831bd917ebf35f]::panicking::panic_fmt
[INFO] [stdout]   11:     0x5f9b75f3e432 - core[7c831bd917ebf35f]::panicking::panic
[INFO] [stdout]   12:     0x5f9b75e9b9e1 - ink_rpc[f104766082ffbbb8]::request::tests::test_display_formatting
[INFO] [stdout]   13:     0x5f9b75ea3c19 - <ink_rpc[f104766082ffbbb8]::request::tests::test_display_formatting::{closure#0} as core[7c831bd917ebf35f]::ops::function::FnOnce<()>>::call_once
[INFO] [stdout]   14:     0x5f9b75ea86fb - test[73009c9f9aebf890]::__rust_begin_short_backtrace::<core[7c831bd917ebf35f]::result::Result<(), alloc[2fdc3f7464fcf288]::string::String>, fn() -> core[7c831bd917ebf35f]::result::Result<(), alloc[2fdc3f7464fcf288]::string::String>>
[INFO] [stdout]   15:     0x5f9b75eb5d65 - test[73009c9f9aebf890]::run_test::{closure#0}
[INFO] [stdout]   16:     0x5f9b75eaf124 - std[104cf6e2632825ea]::sys::backtrace::__rust_begin_short_backtrace::<test[73009c9f9aebf890]::run_test::{closure#1}, ()>
[INFO] [stdout]   17:     0x5f9b75eb8ec2 - <std[104cf6e2632825ea]::thread::lifecycle::spawn_unchecked<test[73009c9f9aebf890]::run_test::{closure#1}, ()>::{closure#1} as core[7c831bd917ebf35f]::ops::function::FnOnce<()>>::call_once::{shim:vtable#0}
[INFO] [stdout]   18:     0x5f9b75f28699 - <std[104cf6e2632825ea]::sys::thread::unix::Thread>::new::thread_start
[INFO] [stdout]   19:     0x7e1af035a07a - <unknown>
[INFO] [stdout]   20:     0x7e1af03ed534 - clone
[INFO] [stdout]   21:                0x0 - <unknown>
[INFO] [stdout] 
[INFO] [stdout] 
[INFO] [stdout] failures:
[INFO] [stdout]     request::tests::test_display_formatting
[INFO] [stdout] 
[INFO] [stdout] test result: FAILED. 30 passed; 1 failed; 0 ignored; 0 measured; 0 filtered out; finished in 0.00s
[INFO] [stdout] 
[INFO] [stderr] error: test failed, to rerun pass `--lib`
[INFO] running `Command { std: "docker" "inspect" "aba6cc48c22f078c6aec37324e0f3863e1ff1fc4bdf5985e4c174a1d6554c444", kill_on_drop: false }`
[INFO] running `Command { std: "docker" "rm" "-f" "aba6cc48c22f078c6aec37324e0f3863e1ff1fc4bdf5985e4c174a1d6554c444", kill_on_drop: false }`
[INFO] [stdout] aba6cc48c22f078c6aec37324e0f3863e1ff1fc4bdf5985e4c174a1d6554c444
