[INFO] cloning repository https://github.com/ildede/adventofcode2025
[INFO] running `Command { std: "git" "-c" "credential.helper=" "-c" "credential.helper=/workspace/cargo-home/bin/git-credential-null" "clone" "--bare" "https://github.com/ildede/adventofcode2025" "/workspace/cache/git-repos/https%3A%2F%2Fgithub.com%2Fildede%2Fadventofcode2025", kill_on_drop: false }`
[INFO] [stderr] Cloning into bare repository '/workspace/cache/git-repos/https%3A%2F%2Fgithub.com%2Fildede%2Fadventofcode2025'...
[INFO] running `Command { std: "git" "rev-parse" "HEAD", kill_on_drop: false }`
[INFO] [stdout] 3e31a5b1ac41cbf318a38f7f5ca03e10e03cdac2
[INFO] testing ildede/adventofcode2025 against 1.98.0-beta.8+cargoflags=--release for beta-release-1.99-2
[INFO] running `Command { std: "git" "clone" "/workspace/cache/git-repos/https%3A%2F%2Fgithub.com%2Fildede%2Fadventofcode2025" "/workspace/builds/worker-0-tc1/source", kill_on_drop: false }`
[INFO] [stderr] Cloning into '/workspace/builds/worker-0-tc1/source'...
[INFO] [stderr] done.
[INFO] started tweaking git repo https://github.com/ildede/adventofcode2025
[INFO] finished tweaking git repo https://github.com/ildede/adventofcode2025
[INFO] tweaked toml for git repo https://github.com/ildede/adventofcode2025 written to /workspace/builds/worker-0-tc1/source/Cargo.toml
[INFO] validating manifest of git repo https://github.com/ildede/adventofcode2025 on toolchain 1.98.0-beta.8
[INFO] running `Command { std: CARGO_HOME="/workspace/cargo-home" RUSTUP_HOME="/workspace/rustup-home" "/workspace/cargo-home/bin/cargo" "+1.98.0-beta.8" "metadata" "--manifest-path" "Cargo.toml" "--no-deps", kill_on_drop: false }`
[INFO] crate git repo https://github.com/ildede/adventofcode2025 already has a lockfile, it will not be regenerated
[INFO] running `Command { std: CARGO_HOME="/workspace/cargo-home" RUSTUP_HOME="/workspace/rustup-home" "/workspace/cargo-home/bin/cargo" "+1.98.0-beta.8" "fetch" "--manifest-path" "Cargo.toml", kill_on_drop: false }`
[INFO] [stderr]  Downloading crates ...
[INFO] [stderr]   Downloaded quote v1.0.42
[INFO] [stderr]   Downloaded clap_derive v4.5.49
[INFO] [stderr]   Downloaded colored v3.0.0
[INFO] [stderr]   Downloaded clap_lex v0.7.6
[INFO] [stderr]   Downloaded clap v4.5.53
[INFO] [stderr]   Downloaded proc-macro2 v1.0.103
[INFO] [stderr]   Downloaded clap_builder v4.5.53
[INFO] [stderr]   Downloaded syn v2.0.111
[INFO] running `Command { std: "docker" "create" "-v" "/var/lib/crater-agent-workspace/builds/worker-0-tc1/source:/opt/rustwide/workdir:ro,Z" "-v" "/var/lib/crater-agent-workspace/builds/worker-0-tc1/target:/opt/rustwide/target:rw,Z" "-v" "/var/lib/crater-agent-workspace/cargo-home:/opt/rustwide/cargo-home:ro,Z" "-v" "/var/lib/crater-agent-workspace/rustup-home:/opt/rustwide/rustup-home:ro,Z" "-m" "1610612736" "--network" "none" "ghcr.io/rust-lang/crates-build-env/linux@sha256:8683fc1fc2eb5c9ac98e0d076ab094b2ffac7f99da555d2b6a2e27f346de2ec7" "sleep" "infinity", kill_on_drop: false }`
[INFO] [stdout] eb5dfcdae5fa408a164a47914c01b769c6ace09ab2f131620da4f47ce84d7b83
[INFO] running `Command { std: "docker" "start" "eb5dfcdae5fa408a164a47914c01b769c6ace09ab2f131620da4f47ce84d7b83", kill_on_drop: false }`
[INFO] running `Command { std: "docker" "inspect" "eb5dfcdae5fa408a164a47914c01b769c6ace09ab2f131620da4f47ce84d7b83", kill_on_drop: false }`
[INFO] running `Command { std: "docker" "exec" "-e" "SOURCE_DIR=/opt/rustwide/workdir" "-e" "CARGO_HOME=/opt/rustwide/cargo-home" "-e" "RUSTUP_HOME=/opt/rustwide/rustup-home" "-e" "CARGO_TARGET_DIR=/opt/rustwide/target" "-w" "/opt/rustwide/workdir" "--user" "0:0" "eb5dfcdae5fa408a164a47914c01b769c6ace09ab2f131620da4f47ce84d7b83" "/opt/rustwide/cargo-home/bin/cargo" "+1.98.0-beta.8" "metadata" "--no-deps" "--format-version=1", kill_on_drop: false }`
[INFO] running `Command { std: "docker" "inspect" "eb5dfcdae5fa408a164a47914c01b769c6ace09ab2f131620da4f47ce84d7b83", kill_on_drop: false }`
[INFO] running `Command { std: "docker" "exec" "-e" "SOURCE_DIR=/opt/rustwide/workdir" "-e" "CARGO_HOME=/opt/rustwide/cargo-home" "-e" "RUSTUP_HOME=/opt/rustwide/rustup-home" "-e" "CARGO_TARGET_DIR=/opt/rustwide/target" "-e" "CARGO_INCREMENTAL=0" "-e" "RUST_BACKTRACE=full" "-e" "RUSTFLAGS=--cap-lints=warn" "-e" "RUSTDOCFLAGS=--cap-lints=warn" "-w" "/opt/rustwide/workdir" "--user" "0:0" "eb5dfcdae5fa408a164a47914c01b769c6ace09ab2f131620da4f47ce84d7b83" "/opt/rustwide/cargo-home/bin/cargo" "+1.98.0-beta.8" "build" "--frozen" "--message-format=json" "--release", kill_on_drop: false }`
[INFO] [stderr]    Compiling proc-macro2 v1.0.103
[INFO] [stderr]    Compiling unicode-ident v1.0.22
[INFO] [stderr]    Compiling quote v1.0.42
[INFO] [stderr]    Compiling utf8parse v0.2.2
[INFO] [stderr]    Compiling is_terminal_polyfill v1.70.2
[INFO] [stderr]    Compiling colorchoice v1.0.4
[INFO] [stderr]    Compiling anstyle-query v1.1.5
[INFO] [stderr]    Compiling anstyle v1.0.13
[INFO] [stderr]    Compiling anstyle-parse v0.2.7
[INFO] [stderr]    Compiling clap_lex v0.7.6
[INFO] [stderr]    Compiling strsim v0.11.1
[INFO] [stderr]    Compiling heck v0.5.0
[INFO] [stderr]    Compiling colored v3.0.0
[INFO] [stderr]    Compiling anstream v0.6.21
[INFO] [stderr]    Compiling clap_builder v4.5.53
[INFO] [stderr]    Compiling syn v2.0.111
[INFO] [stderr]    Compiling clap_derive v4.5.49
[INFO] [stderr]    Compiling clap v4.5.53
[INFO] [stderr]    Compiling adventofcode2025 v0.1.0 (/opt/rustwide/workdir)
[INFO] [stderr]     Finished `release` profile [optimized] target(s) in 28.40s
[INFO] running `Command { std: "docker" "inspect" "eb5dfcdae5fa408a164a47914c01b769c6ace09ab2f131620da4f47ce84d7b83", kill_on_drop: false }`
[INFO] running `Command { std: "docker" "exec" "-e" "SOURCE_DIR=/opt/rustwide/workdir" "-e" "CARGO_HOME=/opt/rustwide/cargo-home" "-e" "RUSTUP_HOME=/opt/rustwide/rustup-home" "-e" "CARGO_TARGET_DIR=/opt/rustwide/target" "-e" "CARGO_INCREMENTAL=0" "-e" "RUST_BACKTRACE=full" "-e" "RUSTFLAGS=--cap-lints=warn" "-e" "RUSTDOCFLAGS=--cap-lints=warn" "-w" "/opt/rustwide/workdir" "--user" "0:0" "eb5dfcdae5fa408a164a47914c01b769c6ace09ab2f131620da4f47ce84d7b83" "/opt/rustwide/cargo-home/bin/cargo" "+1.98.0-beta.8" "test" "--frozen" "--no-run" "--message-format=json" "--release", kill_on_drop: false }`
[INFO] [stderr]    Compiling adventofcode2025 v0.1.0 (/opt/rustwide/workdir)
[INFO] [stderr]     Finished `release` profile [optimized] target(s) in 1.67s
[INFO] running `Command { std: "docker" "inspect" "eb5dfcdae5fa408a164a47914c01b769c6ace09ab2f131620da4f47ce84d7b83", kill_on_drop: false }`
[INFO] running `Command { std: "docker" "exec" "-e" "SOURCE_DIR=/opt/rustwide/workdir" "-e" "CARGO_HOME=/opt/rustwide/cargo-home" "-e" "RUSTUP_HOME=/opt/rustwide/rustup-home" "-e" "CARGO_TARGET_DIR=/opt/rustwide/target" "-e" "CARGO_INCREMENTAL=0" "-e" "RUST_BACKTRACE=full" "-e" "RUSTFLAGS=--cap-lints=warn" "-e" "RUSTDOCFLAGS=--cap-lints=warn" "-w" "/opt/rustwide/workdir" "--user" "0:0" "eb5dfcdae5fa408a164a47914c01b769c6ace09ab2f131620da4f47ce84d7b83" "/opt/rustwide/cargo-home/bin/cargo" "+1.98.0-beta.8" "test" "--frozen" "--release", kill_on_drop: false }`
[INFO] [stderr]     Finished `release` profile [optimized] target(s) in 0.07s
[INFO] [stderr]      Running unittests src/main.rs (/opt/rustwide/target/release/deps/adventofcode2025-629d2e2bf50fc08b)
[INFO] [stdout] 
[INFO] [stdout] running 22 tests
[INFO] [stdout] test solvers::day1::tests::solve_example_part_a ... ok
[INFO] [stdout] test solvers::day1::tests::solve_example_part_b ... ok
[INFO] [stdout] test solvers::day1::tests::test_new_position_that_arrive_on_0_with_left ... ok
[INFO] [stdout] test solvers::day1::tests::test_new_position_that_arrive_on_0_with_right ... ok
[INFO] [stdout] test solvers::day1::tests::test_new_position_that_from_number_to_number ... ok
[INFO] [stdout] test solvers::day1::tests::test_all_test_positions ... ok
[INFO] [stdout] test solvers::day1::tests::test_new_position_to_l_less_than_100 ... ok
[INFO] [stdout] test solvers::day1::tests::test_new_position_to_l_more_than_100 ... ok
[INFO] [stdout] test solvers::day1::tests::test_new_position_to_r_more_than_100 ... ok
[INFO] [stdout] test solvers::day2::tests::solve_example_part_a ... ok
[INFO] [stdout] test solvers::day2::tests::solve_example_part_b ... ok
[INFO] [stdout] test solvers::day3::tests::solve_example_part_a ... ok
[INFO] [stdout] test solvers::day3::tests::test_largest_joltage ... ok
[INFO] [stdout] test solvers::day2::tests::test_is_invalid_b_for_all_input_examples_that_are_invalid ... ok
[INFO] [stdout] test solvers::day2::tests::test_is_invalid_b_for_some_input_examples_that_are_valid ... ok
[INFO] [stdout] test solvers::day4::tests::solve_example_part_a ... ok
[INFO] [stdout] test solvers::day4::tests::test_count_adiacent_paper_roll ... ok
[INFO] [stdout] test solvers::day3::tests::test_largest_number ... ok
[INFO] [stdout] test solvers::day4::tests::test_remove_papers_rolls ... ok
[INFO] [stdout] test solvers::day3::tests::solve_example_part_b ... FAILED
[INFO] [stdout] test solvers::day4::tests::solve_example_part_b ... ok
[INFO] [stdout] test solvers::day1::tests::test_new_position_to_r_less_than_100 ... ok
[INFO] [stdout] 
[INFO] [stdout] failures:
[INFO] [stdout] 
[INFO] [stdout] ---- solvers::day3::tests::solve_example_part_b stdout ----
[INFO] [stdout] 
[INFO] [stdout] thread 'solvers::day3::tests::solve_example_part_b' (492) panicked at src/solvers/day3.rs:130:9:
[INFO] [stdout] assertion `left == right` failed
[INFO] [stdout]   left: "3121910778619"
[INFO] [stdout]  right: "not implemented yet"
[INFO] [stdout] stack backtrace:
[INFO] [stdout]    0:     0x58539ca739f1 - <<std[97b98282bc616a66]::sys::backtrace::BacktraceLock>::print::DisplayBacktrace as core[832e9a552fc17241]::fmt::Display>::fmt
[INFO] [stdout]    1:     0x58539ca87a2a - core[832e9a552fc17241]::fmt::write
[INFO] [stdout]    2:     0x58539ca77eac - <alloc[3ecab9f82c41dc7d]::vec::Vec<u8> as std[97b98282bc616a66]::io::Write>::write_fmt
[INFO] [stdout]    3:     0x58539ca52116 - std[97b98282bc616a66]::panicking::default_hook::{closure#0}
[INFO] [stdout]    4:     0x58539ca6bc19 - std[97b98282bc616a66]::panicking::default_hook
[INFO] [stdout]    5:     0x58539ca06c40 - test[39766f3d73431624]::test_main_inner::<test[39766f3d73431624]::test_main_static::{closure#0}>::{closure#0}
[INFO] [stdout]    6:     0x58539ca6bdd2 - std[97b98282bc616a66]::panicking::panic_with_hook
[INFO] [stdout]    7:     0x58539ca521c2 - std[97b98282bc616a66]::panicking::panic_handler::{closure#0}
[INFO] [stdout]    8:     0x58539ca49b19 - std[97b98282bc616a66]::sys::backtrace::__rust_end_short_backtrace::<std[97b98282bc616a66]::panicking::panic_handler::{closure#0}, !>
[INFO] [stdout]    9:     0x58539ca52dbd - __rustc[e3d8617bb01b7f69]::rust_begin_unwind
[INFO] [stdout]   10:     0x58539ca8815c - core[832e9a552fc17241]::panicking::panic_fmt
[INFO] [stdout]   11:     0x58539ca88073 - core[832e9a552fc17241]::panicking::assert_failed_inner
[INFO] [stdout]   12:     0x58539c9f52ec - core[832e9a552fc17241]::panicking::assert_failed::<alloc[3ecab9f82c41dc7d]::string::String, &str>
[INFO] [stdout]   13:     0x58539c9f21ca - adventofcode2025[211bec2f540ab6ad]::solvers::day3::tests::solve_example_part_b
[INFO] [stdout]   14:     0x58539c9f5a29 - <adventofcode2025[211bec2f540ab6ad]::solvers::day3::tests::solve_example_part_b::{closure#0} as core[832e9a552fc17241]::ops::function::FnOnce<()>>::call_once
[INFO] [stdout]   15:     0x58539c9f9f7b - test[39766f3d73431624]::__rust_begin_short_backtrace::<core[832e9a552fc17241]::result::Result<(), alloc[3ecab9f82c41dc7d]::string::String>, fn() -> core[832e9a552fc17241]::result::Result<(), alloc[3ecab9f82c41dc7d]::string::String>>
[INFO] [stdout]   16:     0x58539ca075c5 - test[39766f3d73431624]::run_test::{closure#0}
[INFO] [stdout]   17:     0x58539ca02074 - std[97b98282bc616a66]::sys::backtrace::__rust_begin_short_backtrace::<test[39766f3d73431624]::run_test::{closure#1}, ()>
[INFO] [stdout]   18:     0x58539ca0a712 - <std[97b98282bc616a66]::thread::lifecycle::spawn_unchecked<test[39766f3d73431624]::run_test::{closure#1}, ()>::{closure#1} as core[832e9a552fc17241]::ops::function::FnOnce<()>>::call_once::{shim:vtable#0}
[INFO] [stdout]   19:     0x58539ca7327f - <std[97b98282bc616a66]::sys::thread::unix::Thread>::new::thread_start
[INFO] [stdout]   20:     0x7ab9ca24a07a - <unknown>
[INFO] [stdout]   21:     0x7ab9ca2dd534 - clone
[INFO] [stdout]   22:                0x0 - <unknown>
[INFO] [stdout] 
[INFO] [stdout] 
[INFO] [stdout] failures:
[INFO] [stdout]     solvers::day3::tests::solve_example_part_b
[INFO] [stdout] 
[INFO] [stdout] test result: FAILED. 21 passed; 1 failed; 0 ignored; 0 measured; 0 filtered out; finished in 0.01s
[INFO] [stdout] 
[INFO] [stderr] error: test failed, to rerun pass `--bin adventofcode2025`
[INFO] running `Command { std: "docker" "inspect" "eb5dfcdae5fa408a164a47914c01b769c6ace09ab2f131620da4f47ce84d7b83", kill_on_drop: false }`
[INFO] running `Command { std: "docker" "rm" "-f" "eb5dfcdae5fa408a164a47914c01b769c6ace09ab2f131620da4f47ce84d7b83", kill_on_drop: false }`
[INFO] [stdout] eb5dfcdae5fa408a164a47914c01b769c6ace09ab2f131620da4f47ce84d7b83
