[INFO] cloning repository https://github.com/iderex/rechenblatt
[INFO] running `Command { std: "git" "-c" "credential.helper=" "-c" "credential.helper=/workspace/cargo-home/bin/git-credential-null" "clone" "--bare" "https://github.com/iderex/rechenblatt" "/workspace/cache/git-repos/https%3A%2F%2Fgithub.com%2Fiderex%2Frechenblatt", kill_on_drop: false }`
[INFO] [stderr] Cloning into bare repository '/workspace/cache/git-repos/https%3A%2F%2Fgithub.com%2Fiderex%2Frechenblatt'...
[INFO] running `Command { std: "git" "rev-parse" "HEAD", kill_on_drop: false }`
[INFO] [stdout] 89a2dfdc4c2401ee825eee853f3934e7f2cc90e5
[INFO] testing iderex/rechenblatt against 1.98.0-beta.8+cargoflags=--release for beta-release-1.99-2
[INFO] running `Command { std: "git" "clone" "/workspace/cache/git-repos/https%3A%2F%2Fgithub.com%2Fiderex%2Frechenblatt" "/workspace/builds/worker-3-tc1/source", kill_on_drop: false }`
[INFO] [stderr] Cloning into '/workspace/builds/worker-3-tc1/source'...
[INFO] [stderr] done.
[INFO] removed /workspace/builds/worker-3-tc1/source/rust-toolchain.toml
[INFO] started tweaking git repo https://github.com/iderex/rechenblatt
[INFO] finished tweaking git repo https://github.com/iderex/rechenblatt
[INFO] tweaked toml for git repo https://github.com/iderex/rechenblatt written to /workspace/builds/worker-3-tc1/source/Cargo.toml
[INFO] validating manifest of git repo https://github.com/iderex/rechenblatt on toolchain 1.98.0-beta.8
[INFO] running `Command { std: CARGO_HOME="/workspace/cargo-home" RUSTUP_HOME="/workspace/rustup-home" "/workspace/cargo-home/bin/cargo" "+1.98.0-beta.8" "metadata" "--manifest-path" "Cargo.toml" "--no-deps", kill_on_drop: false }`
[INFO] crate git repo https://github.com/iderex/rechenblatt already has a lockfile, it will not be regenerated
[INFO] running `Command { std: CARGO_HOME="/workspace/cargo-home" RUSTUP_HOME="/workspace/rustup-home" "/workspace/cargo-home/bin/cargo" "+1.98.0-beta.8" "fetch" "--manifest-path" "Cargo.toml", kill_on_drop: false }`
[INFO] running `Command { std: "docker" "create" "-v" "/var/lib/crater-agent-workspace/builds/worker-3-tc1/source:/opt/rustwide/workdir:ro,Z" "-v" "/var/lib/crater-agent-workspace/builds/worker-3-tc1/target:/opt/rustwide/target:rw,Z" "-v" "/var/lib/crater-agent-workspace/cargo-home:/opt/rustwide/cargo-home:ro,Z" "-v" "/var/lib/crater-agent-workspace/rustup-home:/opt/rustwide/rustup-home:ro,Z" "-m" "1610612736" "--network" "none" "ghcr.io/rust-lang/crates-build-env/linux@sha256:8683fc1fc2eb5c9ac98e0d076ab094b2ffac7f99da555d2b6a2e27f346de2ec7" "sleep" "infinity", kill_on_drop: false }`
[INFO] [stdout] 33ab66d6f6cea8323cc92d02f5c88516535604cea4a0d9c5c2681890d076e004
[INFO] running `Command { std: "docker" "start" "33ab66d6f6cea8323cc92d02f5c88516535604cea4a0d9c5c2681890d076e004", kill_on_drop: false }`
[INFO] running `Command { std: "docker" "inspect" "33ab66d6f6cea8323cc92d02f5c88516535604cea4a0d9c5c2681890d076e004", kill_on_drop: false }`
[INFO] running `Command { std: "docker" "exec" "-e" "SOURCE_DIR=/opt/rustwide/workdir" "-e" "CARGO_HOME=/opt/rustwide/cargo-home" "-e" "RUSTUP_HOME=/opt/rustwide/rustup-home" "-e" "CARGO_TARGET_DIR=/opt/rustwide/target" "-w" "/opt/rustwide/workdir" "--user" "0:0" "33ab66d6f6cea8323cc92d02f5c88516535604cea4a0d9c5c2681890d076e004" "/opt/rustwide/cargo-home/bin/cargo" "+1.98.0-beta.8" "metadata" "--no-deps" "--format-version=1", kill_on_drop: false }`
[INFO] running `Command { std: "docker" "inspect" "33ab66d6f6cea8323cc92d02f5c88516535604cea4a0d9c5c2681890d076e004", kill_on_drop: false }`
[INFO] running `Command { std: "docker" "exec" "-e" "SOURCE_DIR=/opt/rustwide/workdir" "-e" "CARGO_HOME=/opt/rustwide/cargo-home" "-e" "RUSTUP_HOME=/opt/rustwide/rustup-home" "-e" "CARGO_TARGET_DIR=/opt/rustwide/target" "-e" "CARGO_INCREMENTAL=0" "-e" "RUST_BACKTRACE=full" "-e" "RUSTFLAGS=--cap-lints=warn" "-e" "RUSTDOCFLAGS=--cap-lints=warn" "-w" "/opt/rustwide/workdir" "--user" "0:0" "33ab66d6f6cea8323cc92d02f5c88516535604cea4a0d9c5c2681890d076e004" "/opt/rustwide/cargo-home/bin/cargo" "+1.98.0-beta.8" "build" "--frozen" "--message-format=json" "--release", kill_on_drop: false }`
[INFO] [stderr]    Compiling rechenblatt-model v0.0.0 (/opt/rustwide/workdir/crates/model)
[INFO] [stderr]    Compiling rechenblatt-host v0.0.0 (/opt/rustwide/workdir/crates/host)
[INFO] [stderr]    Compiling rechenblatt-calc v0.0.0 (/opt/rustwide/workdir/crates/calc)
[INFO] [stderr]    Compiling rechenblatt-macro v0.0.0 (/opt/rustwide/workdir/crates/macro)
[INFO] [stderr]    Compiling rechenblatt-render v0.0.0 (/opt/rustwide/workdir/crates/render)
[INFO] [stderr]    Compiling rechenblatt v0.0.0 (/opt/rustwide/workdir/crates/cli)
[INFO] [stderr]     Finished `release` profile [optimized] target(s) in 2.74s
[INFO] running `Command { std: "docker" "inspect" "33ab66d6f6cea8323cc92d02f5c88516535604cea4a0d9c5c2681890d076e004", kill_on_drop: false }`
[INFO] running `Command { std: "docker" "exec" "-e" "SOURCE_DIR=/opt/rustwide/workdir" "-e" "CARGO_HOME=/opt/rustwide/cargo-home" "-e" "RUSTUP_HOME=/opt/rustwide/rustup-home" "-e" "CARGO_TARGET_DIR=/opt/rustwide/target" "-e" "CARGO_INCREMENTAL=0" "-e" "RUST_BACKTRACE=full" "-e" "RUSTFLAGS=--cap-lints=warn" "-e" "RUSTDOCFLAGS=--cap-lints=warn" "-w" "/opt/rustwide/workdir" "--user" "0:0" "33ab66d6f6cea8323cc92d02f5c88516535604cea4a0d9c5c2681890d076e004" "/opt/rustwide/cargo-home/bin/cargo" "+1.98.0-beta.8" "test" "--frozen" "--no-run" "--message-format=json" "--release", kill_on_drop: false }`
[INFO] [stderr]    Compiling rechenblatt-model v0.0.0 (/opt/rustwide/workdir/crates/model)
[INFO] [stderr]    Compiling rechenblatt-macro v0.0.0 (/opt/rustwide/workdir/crates/macro)
[INFO] [stderr]    Compiling rechenblatt-render v0.0.0 (/opt/rustwide/workdir/crates/render)
[INFO] [stderr]    Compiling rechenblatt v0.0.0 (/opt/rustwide/workdir/crates/cli)
[INFO] [stderr]    Compiling rechenblatt-calc v0.0.0 (/opt/rustwide/workdir/crates/calc)
[INFO] [stderr]    Compiling rechenblatt-host v0.0.0 (/opt/rustwide/workdir/crates/host)
[INFO] [stderr]     Finished `release` profile [optimized] target(s) in 10.74s
[INFO] running `Command { std: "docker" "inspect" "33ab66d6f6cea8323cc92d02f5c88516535604cea4a0d9c5c2681890d076e004", kill_on_drop: false }`
[INFO] running `Command { std: "docker" "exec" "-e" "SOURCE_DIR=/opt/rustwide/workdir" "-e" "CARGO_HOME=/opt/rustwide/cargo-home" "-e" "RUSTUP_HOME=/opt/rustwide/rustup-home" "-e" "CARGO_TARGET_DIR=/opt/rustwide/target" "-e" "CARGO_INCREMENTAL=0" "-e" "RUST_BACKTRACE=full" "-e" "RUSTFLAGS=--cap-lints=warn" "-e" "RUSTDOCFLAGS=--cap-lints=warn" "-w" "/opt/rustwide/workdir" "--user" "0:0" "33ab66d6f6cea8323cc92d02f5c88516535604cea4a0d9c5c2681890d076e004" "/opt/rustwide/cargo-home/bin/cargo" "+1.98.0-beta.8" "test" "--frozen" "--release", kill_on_drop: false }`
[INFO] [stderr]     Finished `release` profile [optimized] target(s) in 0.04s
[INFO] [stdout] 
[INFO] [stderr]      Running unittests src/main.rs (/opt/rustwide/target/release/deps/rechenblatt-c69260e43f3eb7a4)
[INFO] [stdout] running 2 tests
[INFO] [stdout] test tests::component_names_are_distinct ... ok
[INFO] [stdout] test tests::every_workspace_library_is_a_named_component ... FAILED
[INFO] [stdout] 
[INFO] [stdout] failures:
[INFO] [stdout] 
[INFO] [stdout] ---- tests::every_workspace_library_is_a_named_component stdout ----
[INFO] [stdout] 
[INFO] [stdout] thread 'tests::every_workspace_library_is_a_named_component' (764) panicked at crates/cli/src/main.rs:65:9:
[INFO] [stdout] assertion `left == right` failed: read [] out of the workspace manifest, against the 5 component(s) the binary names
[INFO] [stdout]   left: 0
[INFO] [stdout]  right: 5
[INFO] [stdout] stack backtrace:
[INFO] [stdout]    0:     0x5967fdfa9391 - <<std[97b98282bc616a66]::sys::backtrace::BacktraceLock>::print::DisplayBacktrace as core[832e9a552fc17241]::fmt::Display>::fmt
[INFO] [stdout]    1:     0x5967fdfbd0da - core[832e9a552fc17241]::fmt::write
[INFO] [stdout]    2:     0x5967fdfad84c - <alloc[3ecab9f82c41dc7d]::vec::Vec<u8> as std[97b98282bc616a66]::io::Write>::write_fmt
[INFO] [stdout]    3:     0x5967fdf87ab6 - std[97b98282bc616a66]::panicking::default_hook::{closure#0}
[INFO] [stdout]    4:     0x5967fdfa15b9 - std[97b98282bc616a66]::panicking::default_hook
[INFO] [stdout]    5:     0x5967fdf3c5e0 - test[39766f3d73431624]::test_main_inner::<test[39766f3d73431624]::test_main_static::{closure#0}>::{closure#0}
[INFO] [stdout]    6:     0x5967fdfa1772 - std[97b98282bc616a66]::panicking::panic_with_hook
[INFO] [stdout]    7:     0x5967fdf87b62 - std[97b98282bc616a66]::panicking::panic_handler::{closure#0}
[INFO] [stdout]    8:     0x5967fdf7f4b9 - std[97b98282bc616a66]::sys::backtrace::__rust_end_short_backtrace::<std[97b98282bc616a66]::panicking::panic_handler::{closure#0}, !>
[INFO] [stdout]    9:     0x5967fdf8875d - __rustc[e3d8617bb01b7f69]::rust_begin_unwind
[INFO] [stdout]   10:     0x5967fdfbd80c - core[832e9a552fc17241]::panicking::panic_fmt
[INFO] [stdout]   11:     0x5967fdfbd783 - core[832e9a552fc17241]::panicking::assert_failed_inner
[INFO] [stdout]   12:     0x5967fdfb9f68 - core[832e9a552fc17241]::panicking::assert_failed::<usize, usize>
[INFO] [stdout]   13:     0x5967fdf2f840 - <rechenblatt[98419da355e86dba]::tests::every_workspace_library_is_a_named_component::{closure#0} as core[832e9a552fc17241]::ops::function::FnOnce<()>>::call_once
[INFO] [stdout]   14:     0x5967fdf2f91b - test[39766f3d73431624]::__rust_begin_short_backtrace::<core[832e9a552fc17241]::result::Result<(), alloc[3ecab9f82c41dc7d]::string::String>, fn() -> core[832e9a552fc17241]::result::Result<(), alloc[3ecab9f82c41dc7d]::string::String>>
[INFO] [stdout]   15:     0x5967fdf3cf65 - test[39766f3d73431624]::run_test::{closure#0}
[INFO] [stdout]   16:     0x5967fdf37a14 - std[97b98282bc616a66]::sys::backtrace::__rust_begin_short_backtrace::<test[39766f3d73431624]::run_test::{closure#1}, ()>
[INFO] [stdout]   17:     0x5967fdf400b2 - <std[97b98282bc616a66]::thread::lifecycle::spawn_unchecked<test[39766f3d73431624]::run_test::{closure#1}, ()>::{closure#1} as core[832e9a552fc17241]::ops::function::FnOnce<()>>::call_once::{shim:vtable#0}
[INFO] [stdout]   18:     0x5967fdfa8c1f - <std[97b98282bc616a66]::sys::thread::unix::Thread>::new::thread_start
[INFO] [stdout]   19:     0x77f02315e07a - <unknown>
[INFO] [stdout]   20:     0x77f0231f1534 - clone
[INFO] [stdout]   21:                0x0 - <unknown>
[INFO] [stdout] 
[INFO] [stdout] 
[INFO] [stdout] failures:
[INFO] [stdout]     tests::every_workspace_library_is_a_named_component
[INFO] [stdout] 
[INFO] [stdout] test result: FAILED. 1 passed; 1 failed; 0 ignored; 0 measured; 0 filtered out; finished in 0.00s
[INFO] [stdout] 
[INFO] [stderr] error: test failed, to rerun pass `-p rechenblatt --bin rechenblatt`
[INFO] running `Command { std: "docker" "inspect" "33ab66d6f6cea8323cc92d02f5c88516535604cea4a0d9c5c2681890d076e004", kill_on_drop: false }`
[INFO] running `Command { std: "docker" "rm" "-f" "33ab66d6f6cea8323cc92d02f5c88516535604cea4a0d9c5c2681890d076e004", kill_on_drop: false }`
[INFO] [stdout] 33ab66d6f6cea8323cc92d02f5c88516535604cea4a0d9c5c2681890d076e004
