[INFO] cloning repository https://github.com/hikasky/subconverter-rs
[INFO] running `Command { std: "git" "-c" "credential.helper=" "-c" "credential.helper=/workspace/cargo-home/bin/git-credential-null" "clone" "--bare" "https://github.com/hikasky/subconverter-rs" "/workspace/cache/git-repos/https%3A%2F%2Fgithub.com%2Fhikasky%2Fsubconverter-rs", kill_on_drop: false }`
[INFO] [stderr] Cloning into bare repository '/workspace/cache/git-repos/https%3A%2F%2Fgithub.com%2Fhikasky%2Fsubconverter-rs'...
[INFO] running `Command { std: "git" "rev-parse" "HEAD", kill_on_drop: false }`
[INFO] [stdout] 0c8722154f7925b8f43f14ea8ea16815ae4c3b46
[INFO] testing hikasky/subconverter-rs against 1.99.0-beta.1+cargoflags=--release for beta-release-1.99-2
[INFO] running `Command { std: "git" "clone" "/workspace/cache/git-repos/https%3A%2F%2Fgithub.com%2Fhikasky%2Fsubconverter-rs" "/workspace/builds/worker-5-tc2/source", kill_on_drop: false }`
[INFO] [stderr] Cloning into '/workspace/builds/worker-5-tc2/source'...
[INFO] [stderr] done.
[INFO] removed /workspace/builds/worker-5-tc2/source/.cargo/config.toml
[INFO] started tweaking git repo https://github.com/hikasky/subconverter-rs
[INFO] finished tweaking git repo https://github.com/hikasky/subconverter-rs
[INFO] tweaked toml for git repo https://github.com/hikasky/subconverter-rs written to /workspace/builds/worker-5-tc2/source/Cargo.toml
[INFO] validating manifest of git repo https://github.com/hikasky/subconverter-rs on toolchain 1.99.0-beta.1
[INFO] running `Command { std: CARGO_HOME="/workspace/cargo-home" RUSTUP_HOME="/workspace/rustup-home" "/workspace/cargo-home/bin/cargo" "+1.99.0-beta.1" "metadata" "--manifest-path" "Cargo.toml" "--no-deps", kill_on_drop: false }`
[INFO] crate git repo https://github.com/hikasky/subconverter-rs already has a lockfile, it will not be regenerated
[INFO] running `Command { std: CARGO_HOME="/workspace/cargo-home" RUSTUP_HOME="/workspace/rustup-home" "/workspace/cargo-home/bin/cargo" "+1.99.0-beta.1" "fetch" "--manifest-path" "Cargo.toml", kill_on_drop: false }`
[INFO] running `Command { std: "docker" "create" "-v" "/var/lib/crater-agent-workspace/builds/worker-5-tc2/source:/opt/rustwide/workdir:ro,Z" "-v" "/var/lib/crater-agent-workspace/builds/worker-5-tc2/target:/opt/rustwide/target:rw,Z" "-v" "/var/lib/crater-agent-workspace/cargo-home:/opt/rustwide/cargo-home:ro,Z" "-v" "/var/lib/crater-agent-workspace/rustup-home:/opt/rustwide/rustup-home:ro,Z" "-m" "1610612736" "--network" "none" "ghcr.io/rust-lang/crates-build-env/linux@sha256:8683fc1fc2eb5c9ac98e0d076ab094b2ffac7f99da555d2b6a2e27f346de2ec7" "sleep" "infinity", kill_on_drop: false }`
[INFO] [stdout] 169b74a01f8123a3833106ee166ef859dc2f6d04eae8410b129af278b9b96338
[INFO] running `Command { std: "docker" "start" "169b74a01f8123a3833106ee166ef859dc2f6d04eae8410b129af278b9b96338", kill_on_drop: false }`
[INFO] running `Command { std: "docker" "inspect" "169b74a01f8123a3833106ee166ef859dc2f6d04eae8410b129af278b9b96338", kill_on_drop: false }`
[INFO] running `Command { std: "docker" "exec" "-e" "SOURCE_DIR=/opt/rustwide/workdir" "-e" "CARGO_HOME=/opt/rustwide/cargo-home" "-e" "RUSTUP_HOME=/opt/rustwide/rustup-home" "-e" "CARGO_TARGET_DIR=/opt/rustwide/target" "-w" "/opt/rustwide/workdir" "--user" "0:0" "169b74a01f8123a3833106ee166ef859dc2f6d04eae8410b129af278b9b96338" "/opt/rustwide/cargo-home/bin/cargo" "+1.99.0-beta.1" "metadata" "--no-deps" "--format-version=1", kill_on_drop: false }`
[INFO] running `Command { std: "docker" "inspect" "169b74a01f8123a3833106ee166ef859dc2f6d04eae8410b129af278b9b96338", kill_on_drop: false }`
[INFO] running `Command { std: "docker" "exec" "-e" "SOURCE_DIR=/opt/rustwide/workdir" "-e" "CARGO_HOME=/opt/rustwide/cargo-home" "-e" "RUSTUP_HOME=/opt/rustwide/rustup-home" "-e" "CARGO_TARGET_DIR=/opt/rustwide/target" "-e" "CARGO_INCREMENTAL=0" "-e" "RUST_BACKTRACE=full" "-e" "RUSTFLAGS=--cap-lints=warn" "-e" "RUSTDOCFLAGS=--cap-lints=warn" "-w" "/opt/rustwide/workdir" "--user" "0:0" "169b74a01f8123a3833106ee166ef859dc2f6d04eae8410b129af278b9b96338" "/opt/rustwide/cargo-home/bin/cargo" "+1.99.0-beta.1" "build" "--frozen" "--message-format=json" "--release", kill_on_drop: false }`
[INFO] [stderr]    Compiling stable_deref_trait v1.2.0
[INFO] [stderr]    Compiling proc-macro2 v1.0.94
[INFO] [stderr]    Compiling slab v0.4.9
[INFO] [stderr]    Compiling cc v1.2.18
[INFO] [stderr]    Compiling typenum v1.18.0
[INFO] [stderr]    Compiling alloc-no-stdlib v2.0.4
[INFO] [stderr]    Compiling mio v1.0.3
[INFO] [stderr]    Compiling socket2 v0.5.9
[INFO] [stderr]    Compiling getrandom v0.2.15
[INFO] [stderr]    Compiling rustls v0.23.26
[INFO] [stderr]    Compiling hashbrown v0.15.2
[INFO] [stderr]    Compiling regex-syntax v0.8.5
[INFO] [stderr]    Compiling zeroize v1.8.1
[INFO] [stderr]    Compiling adler2 v2.0.0
[INFO] [stderr]    Compiling crc32fast v1.4.2
[INFO] [stderr]    Compiling webpki-roots v0.26.8
[INFO] [stderr]    Compiling winnow v0.7.4
[INFO] [stderr]    Compiling miniz_oxide v0.8.7
[INFO] [stderr]    Compiling alloc-stdlib v0.2.2
[INFO] [stderr]    Compiling clap_builder v4.5.35
[INFO] [stderr]    Compiling rustls-pemfile v2.2.0
[INFO] [stderr]    Compiling brotli-decompressor v4.0.2
[INFO] [stderr]    Compiling result v1.0.0
[INFO] [stderr]    Compiling void v1.0.2
[INFO] [stderr]    Compiling unsafe-libyaml v0.2.11
[INFO] [stderr]    Compiling case_insensitive_string v0.2.9
[INFO] [stderr]    Compiling urlencoding v2.1.3
[INFO] [stderr]    Compiling configparser v3.1.0
[INFO] [stderr]    Compiling uuid v1.16.0
[INFO] [stderr]    Compiling bitflags v2.9.0
[INFO] [stderr]    Compiling quote v1.0.40
[INFO] [stderr]    Compiling tokio v1.44.2
[INFO] [stderr]    Compiling syn v2.0.100
[INFO] [stderr]    Compiling flate2 v1.1.1
[INFO] [stderr]    Compiling generic-array v0.14.7
[INFO] [stderr]    Compiling indexmap v2.9.0
[INFO] [stderr]    Compiling brotli v7.0.0
[INFO] [stderr]    Compiling ring v0.17.14
[INFO] [stderr]    Compiling block-buffer v0.10.4
[INFO] [stderr]    Compiling crypto-common v0.1.6
[INFO] [stderr]    Compiling digest v0.10.7
[INFO] [stderr]    Compiling md-5 v0.10.6
[INFO] [stderr]    Compiling regex-automata v0.4.9
[INFO] [stderr]    Compiling synstructure v0.13.1
[INFO] [stderr]    Compiling zerofrom-derive v0.1.6
[INFO] [stderr]    Compiling yoke-derive v0.7.5
[INFO] [stderr]    Compiling serde_derive v1.0.219
[INFO] [stderr]    Compiling zerovec-derive v0.10.3
[INFO] [stderr]    Compiling displaydoc v0.2.5
[INFO] [stderr]    Compiling futures-macro v0.3.31
[INFO] [stderr]    Compiling icu_provider_macros v1.5.0
[INFO] [stderr]    Compiling thiserror-impl v2.0.12
[INFO] [stderr]    Compiling clap_derive v4.5.32
[INFO] [stderr]    Compiling async-compression v0.4.22
[INFO] [stderr]    Compiling tokio-util v0.7.14
[INFO] [stderr]    Compiling futures-util v0.3.31
[INFO] [stderr]    Compiling thiserror v2.0.12
[INFO] [stderr]    Compiling zerofrom v0.1.6
[INFO] [stderr]    Compiling regex v1.11.1
[INFO] [stderr]    Compiling yoke v0.7.5
[INFO] [stderr]    Compiling zerovec v0.10.4
[INFO] [stderr]    Compiling env_filter v0.1.3
[INFO] [stderr]    Compiling env_logger v0.11.8
[INFO] [stderr]    Compiling clap v4.5.35
[INFO] [stderr]    Compiling serde v1.0.219
[INFO] [stderr]    Compiling tinystr v0.7.6
[INFO] [stderr]    Compiling icu_collections v1.5.0
[INFO] [stderr]    Compiling icu_locid v1.5.0
[INFO] [stderr]    Compiling icu_provider v1.5.0
[INFO] [stderr]    Compiling icu_locid_transform v1.5.0
[INFO] [stderr]    Compiling hyper v1.6.0
[INFO] [stderr]    Compiling futures-executor v0.3.31
[INFO] [stderr]    Compiling tower v0.5.2
[INFO] [stderr]    Compiling futures v0.3.31
[INFO] [stderr]    Compiling icu_properties v1.5.1
[INFO] [stderr]    Compiling hyper-util v0.1.11
[INFO] [stderr]    Compiling toml_datetime v0.6.8
[INFO] [stderr]    Compiling serde_spanned v0.6.8
[INFO] [stderr]    Compiling serde_json v1.0.140
[INFO] [stderr]    Compiling serde_urlencoded v0.7.1
[INFO] [stderr]    Compiling serde_bytes v0.11.17
[INFO] [stderr]    Compiling serde_ini v0.2.0
[INFO] [stderr]    Compiling minijinja v2.9.0
[INFO] [stderr]    Compiling serde_yaml v0.9.34+deprecated
[INFO] [stderr]    Compiling toml_edit v0.22.24
[INFO] [stderr]    Compiling icu_normalizer v1.5.0
[INFO] [stderr]    Compiling rustls-webpki v0.103.1
[INFO] [stderr]    Compiling idna_adapter v1.2.0
[INFO] [stderr]    Compiling idna v1.0.3
[INFO] [stderr]    Compiling url v2.5.4
[INFO] [stderr]    Compiling toml v0.8.20
[INFO] [stderr]    Compiling tokio-rustls v0.26.2
[INFO] [stderr]    Compiling hyper-rustls v0.27.5
[INFO] [stderr]    Compiling reqwest v0.12.15
[INFO] [stderr]    Compiling subconverter v0.2.18 (/opt/rustwide/workdir)
[INFO] [stdout] warning: unused variable: `req_url`
[INFO] [stdout]    --> src/api/sub.rs:159:5
[INFO] [stdout]     |
[INFO] [stdout] 159 |     req_url: Option<String>,
[INFO] [stdout]     |     ^^^^^^^ help: if this is intentional, prefix it with an underscore: `_req_url`
[INFO] [stdout]     |
[INFO] [stdout]     = note: `#[warn(unused_variables)]` (part of `#[warn(unused)]`) on by default
[INFO] [stdout] 
[INFO] [stdout] 
[INFO] [stdout] warning: enum `RulesetType` is never used
[INFO] [stdout]  --> src/generator/ruleconvert/ruleset.rs:6:10
[INFO] [stdout]   |
[INFO] [stdout] 6 | pub enum RulesetType {
[INFO] [stdout]   |          ^^^^^^^^^^^
[INFO] [stdout]   |
[INFO] [stdout]   = note: `#[warn(dead_code)]` (part of `#[warn(unused)]`) on by default
[INFO] [stdout] 
[INFO] [stdout] 
[INFO] [stderr]     Finished `release` profile [optimized] target(s) in 56.31s
[INFO] running `Command { std: "docker" "inspect" "169b74a01f8123a3833106ee166ef859dc2f6d04eae8410b129af278b9b96338", kill_on_drop: false }`
[INFO] running `Command { std: "docker" "exec" "-e" "SOURCE_DIR=/opt/rustwide/workdir" "-e" "CARGO_HOME=/opt/rustwide/cargo-home" "-e" "RUSTUP_HOME=/opt/rustwide/rustup-home" "-e" "CARGO_TARGET_DIR=/opt/rustwide/target" "-e" "CARGO_INCREMENTAL=0" "-e" "RUST_BACKTRACE=full" "-e" "RUSTFLAGS=--cap-lints=warn" "-e" "RUSTDOCFLAGS=--cap-lints=warn" "-w" "/opt/rustwide/workdir" "--user" "0:0" "169b74a01f8123a3833106ee166ef859dc2f6d04eae8410b129af278b9b96338" "/opt/rustwide/cargo-home/bin/cargo" "+1.99.0-beta.1" "test" "--frozen" "--no-run" "--message-format=json" "--release", kill_on_drop: false }`
[INFO] [stderr]    Compiling syn v2.0.100
[INFO] [stderr]    Compiling jobserver v0.1.33
[INFO] [stderr]    Compiling parking_lot_core v0.9.10
[INFO] [stderr]    Compiling mio v1.0.3
[INFO] [stderr]    Compiling signal-hook-registry v1.4.2
[INFO] [stderr]    Compiling getrandom v0.3.2
[INFO] [stderr]    Compiling zerocopy v0.8.24
[INFO] [stderr]    Compiling serde v1.0.219
[INFO] [stderr]    Compiling local-waker v0.1.4
[INFO] [stderr]    Compiling zstd-safe v7.2.4
[INFO] [stderr]    Compiling http v0.2.12
[INFO] [stderr]    Compiling time-core v0.1.4
[INFO] [stderr]    Compiling bytes v1.10.1
[INFO] [stderr]    Compiling pin-project-lite v0.2.16
[INFO] [stderr]    Compiling tracing-core v0.1.33
[INFO] [stderr]    Compiling deranged v0.4.0
[INFO] [stderr]    Compiling actix-utils v3.0.1
[INFO] [stderr]    Compiling cookie v0.16.2
[INFO] [stderr]    Compiling time-macros v0.2.22
[INFO] [stderr]    Compiling actix-service v2.0.3
[INFO] [stderr]    Compiling parking_lot v0.12.3
[INFO] [stderr]    Compiling cc v1.2.18
[INFO] [stderr]    Compiling bytestring v1.4.0
[INFO] [stderr]    Compiling rand_core v0.9.3
[INFO] [stderr]    Compiling tokio v1.44.2
[INFO] [stderr]    Compiling tracing v0.1.41
[INFO] [stderr]    Compiling rustix v1.0.5
[INFO] [stderr]    Compiling regex-lite v0.1.6
[INFO] [stderr]    Compiling num-conv v0.1.0
[INFO] [stderr]    Compiling sha1 v0.10.6
[INFO] [stderr]    Compiling local-channel v0.1.5
[INFO] [stderr]    Compiling encoding_rs v0.8.35
[INFO] [stderr]    Compiling foldhash v0.1.5
[INFO] [stderr]    Compiling language-tags v0.3.2
[INFO] [stderr]    Compiling linux-raw-sys v0.9.3
[INFO] [stderr]    Compiling impl-more v0.1.9
[INFO] [stderr]    Compiling time v0.3.41
[INFO] [stderr]    Compiling ring v0.17.14
[INFO] [stderr]    Compiling zstd-sys v2.0.15+zstd.1.5.7
[INFO] [stderr]    Compiling ppv-lite86 v0.2.21
[INFO] [stderr]    Compiling rand_chacha v0.9.0
[INFO] [stderr]    Compiling rand v0.9.0
[INFO] [stderr]    Compiling actix-router v0.5.3
[INFO] [stderr]    Compiling tempfile v3.19.1
[INFO] [stderr]    Compiling synstructure v0.13.1
[INFO] [stderr]    Compiling zerofrom-derive v0.1.6
[INFO] [stderr]    Compiling serde_derive v1.0.219
[INFO] [stderr]    Compiling yoke-derive v0.7.5
[INFO] [stderr]    Compiling zerofrom v0.1.6
[INFO] [stderr]    Compiling yoke v0.7.5
[INFO] [stderr]    Compiling zerovec-derive v0.10.3
[INFO] [stderr]    Compiling displaydoc v0.2.5
[INFO] [stderr]    Compiling futures-macro v0.3.31
[INFO] [stderr]    Compiling tracing-attributes v0.1.28
[INFO] [stderr]    Compiling futures-util v0.3.31
[INFO] [stderr]    Compiling icu_provider_macros v1.5.0
[INFO] [stderr]    Compiling zerovec v0.10.4
[INFO] [stderr]    Compiling tokio-util v0.7.14
[INFO] [stderr]    Compiling actix-rt v2.10.0
[INFO] [stderr]    Compiling derive_more-impl v2.0.1
[INFO] [stderr]    Compiling async-compression v0.4.22
[INFO] [stderr]    Compiling actix-codec v0.5.2
[INFO] [stderr]    Compiling thiserror-impl v2.0.12
[INFO] [stderr]    Compiling clap_derive v4.5.32
[INFO] [stderr]    Compiling tinystr v0.7.6
[INFO] [stderr]    Compiling icu_collections v1.5.0
[INFO] [stderr]    Compiling actix-web-codegen v4.3.0
[INFO] [stderr]    Compiling actix-macros v0.2.4
[INFO] [stderr]    Compiling icu_locid v1.5.0
[INFO] [stderr]    Compiling icu_provider v1.5.0
[INFO] [stderr]    Compiling thiserror v2.0.12
[INFO] [stderr]    Compiling icu_locid_transform v1.5.0
[INFO] [stderr]    Compiling derive_more v2.0.1
[INFO] [stderr]    Compiling clap v4.5.35
[INFO] [stderr]    Compiling hyper v1.6.0
[INFO] [stderr]    Compiling h2 v0.3.26
[INFO] [stderr]    Compiling tower v0.5.2
[INFO] [stderr]    Compiling futures-executor v0.3.31
[INFO] [stderr]    Compiling actix-server v2.5.1
[INFO] [stderr]    Compiling futures v0.3.31
[INFO] [stderr]    Compiling icu_properties v1.5.1
[INFO] [stderr]    Compiling serde_json v1.0.140
[INFO] [stderr]    Compiling toml_datetime v0.6.8
[INFO] [stderr]    Compiling serde_spanned v0.6.8
[INFO] [stderr]    Compiling serde_urlencoded v0.7.1
[INFO] [stderr]    Compiling minijinja v2.9.0
[INFO] [stderr]    Compiling serde_ini v0.2.0
[INFO] [stderr]    Compiling serde_yaml v0.9.34+deprecated
[INFO] [stderr]    Compiling serde_bytes v0.11.17
[INFO] [stderr]    Compiling rustls v0.23.26
[INFO] [stderr]    Compiling toml_edit v0.22.24
[INFO] [stderr]    Compiling hyper-util v0.1.11
[INFO] [stderr]    Compiling rustls-webpki v0.103.1
[INFO] [stderr]    Compiling icu_normalizer v1.5.0
[INFO] [stderr]    Compiling idna_adapter v1.2.0
[INFO] [stderr]    Compiling idna v1.0.3
[INFO] [stderr]    Compiling url v2.5.4
[INFO] [stderr]    Compiling toml v0.8.20
[INFO] [stderr]    Compiling tokio-rustls v0.26.2
[INFO] [stderr]    Compiling zstd v0.13.3
[INFO] [stderr]    Compiling hyper-rustls v0.27.5
[INFO] [stderr]    Compiling actix-http v3.10.0
[INFO] [stderr]    Compiling reqwest v0.12.15
[INFO] [stderr]    Compiling actix-web v4.10.2
[INFO] [stderr]    Compiling subconverter v0.2.18 (/opt/rustwide/workdir)
[INFO] [stdout] warning: unused variable: `req_url`
[INFO] [stdout]    --> src/api/sub.rs:159:5
[INFO] [stdout]     |
[INFO] [stdout] 159 |     req_url: Option<String>,
[INFO] [stdout]     |     ^^^^^^^ help: if this is intentional, prefix it with an underscore: `_req_url`
[INFO] [stdout]     |
[INFO] [stdout]     = note: `#[warn(unused_variables)]` (part of `#[warn(unused)]`) on by default
[INFO] [stdout] 
[INFO] [stdout] 
[INFO] [stdout] warning: enum `RulesetType` is never used
[INFO] [stdout]  --> src/generator/ruleconvert/ruleset.rs:6:10
[INFO] [stdout]   |
[INFO] [stdout] 6 | pub enum RulesetType {
[INFO] [stdout]   |          ^^^^^^^^^^^
[INFO] [stdout]   |
[INFO] [stdout]   = note: `#[warn(dead_code)]` (part of `#[warn(unused)]`) on by default
[INFO] [stdout] 
[INFO] [stdout] 
[INFO] [stdout] warning: unused variable: `req_url`
[INFO] [stdout]    --> src/api/sub.rs:159:5
[INFO] [stdout]     |
[INFO] [stdout] 159 |     req_url: Option<String>,
[INFO] [stdout]     |     ^^^^^^^ help: if this is intentional, prefix it with an underscore: `_req_url`
[INFO] [stdout]     |
[INFO] [stdout]     = note: `#[warn(unused_variables)]` (part of `#[warn(unused)]`) on by default
[INFO] [stdout] 
[INFO] [stdout] 
[INFO] [stdout] warning: enum `RulesetType` is never used
[INFO] [stdout]  --> src/generator/ruleconvert/ruleset.rs:6:10
[INFO] [stdout]   |
[INFO] [stdout] 6 | pub enum RulesetType {
[INFO] [stdout]   |          ^^^^^^^^^^^
[INFO] [stdout]   |
[INFO] [stdout]   = note: `#[warn(dead_code)]` (part of `#[warn(unused)]`) on by default
[INFO] [stdout] 
[INFO] [stdout] 
[INFO] [stderr]     Finished `release` profile [optimized] target(s) in 1m 02s
[INFO] running `Command { std: "docker" "inspect" "169b74a01f8123a3833106ee166ef859dc2f6d04eae8410b129af278b9b96338", kill_on_drop: false }`
[INFO] running `Command { std: "docker" "exec" "-e" "SOURCE_DIR=/opt/rustwide/workdir" "-e" "CARGO_HOME=/opt/rustwide/cargo-home" "-e" "RUSTUP_HOME=/opt/rustwide/rustup-home" "-e" "CARGO_TARGET_DIR=/opt/rustwide/target" "-e" "CARGO_INCREMENTAL=0" "-e" "RUST_BACKTRACE=full" "-e" "RUSTFLAGS=--cap-lints=warn" "-e" "RUSTDOCFLAGS=--cap-lints=warn" "-w" "/opt/rustwide/workdir" "--user" "0:0" "169b74a01f8123a3833106ee166ef859dc2f6d04eae8410b129af278b9b96338" "/opt/rustwide/cargo-home/bin/cargo" "+1.99.0-beta.1" "test" "--frozen" "--release", kill_on_drop: false }`
[INFO] [stderr] warning: unused variable: `req_url`
[INFO] [stderr]    --> src/api/sub.rs:159:5
[INFO] [stderr]     |
[INFO] [stderr] 159 |     req_url: Option<String>,
[INFO] [stderr]     |     ^^^^^^^ help: if this is intentional, prefix it with an underscore: `_req_url`
[INFO] [stderr]     |
[INFO] [stderr]     = note: `#[warn(unused_variables)]` (part of `#[warn(unused)]`) on by default
[INFO] [stderr] 
[INFO] [stderr] warning: enum `RulesetType` is never used
[INFO] [stderr]  --> src/generator/ruleconvert/ruleset.rs:6:10
[INFO] [stderr]   |
[INFO] [stderr] 6 | pub enum RulesetType {
[INFO] [stderr]   |          ^^^^^^^^^^^
[INFO] [stderr]   |
[INFO] [stderr]   = note: `#[warn(dead_code)]` (part of `#[warn(unused)]`) on by default
[INFO] [stderr] 
[INFO] [stderr] warning: `subconverter` (lib) generated 2 warnings (run `cargo fix --lib -p subconverter` to apply 1 suggestion)
[INFO] [stderr] warning: `subconverter` (lib test) generated 2 warnings (2 duplicates)
[INFO] [stderr]     Finished `release` profile [optimized] target(s) in 0.33s
[INFO] [stderr]      Running unittests src/lib.rs (/opt/rustwide/target/release/deps/subconverter-2fa667919b2903ee)
[INFO] [stdout] 
[INFO] [stdout] running 64 tests
[INFO] [stdout] test generator::config::group::tests::test_group_generate_direct_string ... ok
[INFO] [stdout] test generator::config::group::tests::test_group_generate_with_port_match ... ok
[INFO] [stdout] test parser::explodes::ssr::tests::test_explode_ssr_conf_empty_configs ... ok
[INFO] [stdout] test parser::explodes::ssr::tests::test_explode_ssr_conf_missing_configs ... ok
[INFO] [stdout] test generator::config::group::tests::test_group_generate_with_group_match ... ok
[INFO] [stdout] test generator::config::group::tests::test_group_generate_empty_result_without_direct ... ok
[INFO] [stdout] test generator::config::group::tests::test_group_generate_with_regex_match ... ok
[INFO] [stdout] test parser::explodes::ssr::tests::test_explode_ssr_conf_invalid_json ... ok
[INFO] [stdout] test generator::config::group::tests::test_group_generate_with_type_match ... ok
[INFO] [stdout] test parser::explodes::ssr::tests::test_explode_ssr_conf_valid ... ok
[INFO] [stdout] test parser::explodes::ssr::tests::test_explode_ssr_conf_default_values ... ok
[INFO] [stdout] test parser::explodes::ssr::tests::test_explode_ssr_missing_parts ... ok
[INFO] [stdout] test parser::explodes::ssr::tests::test_explode_ssr_default_group ... ok
[INFO] [stdout] test parser::explodes::ssr::tests::test_explode_ssr_valid_link ... ok
[INFO] [stdout] test parser::explodes::ssr::tests::test_explode_ssr_invalid_base64 ... ok
[INFO] [stdout] test parser::explodes::ssr::tests::test_explode_ssr_invalid_prefix ... ok
[INFO] [stdout] test utils::matcher::tests::test_apply_matcher_group ... ok
[INFO] [stdout] test utils::matcher::tests::test_apply_matcher_port ... ok
[INFO] [stdout] test utils::matcher::tests::test_apply_matcher_remarks ... ok
[INFO] [stdout] test utils::matcher::tests::test_apply_matcher_udp_support ... ok
[INFO] [stdout] test utils::matcher::tests::test_apply_matcher_security ... ok
[INFO] [stdout] test utils::matcher::tests::test_apply_matcher_with_trailing_rule ... ok
[INFO] [stdout] test generator::config::group::tests::test_group_generate_empty_result_with_direct ... FAILED
[INFO] [stdout] test utils::matcher::tests::test_match_range_simple ... ok
[INFO] [stdout] test utils::matcher::tests::test_match_range_with_multiple ... ok
[INFO] [stdout] test rulesets::ruleset::tests::test_fetch_ruleset_cache_expiration ... FAILED
[INFO] [stdout] test utils::matcher::tests::test_apply_matcher_type ... ok
[INFO] [stdout] test utils::matcher::tests::test_apply_matcher_protocol ... ok
[INFO] [stdout] test utils::matcher::tests::test_match_range_with_ranges ... ok
[INFO] [stdout] test utils::matcher::tests::test_apply_matcher_server ... ok
[INFO] [stdout] test utils::network::tests::test_hostname_to_ip_addr ... ok
[INFO] [stdout] test utils::network::tests::test_is_ipv4_invalid ... ok
[INFO] [stdout] test utils::network::tests::test_is_ipv4_valid ... ok
[INFO] [stdout] test utils::network::tests::test_is_ipv6_invalid ... ok
[INFO] [stdout] test utils::matcher::tests::test_reg_match ... ok
[INFO] [stdout] test utils::network::tests::test_is_ipv6_valid ... ok
[INFO] [stdout] test utils::regexp::tests::test_reg_find ... ok
[INFO] [stdout] test utils::matcher::tests::test_match_range_with_negation ... ok
[INFO] [stdout] test utils::matcher::tests::test_match_range_complex ... ok
[INFO] [stdout] test utils::regexp::tests::test_reg_get_all_match ... ok
[INFO] [stdout] test utils::regexp::tests::test_reg_get_match ... ok
[INFO] [stdout] test utils::matcher::tests::test_reg_find ... ok
[INFO] [stdout] test utils::regexp::tests::test_reg_replace ... ok
[INFO] [stdout] test utils::regexp::tests::test_reg_trim ... ok
[INFO] [stdout] test utils::regexp::tests::test_reg_valid ... ok
[INFO] [stdout] test utils::string::tests::test_build_dir_entry_path ... ok
[INFO] [stdout] test utils::string::tests::test_build_file_entry_path ... ok
[INFO] [stdout] test utils::string::tests::test_ends_with ... ok
[INFO] [stdout] test utils::string::tests::test_hash ... ok
[INFO] [stdout] test utils::string::tests::test_hash_const ... ok
[INFO] [stdout] test utils::string::tests::test_join ... ok
[INFO] [stdout] test utils::string::tests::test_join_path ... ok
[INFO] [stdout] test utils::regexp::tests::test_reg_match ... ok
[INFO] [stdout] test utils::string::tests::test_md5 ... ok
[INFO] [stdout] test utils::string::tests::test_normalize_dir_path ... ok
[INFO] [stdout] test utils::string::tests::test_normalize_file_path ... ok
[INFO] [stdout] test utils::string::tests::test_remove_emoji ... ok
[INFO] [stdout] test utils::string::tests::test_replace_all_distinct ... ok
[INFO] [stdout] test utils::string::tests::test_to_lower ... ok
[INFO] [stdout] test utils::string::tests::test_starts_with ... ok
[INFO] [stdout] test utils::string::tests::test_trim ... ok
[INFO] [stdout] test utils::system::tests::test_get_env ... ok
[INFO] [stdout] test utils::system::tests::test_sleep_ms ... ok
[INFO] [stdout] test rulesets::ruleset::tests::test_fetch_ruleset_cache ... ok
[INFO] [stdout] 
[INFO] [stdout] failures:
[INFO] [stdout] 
[INFO] [stdout] ---- generator::config::group::tests::test_group_generate_empty_result_with_direct stdout ----
[INFO] [stdout] 
[INFO] [stdout] thread 'generator::config::group::tests::test_group_generate_empty_result_with_direct' (4560) panicked at src/generator/config/group.rs:167:9:
[INFO] [stdout] assertion `left == right` failed
[INFO] [stdout]   left: 0
[INFO] [stdout]  right: 1
[INFO] [stdout] stack backtrace:
[INFO] [stdout]    0:     0x62da4125ef61 - <<std[104cf6e2632825ea]::sys::backtrace::BacktraceLock>::print::DisplayBacktrace as core[7c831bd917ebf35f]::fmt::Display>::fmt
[INFO] [stdout]    1:     0x62da4127718a - core[7c831bd917ebf35f]::fmt::write
[INFO] [stdout]    2:     0x62da41263d3c - <alloc[2fdc3f7464fcf288]::vec::Vec<u8> as core[7c831bd917ebf35f]::io::write::Write>::write_fmt
[INFO] [stdout]    3:     0x62da4123a0b6 - std[104cf6e2632825ea]::panicking::default_hook::{closure#0}
[INFO] [stdout]    4:     0x62da41256b19 - std[104cf6e2632825ea]::panicking::default_hook
[INFO] [stdout]    5:     0x62da40f5fcd0 - test[73009c9f9aebf890]::test_main_inner::<test[73009c9f9aebf890]::test_main_static::{closure#0}>::{closure#0}
[INFO] [stdout]    6:     0x62da41256e42 - std[104cf6e2632825ea]::panicking::panic_with_hook
[INFO] [stdout]    7:     0x62da4123a162 - std[104cf6e2632825ea]::panicking::panic_handler::{closure#0}
[INFO] [stdout]    8:     0x62da412324d9 - std[104cf6e2632825ea]::sys::backtrace::__rust_end_short_backtrace::<std[104cf6e2632825ea]::panicking::panic_handler::{closure#0}, !>
[INFO] [stdout]    9:     0x62da4123af4d - __rustc[b0d56fa5b193ad05]::rust_begin_unwind
[INFO] [stdout]   10:     0x62da4127796c - core[7c831bd917ebf35f]::panicking::panic_fmt
[INFO] [stdout]   11:     0x62da41277883 - core[7c831bd917ebf35f]::panicking::assert_failed_inner
[INFO] [stdout]   12:     0x62da41271f0d - core[7c831bd917ebf35f]::panicking::assert_failed::<usize, usize>
[INFO] [stdout]   13:     0x62da40f2f77e - subconverter[76d83c668ef6c2e6]::generator::config::group::tests::test_group_generate_empty_result_with_direct
[INFO] [stdout]   14:     0x62da40f43b69 - <subconverter[76d83c668ef6c2e6]::generator::config::group::tests::test_group_generate_empty_result_with_direct::{closure#0} as core[7c831bd917ebf35f]::ops::function::FnOnce<()>>::call_once
[INFO] [stdout]   15:     0x62da40f52fbb - test[73009c9f9aebf890]::__rust_begin_short_backtrace::<core[7c831bd917ebf35f]::result::Result<(), alloc[2fdc3f7464fcf288]::string::String>, fn() -> core[7c831bd917ebf35f]::result::Result<(), alloc[2fdc3f7464fcf288]::string::String>>
[INFO] [stdout]   16:     0x62da40f60625 - test[73009c9f9aebf890]::run_test::{closure#0}
[INFO] [stdout]   17:     0x62da40f599e4 - std[104cf6e2632825ea]::sys::backtrace::__rust_begin_short_backtrace::<test[73009c9f9aebf890]::run_test::{closure#1}, ()>
[INFO] [stdout]   18:     0x62da40f63782 - <std[104cf6e2632825ea]::thread::lifecycle::spawn_unchecked<test[73009c9f9aebf890]::run_test::{closure#1}, ()>::{closure#1} as core[7c831bd917ebf35f]::ops::function::FnOnce<()>>::call_once::{shim:vtable#0}
[INFO] [stdout]   19:     0x62da4125e119 - <std[104cf6e2632825ea]::sys::thread::unix::Thread>::new::thread_start
[INFO] [stdout]   20:     0x7110cb35507a - <unknown>
[INFO] [stdout]   21:     0x7110cb3e8534 - clone
[INFO] [stdout]   22:                0x0 - <unknown>
[INFO] [stdout] 
[INFO] [stdout] ---- rulesets::ruleset::tests::test_fetch_ruleset_cache_expiration stdout ----
[INFO] [stdout] 
[INFO] [stdout] thread 'rulesets::ruleset::tests::test_fetch_ruleset_cache_expiration' (4577) panicked at src/rulesets/ruleset.rs:302:13:
[INFO] [stdout] assertion failed: result_no_cache.unwrap_err().contains("Failed to fetch ruleset from URL")
[INFO] [stdout] stack backtrace:
[INFO] [stdout]    0:     0x62da4125ef61 - <<std[104cf6e2632825ea]::sys::backtrace::BacktraceLock>::print::DisplayBacktrace as core[7c831bd917ebf35f]::fmt::Display>::fmt
[INFO] [stdout]    1:     0x62da4127718a - core[7c831bd917ebf35f]::fmt::write
[INFO] [stdout]    2:     0x62da41263d3c - <alloc[2fdc3f7464fcf288]::vec::Vec<u8> as core[7c831bd917ebf35f]::io::write::Write>::write_fmt
[INFO] [stdout]    3:     0x62da4123a0b6 - std[104cf6e2632825ea]::panicking::default_hook::{closure#0}
[INFO] [stdout]    4:     0x62da41256b19 - std[104cf6e2632825ea]::panicking::default_hook
[INFO] [stdout]    5:     0x62da40f5fcd0 - test[73009c9f9aebf890]::test_main_inner::<test[73009c9f9aebf890]::test_main_static::{closure#0}>::{closure#0}
[INFO] [stdout]    6:     0x62da41256e42 - std[104cf6e2632825ea]::panicking::panic_with_hook
[INFO] [stdout]    7:     0x62da4123a194 - std[104cf6e2632825ea]::panicking::panic_handler::{closure#0}
[INFO] [stdout]    8:     0x62da412324d9 - std[104cf6e2632825ea]::sys::backtrace::__rust_end_short_backtrace::<std[104cf6e2632825ea]::panicking::panic_handler::{closure#0}, !>
[INFO] [stdout]    9:     0x62da4123af4d - __rustc[b0d56fa5b193ad05]::rust_begin_unwind
[INFO] [stdout]   10:     0x62da4127796c - core[7c831bd917ebf35f]::panicking::panic_fmt
[INFO] [stdout]   11:     0x62da41277932 - core[7c831bd917ebf35f]::panicking::panic
[INFO] [stdout]   12:     0x62da40f3f130 - subconverter[76d83c668ef6c2e6]::rulesets::ruleset::tests::test_fetch_ruleset_cache_expiration::{closure#0}
[INFO] [stdout]   13:     0x62da40f34e5c - <tokio[9ec5f5772178cee8]::runtime::runtime::Runtime>::block_on::<subconverter[76d83c668ef6c2e6]::rulesets::ruleset::tests::test_fetch_ruleset_cache_expiration::{closure#0}>
[INFO] [stdout]   14:     0x62da40f2572c - subconverter[76d83c668ef6c2e6]::rulesets::ruleset::tests::test_fetch_ruleset_cache_expiration
[INFO] [stdout]   15:     0x62da40f43889 - <subconverter[76d83c668ef6c2e6]::rulesets::ruleset::tests::test_fetch_ruleset_cache_expiration::{closure#0} as core[7c831bd917ebf35f]::ops::function::FnOnce<()>>::call_once
[INFO] [stdout]   16:     0x62da40f52fbb - test[73009c9f9aebf890]::__rust_begin_short_backtrace::<core[7c831bd917ebf35f]::result::Result<(), alloc[2fdc3f7464fcf288]::string::String>, fn() -> core[7c831bd917ebf35f]::result::Result<(), alloc[2fdc3f7464fcf288]::string::String>>
[INFO] [stdout]   17:     0x62da40f60625 - test[73009c9f9aebf890]::run_test::{closure#0}
[INFO] [stdout]   18:     0x62da40f599e4 - std[104cf6e2632825ea]::sys::backtrace::__rust_begin_short_backtrace::<test[73009c9f9aebf890]::run_test::{closure#1}, ()>
[INFO] [stdout]   19:     0x62da40f63782 - <std[104cf6e2632825ea]::thread::lifecycle::spawn_unchecked<test[73009c9f9aebf890]::run_test::{closure#1}, ()>::{closure#1} as core[7c831bd917ebf35f]::ops::function::FnOnce<()>>::call_once::{shim:vtable#0}
[INFO] [stdout]   20:     0x62da4125e119 - <std[104cf6e2632825ea]::sys::thread::unix::Thread>::new::thread_start
[INFO] [stdout]   21:     0x7110cb35507a - <unknown>
[INFO] [stdout]   22:     0x7110cb3e8534 - clone
[INFO] [stdout]   23:                0x0 - <unknown>
[INFO] [stdout] 
[INFO] [stdout] 
[INFO] [stdout] failures:
[INFO] [stdout]     generator::config::group::tests::test_group_generate_empty_result_with_direct
[INFO] [stdout]     rulesets::ruleset::tests::test_fetch_ruleset_cache_expiration
[INFO] [stdout] 
[INFO] [stdout] test result: FAILED. 62 passed; 2 failed; 0 ignored; 0 measured; 0 filtered out; finished in 1.00s
[INFO] [stdout] 
[INFO] [stderr] error: test failed, to rerun pass `--lib`
[INFO] running `Command { std: "docker" "inspect" "169b74a01f8123a3833106ee166ef859dc2f6d04eae8410b129af278b9b96338", kill_on_drop: false }`
[INFO] running `Command { std: "docker" "rm" "-f" "169b74a01f8123a3833106ee166ef859dc2f6d04eae8410b129af278b9b96338", kill_on_drop: false }`
[INFO] [stdout] 169b74a01f8123a3833106ee166ef859dc2f6d04eae8410b129af278b9b96338
