[INFO] cloning repository https://github.com/hawkmauk/auto-gippity
[INFO] running `Command { std: "git" "-c" "credential.helper=" "-c" "credential.helper=/workspace/cargo-home/bin/git-credential-null" "clone" "--bare" "https://github.com/hawkmauk/auto-gippity" "/workspace/cache/git-repos/https%3A%2F%2Fgithub.com%2Fhawkmauk%2Fauto-gippity", kill_on_drop: false }`
[INFO] [stderr] Cloning into bare repository '/workspace/cache/git-repos/https%3A%2F%2Fgithub.com%2Fhawkmauk%2Fauto-gippity'...
[INFO] running `Command { std: "git" "rev-parse" "HEAD", kill_on_drop: false }`
[INFO] [stdout] 4ba66dffb4b79c366d81edae79ee3e4dc01bbb05
[INFO] testing hawkmauk/auto-gippity against 1.98.0-beta.8+cargoflags=--release for beta-release-1.99-2
[INFO] running `Command { std: "git" "clone" "/workspace/cache/git-repos/https%3A%2F%2Fgithub.com%2Fhawkmauk%2Fauto-gippity" "/workspace/builds/worker-4-tc1/source", kill_on_drop: false }`
[INFO] [stderr] Cloning into '/workspace/builds/worker-4-tc1/source'...
[INFO] [stderr] done.
[INFO] started tweaking git repo https://github.com/hawkmauk/auto-gippity
[INFO] finished tweaking git repo https://github.com/hawkmauk/auto-gippity
[INFO] tweaked toml for git repo https://github.com/hawkmauk/auto-gippity written to /workspace/builds/worker-4-tc1/source/Cargo.toml
[INFO] validating manifest of git repo https://github.com/hawkmauk/auto-gippity on toolchain 1.98.0-beta.8
[INFO] running `Command { std: CARGO_HOME="/workspace/cargo-home" RUSTUP_HOME="/workspace/rustup-home" "/workspace/cargo-home/bin/cargo" "+1.98.0-beta.8" "metadata" "--manifest-path" "Cargo.toml" "--no-deps", kill_on_drop: false }`
[INFO] crate git repo https://github.com/hawkmauk/auto-gippity already has a lockfile, it will not be regenerated
[INFO] running `Command { std: CARGO_HOME="/workspace/cargo-home" RUSTUP_HOME="/workspace/rustup-home" "/workspace/cargo-home/bin/cargo" "+1.98.0-beta.8" "fetch" "--manifest-path" "Cargo.toml", kill_on_drop: false }`
[INFO] [stderr]     Updating crates.io index
[INFO] [stderr]     Blocking waiting for file lock on package cache
[INFO] [stderr]  Downloading crates ...
[INFO] [stderr]   Downloaded thiserror v1.0.57
[INFO] [stderr]   Downloaded webbrowser v0.8.12
[INFO] [stderr]   Downloaded bumpalo v3.15.1
[INFO] [stderr]   Downloaded thiserror-impl v1.0.57
[INFO] [stderr]   Downloaded wasm-bindgen-futures v0.4.41
[INFO] [stderr]   Downloaded ai_functions v0.1.1
[INFO] [stderr]   Downloaded hermit-abi v0.3.6
[INFO] [stderr]   Downloaded signal-hook-mio v0.2.3
[INFO] [stderr]   Downloaded rustversion v1.0.14
[INFO] [stderr]   Downloaded serde v1.0.197
[INFO] [stderr]   Downloaded indexmap v2.2.3
[INFO] [stderr]   Downloaded tempfile v3.10.0
[INFO] [stderr]   Downloaded ryu v1.0.17
[INFO] [stderr]   Downloaded serde_derive v1.0.197
[INFO] [stderr]   Downloaded cc v1.0.86
[INFO] [stderr]   Downloaded openssl-sys v0.9.100
[INFO] [stderr]   Downloaded crossterm v0.26.1
[INFO] [stderr]   Downloaded serde_json v1.0.114
[INFO] [stderr]   Downloaded h2 v0.3.24
[INFO] [stderr]   Downloaded reqwest v0.11.24
[INFO] [stderr]   Downloaded syn v2.0.50
[INFO] [stderr]   Downloaded openssl v0.10.64
[INFO] [stderr]   Downloaded rustix v0.38.31
[INFO] [stderr]   Downloaded linux-raw-sys v0.4.13
[INFO] running `Command { std: "docker" "create" "-v" "/var/lib/crater-agent-workspace/builds/worker-4-tc1/source:/opt/rustwide/workdir:ro,Z" "-v" "/var/lib/crater-agent-workspace/builds/worker-4-tc1/target:/opt/rustwide/target:rw,Z" "-v" "/var/lib/crater-agent-workspace/cargo-home:/opt/rustwide/cargo-home:ro,Z" "-v" "/var/lib/crater-agent-workspace/rustup-home:/opt/rustwide/rustup-home:ro,Z" "-m" "1610612736" "--network" "none" "ghcr.io/rust-lang/crates-build-env/linux@sha256:8683fc1fc2eb5c9ac98e0d076ab094b2ffac7f99da555d2b6a2e27f346de2ec7" "sleep" "infinity", kill_on_drop: false }`
[INFO] [stdout] d1f896bec2c709d4905bb0d1d8075fff5880ed1840ad7fed76047279120d0c06
[INFO] running `Command { std: "docker" "start" "d1f896bec2c709d4905bb0d1d8075fff5880ed1840ad7fed76047279120d0c06", kill_on_drop: false }`
[INFO] running `Command { std: "docker" "inspect" "d1f896bec2c709d4905bb0d1d8075fff5880ed1840ad7fed76047279120d0c06", kill_on_drop: false }`
[INFO] running `Command { std: "docker" "exec" "-e" "SOURCE_DIR=/opt/rustwide/workdir" "-e" "CARGO_HOME=/opt/rustwide/cargo-home" "-e" "RUSTUP_HOME=/opt/rustwide/rustup-home" "-e" "CARGO_TARGET_DIR=/opt/rustwide/target" "-w" "/opt/rustwide/workdir" "--user" "0:0" "d1f896bec2c709d4905bb0d1d8075fff5880ed1840ad7fed76047279120d0c06" "/opt/rustwide/cargo-home/bin/cargo" "+1.98.0-beta.8" "metadata" "--no-deps" "--format-version=1", kill_on_drop: false }`
[INFO] running `Command { std: "docker" "inspect" "d1f896bec2c709d4905bb0d1d8075fff5880ed1840ad7fed76047279120d0c06", kill_on_drop: false }`
[INFO] running `Command { std: "docker" "exec" "-e" "SOURCE_DIR=/opt/rustwide/workdir" "-e" "CARGO_HOME=/opt/rustwide/cargo-home" "-e" "RUSTUP_HOME=/opt/rustwide/rustup-home" "-e" "CARGO_TARGET_DIR=/opt/rustwide/target" "-e" "CARGO_INCREMENTAL=0" "-e" "RUST_BACKTRACE=full" "-e" "RUSTFLAGS=--cap-lints=warn" "-e" "RUSTDOCFLAGS=--cap-lints=warn" "-w" "/opt/rustwide/workdir" "--user" "0:0" "d1f896bec2c709d4905bb0d1d8075fff5880ed1840ad7fed76047279120d0c06" "/opt/rustwide/cargo-home/bin/cargo" "+1.98.0-beta.8" "build" "--frozen" "--message-format=json" "--release", kill_on_drop: false }`
[INFO] [stderr]    Compiling proc-macro2 v1.0.78
[INFO] [stderr]    Compiling libc v0.2.153
[INFO] [stderr]    Compiling autocfg v1.1.0
[INFO] [stderr]    Compiling log v0.4.20
[INFO] [stderr]    Compiling parking_lot_core v0.9.9
[INFO] [stderr]    Compiling pin-project-lite v0.2.13
[INFO] [stderr]    Compiling pkg-config v0.3.30
[INFO] [stderr]    Compiling smallvec v1.13.1
[INFO] [stderr]    Compiling cc v1.0.86
[INFO] [stderr]    Compiling bytes v1.5.0
[INFO] [stderr]    Compiling itoa v1.0.10
[INFO] [stderr]    Compiling openssl v0.10.64
[INFO] [stderr]    Compiling tinyvec_macros v0.1.1
[INFO] [stderr]    Compiling futures-sink v0.3.30
[INFO] [stderr]    Compiling bitflags v2.4.2
[INFO] [stderr]    Compiling equivalent v1.0.1
[INFO] [stderr]    Compiling tinyvec v1.6.0
[INFO] [stderr]    Compiling tracing v0.1.40
[INFO] [stderr]    Compiling futures-task v0.3.30
[INFO] [stderr]    Compiling native-tls v0.2.11
[INFO] [stderr]    Compiling hashbrown v0.14.3
[INFO] [stderr]    Compiling serde v1.0.197
[INFO] [stderr]    Compiling futures-util v0.3.30
[INFO] [stderr]    Compiling lock_api v0.4.11
[INFO] [stderr]    Compiling slab v0.4.9
[INFO] [stderr]    Compiling form_urlencoded v1.2.1
[INFO] [stderr]    Compiling signal-hook v0.3.17
[INFO] [stderr]    Compiling unicode-bidi v0.3.15
[INFO] [stderr]    Compiling openssl-probe v0.1.5
[INFO] [stderr]    Compiling http v0.2.11
[INFO] [stderr]    Compiling futures-channel v0.3.30
[INFO] [stderr]    Compiling syn v1.0.109
[INFO] [stderr]    Compiling serde_json v1.0.114
[INFO] [stderr]    Compiling rustversion v1.0.14
[INFO] [stderr]    Compiling memchr v2.7.1
[INFO] [stderr]    Compiling ryu v1.0.17
[INFO] [stderr]    Compiling async-trait v0.1.77
[INFO] [stderr]    Compiling regex-syntax v0.8.2
[INFO] [stderr]    Compiling encoding_rs v0.8.33
[INFO] [stderr]    Compiling heck v0.4.1
[INFO] [stderr]    Compiling quote v1.0.35
[INFO] [stderr]    Compiling indexmap v2.2.3
[INFO] [stderr]    Compiling syn v2.0.50
[INFO] [stderr]    Compiling signal-hook-registry v1.4.1
[INFO] [stderr]    Compiling mio v0.8.10
[INFO] [stderr]    Compiling openssl-sys v0.9.100
[INFO] [stderr]    Compiling num_cpus v1.16.0
[INFO] [stderr]    Compiling socket2 v0.5.5
[INFO] [stderr]    Compiling unicode-normalization v0.1.23
[INFO] [stderr]    Compiling parking_lot v0.12.1
[INFO] [stderr]    Compiling idna v0.5.0
[INFO] [stderr]    Compiling http-body v0.4.6
[INFO] [stderr]    Compiling aho-corasick v1.1.2
[INFO] [stderr]    Compiling ipnet v2.9.0
[INFO] [stderr]    Compiling home v0.5.9
[INFO] [stderr]    Compiling dotenv v0.15.0
[INFO] [stderr]    Compiling signal-hook-mio v0.2.3
[INFO] [stderr]    Compiling url v2.5.0
[INFO] [stderr]    Compiling crossterm v0.26.1
[INFO] [stderr]    Compiling strum v0.24.1
[INFO] [stderr]    Compiling webbrowser v0.8.12
[INFO] [stderr]    Compiling regex-automata v0.4.5
[INFO] [stderr]    Compiling strum_macros v0.24.3
[INFO] [stderr]    Compiling tokio-macros v2.2.0
[INFO] [stderr]    Compiling openssl-macros v0.1.1
[INFO] [stderr]    Compiling serde_derive v1.0.197
[INFO] [stderr]    Compiling ai_functions v0.1.1
[INFO] [stderr]    Compiling tokio v1.36.0
[INFO] [stderr]    Compiling regex v1.10.3
[INFO] [stderr]    Compiling tokio-util v0.7.10
[INFO] [stderr]    Compiling tokio-native-tls v0.3.1
[INFO] [stderr]    Compiling serde_urlencoded v0.7.1
[INFO] [stderr]    Compiling h2 v0.3.24
[INFO] [stderr]    Compiling hyper v0.14.28
[INFO] [stderr]    Compiling hyper-tls v0.5.0
[INFO] [stderr]    Compiling reqwest v0.11.24
[INFO] [stderr]    Compiling auto_gippity v0.1.0 (/opt/rustwide/workdir)
[INFO] [stdout] warning: unused imports: `Color`, `ExecutableCommand`, `ResetColor`, and `SetForegroundColor`
[INFO] [stdout]   --> src/models/agents/agent_backend.rs:14:14
[INFO] [stdout]    |
[INFO] [stdout] 14 |     style::{ SetForegroundColor, Color, ResetColor },
[INFO] [stdout]    |              ^^^^^^^^^^^^^^^^^^  ^^^^^  ^^^^^^^^^^
[INFO] [stdout] 15 |     ExecutableCommand,
[INFO] [stdout]    |     ^^^^^^^^^^^^^^^^^
[INFO] [stdout]    |
[INFO] [stdout]    = note: `#[warn(unused_imports)]` (part of `#[warn(unused)]`) on by default
[INFO] [stdout] 
[INFO] [stdout] 
[INFO] [stdout] warning: unused import: `std::fs`
[INFO] [stdout]   --> src/models/agents/agent_backend.rs:20:5
[INFO] [stdout]    |
[INFO] [stdout] 20 | use std::fs;
[INFO] [stdout]    |     ^^^^^^^
[INFO] [stdout] 
[INFO] [stdout] 
[INFO] [stdout] warning: unused doc comment
[INFO] [stdout]    --> src/models/agents/agent_backend.rs:211:21
[INFO] [stdout]     |
[INFO] [stdout] 211 | /                     /**
[INFO] [stdout] 212 | |                      * Extract and Test
[INFO] [stdout] 213 | |                      * Rest API Endpoints
[INFO] [stdout] 214 | |                      */
[INFO] [stdout]     | |_______________________^
[INFO] [stdout] 215 |                       let api_endpoints_str = self.call_extract_api_endpoints().await;
[INFO] [stdout]     |                       ---------------------------------------------------------------- rustdoc does not generate documentation for statements
[INFO] [stdout]     |
[INFO] [stdout]     = help: use `//` for a plain comment
[INFO] [stdout]     = note: `#[warn(unused_doc_comments)]` (part of `#[warn(unused)]`) on by default
[INFO] [stdout] 
[INFO] [stdout] 
[INFO] [stdout] warning: unused import: `crate::models::general::llm::Message`
[INFO] [stdout]  --> src/models/agents_manager/managing_agent.rs:6:5
[INFO] [stdout]   |
[INFO] [stdout] 6 | use crate::models::general::llm::Message;
[INFO] [stdout]   |     ^^^^^^^^^^^^^^^^^^^^^^^^^^^^^^^^^^^^
[INFO] [stdout] 
[INFO] [stdout] 
[INFO] [stdout] warning: unused variable: `agent_res`
[INFO] [stdout]   --> src/models/agents_manager/managing_agent.rs:61:17
[INFO] [stdout]    |
[INFO] [stdout] 61 |             let agent_res: Result<(), Box<dyn std::error::Error>> =
[INFO] [stdout]    |                 ^^^^^^^^^ help: if this is intentional, prefix it with an underscore: `_agent_res`
[INFO] [stdout]    |
[INFO] [stdout]    = note: `#[warn(unused_variables)]` (part of `#[warn(unused)]`) on by default
[INFO] [stdout] 
[INFO] [stdout] 
[INFO] [stdout] warning: function `call_gpt` is never used
[INFO] [stdout]  --> src/apis/call_request.rs:8:14
[INFO] [stdout]   |
[INFO] [stdout] 8 | pub async fn call_gpt(messages: Vec<Message>) -> Result<String, Box<dyn std::error::Error + Send>> {
[INFO] [stdout]   |              ^^^^^^^^
[INFO] [stdout]   |
[INFO] [stdout]   = note: `#[warn(dead_code)]` (part of `#[warn(unused)]`) on by default
[INFO] [stdout] 
[INFO] [stdout] 
[INFO] [stdout] warning: enum `PrintCommand` is never used
[INFO] [stdout]  --> src/helpers/command_line.rs:8:10
[INFO] [stdout]   |
[INFO] [stdout] 8 | pub enum PrintCommand {
[INFO] [stdout]   |          ^^^^^^^^^^^^
[INFO] [stdout] 
[INFO] [stdout] 
[INFO] [stdout] warning: method `print_agent_message` is never used
[INFO] [stdout]   --> src/helpers/command_line.rs:15:12
[INFO] [stdout]    |
[INFO] [stdout] 14 | impl PrintCommand {
[INFO] [stdout]    | ----------------- method in this implementation
[INFO] [stdout] 15 |     pub fn print_agent_message(&self, agent_pos: &str, agent_statement: &str) {
[INFO] [stdout]    |            ^^^^^^^^^^^^^^^^^^^
[INFO] [stdout] 
[INFO] [stdout] 
[INFO] [stdout] warning: function `confirm_safe_code` is never used
[INFO] [stdout]   --> src/helpers/command_line.rs:36:8
[INFO] [stdout]    |
[INFO] [stdout] 36 | pub fn confirm_safe_code() -> bool {
[INFO] [stdout]    |        ^^^^^^^^^^^^^^^^^
[INFO] [stdout] 
[INFO] [stdout] 
[INFO] [stdout] warning: constant `CODE_TEMPLATE_PATH` is never used
[INFO] [stdout]  --> src/helpers/general.rs:9:7
[INFO] [stdout]   |
[INFO] [stdout] 9 | const CODE_TEMPLATE_PATH: &str = "/home/ubuntu/rust_autogpt/web_template/src/code_template.rs";
[INFO] [stdout]   |       ^^^^^^^^^^^^^^^^^^
[INFO] [stdout] 
[INFO] [stdout] 
[INFO] [stdout] warning: constant `WEB_SERVER_PROJECT_PATH` is never used
[INFO] [stdout]   --> src/helpers/general.rs:10:11
[INFO] [stdout]    |
[INFO] [stdout] 10 | pub const WEB_SERVER_PROJECT_PATH: &str = "/home/ubuntu/rust_autogpt/web_template/";
[INFO] [stdout]    |           ^^^^^^^^^^^^^^^^^^^^^^^
[INFO] [stdout] 
[INFO] [stdout] 
[INFO] [stdout] warning: constant `EXEC_MAIN_PATH` is never used
[INFO] [stdout]   --> src/helpers/general.rs:11:7
[INFO] [stdout]    |
[INFO] [stdout] 11 | const EXEC_MAIN_PATH: &str = "/home/ubuntu/rust_autogpt/web_template/src/main.rs";
[INFO] [stdout]    |       ^^^^^^^^^^^^^^
[INFO] [stdout] 
[INFO] [stdout] 
[INFO] [stdout] warning: constant `API_SCHEMA_PATH` is never used
[INFO] [stdout]   --> src/helpers/general.rs:12:7
[INFO] [stdout]    |
[INFO] [stdout] 12 | const API_SCHEMA_PATH: &str = "/home/ubuntu/rust_autogpt/auto_gippity/schemas/api_schema.json";
[INFO] [stdout]    |       ^^^^^^^^^^^^^^^
[INFO] [stdout] 
[INFO] [stdout] 
[INFO] [stdout] warning: function `extend_ai_function` is never used
[INFO] [stdout]   --> src/helpers/general.rs:16:8
[INFO] [stdout]    |
[INFO] [stdout] 16 | pub fn extend_ai_function(ai_func: fn(&str) -> &'static str, func_input: &str) -> Message {
[INFO] [stdout]    |        ^^^^^^^^^^^^^^^^^^
[INFO] [stdout] 
[INFO] [stdout] 
[INFO] [stdout] warning: function `ai_task_request_decoded` is never used
[INFO] [stdout]   --> src/helpers/general.rs:36:14
[INFO] [stdout]    |
[INFO] [stdout] 36 | pub async fn ai_task_request_decoded<T: DeserializeOwned>(
[INFO] [stdout]    |              ^^^^^^^^^^^^^^^^^^^^^^^
[INFO] [stdout] 
[INFO] [stdout] 
[INFO] [stdout] warning: function `ai_task_request_without_markdown` is never used
[INFO] [stdout]   --> src/helpers/general.rs:52:14
[INFO] [stdout]    |
[INFO] [stdout] 52 | pub async fn ai_task_request_without_markdown(
[INFO] [stdout]    |              ^^^^^^^^^^^^^^^^^^^^^^^^^^^^^^^^
[INFO] [stdout] 
[INFO] [stdout] 
[INFO] [stdout] warning: function `ai_task_request` is never used
[INFO] [stdout]   --> src/helpers/general.rs:67:14
[INFO] [stdout]    |
[INFO] [stdout] 67 | pub async fn ai_task_request(
[INFO] [stdout]    |              ^^^^^^^^^^^^^^^
[INFO] [stdout] 
[INFO] [stdout] 
[INFO] [stdout] warning: function `check_status_code` is never used
[INFO] [stdout]   --> src/helpers/general.rs:94:14
[INFO] [stdout]    |
[INFO] [stdout] 94 | pub async fn check_status_code(client: &Client, url: &str) -> Result<u16, reqwest::Error> {
[INFO] [stdout]    |              ^^^^^^^^^^^^^^^^^
[INFO] [stdout] 
[INFO] [stdout] 
[INFO] [stdout] warning: function `read_code_template_contents` is never used
[INFO] [stdout]    --> src/helpers/general.rs:100:8
[INFO] [stdout]     |
[INFO] [stdout] 100 | pub fn read_code_template_contents() -> String {
[INFO] [stdout]     |        ^^^^^^^^^^^^^^^^^^^^^^^^^^^
[INFO] [stdout] 
[INFO] [stdout] 
[INFO] [stdout] warning: function `read_exec_main_contents` is never used
[INFO] [stdout]    --> src/helpers/general.rs:106:8
[INFO] [stdout]     |
[INFO] [stdout] 106 | pub fn read_exec_main_contents() -> String {
[INFO] [stdout]     |        ^^^^^^^^^^^^^^^^^^^^^^^
[INFO] [stdout] 
[INFO] [stdout] 
[INFO] [stdout] warning: function `save_backend_code` is never used
[INFO] [stdout]    --> src/helpers/general.rs:112:8
[INFO] [stdout]     |
[INFO] [stdout] 112 | pub fn save_backend_code(contents: &String) {
[INFO] [stdout]     |        ^^^^^^^^^^^^^^^^^
[INFO] [stdout] 
[INFO] [stdout] 
[INFO] [stdout] warning: function `save_api_endpoints` is never used
[INFO] [stdout]    --> src/helpers/general.rs:118:8
[INFO] [stdout]     |
[INFO] [stdout] 118 | pub fn save_api_endpoints(contents: &String) {
[INFO] [stdout]     |        ^^^^^^^^^^^^^^^^^^
[INFO] [stdout] 
[INFO] [stdout] 
[INFO] [stdout] warning: enum `AgentState` is never used
[INFO] [stdout]  --> src/models/agent_basic/basic_agent.rs:5:10
[INFO] [stdout]   |
[INFO] [stdout] 5 | pub enum AgentState {
[INFO] [stdout]   |          ^^^^^^^^^^
[INFO] [stdout] 
[INFO] [stdout] 
[INFO] [stdout] warning: struct `BasicAgent` is never constructed
[INFO] [stdout]   --> src/models/agent_basic/basic_agent.rs:13:12
[INFO] [stdout]    |
[INFO] [stdout] 13 | pub struct BasicAgent {
[INFO] [stdout]    |            ^^^^^^^^^^
[INFO] [stdout] 
[INFO] [stdout] 
[INFO] [stdout] warning: trait `BasicTraits` is never used
[INFO] [stdout]  --> src/models/agent_basic/basic_traits.rs:4:11
[INFO] [stdout]   |
[INFO] [stdout] 4 | pub trait BasicTraits {
[INFO] [stdout]   |           ^^^^^^^^^^^
[INFO] [stdout] 
[INFO] [stdout] 
[INFO] [stdout] warning: struct `AgentSolutionArchitect` is never constructed
[INFO] [stdout]   --> src/models/agents/agent_architect.rs:14:12
[INFO] [stdout]    |
[INFO] [stdout] 14 | pub struct AgentSolutionArchitect {
[INFO] [stdout]    |            ^^^^^^^^^^^^^^^^^^^^^^
[INFO] [stdout] 
[INFO] [stdout] 
[INFO] [stdout] warning: associated items `new`, `call_project_scope`, and `call_determine_external_urls` are never used
[INFO] [stdout]   --> src/models/agents/agent_architect.rs:19:12
[INFO] [stdout]    |
[INFO] [stdout] 18 | impl AgentSolutionArchitect {
[INFO] [stdout]    | --------------------------- associated items in this implementation
[INFO] [stdout] 19 |     pub fn new() -> Self {
[INFO] [stdout]    |            ^^^
[INFO] [stdout] ...
[INFO] [stdout] 31 |     async fn call_project_scope(&mut self, factsheet: &mut FactSheet) -> ProjectScope {
[INFO] [stdout]    |              ^^^^^^^^^^^^^^^^^^
[INFO] [stdout] ...
[INFO] [stdout] 47 |     async fn call_determine_external_urls(
[INFO] [stdout]    |              ^^^^^^^^^^^^^^^^^^^^^^^^^^^^
[INFO] [stdout] 
[INFO] [stdout] 
[INFO] [stdout] warning: struct `AgentBackendDeveloper` is never constructed
[INFO] [stdout]   --> src/models/agents/agent_backend.rs:26:12
[INFO] [stdout]    |
[INFO] [stdout] 26 | pub struct AgentBackendDeveloper {
[INFO] [stdout]    |            ^^^^^^^^^^^^^^^^^^^^^
[INFO] [stdout] 
[INFO] [stdout] 
[INFO] [stdout] warning: associated items `new`, `call_initial_backend_code`, `call_improved_backend_code`, `call_fix_code_bugs`, and `call_extract_api_endpoints` are never used
[INFO] [stdout]    --> src/models/agents/agent_backend.rs:33:12
[INFO] [stdout]     |
[INFO] [stdout]  32 | impl AgentBackendDeveloper {
[INFO] [stdout]     | -------------------------- associated items in this implementation
[INFO] [stdout]  33 |     pub fn new() -> Self {
[INFO] [stdout]     |            ^^^
[INFO] [stdout] ...
[INFO] [stdout]  48 |     async fn call_initial_backend_code(&mut self, factsheet: &mut FactSheet) {
[INFO] [stdout]     |              ^^^^^^^^^^^^^^^^^^^^^^^^^
[INFO] [stdout] ...
[INFO] [stdout]  69 |     async fn call_improved_backend_code(&mut self, factsheet: &mut FactSheet) {
[INFO] [stdout]     |              ^^^^^^^^^^^^^^^^^^^^^^^^^^
[INFO] [stdout] ...
[INFO] [stdout]  87 |     async fn call_fix_code_bugs(&mut self, factsheet: &mut FactSheet) {
[INFO] [stdout]     |              ^^^^^^^^^^^^^^^^^^
[INFO] [stdout] ...
[INFO] [stdout] 105 |     async fn call_extract_api_endpoints(&mut self) -> String {
[INFO] [stdout]     |              ^^^^^^^^^^^^^^^^^^^^^^^^^^
[INFO] [stdout] 
[INFO] [stdout] 
[INFO] [stdout] warning: struct `ProjectScope` is never constructed
[INFO] [stdout]  --> src/models/agents/agent_traits.rs:7:12
[INFO] [stdout]   |
[INFO] [stdout] 7 | pub struct ProjectScope {
[INFO] [stdout]   |            ^^^^^^^^^^^^
[INFO] [stdout] 
[INFO] [stdout] 
[INFO] [stdout] warning: struct `RouteObject` is never constructed
[INFO] [stdout]   --> src/models/agents/agent_traits.rs:14:12
[INFO] [stdout]    |
[INFO] [stdout] 14 | pub struct RouteObject {
[INFO] [stdout]    |            ^^^^^^^^^^^
[INFO] [stdout] 
[INFO] [stdout] 
[INFO] [stdout] warning: struct `FactSheet` is never constructed
[INFO] [stdout]   --> src/models/agents/agent_traits.rs:23:12
[INFO] [stdout]    |
[INFO] [stdout] 23 | pub struct FactSheet {
[INFO] [stdout]    |            ^^^^^^^^^
[INFO] [stdout] 
[INFO] [stdout] 
[INFO] [stdout] warning: trait `SpecialFunctions` is never used
[INFO] [stdout]   --> src/models/agents/agent_traits.rs:32:11
[INFO] [stdout]    |
[INFO] [stdout] 32 | pub trait SpecialFunctions: Debug {
[INFO] [stdout]    |           ^^^^^^^^^^^^^^^^
[INFO] [stdout] 
[INFO] [stdout] 
[INFO] [stdout] warning: struct `ManagingAgent` is never constructed
[INFO] [stdout]  --> src/models/agents_manager/managing_agent.rs:9:12
[INFO] [stdout]   |
[INFO] [stdout] 9 | pub struct ManagingAgent {
[INFO] [stdout]   |            ^^^^^^^^^^^^^
[INFO] [stdout] 
[INFO] [stdout] 
[INFO] [stdout] warning: associated items `new`, `add_agent`, `create_agents`, and `execute_project` are never used
[INFO] [stdout]   --> src/models/agents_manager/managing_agent.rs:16:18
[INFO] [stdout]    |
[INFO] [stdout] 15 | impl ManagingAgent {
[INFO] [stdout]    | ------------------ associated items in this implementation
[INFO] [stdout] 16 |     pub async fn new(usr_request: String) -> Result<Self, Box<dyn std::error::Error>> {
[INFO] [stdout]    |                  ^^^
[INFO] [stdout] ...
[INFO] [stdout] 50 |     fn add_agent(&mut self, agent: Box<dyn SpecialFunctions>) {
[INFO] [stdout]    |        ^^^^^^^^^
[INFO] [stdout] ...
[INFO] [stdout] 54 |     fn create_agents(&mut self) {
[INFO] [stdout]    |        ^^^^^^^^^^^^^
[INFO] [stdout] ...
[INFO] [stdout] 58 |     pub async fn execute_project(&mut self) {
[INFO] [stdout]    |                  ^^^^^^^^^^^^^^^
[INFO] [stdout] 
[INFO] [stdout] 
[INFO] [stdout] warning: struct `Message` is never constructed
[INFO] [stdout]  --> src/models/general/llm.rs:4:12
[INFO] [stdout]   |
[INFO] [stdout] 4 | pub struct Message {
[INFO] [stdout]   |            ^^^^^^^
[INFO] [stdout] 
[INFO] [stdout] 
[INFO] [stdout] warning: struct `ChatCompletion` is never constructed
[INFO] [stdout]   --> src/models/general/llm.rs:10:12
[INFO] [stdout]    |
[INFO] [stdout] 10 | pub struct ChatCompletion {
[INFO] [stdout]    |            ^^^^^^^^^^^^^^
[INFO] [stdout] 
[INFO] [stdout] 
[INFO] [stdout] warning: struct `APIMessage` is never constructed
[INFO] [stdout]   --> src/models/general/llm.rs:17:12
[INFO] [stdout]    |
[INFO] [stdout] 17 | pub struct APIMessage {
[INFO] [stdout]    |            ^^^^^^^^^^
[INFO] [stdout] 
[INFO] [stdout] 
[INFO] [stdout] warning: struct `APIChoice` is never constructed
[INFO] [stdout]   --> src/models/general/llm.rs:22:12
[INFO] [stdout]    |
[INFO] [stdout] 22 | pub struct APIChoice {
[INFO] [stdout]    |            ^^^^^^^^^
[INFO] [stdout] 
[INFO] [stdout] 
[INFO] [stdout] warning: struct `APIResponse` is never constructed
[INFO] [stdout]   --> src/models/general/llm.rs:27:12
[INFO] [stdout]    |
[INFO] [stdout] 27 | pub struct APIResponse {
[INFO] [stdout]    |            ^^^^^^^^^^^
[INFO] [stdout] 
[INFO] [stdout] 
[INFO] [stdout] warning: unused `Result` that must be used
[INFO] [stdout]   --> src/helpers/command_line.rs:54:9
[INFO] [stdout]    |
[INFO] [stdout] 54 |         stdout.execute(ResetColor);
[INFO] [stdout]    |         ^^^^^^^^^^^^^^^^^^^^^^^^^^
[INFO] [stdout]    |
[INFO] [stdout]    = note: this `Result` may be an `Err` variant, which should be handled
[INFO] [stdout]    = note: `#[warn(unused_must_use)]` (part of `#[warn(unused)]`) on by default
[INFO] [stdout] help: use `let _ = ...` to ignore the resulting value
[INFO] [stdout]    |
[INFO] [stdout] 54 |         let _ = stdout.execute(ResetColor);
[INFO] [stdout]    |         +++++++
[INFO] [stdout] 
[INFO] [stdout] 
[INFO] [stderr]     Finished `release` profile [optimized] target(s) in 1m 19s
[INFO] running `Command { std: "docker" "inspect" "d1f896bec2c709d4905bb0d1d8075fff5880ed1840ad7fed76047279120d0c06", kill_on_drop: false }`
[INFO] running `Command { std: "docker" "exec" "-e" "SOURCE_DIR=/opt/rustwide/workdir" "-e" "CARGO_HOME=/opt/rustwide/cargo-home" "-e" "RUSTUP_HOME=/opt/rustwide/rustup-home" "-e" "CARGO_TARGET_DIR=/opt/rustwide/target" "-e" "CARGO_INCREMENTAL=0" "-e" "RUST_BACKTRACE=full" "-e" "RUSTFLAGS=--cap-lints=warn" "-e" "RUSTDOCFLAGS=--cap-lints=warn" "-w" "/opt/rustwide/workdir" "--user" "0:0" "d1f896bec2c709d4905bb0d1d8075fff5880ed1840ad7fed76047279120d0c06" "/opt/rustwide/cargo-home/bin/cargo" "+1.98.0-beta.8" "test" "--frozen" "--no-run" "--message-format=json" "--release", kill_on_drop: false }`
[INFO] [stderr]    Compiling auto_gippity v0.1.0 (/opt/rustwide/workdir)
[INFO] [stdout] warning: unused imports: `Color`, `ResetColor`, and `SetForegroundColor`
[INFO] [stdout]   --> src/models/agents/agent_backend.rs:14:14
[INFO] [stdout]    |
[INFO] [stdout] 14 |     style::{ SetForegroundColor, Color, ResetColor },
[INFO] [stdout]    |              ^^^^^^^^^^^^^^^^^^  ^^^^^  ^^^^^^^^^^
[INFO] [stdout]    |
[INFO] [stdout]    = note: `#[warn(unused_imports)]` (part of `#[warn(unused)]`) on by default
[INFO] [stdout] 
[INFO] [stdout] 
[INFO] [stdout] warning: unused import: `std::fs`
[INFO] [stdout]   --> src/models/agents/agent_backend.rs:20:5
[INFO] [stdout]    |
[INFO] [stdout] 20 | use std::fs;
[INFO] [stdout]    |     ^^^^^^^
[INFO] [stdout] 
[INFO] [stdout] 
[INFO] [stdout] warning: unused doc comment
[INFO] [stdout]    --> src/models/agents/agent_backend.rs:211:21
[INFO] [stdout]     |
[INFO] [stdout] 211 | /                     /**
[INFO] [stdout] 212 | |                      * Extract and Test
[INFO] [stdout] 213 | |                      * Rest API Endpoints
[INFO] [stdout] 214 | |                      */
[INFO] [stdout]     | |_______________________^
[INFO] [stdout] 215 |                       let api_endpoints_str = self.call_extract_api_endpoints().await;
[INFO] [stdout]     |                       ---------------------------------------------------------------- rustdoc does not generate documentation for statements
[INFO] [stdout]     |
[INFO] [stdout]     = help: use `//` for a plain comment
[INFO] [stdout]     = note: `#[warn(unused_doc_comments)]` (part of `#[warn(unused)]`) on by default
[INFO] [stdout] 
[INFO] [stdout] 
[INFO] [stdout] warning: unused import: `crate::models::general::llm::Message`
[INFO] [stdout]  --> src/models/agents_manager/managing_agent.rs:6:5
[INFO] [stdout]   |
[INFO] [stdout] 6 | use crate::models::general::llm::Message;
[INFO] [stdout]   |     ^^^^^^^^^^^^^^^^^^^^^^^^^^^^^^^^^^^^
[INFO] [stdout] 
[INFO] [stdout] 
[INFO] [stdout] warning: unused import: `ExecutableCommand`
[INFO] [stdout]   --> src/models/agents/agent_backend.rs:15:5
[INFO] [stdout]    |
[INFO] [stdout] 15 |     ExecutableCommand,
[INFO] [stdout]    |     ^^^^^^^^^^^^^^^^^
[INFO] [stdout] 
[INFO] [stdout] 
[INFO] [stdout] warning: unused variable: `agent_res`
[INFO] [stdout]   --> src/models/agents_manager/managing_agent.rs:61:17
[INFO] [stdout]    |
[INFO] [stdout] 61 |             let agent_res: Result<(), Box<dyn std::error::Error>> =
[INFO] [stdout]    |                 ^^^^^^^^^ help: if this is intentional, prefix it with an underscore: `_agent_res`
[INFO] [stdout]    |
[INFO] [stdout]    = note: `#[warn(unused_variables)]` (part of `#[warn(unused)]`) on by default
[INFO] [stdout] 
[INFO] [stdout] 
[INFO] [stdout] warning: fields `objective` and `memory` are never read
[INFO] [stdout]   --> src/models/agent_basic/basic_agent.rs:14:9
[INFO] [stdout]    |
[INFO] [stdout] 13 | pub struct BasicAgent {
[INFO] [stdout]    |            ---------- fields in this struct
[INFO] [stdout] 14 |     pub objective: String,
[INFO] [stdout]    |         ^^^^^^^^^
[INFO] [stdout] ...
[INFO] [stdout] 17 |     pub memory: Vec<Message>,
[INFO] [stdout]    |         ^^^^^^
[INFO] [stdout]    |
[INFO] [stdout]    = note: `BasicAgent` has a derived impl for the trait `Debug`, but this is intentionally ignored during dead code analysis
[INFO] [stdout]    = note: `#[warn(dead_code)]` (part of `#[warn(unused)]`) on by default
[INFO] [stdout] 
[INFO] [stdout] 
[INFO] [stdout] warning: associated items `new`, `get_objective`, `get_position`, `get_state`, and `get_memory` are never used
[INFO] [stdout]   --> src/models/agent_basic/basic_traits.rs:5:8
[INFO] [stdout]    |
[INFO] [stdout]  4 | pub trait BasicTraits {
[INFO] [stdout]    |           ----------- associated items in this trait
[INFO] [stdout]  5 |     fn new(objective: String, position: String) -> Self;
[INFO] [stdout]    |        ^^^
[INFO] [stdout]  6 |     fn update_state(&mut self, new_state: AgentState);
[INFO] [stdout]  7 |     fn get_objective(&self) -> &String;
[INFO] [stdout]    |        ^^^^^^^^^^^^^
[INFO] [stdout]  8 |     fn get_position(&self) -> &String;
[INFO] [stdout]    |        ^^^^^^^^^^^^
[INFO] [stdout]  9 |     fn get_state(&self) -> &AgentState;
[INFO] [stdout]    |        ^^^^^^^^^
[INFO] [stdout] 10 |     fn get_memory(&self) -> &Vec<Message>;
[INFO] [stdout]    |        ^^^^^^^^^^
[INFO] [stdout] 
[INFO] [stdout] 
[INFO] [stdout] warning: field `attributes` is never read
[INFO] [stdout]   --> src/models/agents_manager/managing_agent.rs:10:5
[INFO] [stdout]    |
[INFO] [stdout]  9 | pub struct ManagingAgent {
[INFO] [stdout]    |            ------------- field in this struct
[INFO] [stdout] 10 |     attributes: BasicAgent,
[INFO] [stdout]    |     ^^^^^^^^^^
[INFO] [stdout]    |
[INFO] [stdout]    = note: `ManagingAgent` has a derived impl for the trait `Debug`, but this is intentionally ignored during dead code analysis
[INFO] [stdout] 
[INFO] [stdout] 
[INFO] [stdout] warning: unused `Result` that must be used
[INFO] [stdout]   --> src/helpers/command_line.rs:54:9
[INFO] [stdout]    |
[INFO] [stdout] 54 |         stdout.execute(ResetColor);
[INFO] [stdout]    |         ^^^^^^^^^^^^^^^^^^^^^^^^^^
[INFO] [stdout]    |
[INFO] [stdout]    = note: this `Result` may be an `Err` variant, which should be handled
[INFO] [stdout]    = note: `#[warn(unused_must_use)]` (part of `#[warn(unused)]`) on by default
[INFO] [stdout] help: use `let _ = ...` to ignore the resulting value
[INFO] [stdout]    |
[INFO] [stdout] 54 |         let _ = stdout.execute(ResetColor);
[INFO] [stdout]    |         +++++++
[INFO] [stdout] 
[INFO] [stdout] 
[INFO] [stderr]     Finished `release` profile [optimized] target(s) in 5.38s
[INFO] running `Command { std: "docker" "inspect" "d1f896bec2c709d4905bb0d1d8075fff5880ed1840ad7fed76047279120d0c06", kill_on_drop: false }`
[INFO] running `Command { std: "docker" "exec" "-e" "SOURCE_DIR=/opt/rustwide/workdir" "-e" "CARGO_HOME=/opt/rustwide/cargo-home" "-e" "RUSTUP_HOME=/opt/rustwide/rustup-home" "-e" "CARGO_TARGET_DIR=/opt/rustwide/target" "-e" "CARGO_INCREMENTAL=0" "-e" "RUST_BACKTRACE=full" "-e" "RUSTFLAGS=--cap-lints=warn" "-e" "RUSTDOCFLAGS=--cap-lints=warn" "-w" "/opt/rustwide/workdir" "--user" "0:0" "d1f896bec2c709d4905bb0d1d8075fff5880ed1840ad7fed76047279120d0c06" "/opt/rustwide/cargo-home/bin/cargo" "+1.98.0-beta.8" "test" "--frozen" "--release", kill_on_drop: false }`
[INFO] [stderr] warning: unused imports: `Color`, `ResetColor`, and `SetForegroundColor`
[INFO] [stderr]   --> src/models/agents/agent_backend.rs:14:14
[INFO] [stderr]    |
[INFO] [stderr] 14 |     style::{ SetForegroundColor, Color, ResetColor },
[INFO] [stderr]    |              ^^^^^^^^^^^^^^^^^^  ^^^^^  ^^^^^^^^^^
[INFO] [stderr]    |
[INFO] [stderr]    = note: `#[warn(unused_imports)]` (part of `#[warn(unused)]`) on by default
[INFO] [stderr] 
[INFO] [stderr] warning: unused import: `std::fs`
[INFO] [stderr]   --> src/models/agents/agent_backend.rs:20:5
[INFO] [stderr]    |
[INFO] [stderr] 20 | use std::fs;
[INFO] [stderr]    |     ^^^^^^^
[INFO] [stderr] 
[INFO] [stderr] warning: unused doc comment
[INFO] [stderr]    --> src/models/agents/agent_backend.rs:211:21
[INFO] [stderr]     |
[INFO] [stderr] 211 | /                     /**
[INFO] [stderr] 212 | |                      * Extract and Test
[INFO] [stderr] 213 | |                      * Rest API Endpoints
[INFO] [stderr] 214 | |                      */
[INFO] [stderr]     | |_______________________^
[INFO] [stderr] 215 |                       let api_endpoints_str = self.call_extract_api_endpoints().await;
[INFO] [stderr]     |                       ---------------------------------------------------------------- rustdoc does not generate documentation for statements
[INFO] [stderr]     |
[INFO] [stderr]     = help: use `//` for a plain comment
[INFO] [stderr]     = note: `#[warn(unused_doc_comments)]` (part of `#[warn(unused)]`) on by default
[INFO] [stderr] 
[INFO] [stderr] warning: unused import: `crate::models::general::llm::Message`
[INFO] [stderr]  --> src/models/agents_manager/managing_agent.rs:6:5
[INFO] [stderr]   |
[INFO] [stderr] 6 | use crate::models::general::llm::Message;
[INFO] [stderr]   |     ^^^^^^^^^^^^^^^^^^^^^^^^^^^^^^^^^^^^
[INFO] [stderr] 
[INFO] [stderr] warning: unused import: `ExecutableCommand`
[INFO] [stderr]   --> src/models/agents/agent_backend.rs:15:5
[INFO] [stderr]    |
[INFO] [stderr] 15 |     ExecutableCommand,
[INFO] [stderr]    |     ^^^^^^^^^^^^^^^^^
[INFO] [stderr] 
[INFO] [stderr] warning: unused variable: `agent_res`
[INFO] [stderr]   --> src/models/agents_manager/managing_agent.rs:61:17
[INFO] [stderr]    |
[INFO] [stderr] 61 |             let agent_res: Result<(), Box<dyn std::error::Error>> =
[INFO] [stderr]    |                 ^^^^^^^^^ help: if this is intentional, prefix it with an underscore: `_agent_res`
[INFO] [stderr]    |
[INFO] [stderr]    = note: `#[warn(unused_variables)]` (part of `#[warn(unused)]`) on by default
[INFO] [stderr] 
[INFO] [stderr] warning: fields `objective` and `memory` are never read
[INFO] [stderr]   --> src/models/agent_basic/basic_agent.rs:14:9
[INFO] [stderr]    |
[INFO] [stderr] 13 | pub struct BasicAgent {
[INFO] [stderr]    |            ---------- fields in this struct
[INFO] [stderr] 14 |     pub objective: String,
[INFO] [stderr]    |         ^^^^^^^^^
[INFO] [stderr] ...
[INFO] [stderr] 17 |     pub memory: Vec<Message>,
[INFO] [stderr]    |         ^^^^^^
[INFO] [stderr]    |
[INFO] [stderr]    = note: `BasicAgent` has a derived impl for the trait `Debug`, but this is intentionally ignored during dead code analysis
[INFO] [stderr]    = note: `#[warn(dead_code)]` (part of `#[warn(unused)]`) on by default
[INFO] [stderr] 
[INFO] [stderr] warning: associated items `new`, `get_objective`, `get_position`, `get_state`, and `get_memory` are never used
[INFO] [stderr]   --> src/models/agent_basic/basic_traits.rs:5:8
[INFO] [stderr]    |
[INFO] [stderr]  4 | pub trait BasicTraits {
[INFO] [stderr]    |           ----------- associated items in this trait
[INFO] [stderr]  5 |     fn new(objective: String, position: String) -> Self;
[INFO] [stderr]    |        ^^^
[INFO] [stderr]  6 |     fn update_state(&mut self, new_state: AgentState);
[INFO] [stderr]  7 |     fn get_objective(&self) -> &String;
[INFO] [stderr]    |        ^^^^^^^^^^^^^
[INFO] [stderr]  8 |     fn get_position(&self) -> &String;
[INFO] [stderr]    |        ^^^^^^^^^^^^
[INFO] [stderr]  9 |     fn get_state(&self) -> &AgentState;
[INFO] [stderr]    |        ^^^^^^^^^
[INFO] [stderr] 10 |     fn get_memory(&self) -> &Vec<Message>;
[INFO] [stderr]    |        ^^^^^^^^^^
[INFO] [stderr] 
[INFO] [stderr] warning: field `attributes` is never read
[INFO] [stderr]   --> src/models/agents_manager/managing_agent.rs:10:5
[INFO] [stderr]    |
[INFO] [stderr]  9 | pub struct ManagingAgent {
[INFO] [stderr]    |            ------------- field in this struct
[INFO] [stderr] 10 |     attributes: BasicAgent,
[INFO] [stderr]    |     ^^^^^^^^^^
[INFO] [stderr]    |
[INFO] [stderr]    = note: `ManagingAgent` has a derived impl for the trait `Debug`, but this is intentionally ignored during dead code analysis
[INFO] [stderr] 
[INFO] [stderr] warning: unused `Result` that must be used
[INFO] [stderr]   --> src/helpers/command_line.rs:54:9
[INFO] [stderr]    |
[INFO] [stderr] 54 |         stdout.execute(ResetColor);
[INFO] [stderr]    |         ^^^^^^^^^^^^^^^^^^^^^^^^^^
[INFO] [stderr]    |
[INFO] [stderr]    = note: this `Result` may be an `Err` variant, which should be handled
[INFO] [stderr]    = note: `#[warn(unused_must_use)]` (part of `#[warn(unused)]`) on by default
[INFO] [stderr] help: use `let _ = ...` to ignore the resulting value
[INFO] [stderr]    |
[INFO] [stderr] 54 |         let _ = stdout.execute(ResetColor);
[INFO] [stderr]    |         +++++++
[INFO] [stderr] 
[INFO] [stderr] warning: `auto_gippity` (bin "auto_gippity" test) generated 10 warnings (run `cargo fix --bin "auto_gippity" -p auto_gippity --tests` to apply 4 suggestions)
[INFO] [stderr]     Finished `release` profile [optimized] target(s) in 0.15s
[INFO] [stderr]      Running unittests src/main.rs (/opt/rustwide/target/release/deps/auto_gippity-ea783fd73084c343)
[INFO] [stdout] 
[INFO] [stdout] running 7 tests
[INFO] [stdout] [38;5;10m[38;5;14m[0mtest helpers::command_line::tests::tests_prints_agent_message ... ok
[INFO] [stdout] test helpers::general::tests::tests_extending_ai_function ... ok[38;5;10m[38;5;10m[38;5;14m[0m
[INFO] [stdout] [38;5;14m[0mtest helpers::general::tests::tests_ai_task_request ... FAILED
[INFO] [stdout] test apis::call_request::tests::tests_call_to_openai ... FAILED
[INFO] [stdout] test models::agents::agent_architect::tests::tests_solution_architect ... FAILED
[INFO] [stdout] [38;5;10m[38;5;14m[0mtest models::agents_manager::managing_agent::tests::tests_managing_agent ... FAILED
[INFO] [stdout] test models::agents::agent_backend::tests::tests_writing_backend_code ... FAILED
[INFO] [stdout] 
[INFO] [stdout] failures:
[INFO] [stdout] 
[INFO] [stdout] ---- helpers::general::tests::tests_ai_task_request stdout ----
[INFO] [stdout] Agent: Managing Agent Defining user requirements
[INFO] [stdout] 
[INFO] [stdout] thread 'helpers::general::tests::tests_ai_task_request' (1964) panicked at src/apis/call_request.rs:13:33:
[INFO] [stdout] OPEN_AI_KEY not found in environment variables: NotPresent
[INFO] [stdout] stack backtrace:
[INFO] [stdout]    0:     0x5874f1205811 - <<std[97b98282bc616a66]::sys::backtrace::BacktraceLock>::print::DisplayBacktrace as core[832e9a552fc17241]::fmt::Display>::fmt
[INFO] [stdout]    1:     0x5874f121c60a - core[832e9a552fc17241]::fmt::write
[INFO] [stdout]    2:     0x5874f120a35c - <alloc[3ecab9f82c41dc7d]::vec::Vec<u8> as std[97b98282bc616a66]::io::Write>::write_fmt
[INFO] [stdout]    3:     0x5874f11e1ff6 - std[97b98282bc616a66]::panicking::default_hook::{closure#0}
[INFO] [stdout]    4:     0x5874f11fcc59 - std[97b98282bc616a66]::panicking::default_hook
[INFO] [stdout]    5:     0x5874f0f8b2d0 - test[39766f3d73431624]::test_main_inner::<test[39766f3d73431624]::test_main_static::{closure#0}>::{closure#0}
[INFO] [stdout]    6:     0x5874f11fcf82 - std[97b98282bc616a66]::panicking::panic_with_hook
[INFO] [stdout]    7:     0x5874f11e20a2 - std[97b98282bc616a66]::panicking::panic_handler::{closure#0}
[INFO] [stdout]    8:     0x5874f11d94c9 - std[97b98282bc616a66]::sys::backtrace::__rust_end_short_backtrace::<std[97b98282bc616a66]::panicking::panic_handler::{closure#0}, !>
[INFO] [stdout]    9:     0x5874f11e2fad - __rustc[e3d8617bb01b7f69]::rust_begin_unwind
[INFO] [stdout]   10:     0x5874f121cdec - core[832e9a552fc17241]::panicking::panic_fmt
[INFO] [stdout]   11:     0x5874f121cbc2 - core[832e9a552fc17241]::result::unwrap_failed
[INFO] [stdout]   12:     0x5874f0f686f7 - auto_gippity[49c2106dde9a55ed]::apis::call_request::call_gpt::{closure#0}
[INFO] [stdout]   13:     0x5874f0f694df - auto_gippity[49c2106dde9a55ed]::helpers::general::tests::tests_ai_task_request::{closure#0}
[INFO] [stdout]   14:     0x5874f0f6fa58 - <tokio[694905646a77a46b]::runtime::scheduler::current_thread::CoreGuard>::block_on::<core[832e9a552fc17241]::pin::Pin<&mut core[832e9a552fc17241]::pin::Pin<&mut dyn core[832e9a552fc17241]::future::future::Future<Output = ()>>>>
[INFO] [stdout]   15:     0x5874f0f726c4 - tokio[694905646a77a46b]::runtime::context::runtime::enter_runtime::<<tokio[694905646a77a46b]::runtime::scheduler::current_thread::CurrentThread>::block_on<core[832e9a552fc17241]::pin::Pin<&mut dyn core[832e9a552fc17241]::future::future::Future<Output = ()>>>::{closure#0}, ()>
[INFO] [stdout]   16:     0x5874f0f6f355 - <tokio[694905646a77a46b]::runtime::runtime::Runtime>::block_on::<core[832e9a552fc17241]::pin::Pin<&mut dyn core[832e9a552fc17241]::future::future::Future<Output = ()>>>
[INFO] [stdout]   17:     0x5874f0f69aab - auto_gippity[49c2106dde9a55ed]::helpers::general::tests::tests_ai_task_request
[INFO] [stdout]   18:     0x5874f0f79f09 - <auto_gippity[49c2106dde9a55ed]::helpers::general::tests::tests_ai_task_request::{closure#0} as core[832e9a552fc17241]::ops::function::FnOnce<()>>::call_once
[INFO] [stdout]   19:     0x5874f0f7e60b - test[39766f3d73431624]::__rust_begin_short_backtrace::<core[832e9a552fc17241]::result::Result<(), alloc[3ecab9f82c41dc7d]::string::String>, fn() -> core[832e9a552fc17241]::result::Result<(), alloc[3ecab9f82c41dc7d]::string::String>>
[INFO] [stdout]   20:     0x5874f0f8bc55 - test[39766f3d73431624]::run_test::{closure#0}
[INFO] [stdout]   21:     0x5874f0f86704 - std[97b98282bc616a66]::sys::backtrace::__rust_begin_short_backtrace::<test[39766f3d73431624]::run_test::{closure#1}, ()>
[INFO] [stdout]   22:     0x5874f0f8eda2 - <std[97b98282bc616a66]::thread::lifecycle::spawn_unchecked<test[39766f3d73431624]::run_test::{closure#1}, ()>::{closure#1} as core[832e9a552fc17241]::ops::function::FnOnce<()>>::call_once::{shim:vtable#0}
[INFO] [stdout]   23:     0x5874f120477f - <std[97b98282bc616a66]::sys::thread::unix::Thread>::new::thread_start
[INFO] [stdout]   24:     0x7f22182e907a - <unknown>
[INFO] [stdout]   25:     0x7f221837c534 - clone
[INFO] [stdout]   26:                0x0 - <unknown>
[INFO] [stdout] 
[INFO] [stdout] ---- apis::call_request::tests::tests_call_to_openai stdout ----
[INFO] [stdout] 
[INFO] [stdout] thread 'apis::call_request::tests::tests_call_to_openai' (1962) panicked at src/apis/call_request.rs:13:33:
[INFO] [stdout] OPEN_AI_KEY not found in environment variables: NotPresent
[INFO] [stdout] stack backtrace:
[INFO] [stdout]    0:     0x5874f1205811 - <<std[97b98282bc616a66]::sys::backtrace::BacktraceLock>::print::DisplayBacktrace as core[832e9a552fc17241]::fmt::Display>::fmt
[INFO] [stdout]    1:     0x5874f121c60a - core[832e9a552fc17241]::fmt::write
[INFO] [stdout]    2:     0x5874f120a35c - <alloc[3ecab9f82c41dc7d]::vec::Vec<u8> as std[97b98282bc616a66]::io::Write>::write_fmt
[INFO] [stdout]    3:     0x5874f11e1ff6 - std[97b98282bc616a66]::panicking::default_hook::{closure#0}
[INFO] [stdout]    4:     0x5874f11fcc59 - std[97b98282bc616a66]::panicking::default_hook
[INFO] [stdout]    5:     0x5874f0f8b2d0 - test[39766f3d73431624]::test_main_inner::<test[39766f3d73431624]::test_main_static::{closure#0}>::{closure#0}
[INFO] [stdout]    6:     0x5874f11fcf82 - std[97b98282bc616a66]::panicking::panic_with_hook
[INFO] [stdout]    7:     0x5874f11e20a2 - std[97b98282bc616a66]::panicking::panic_handler::{closure#0}
[INFO] [stdout]    8:     0x5874f11d94c9 - std[97b98282bc616a66]::sys::backtrace::__rust_end_short_backtrace::<std[97b98282bc616a66]::panicking::panic_handler::{closure#0}, !>
[INFO] [stdout]    9:     0x5874f11e2fad - __rustc[e3d8617bb01b7f69]::rust_begin_unwind
[INFO] [stdout]   10:     0x5874f121cdec - core[832e9a552fc17241]::panicking::panic_fmt
[INFO] [stdout]   11:     0x5874f121cbc2 - core[832e9a552fc17241]::result::unwrap_failed
[INFO] [stdout]   12:     0x5874f0f6c1bf - auto_gippity[49c2106dde9a55ed]::apis::call_request::tests::tests_call_to_openai::{closure#0}
[INFO] [stdout]   13:     0x5874f0f6fa58 - <tokio[694905646a77a46b]::runtime::scheduler::current_thread::CoreGuard>::block_on::<core[832e9a552fc17241]::pin::Pin<&mut core[832e9a552fc17241]::pin::Pin<&mut dyn core[832e9a552fc17241]::future::future::Future<Output = ()>>>>
[INFO] [stdout]   14:     0x5874f0f726c4 - tokio[694905646a77a46b]::runtime::context::runtime::enter_runtime::<<tokio[694905646a77a46b]::runtime::scheduler::current_thread::CurrentThread>::block_on<core[832e9a552fc17241]::pin::Pin<&mut dyn core[832e9a552fc17241]::future::future::Future<Output = ()>>>::{closure#0}, ()>
[INFO] [stdout]   15:     0x5874f0f6f355 - <tokio[694905646a77a46b]::runtime::runtime::Runtime>::block_on::<core[832e9a552fc17241]::pin::Pin<&mut dyn core[832e9a552fc17241]::future::future::Future<Output = ()>>>
[INFO] [stdout]   16:     0x5874f0f6d06b - auto_gippity[49c2106dde9a55ed]::apis::call_request::tests::tests_call_to_openai
[INFO] [stdout]   17:     0x5874f0f79ea9 - <auto_gippity[49c2106dde9a55ed]::apis::call_request::tests::tests_call_to_openai::{closure#0} as core[832e9a552fc17241]::ops::function::FnOnce<()>>::call_once
[INFO] [stdout]   18:     0x5874f0f7e60b - test[39766f3d73431624]::__rust_begin_short_backtrace::<core[832e9a552fc17241]::result::Result<(), alloc[3ecab9f82c41dc7d]::string::String>, fn() -> core[832e9a552fc17241]::result::Result<(), alloc[3ecab9f82c41dc7d]::string::String>>
[INFO] [stdout]   19:     0x5874f0f8bc55 - test[39766f3d73431624]::run_test::{closure#0}
[INFO] [stdout]   20:     0x5874f0f86704 - std[97b98282bc616a66]::sys::backtrace::__rust_begin_short_backtrace::<test[39766f3d73431624]::run_test::{closure#1}, ()>
[INFO] [stdout]   21:     0x5874f0f8eda2 - <std[97b98282bc616a66]::thread::lifecycle::spawn_unchecked<test[39766f3d73431624]::run_test::{closure#1}, ()>::{closure#1} as core[832e9a552fc17241]::ops::function::FnOnce<()>>::call_once::{shim:vtable#0}
[INFO] [stdout]   22:     0x5874f120477f - <std[97b98282bc616a66]::sys::thread::unix::Thread>::new::thread_start
[INFO] [stdout]   23:     0x7f22182e907a - <unknown>
[INFO] [stdout]   24:     0x7f221837c534 - clone
[INFO] [stdout]   25:                0x0 - <unknown>
[INFO] [stdout] 
[INFO] [stdout] ---- models::agents::agent_architect::tests::tests_solution_architect stdout ----
[INFO] [stdout] Agent: Solutions Architect print_project_scope
[INFO] [stdout] 
[INFO] [stdout] thread 'models::agents::agent_architect::tests::tests_solution_architect' (1966) panicked at src/apis/call_request.rs:13:33:
[INFO] [stdout] OPEN_AI_KEY not found in environment variables: NotPresent
[INFO] [stdout] stack backtrace:
[INFO] [stdout]    0:     0x5874f1205811 - <<std[97b98282bc616a66]::sys::backtrace::BacktraceLock>::print::DisplayBacktrace as core[832e9a552fc17241]::fmt::Display>::fmt
[INFO] [stdout]    1:     0x5874f121c60a - core[832e9a552fc17241]::fmt::write
[INFO] [stdout]    2:     0x5874f120a35c - <alloc[3ecab9f82c41dc7d]::vec::Vec<u8> as std[97b98282bc616a66]::io::Write>::write_fmt
[INFO] [stdout]    3:     0x5874f11e1ff6 - std[97b98282bc616a66]::panicking::default_hook::{closure#0}
[INFO] [stdout]    4:     0x5874f11fcc59 - std[97b98282bc616a66]::panicking::default_hook
[INFO] [stdout]    5:     0x5874f0f8b2d0 - test[39766f3d73431624]::test_main_inner::<test[39766f3d73431624]::test_main_static::{closure#0}>::{closure#0}
[INFO] [stdout]    6:     0x5874f11fcf82 - std[97b98282bc616a66]::panicking::panic_with_hook
[INFO] [stdout]    7:     0x5874f11e20a2 - std[97b98282bc616a66]::panicking::panic_handler::{closure#0}
[INFO] [stdout]    8:     0x5874f11d94c9 - std[97b98282bc616a66]::sys::backtrace::__rust_end_short_backtrace::<std[97b98282bc616a66]::panicking::panic_handler::{closure#0}, !>
[INFO] [stdout]    9:     0x5874f11e2fad - __rustc[e3d8617bb01b7f69]::rust_begin_unwind
[INFO] [stdout]   10:     0x5874f121cdec - core[832e9a552fc17241]::panicking::panic_fmt
[INFO] [stdout]   11:     0x5874f121cbc2 - core[832e9a552fc17241]::result::unwrap_failed
[INFO] [stdout]   12:     0x5874f0f5f6d7 - auto_gippity[49c2106dde9a55ed]::apis::call_request::call_gpt::{closure#0}
[INFO] [stdout]   13:     0x5874f0f603fa - auto_gippity[49c2106dde9a55ed]::helpers::general::ai_task_request::{closure#0}
[INFO] [stdout]   14:     0x5874f0f611cc - <auto_gippity[49c2106dde9a55ed]::models::agents::agent_architect::AgentSolutionArchitect as auto_gippity[49c2106dde9a55ed]::models::agents::agent_traits::SpecialFunctions>::execute::{closure#0}
[INFO] [stdout]   15:     0x5874f0f75bfc - auto_gippity[49c2106dde9a55ed]::models::agents::agent_architect::tests::tests_solution_architect::{closure#0}
[INFO] [stdout]   16:     0x5874f0f6fa58 - <tokio[694905646a77a46b]::runtime::scheduler::current_thread::CoreGuard>::block_on::<core[832e9a552fc17241]::pin::Pin<&mut core[832e9a552fc17241]::pin::Pin<&mut dyn core[832e9a552fc17241]::future::future::Future<Output = ()>>>>
[INFO] [stdout]   17:     0x5874f0f726c4 - tokio[694905646a77a46b]::runtime::context::runtime::enter_runtime::<<tokio[694905646a77a46b]::runtime::scheduler::current_thread::CurrentThread>::block_on<core[832e9a552fc17241]::pin::Pin<&mut dyn core[832e9a552fc17241]::future::future::Future<Output = ()>>>::{closure#0}, ()>
[INFO] [stdout]   18:     0x5874f0f6f355 - <tokio[694905646a77a46b]::runtime::runtime::Runtime>::block_on::<core[832e9a552fc17241]::pin::Pin<&mut dyn core[832e9a552fc17241]::future::future::Future<Output = ()>>>
[INFO] [stdout]   19:     0x5874f0f7664b - auto_gippity[49c2106dde9a55ed]::models::agents::agent_architect::tests::tests_solution_architect
[INFO] [stdout]   20:     0x5874f0f79f89 - <auto_gippity[49c2106dde9a55ed]::models::agents::agent_architect::tests::tests_solution_architect::{closure#0} as core[832e9a552fc17241]::ops::function::FnOnce<()>>::call_once
[INFO] [stdout]   21:     0x5874f0f7e60b - test[39766f3d73431624]::__rust_begin_short_backtrace::<core[832e9a552fc17241]::result::Result<(), alloc[3ecab9f82c41dc7d]::string::String>, fn() -> core[832e9a552fc17241]::result::Result<(), alloc[3ecab9f82c41dc7d]::string::String>>
[INFO] [stdout]   22:     0x5874f0f8bc55 - test[39766f3d73431624]::run_test::{closure#0}
[INFO] [stdout]   23:     0x5874f0f86704 - std[97b98282bc616a66]::sys::backtrace::__rust_begin_short_backtrace::<test[39766f3d73431624]::run_test::{closure#1}, ()>
[INFO] [stdout]   24:     0x5874f0f8eda2 - <std[97b98282bc616a66]::thread::lifecycle::spawn_unchecked<test[39766f3d73431624]::run_test::{closure#1}, ()>::{closure#1} as core[832e9a552fc17241]::ops::function::FnOnce<()>>::call_once::{shim:vtable#0}
[INFO] [stdout]   25:     0x5874f120477f - <std[97b98282bc616a66]::sys::thread::unix::Thread>::new::thread_start
[INFO] [stdout]   26:     0x7f22182e907a - <unknown>
[INFO] [stdout]   27:     0x7f221837c534 - clone
[INFO] [stdout]   28:                0x0 - <unknown>
[INFO] [stdout] 
[INFO] [stdout] ---- models::agents_manager::managing_agent::tests::tests_managing_agent stdout ----
[INFO] [stdout] Agent: Project Manager convert_user_input_to_goal
[INFO] [stdout] 
[INFO] [stdout] thread 'models::agents_manager::managing_agent::tests::tests_managing_agent' (1968) panicked at src/apis/call_request.rs:13:33:
[INFO] [stdout] OPEN_AI_KEY not found in environment variables: NotPresent
[INFO] [stdout] stack backtrace:
[INFO] [stdout]    0:     0x5874f1205811 - <<std[97b98282bc616a66]::sys::backtrace::BacktraceLock>::print::DisplayBacktrace as core[832e9a552fc17241]::fmt::Display>::fmt
[INFO] [stdout]    1:     0x5874f121c60a - core[832e9a552fc17241]::fmt::write
[INFO] [stdout]    2:     0x5874f120a35c - <alloc[3ecab9f82c41dc7d]::vec::Vec<u8> as std[97b98282bc616a66]::io::Write>::write_fmt
[INFO] [stdout]    3:     0x5874f11e1ff6 - std[97b98282bc616a66]::panicking::default_hook::{closure#0}
[INFO] [stdout]    4:     0x5874f11fcc59 - std[97b98282bc616a66]::panicking::default_hook
[INFO] [stdout]    5:     0x5874f0f8b2d0 - test[39766f3d73431624]::test_main_inner::<test[39766f3d73431624]::test_main_static::{closure#0}>::{closure#0}
[INFO] [stdout]    6:     0x5874f11fcf82 - std[97b98282bc616a66]::panicking::panic_with_hook
[INFO] [stdout]    7:     0x5874f11e20a2 - std[97b98282bc616a66]::panicking::panic_handler::{closure#0}
[INFO] [stdout]    8:     0x5874f11d94c9 - std[97b98282bc616a66]::sys::backtrace::__rust_end_short_backtrace::<std[97b98282bc616a66]::panicking::panic_handler::{closure#0}, !>
[INFO] [stdout]    9:     0x5874f11e2fad - __rustc[e3d8617bb01b7f69]::rust_begin_unwind
[INFO] [stdout]   10:     0x5874f121cdec - core[832e9a552fc17241]::panicking::panic_fmt
[INFO] [stdout]   11:     0x5874f121cbc2 - core[832e9a552fc17241]::result::unwrap_failed
[INFO] [stdout]   12:     0x5874f0f644a7 - auto_gippity[49c2106dde9a55ed]::apis::call_request::call_gpt::{closure#0}
[INFO] [stdout]   13:     0x5874f0f65444 - auto_gippity[49c2106dde9a55ed]::models::agents_manager::managing_agent::tests::tests_managing_agent::{closure#0}
[INFO] [stdout]   14:     0x5874f0f6fa58 - <tokio[694905646a77a46b]::runtime::scheduler::current_thread::CoreGuard>::block_on::<core[832e9a552fc17241]::pin::Pin<&mut core[832e9a552fc17241]::pin::Pin<&mut dyn core[832e9a552fc17241]::future::future::Future<Output = ()>>>>
[INFO] [stdout]   15:     0x5874f0f726c4 - tokio[694905646a77a46b]::runtime::context::runtime::enter_runtime::<<tokio[694905646a77a46b]::runtime::scheduler::current_thread::CurrentThread>::block_on<core[832e9a552fc17241]::pin::Pin<&mut dyn core[832e9a552fc17241]::future::future::Future<Output = ()>>>::{closure#0}, ()>
[INFO] [stdout]   16:     0x5874f0f6f355 - <tokio[694905646a77a46b]::runtime::runtime::Runtime>::block_on::<core[832e9a552fc17241]::pin::Pin<&mut dyn core[832e9a552fc17241]::future::future::Future<Output = ()>>>
[INFO] [stdout]   17:     0x5874f0f661ab - auto_gippity[49c2106dde9a55ed]::models::agents_manager::managing_agent::tests::tests_managing_agent
[INFO] [stdout]   18:     0x5874f0f79f49 - <auto_gippity[49c2106dde9a55ed]::models::agents_manager::managing_agent::tests::tests_managing_agent::{closure#0} as core[832e9a552fc17241]::ops::function::FnOnce<()>>::call_once
[INFO] [stdout]   19:     0x5874f0f7e60b - test[39766f3d73431624]::__rust_begin_short_backtrace::<core[832e9a552fc17241]::result::Result<(), alloc[3ecab9f82c41dc7d]::string::String>, fn() -> core[832e9a552fc17241]::result::Result<(), alloc[3ecab9f82c41dc7d]::string::String>>
[INFO] [stdout]   20:     0x5874f0f8bc55 - test[39766f3d73431624]::run_test::{closure#0}
[INFO] [stdout]   21:     0x5874f0f86704 - std[97b98282bc616a66]::sys::backtrace::__rust_begin_short_backtrace::<test[39766f3d73431624]::run_test::{closure#1}, ()>
[INFO] [stdout]   22:     0x5874f0f8eda2 - <std[97b98282bc616a66]::thread::lifecycle::spawn_unchecked<test[39766f3d73431624]::run_test::{closure#1}, ()>::{closure#1} as core[832e9a552fc17241]::ops::function::FnOnce<()>>::call_once::{shim:vtable#0}
[INFO] [stdout]   23:     0x5874f120477f - <std[97b98282bc616a66]::sys::thread::unix::Thread>::new::thread_start
[INFO] [stdout]   24:     0x7f22182e907a - <unknown>
[INFO] [stdout]   25:     0x7f221837c534 - clone
[INFO] [stdout]   26:                0x0 - <unknown>
[INFO] [stdout] 
[INFO] [stdout] ---- models::agents::agent_backend::tests::tests_writing_backend_code stdout ----
[INFO] [stdout] 
[INFO] [stdout] thread 'models::agents::agent_backend::tests::tests_writing_backend_code' (1967) panicked at src/helpers/general.rs:102:30:
[INFO] [stdout] Failed to read code template: Os { code: 2, kind: NotFound, message: "No such file or directory" }
[INFO] [stdout] stack backtrace:
[INFO] [stdout]    0:     0x5874f1205811 - <<std[97b98282bc616a66]::sys::backtrace::BacktraceLock>::print::DisplayBacktrace as core[832e9a552fc17241]::fmt::Display>::fmt
[INFO] [stdout]    1:     0x5874f121c60a - core[832e9a552fc17241]::fmt::write
[INFO] [stdout]    2:     0x5874f120a35c - <alloc[3ecab9f82c41dc7d]::vec::Vec<u8> as std[97b98282bc616a66]::io::Write>::write_fmt
[INFO] [stdout]    3:     0x5874f11e1ff6 - std[97b98282bc616a66]::panicking::default_hook::{closure#0}
[INFO] [stdout]    4:     0x5874f11fcc59 - std[97b98282bc616a66]::panicking::default_hook
[INFO] [stdout]    5:     0x5874f0f8b2d0 - test[39766f3d73431624]::test_main_inner::<test[39766f3d73431624]::test_main_static::{closure#0}>::{closure#0}
[INFO] [stdout]    6:     0x5874f11fcf82 - std[97b98282bc616a66]::panicking::panic_with_hook
[INFO] [stdout]    7:     0x5874f11e20a2 - std[97b98282bc616a66]::panicking::panic_handler::{closure#0}
[INFO] [stdout]    8:     0x5874f11d94c9 - std[97b98282bc616a66]::sys::backtrace::__rust_end_short_backtrace::<std[97b98282bc616a66]::panicking::panic_handler::{closure#0}, !>
[INFO] [stdout]    9:     0x5874f11e2fad - __rustc[e3d8617bb01b7f69]::rust_begin_unwind
[INFO] [stdout]   10:     0x5874f121cdec - core[832e9a552fc17241]::panicking::panic_fmt
[INFO] [stdout]   11:     0x5874f121cbc2 - core[832e9a552fc17241]::result::unwrap_failed
[INFO] [stdout]   12:     0x5874f0f76560 - auto_gippity[49c2106dde9a55ed]::helpers::general::read_code_template_contents
[INFO] [stdout]   13:     0x5874f0f5ae9b - <auto_gippity[49c2106dde9a55ed]::models::agents::agent_backend::AgentBackendDeveloper as auto_gippity[49c2106dde9a55ed]::models::agents::agent_traits::SpecialFunctions>::execute::{closure#0}
[INFO] [stdout]   14:     0x5874f0f7c069 - auto_gippity[49c2106dde9a55ed]::models::agents::agent_backend::tests::tests_writing_backend_code::{closure#0}
[INFO] [stdout]   15:     0x5874f0f6fa58 - <tokio[694905646a77a46b]::runtime::scheduler::current_thread::CoreGuard>::block_on::<core[832e9a552fc17241]::pin::Pin<&mut core[832e9a552fc17241]::pin::Pin<&mut dyn core[832e9a552fc17241]::future::future::Future<Output = ()>>>>
[INFO] [stdout]   16:     0x5874f0f726c4 - tokio[694905646a77a46b]::runtime::context::runtime::enter_runtime::<<tokio[694905646a77a46b]::runtime::scheduler::current_thread::CurrentThread>::block_on<core[832e9a552fc17241]::pin::Pin<&mut dyn core[832e9a552fc17241]::future::future::Future<Output = ()>>>::{closure#0}, ()>
[INFO] [stdout]   17:     0x5874f0f6f355 - <tokio[694905646a77a46b]::runtime::runtime::Runtime>::block_on::<core[832e9a552fc17241]::pin::Pin<&mut dyn core[832e9a552fc17241]::future::future::Future<Output = ()>>>
[INFO] [stdout]   18:     0x5874f0f7ca4b - auto_gippity[49c2106dde9a55ed]::models::agents::agent_backend::tests::tests_writing_backend_code
[INFO] [stdout]   19:     0x5874f0f79f69 - <auto_gippity[49c2106dde9a55ed]::models::agents::agent_backend::tests::tests_writing_backend_code::{closure#0} as core[832e9a552fc17241]::ops::function::FnOnce<()>>::call_once
[INFO] [stdout]   20:     0x5874f0f7e60b - test[39766f3d73431624]::__rust_begin_short_backtrace::<core[832e9a552fc17241]::result::Result<(), alloc[3ecab9f82c41dc7d]::string::String>, fn() -> core[832e9a552fc17241]::result::Result<(), alloc[3ecab9f82c41dc7d]::string::String>>
[INFO] [stdout]   21:     0x5874f0f8bc55 - test[39766f3d73431624]::run_test::{closure#0}
[INFO] [stdout]   22:     0x5874f0f86704 - std[97b98282bc616a66]::sys::backtrace::__rust_begin_short_backtrace::<test[39766f3d73431624]::run_test::{closure#1}, ()>
[INFO] [stdout]   23:     0x5874f0f8eda2 - <std[97b98282bc616a66]::thread::lifecycle::spawn_unchecked<test[39766f3d73431624]::run_test::{closure#1}, ()>::{closure#1} as core[832e9a552fc17241]::ops::function::FnOnce<()>>::call_once::{shim:vtable#0}
[INFO] [stdout]   24:     0x5874f120477f - <std[97b98282bc616a66]::sys::thread::unix::Thread>::new::thread_start
[INFO] [stdout]   25:     0x7f22182e907a - <unknown>
[INFO] [stdout]   26:     0x7f221837c534 - clone
[INFO] [stdout]   27:                0x0 - <unknown>
[INFO] [stdout] 
[INFO] [stdout] 
[INFO] [stdout] failures:
[INFO] [stdout]     apis::call_request::tests::tests_call_to_openai
[INFO] [stdout]     helpers::general::tests::tests_ai_task_request
[INFO] [stdout]     models::agents::agent_architect::tests::tests_solution_architect
[INFO] [stdout]     models::agents::agent_backend::tests::tests_writing_backend_code
[INFO] [stdout]     models::agents_manager::managing_agent::tests::tests_managing_agent
[INFO] [stdout] 
[INFO] [stdout] test result: FAILED. 2 passed; 5 failed; 0 ignored; 0 measured; 0 filtered out; finished in 0.01s
[INFO] [stdout] 
[INFO] [stderr] error: test failed, to rerun pass `--bin auto_gippity`
[INFO] running `Command { std: "docker" "inspect" "d1f896bec2c709d4905bb0d1d8075fff5880ed1840ad7fed76047279120d0c06", kill_on_drop: false }`
[INFO] running `Command { std: "docker" "rm" "-f" "d1f896bec2c709d4905bb0d1d8075fff5880ed1840ad7fed76047279120d0c06", kill_on_drop: false }`
[INFO] [stdout] d1f896bec2c709d4905bb0d1d8075fff5880ed1840ad7fed76047279120d0c06
