[INFO] cloning repository https://github.com/demisuga01-lab/oxidepdf
[INFO] running `Command { std: "git" "-c" "credential.helper=" "-c" "credential.helper=/workspace/cargo-home/bin/git-credential-null" "clone" "--bare" "https://github.com/demisuga01-lab/oxidepdf" "/workspace/cache/git-repos/https%3A%2F%2Fgithub.com%2Fdemisuga01-lab%2Foxidepdf", kill_on_drop: false }`
[INFO] [stderr] Cloning into bare repository '/workspace/cache/git-repos/https%3A%2F%2Fgithub.com%2Fdemisuga01-lab%2Foxidepdf'...
[INFO] running `Command { std: "git" "rev-parse" "HEAD", kill_on_drop: false }`
[INFO] [stdout] 92417561398c4fc7a4d5910f2981e288f457a6c9
[INFO] testing demisuga01-lab/oxidepdf against 1.98.0-beta.8+cargoflags=--release for beta-release-1.99-2
[INFO] running `Command { std: "git" "clone" "/workspace/cache/git-repos/https%3A%2F%2Fgithub.com%2Fdemisuga01-lab%2Foxidepdf" "/workspace/builds/worker-7-tc1/source", kill_on_drop: false }`
[INFO] [stderr] Cloning into '/workspace/builds/worker-7-tc1/source'...
[INFO] [stderr] done.
[INFO] started tweaking git repo https://github.com/demisuga01-lab/oxidepdf
[INFO] finished tweaking git repo https://github.com/demisuga01-lab/oxidepdf
[INFO] tweaked toml for git repo https://github.com/demisuga01-lab/oxidepdf written to /workspace/builds/worker-7-tc1/source/Cargo.toml
[INFO] validating manifest of git repo https://github.com/demisuga01-lab/oxidepdf on toolchain 1.98.0-beta.8
[INFO] running `Command { std: CARGO_HOME="/workspace/cargo-home" RUSTUP_HOME="/workspace/rustup-home" "/workspace/cargo-home/bin/cargo" "+1.98.0-beta.8" "metadata" "--manifest-path" "Cargo.toml" "--no-deps", kill_on_drop: false }`
[INFO] crate git repo https://github.com/demisuga01-lab/oxidepdf already has a lockfile, it will not be regenerated
[INFO] running `Command { std: CARGO_HOME="/workspace/cargo-home" RUSTUP_HOME="/workspace/rustup-home" "/workspace/cargo-home/bin/cargo" "+1.98.0-beta.8" "fetch" "--manifest-path" "Cargo.toml", kill_on_drop: false }`
[INFO] [stderr]     Updating crates.io index
[INFO] [stderr]  Downloading crates ...
[INFO] [stderr]   Downloaded wasm-bindgen-macro v0.2.123
[INFO] [stderr]   Downloaded wasm-bindgen-shared v0.2.123
[INFO] [stderr]   Downloaded wasm-bindgen v0.2.123
[INFO] [stderr]   Downloaded wasm-bindgen-macro-support v0.2.123
[INFO] [stderr]   Downloaded num-conv v0.2.2
[INFO] [stderr]   Downloaded derive_arbitrary v1.4.2
[INFO] [stderr]   Downloaded env_filter v1.0.1
[INFO] [stderr]   Downloaded axum-core v0.4.5
[INFO] [stderr]   Downloaded crc-catalog v2.5.0
[INFO] [stderr]   Downloaded deflate64 v0.1.12
[INFO] [stderr]   Downloaded matchit v0.7.3
[INFO] [stderr]   Downloaded jpeg-encoder v0.6.1
[INFO] [stderr]   Downloaded env_logger v0.11.10
[INFO] [stderr]   Downloaded arbitrary v1.4.2
[INFO] [stderr]   Downloaded rayon-core v1.13.0
[INFO] [stderr]   Downloaded portable-atomic-util v0.2.7
[INFO] [stderr]   Downloaded jiff-static v0.2.28
[INFO] [stderr]   Downloaded js-sys v0.3.100
[INFO] [stderr]   Downloaded tower-http v0.5.2
[INFO] [stderr]   Downloaded axum v0.7.9
[INFO] [stderr]   Downloaded rayon v1.12.0
[INFO] [stderr]   Downloaded regex v1.12.4
[INFO] [stderr]   Downloaded ttf-parser v0.21.1
[INFO] [stderr]   Downloaded jiff v0.2.28
[INFO] [stderr]   Downloaded jpeg-decoder v0.3.2
[INFO] running `Command { std: "docker" "create" "-v" "/var/lib/crater-agent-workspace/builds/worker-7-tc1/source:/opt/rustwide/workdir:ro,Z" "-v" "/var/lib/crater-agent-workspace/builds/worker-7-tc1/target:/opt/rustwide/target:rw,Z" "-v" "/var/lib/crater-agent-workspace/cargo-home:/opt/rustwide/cargo-home:ro,Z" "-v" "/var/lib/crater-agent-workspace/rustup-home:/opt/rustwide/rustup-home:ro,Z" "-m" "1610612736" "--network" "none" "ghcr.io/rust-lang/crates-build-env/linux@sha256:8683fc1fc2eb5c9ac98e0d076ab094b2ffac7f99da555d2b6a2e27f346de2ec7" "sleep" "infinity", kill_on_drop: false }`
[INFO] [stdout] 009c5de5af89194e1d3a354b85d3107028e92e875084f0167d6c70afea220b6e
[INFO] running `Command { std: "docker" "start" "009c5de5af89194e1d3a354b85d3107028e92e875084f0167d6c70afea220b6e", kill_on_drop: false }`
[INFO] running `Command { std: "docker" "inspect" "009c5de5af89194e1d3a354b85d3107028e92e875084f0167d6c70afea220b6e", kill_on_drop: false }`
[INFO] running `Command { std: "docker" "exec" "-e" "SOURCE_DIR=/opt/rustwide/workdir" "-e" "CARGO_HOME=/opt/rustwide/cargo-home" "-e" "RUSTUP_HOME=/opt/rustwide/rustup-home" "-e" "CARGO_TARGET_DIR=/opt/rustwide/target" "-w" "/opt/rustwide/workdir" "--user" "0:0" "009c5de5af89194e1d3a354b85d3107028e92e875084f0167d6c70afea220b6e" "/opt/rustwide/cargo-home/bin/cargo" "+1.98.0-beta.8" "metadata" "--no-deps" "--format-version=1", kill_on_drop: false }`
[INFO] running `Command { std: "docker" "inspect" "009c5de5af89194e1d3a354b85d3107028e92e875084f0167d6c70afea220b6e", kill_on_drop: false }`
[INFO] running `Command { std: "docker" "exec" "-e" "SOURCE_DIR=/opt/rustwide/workdir" "-e" "CARGO_HOME=/opt/rustwide/cargo-home" "-e" "RUSTUP_HOME=/opt/rustwide/rustup-home" "-e" "CARGO_TARGET_DIR=/opt/rustwide/target" "-e" "CARGO_INCREMENTAL=0" "-e" "RUST_BACKTRACE=full" "-e" "RUSTFLAGS=--cap-lints=warn" "-e" "RUSTDOCFLAGS=--cap-lints=warn" "-w" "/opt/rustwide/workdir" "--user" "0:0" "009c5de5af89194e1d3a354b85d3107028e92e875084f0167d6c70afea220b6e" "/opt/rustwide/cargo-home/bin/cargo" "+1.98.0-beta.8" "build" "--frozen" "--message-format=json" "--release", kill_on_drop: false }`
[INFO] [stderr]    Compiling libc v0.2.186
[INFO] [stderr]    Compiling version_check v0.9.5
[INFO] [stderr]    Compiling shlex v2.0.1
[INFO] [stderr]    Compiling find-msvc-tools v0.1.9
[INFO] [stderr]    Compiling pkg-config v0.3.33
[INFO] [stderr]    Compiling typenum v1.20.1
[INFO] [stderr]    Compiling syn v2.0.117
[INFO] [stderr]    Compiling pin-project-lite v0.2.17
[INFO] [stderr]    Compiling log v0.4.32
[INFO] [stderr]    Compiling bytes v1.11.1
[INFO] [stderr]    Compiling generic-array v0.14.7
[INFO] [stderr]    Compiling futures-core v0.3.32
[INFO] [stderr]    Compiling serde_core v1.0.228
[INFO] [stderr]    Compiling subtle v2.6.1
[INFO] [stderr]    Compiling crc32fast v1.5.0
[INFO] [stderr]    Compiling smallvec v1.15.1
[INFO] [stderr]    Compiling simd-adler32 v0.3.9
[INFO] [stderr]    Compiling parking_lot_core v0.9.12
[INFO] [stderr]    Compiling tracing-core v0.1.36
[INFO] [stderr]    Compiling scopeguard v1.2.0
[INFO] [stderr]    Compiling lock_api v0.4.14
[INFO] [stderr]    Compiling http v1.4.2
[INFO] [stderr]    Compiling jobserver v0.1.34
[INFO] [stderr]    Compiling errno v0.3.14
[INFO] [stderr]    Compiling rayon-core v1.13.0
[INFO] [stderr]    Compiling crypto-common v0.1.7
[INFO] [stderr]    Compiling block-buffer v0.10.4
[INFO] [stderr]    Compiling block-padding v0.3.3
[INFO] [stderr]    Compiling cc v1.2.63
[INFO] [stderr]    Compiling digest v0.10.7
[INFO] [stderr]    Compiling inout v0.1.4
[INFO] [stderr]    Compiling adler2 v2.0.1
[INFO] [stderr]    Compiling httparse v1.10.1
[INFO] [stderr]    Compiling cipher v0.4.4
[INFO] [stderr]    Compiling miniz_oxide v0.8.9
[INFO] [stderr]    Compiling parking_lot v0.12.5
[INFO] [stderr]    Compiling http-body v1.0.1
[INFO] [stderr]    Compiling signal-hook-registry v1.4.8
[INFO] [stderr]    Compiling mio v1.2.1
[INFO] [stderr]    Compiling socket2 v0.6.4
[INFO] [stderr]    Compiling tower-service v0.3.3
[INFO] [stderr]    Compiling cpufeatures v0.2.17
[INFO] [stderr]    Compiling futures-task v0.3.32
[INFO] [stderr]    Compiling zstd-safe v7.2.4
[INFO] [stderr]    Compiling slab v0.4.12
[INFO] [stderr]    Compiling memchr v2.8.1
[INFO] [stderr]    Compiling futures-util v0.3.32
[INFO] [stderr]    Compiling zstd-sys v2.0.16+zstd.1.5.7
[INFO] [stderr]    Compiling lzma-sys v0.1.20
[INFO] [stderr]    Compiling bzip2-sys v0.1.13+1.0.8
[INFO] [stderr]    Compiling flate2 v1.1.9
[INFO] [stderr]    Compiling rustversion v1.0.22
[INFO] [stderr]    Compiling thiserror v2.0.18
[INFO] [stderr]    Compiling tower-layer v0.3.3
[INFO] [stderr]    Compiling getrandom v0.3.4
[INFO] [stderr]    Compiling serde_json v1.0.150
[INFO] [stderr]    Compiling either v1.16.0
[INFO] [stderr]    Compiling crc-catalog v2.5.0
[INFO] [stderr]    Compiling powerfmt v0.2.0
[INFO] [stderr]    Compiling crc v3.4.0
[INFO] [stderr]    Compiling rayon v1.12.0
[INFO] [stderr]    Compiling deranged v0.5.8
[INFO] [stderr]    Compiling aes v0.8.4
[INFO] [stderr]    Compiling http-body-util v0.1.3
[INFO] [stderr]    Compiling hmac v0.12.1
[INFO] [stderr]    Compiling fdeflate v0.3.7
[INFO] [stderr]    Compiling futures-channel v0.3.32
[INFO] [stderr]    Compiling multer v3.1.0
[INFO] [stderr]    Compiling sync_wrapper v1.0.2
[INFO] [stderr]    Compiling byteorder v1.5.0
[INFO] [stderr]    Compiling tracing-attributes v0.1.31
[INFO] [stderr]    Compiling tokio-macros v2.7.0
[INFO] [stderr]    Compiling serde_derive v1.0.228
[INFO] [stderr]    Compiling thiserror-impl v2.0.18
[INFO] [stderr]    Compiling zeroize_derive v1.4.3
[INFO] [stderr]    Compiling tokio v1.52.3
[INFO] [stderr]    Compiling thiserror-impl v1.0.69
[INFO] [stderr]    Compiling zip v2.4.2
[INFO] [stderr]    Compiling httpdate v1.0.3
[INFO] [stderr]    Compiling tracing v0.1.44
[INFO] [stderr]    Compiling bumpalo v3.20.3
[INFO] [stderr]    Compiling atomic-waker v1.1.2
[INFO] [stderr]    Compiling hashbrown v0.17.1
[INFO] [stderr]    Compiling num-conv v0.2.2
[INFO] [stderr]    Compiling bitflags v1.3.2
[INFO] [stderr]    Compiling percent-encoding v2.3.2
[INFO] [stderr]    Compiling equivalent v1.0.2
[INFO] [stderr]    Compiling mime v0.3.17
[INFO] [stderr]    Compiling regex-syntax v0.8.11
[INFO] [stderr]    Compiling time-core v0.1.8
[INFO] [stderr]    Compiling form_urlencoded v1.2.2
[INFO] [stderr]    Compiling time v0.3.47
[INFO] [stderr]    Compiling png v0.17.16
[INFO] [stderr]    Compiling thiserror v1.0.69
[INFO] [stderr]    Compiling jpeg-decoder v0.3.2
[INFO] [stderr]    Compiling indexmap v2.14.0
[INFO] [stderr]    Compiling zopfli v0.8.3
[INFO] [stderr]    Compiling regex-automata v0.4.14
[INFO] [stderr]    Compiling serde v1.0.228
[INFO] [stderr]    Compiling zeroize v1.8.2
[INFO] [stderr]    Compiling lzma-rs v0.3.0
[INFO] [stderr]    Compiling async-trait v0.1.89
[INFO] [stderr]    Compiling displaydoc v0.2.6
[INFO] [stderr]    Compiling pbkdf2 v0.12.2
[INFO] [stderr]    Compiling xz2 v0.1.7
[INFO] [stderr]    Compiling bzip2 v0.5.2
[INFO] [stderr]    Compiling sha1 v0.10.6
[INFO] [stderr]    Compiling cbc v0.1.2
[INFO] [stderr]    Compiling md-5 v0.10.6
[INFO] [stderr]    Compiling encoding_rs v0.8.35
[INFO] [stderr]    Compiling ttf-parser v0.21.1
[INFO] [stderr]    Compiling lazy_static v1.5.0
[INFO] [stderr]    Compiling spin v0.9.8
[INFO] [stderr]    Compiling deflate64 v0.1.12
[INFO] [stderr]    Compiling hyper v1.10.1
[INFO] [stderr]    Compiling constant_time_eq v0.3.1
[INFO] [stderr]    Compiling ryu v1.0.23
[INFO] [stderr]    Compiling jpeg-encoder v0.6.1
[INFO] [stderr]    Compiling serde_urlencoded v0.7.1
[INFO] [stderr]    Compiling oxide-engine v0.1.0 (/opt/rustwide/workdir/crates/engine)
[INFO] [stderr]    Compiling hyper-util v0.1.20
[INFO] [stderr]    Compiling tower v0.5.3
[INFO] [stderr]    Compiling sharded-slab v0.1.7
[INFO] [stderr]    Compiling matchers v0.2.0
[INFO] [stderr]    Compiling axum-core v0.4.5
[INFO] [stderr]    Compiling serde_path_to_error v0.1.20
[INFO] [stderr]    Compiling tracing-log v0.2.0
[INFO] [stderr]    Compiling thread_local v1.1.9
[INFO] [stderr]    Compiling nu-ansi-term v0.50.3
[INFO] [stderr]    Compiling matchit v0.7.3
[INFO] [stderr]    Compiling bitflags v2.13.0
[INFO] [stderr]    Compiling tracing-subscriber v0.3.23
[INFO] [stderr]    Compiling clap_derive v4.6.1
[INFO] [stderr]    Compiling tower-http v0.5.2
[INFO] [stderr]    Compiling axum v0.7.9
[INFO] [stderr]    Compiling clap v4.6.1
[INFO] [stderr]    Compiling zstd v0.13.3
[INFO] [stderr]    Compiling oxide-server v0.1.0 (/opt/rustwide/workdir/crates/server)
[INFO] [stderr]    Compiling oxide-cli v0.1.0 (/opt/rustwide/workdir/crates/cli)
[INFO] [stderr]     Finished `release` profile [optimized] target(s) in 4m 30s
[INFO] running `Command { std: "docker" "inspect" "009c5de5af89194e1d3a354b85d3107028e92e875084f0167d6c70afea220b6e", kill_on_drop: false }`
[INFO] running `Command { std: "docker" "exec" "-e" "SOURCE_DIR=/opt/rustwide/workdir" "-e" "CARGO_HOME=/opt/rustwide/cargo-home" "-e" "RUSTUP_HOME=/opt/rustwide/rustup-home" "-e" "CARGO_TARGET_DIR=/opt/rustwide/target" "-e" "CARGO_INCREMENTAL=0" "-e" "RUST_BACKTRACE=full" "-e" "RUSTFLAGS=--cap-lints=warn" "-e" "RUSTDOCFLAGS=--cap-lints=warn" "-w" "/opt/rustwide/workdir" "--user" "0:0" "009c5de5af89194e1d3a354b85d3107028e92e875084f0167d6c70afea220b6e" "/opt/rustwide/cargo-home/bin/cargo" "+1.98.0-beta.8" "test" "--frozen" "--no-run" "--message-format=json" "--release", kill_on_drop: false }`
[INFO] [stderr]    Compiling aho-corasick v1.1.4
[INFO] [stderr]    Compiling tokio v1.52.3
[INFO] [stderr]    Compiling jiff v0.2.28
[INFO] [stderr]    Compiling oxide-cli v0.1.0 (/opt/rustwide/workdir/crates/cli)
[INFO] [stderr]    Compiling regex-automata v0.4.14
[INFO] [stderr]    Compiling matchers v0.2.0
[INFO] [stderr]    Compiling tracing-subscriber v0.3.23
[INFO] [stderr]    Compiling regex v1.12.4
[INFO] [stderr]    Compiling hyper v1.10.1
[INFO] [stderr]    Compiling tower v0.5.3
[INFO] [stderr]    Compiling env_filter v1.0.1
[INFO] [stderr]    Compiling env_logger v0.11.10
[INFO] [stderr]    Compiling hyper-util v0.1.20
[INFO] [stderr]    Compiling axum v0.7.9
[INFO] [stderr]    Compiling oxide-engine v0.1.0 (/opt/rustwide/workdir/crates/engine)
[INFO] [stderr]    Compiling oxide-server v0.1.0 (/opt/rustwide/workdir/crates/server)
[INFO] [stderr]     Finished `release` profile [optimized] target(s) in 2m 42s
[INFO] running `Command { std: "docker" "inspect" "009c5de5af89194e1d3a354b85d3107028e92e875084f0167d6c70afea220b6e", kill_on_drop: false }`
[INFO] running `Command { std: "docker" "exec" "-e" "SOURCE_DIR=/opt/rustwide/workdir" "-e" "CARGO_HOME=/opt/rustwide/cargo-home" "-e" "RUSTUP_HOME=/opt/rustwide/rustup-home" "-e" "CARGO_TARGET_DIR=/opt/rustwide/target" "-e" "CARGO_INCREMENTAL=0" "-e" "RUST_BACKTRACE=full" "-e" "RUSTFLAGS=--cap-lints=warn" "-e" "RUSTDOCFLAGS=--cap-lints=warn" "-w" "/opt/rustwide/workdir" "--user" "0:0" "009c5de5af89194e1d3a354b85d3107028e92e875084f0167d6c70afea220b6e" "/opt/rustwide/cargo-home/bin/cargo" "+1.98.0-beta.8" "test" "--frozen" "--release", kill_on_drop: false }`
[INFO] [stderr]     Finished `release` profile [optimized] target(s) in 0.26s
[INFO] [stderr]      Running unittests src/main.rs (/opt/rustwide/target/release/deps/oxide-16776817008e9a5a)
[INFO] [stdout] 
[INFO] [stdout] running 1 test
[INFO] [stdout] test tests::cli_page_range_parser_handles_all_formats ... ok
[INFO] [stdout] 
[INFO] [stdout] test result: ok. 1 passed; 0 failed; 0 ignored; 0 measured; 0 filtered out; finished in 0.00s
[INFO] [stdout] 
[INFO] [stderr]      Running unittests src/lib.rs (/opt/rustwide/target/release/deps/oxide_engine-27d86e7061400e05)
[INFO] [stdout] 
[INFO] [stdout] running 417 tests
[INFO] [stdout] test content::parser::tests::parses_basic_text_operations ... ok
[INFO] [stdout] test content::parser::tests::parses_cm_operator ... ok
[INFO] [stdout] test content::parser::tests::parses_color_operator ... ok
[INFO] [stdout] test content::parser::tests::parses_inline_image_as_separate_operations ... ok
[INFO] [stdout] test content::parser::tests::parses_setdash_operator ... ok
[INFO] [stdout] test content::parser::tests::parses_unknown_operators_without_error ... ok
[INFO] [stdout] test content::state::tests::cm_concatenates_to_ctm ... ok
[INFO] [stdout] test content::state::tests::color_operators_update_color_state ... ok
[INFO] [stdout] test content::state::tests::bt_td_tm_text_matrix ... ok
[INFO] [stdout] test content::state::tests::concat_matrix_handles_identity_and_translation ... ok
[INFO] [stdout] test content::state::tests::empty_pop_does_not_panic ... ok
[INFO] [stdout] test content::state::tests::push_pop_restores_state ... ok
[INFO] [stdout] test content::state::tests::td_upper_sets_leading ... ok
[INFO] [stdout] test content::state::tests::tstar_advances_by_leading ... ok
[INFO] [stdout] test content::tokenizer::tests::skips_comments ... ok
[INFO] [stdout] test content::tokenizer::tests::tokenizes_balanced_nested_parentheses ... ok
[INFO] [stdout] test content::tokenizer::tests::tokenizes_basic_text_stream ... ok
[INFO] [stdout] test content::tokenizer::tests::tokenizes_hex_string_and_dict_markers ... ok
[INFO] [stdout] test content::tokenizer::tests::tokenizes_inline_image_data_without_parsing_binary_bytes ... ok
[INFO] [stdout] test content::tokenizer::tests::tokenizes_literal_string_escapes ... ok
[INFO] [stdout] test content::tokenizer::tests::tokenizes_numbers_and_reals ... ok
[INFO] [stdout] test crypto::tests::aes128_cbc_round_trip_with_iv_prefix ... ok
[INFO] [stdout] test crypto::tests::aes_ciphertext_shorter_than_iv_errors ... ok
[INFO] [stdout] test content::parser::tests::expand_inline_image_keys_expands_flate_filter ... ok
[INFO] [stdout] test content::tokenizer::tests::tokenizes_name_with_hex_escape ... ok
[INFO] [stdout] test content::parser::tests::expand_inline_image_keys_expands_bits_per_component ... ok
[INFO] [stdout] test crypto::tests::aes_wrong_key_length_errors ... ok
[INFO] [stdout] test crypto::tests::compute_encryption_key_length_matches_key_length ... ok
[INFO] [stdout] test crypto::tests::decrypt_string_empty_data_returns_empty ... ok
[INFO] [stdout] test crypto::tests::compute_encryption_key_is_deterministic_128 ... ok
[INFO] [stdout] test crypto::tests::from_dict_parses_v2_r3 ... ok
[INFO] [stdout] test crypto::tests::from_dict_rejects_unknown_filter ... ok
[INFO] [stdout] test crypto::tests::from_dict_rejects_v5_aes256 ... ok
[INFO] [stdout] test crypto::tests::from_dict_v1_forces_40_bit ... ok
[INFO] [stdout] test crypto::tests::from_dict_v4_aesv2_via_cf ... ok
[INFO] [stdout] test crypto::tests::from_dict_v4_identity_stmf_is_none ... ok
[INFO] [stdout] test crypto::tests::md5_abc_vector ... ok
[INFO] [stdout] test crypto::tests::md5_empty_string_vector ... ok
[INFO] [stdout] test crypto::tests::object_key_aes_appends_salt ... ok
[INFO] [stdout] test crypto::tests::object_key_differs_per_object ... ok
[INFO] [stdout] test crypto::tests::object_key_is_deterministic ... ok
[INFO] [stdout] test crypto::tests::pad_password_empty_equals_padding ... ok
[INFO] [stdout] test crypto::tests::pad_password_full_length_ignores_padding ... ok
[INFO] [stdout] test crypto::tests::pad_password_short_appends_padding ... ok
[INFO] [stdout] test crypto::tests::decrypt_string_rc4_round_trip ... ok
[INFO] [stdout] test crypto::tests::different_passwords_produce_different_keys ... ok
[INFO] [stdout] test crypto::tests::rc4_empty_data ... ok
[INFO] [stdout] test crypto::tests::rc4_is_symmetric ... ok
[INFO] [stdout] test crypto::tests::rc4_key_length_boundary ... ok
[INFO] [stdout] test crypto::tests::verify_user_password_rejects_mismatch ... ok
[INFO] [stdout] test crypto::tests::from_dict_missing_o_errors ... ok
[INFO] [stdout] test content::parser::tests::expand_inline_image_keys_expands_dimensions_and_gray_color_space ... ok
[INFO] [stdout] test document::tests::page_inherits_and_overrides_attributes ... ok
[INFO] [stdout] test engine::tests::intersect_boxes_clips_cropbox_to_mediabox ... ok
[INFO] [stdout] test engine::tests::intersect_boxes_identical_cropbox_returns_mediabox ... ok
[INFO] [stdout] test engine::tests::effective_page_box_ignores_invalid_cropbox ... ok
[INFO] [stdout] test filters::tests::ascii85_decodes_known_vector ... ok
[INFO] [stdout] test filters::tests::ascii_hex_decodes_odd_nibble ... ok
[INFO] [stdout] test filters::tests::lzw_decodes_literal_codes ... ok
[INFO] [stdout] test filters::tests::run_length_decodes_packbits ... ok
[INFO] [stdout] test filters::tests::png_predictor_up_decodes_rows ... ok
[INFO] [stdout] test fonts::cmap::mega23_tests::parse_bf_char_line_maps_single_character ... ok
[INFO] [stdout] test fonts::cmap::mega23_tests::parse_bf_range_line_array_maps_explicit_values ... ok
[INFO] [stdout] test fonts::cmap::mega23_tests::parse_bf_range_line_contiguous_maps_sequence ... ok
[INFO] [stdout] test fonts::cmap::mega23_tests::parse_to_unicode_cmap_empty_input_returns_empty_map ... ok
[INFO] [stdout] test fonts::cmap::mega23_tests::parse_to_unicode_cmap_handles_bfchar_and_bfrange ... ok
[INFO] [stdout] test fonts::cmap::mega23_tests::parse_to_unicode_cmap_handles_multi_byte_cids ... ok
[INFO] [stdout] test fonts::cmap::mega23_tests::parse_to_unicode_cmap_handles_multiple_blocks ... ok
[INFO] [stdout] test fonts::cmap::tests::detects_two_byte_codes ... ok
[INFO] [stdout] test fonts::cmap::tests::parses_beginbfchar ... ok
[INFO] [stdout] test fonts::cmap::tests::parses_beginbfrange_array ... ok
[INFO] [stdout] test fonts::cmap::tests::parses_beginbfrange_scalar ... ok
[INFO] [stdout] test fonts::encoding::tests::agl_lookup_handles_common_names_and_unicode_names ... ok
[INFO] [stdout] test fonts::encoding::tests::differences_override_base_encoding ... ok
[INFO] [stdout] test fonts::encoding::tests::expands_ligatures ... ok
[INFO] [stdout] test fonts::encoding::tests::standard_encoding_lookup ... ok
[INFO] [stdout] test fonts::encoding::tests::win_ansi_encoding_lookup ... ok
[INFO] [stdout] test fonts::resolver::mega23_tests::detect_font_subtype_identifies_truetype ... ok
[INFO] [stdout] test fonts::resolver::mega23_tests::lookup_cid_width_format_range ... ok
[INFO] [stdout] test fonts::resolver::mega23_tests::lookup_cid_width_mixed_formats ... ok
[INFO] [stdout] test fonts::resolver::mega23_tests::lookup_cid_width_returns_dw_when_w_absent ... ok
[INFO] [stdout] test fonts::resolver::tests::to_unicode_overrides_encoding ... ok
[INFO] [stdout] test fonts::resolver::tests::type1_standard_encoding_decodes_strings ... ok
[INFO] [stdout] test fonts::resolver::tests::win_ansi_encoding_decodes_strings ... ok
[INFO] [stdout] test images::decoder::tests::build_raw_image_handles_device_cmyk_to_rgb ... ok
[INFO] [stdout] test fonts::resolver::mega23_tests::detect_font_subtype_identifies_type0 ... ok
[INFO] [stdout] test crypto::tests::rc4_known_vector_key_plaintext ... ok
[INFO] [stdout] test fonts::resolver::mega23_tests::font_subtype_enum_covers_common_pdf_subtypes ... ok
[INFO] [stdout] test content::parser::tests::parses_tj_array ... ok
[INFO] [stdout] test fonts::resolver::mega23_tests::lookup_cid_width_format_array ... ok
[INFO] [stdout] test fonts::resolver::mega23_tests::lookup_cid_width_defaults_to_1000_when_absent ... ok
[INFO] [stdout] test fonts::resolver::mega23_tests::lookup_cid_width_empty_w_uses_dw ... ok
[INFO] [stdout] test images::decoder::tests::build_raw_image_handles_device_gray ... ok
[INFO] [stdout] test images::decoder::tests::build_raw_image_pads_and_truncates_mismatched_buffers ... ok
[INFO] [stdout] test images::decoder::tests::cmyk_to_rgb_no_ink_is_white ... ok
[INFO] [stdout] test images::decoder::tests::cmyk_to_rgb_processes_multiple_pixels ... ok
[INFO] [stdout] test images::decoder::tests::cmyk_to_rgb_pure_cyan ... ok
[INFO] [stdout] test images::decoder::tests::cmyk_to_rgb_pure_black ... ok
[INFO] [stdout] test images::decoder::tests::cmyk_to_rgb_pure_magenta ... ok
[INFO] [stdout] test images::decoder::tests::normalise_bit_depth_2_bit ... ok
[INFO] [stdout] test images::decoder::tests::normalise_bit_depth_16_bit_to_8_bit ... ok
[INFO] [stdout] test images::decoder::tests::normalise_bit_depth_1_bit ... ok
[INFO] [stdout] test images::decoder::tests::normalise_bit_depth_unsupported_bpc_returns_error ... ok
[INFO] [stdout] test images::decoder::tests::raw_image_is_valid_rejects_wrong_buffer_size ... ok
[INFO] [stdout] test images::decoder::tests::jpeg_decode_round_trip ... ok
[INFO] [stdout] test images::decoder::tests::raw_image_pixel_accessor ... ok
[INFO] [stdout] test images::encoder::tests::encode_png_fast_rgb_image ... ok
[INFO] [stdout] test images::encoder::tests::encode_jpeg_rgb_image ... ok
[INFO] [stdout] test images::encoder::tests::encode_webp_returns_unsupported_feature ... ok
[INFO] [stdout] test images::encoder::tests::image_output_format_extensions_and_mime_types ... ok
[INFO] [stdout] test images::encoder::tests::encode_png_one_pixel_gray ... ok
[INFO] [stdout] test images::encoder::tests::keep_original_logic_does_not_match_flate_as_jpeg ... ok
[INFO] [stdout] test images::decoder::tests::normalise_bit_depth_4_bit ... ok
[INFO] [stdout] test images::encoder::tests::encode_png_rgb_image ... ok
[INFO] [stdout] test images::decoder::tests::normalise_bit_depth_8_bit_passthrough ... ok
[INFO] [stdout] test images::decoder::tests::raw_image_is_valid_accepts_correct_buffer ... ok
[INFO] [stdout] test images::encoder::tests::encode_jpeg_rejects_four_channel_input ... ok
[INFO] [stdout] test images::locator::tests::abbreviated_color_space_names_expanded ... ok
[INFO] [stdout] test images::locator::tests::default_options_do_not_include_masks ... ok
[INFO] [stdout] test images::locator::tests::extract_color_space_handles_names ... ok
[INFO] [stdout] test images::locator::tests::extract_filters_handles_array ... ok
[INFO] [stdout] test images::locator::tests::extract_filters_handles_missing_filter_gracefully ... ok
[INFO] [stdout] test images::locator::tests::extract_filters_handles_single_name ... ok
[INFO] [stdout] test images::locator::tests::image_mask_name_true_is_detected ... ok
[INFO] [stdout] test images::locator::tests::image_ref_from_dict_clamps_negative_dimensions ... ok
[INFO] [stdout] test images::locator::tests::is_mask_detected_correctly ... ok
[INFO] [stdout] test images::locator::tests::parse_inline_image_params_handles_mixed_types ... ok
[INFO] [stdout] test images::locator::tests::deduplicate_keeps_first_occurrence ... ok
[INFO] [stdout] test images::locator::tests::uncompressed_bytes_calculation ... ok
[INFO] [stdout] test images::locator::tests::uncompressed_bytes_for_cmyk ... ok
[INFO] [stdout] test images::smask::tests::combine_rgba_mask_shorter_than_main_pads_with_255 ... ok
[INFO] [stdout] test images::smask::tests::combine_rgba_preserves_pixel_order ... ok
[INFO] [stdout] test images::smask::tests::combine_rgba_single_fully_transparent_pixel ... ok
[INFO] [stdout] test parser::tests::parses_hex_string_with_odd_nibble ... ok
[INFO] [stdout] test parser::tests::parses_literal_string_escapes_and_nested_parentheses ... ok
[INFO] [stdout] test parser::tests::parses_name_hex_escapes ... ok
[INFO] [stdout] test parser::tests::parses_references ... ok
[INFO] [stdout] test reader::tests::parses_object_stream_data_by_object_number ... ok
[INFO] [stdout] test images::encoder::tests::jpeg_quality_affects_output_size ... ok
[INFO] [stdout] test render::buffer::tests::alpha_mask_from_luminosity_handles_white_black_and_gray ... ok
[INFO] [stdout] test reader::tests::parses_xref_stream_entries_from_widths ... ok
[INFO] [stdout] test render::buffer::tests::blend_mode_channel_math_matches_pdf_modes ... ok
[INFO] [stdout] test render::buffer::tests::blend_mode_from_name_parses_supported_modes ... ok
[INFO] [stdout] test render::buffer::tests::blend_pixel_full_opacity_replaces_pixel ... ok
[INFO] [stdout] test render::buffer::tests::blend_pixel_composites_correctly ... ok
[INFO] [stdout] test render::buffer::tests::blend_pixel_uses_current_buffer_blend_mode ... ok
[INFO] [stdout] test render::buffer::tests::fill ... ok
[INFO] [stdout] test render::buffer::tests::fill_rect_clips_correctly ... ok
[INFO] [stdout] test render::buffer::tests::fill_rect_partial_overlap ... ok
[INFO] [stdout] test render::buffer::tests::fill_rect_run_merging_preserves_clipped_gap ... ok
[INFO] [stdout] test render::buffer::tests::fill_rect_with_clip_uses_span_path_correctly ... ok
[INFO] [stdout] test render::buffer::tests::fill_rect_with_column_stripe_clip ... ok
[INFO] [stdout] test render::buffer::tests::fill_rect_with_no_visible_pixels_does_nothing ... ok
[INFO] [stdout] test render::buffer::tests::fill_rect_with_no_clip_uses_fast_path_correctly ... ok
[INFO] [stdout] test render::buffer::tests::fill_rect_with_solid_clip_fills_entire_rect ... ok
[INFO] [stdout] test render::buffer::tests::fill_rect_zero_dimensions_are_noop ... ok
[INFO] [stdout] test render::buffer::tests::multiply_blend_pixel_darkens_destination ... ok
[INFO] [stdout] test render::buffer::tests::multiple_blend_operations_accumulate ... ok
[INFO] [stdout] test render::buffer::tests::new_buffer_is_transparent ... ok
[INFO] [stdout] test render::buffer::tests::new_transparent_accumulates_alpha ... ok
[INFO] [stdout] test render::buffer::tests::blend_pixel_with_zero_coverage_is_no_op ... ok
[INFO] [stdout] test render::buffer::tests::out_of_bounds_set_pixel_is_no_op ... ok
[INFO] [stdout] test render::buffer::tests::smask_modulates_blend_pixel_alpha ... ok
[INFO] [stdout] test render::buffer::tests::to_rgb_bytes_discards_alpha ... ok
[INFO] [stdout] test render::buffer::tests::set_and_get_pixel ... ok
[INFO] [stdout] test render::buffer::tests::screen_blend_pixel_lightens_destination ... ok
[INFO] [stdout] test render::buffer::tests::transparent_paint_does_not_change_destination ... ok
[INFO] [stdout] test render::color::tests::alpha_compositing_two_step_blend_keeps_both_colors ... ok
[INFO] [stdout] test render::buffer::tests::to_raw_image_rgba_includes_alpha ... ok
[INFO] [stdout] test render::color::tests::blend_coverage_with_half_coverage ... ok
[INFO] [stdout] test render::color::tests::color_space_handler_device_cmyk_black ... ok
[INFO] [stdout] test render::color::tests::color_space_handler_alpha_scaling ... ok
[INFO] [stdout] test render::color::tests::alpha_composite_transparent_source_leaves_destination ... ok
[INFO] [stdout] test render::color::tests::color_space_handler_device_cmyk_white ... ok
[INFO] [stdout] test render::color::tests::color_space_handler_device_gray ... ok
[INFO] [stdout] test render::color::tests::from_components_device_rgb ... ok
[INFO] [stdout] test render::color::tests::color_space_handler_device_rgb ... ok
[INFO] [stdout] test render::buffer::tests::to_raw_image_has_correct_dimensions_and_channels ... ok
[INFO] [stdout] test render::color::tests::to_pixel_color_round_trip ... ok
[INFO] [stdout] test render::color::tests::alpha_composite_half_red_over_white_is_pink ... ok
[INFO] [stdout] test render::font_rasterizer::tests::fallback_font_handles_subset_prefix_and_aliases ... ok
[INFO] [stdout] test render::font_rasterizer::tests::fallback_font_is_parseable_and_contains_common_glyphs ... ok
[INFO] [stdout] test render::font_rasterizer::tests::fallback_font_selects_weight_and_style_variants ... ok
[INFO] [stdout] test render::font_rasterizer::tests::fallback_font_returns_real_bytes_for_standard_fonts ... ok
[INFO] [stdout] test render::color::tests::alpha_composite_opaque_source_replaces_destination ... ok
[INFO] [stdout] test render::font_rasterizer::tests::fallback_font_skips_symbolic_fonts ... ok
[INFO] [stdout] test render::font_rasterizer::tests::glyph_to_path_quad_to_cubic_endpoint_is_correct ... ok
[INFO] [stdout] test render::font_rasterizer::tests::glyph_to_path_converts_line_to_correctly ... ok
[INFO] [stdout] test render::font_rasterizer::tests::glyph_to_path_quad_to_produces_cubic ... ok
[INFO] [stdout] test render::font_rasterizer::tests::get_fallback_font_returns_some_or_none_for_known_names ... ok
[INFO] [stdout] test render::glyph_cache::tests::cache_miss_returns_none ... ok
[INFO] [stdout] test render::font_rasterizer::tests::rasterize_glyph_with_fallback_font_renders_visible_pixels ... ok
[INFO] [stdout] test render::glyph_cache::tests::cached_glyph_with_path_is_retrieved_intact ... ok
[INFO] [stdout] test render::font_rasterizer::tests::rasterize_glyph_invisible_mode_does_not_paint ... ok
[INFO] [stdout] test render::glyph_cache::tests::cache_clear_empties_all_entries ... ok
[INFO] [stdout] test render::font_rasterizer::tests::fallback_font_can_extract_glyph_outline ... ok
[INFO] [stdout] test render::glyph_cache::tests::default_capacity_accepts_many_entries ... ok
[INFO] [stdout] test render::glyph_cache::tests::different_char_codes_are_different_keys ... ok
[INFO] [stdout] test render::glyph_cache::tests::different_font_hashes_are_different_keys ... ok
[INFO] [stdout] test render::glyph_cache::tests::gid_and_char_code_keys_do_not_collide ... ok
[INFO] [stdout] test render::glyph_cache::tests::hash_font_bytes_differs_for_different_inputs ... ok
[INFO] [stdout] test render::glyph_cache::tests::hash_font_bytes_handles_empty_input ... ok
[INFO] [stdout] test render::glyph_cache::tests::hash_font_bytes_is_deterministic ... ok
[INFO] [stdout] test render::glyph_cache::tests::hash_of_long_font_file_uses_only_first_256_bytes ... ok
[INFO] [stdout] test render::glyph_cache::tests::insert_and_retrieve ... ok
[INFO] [stdout] test render::glyph_cache::tests::insert_up_to_capacity ... ok
[INFO] [stdout] test render::glyph_cache::tests::new_cache_is_empty ... ok
[INFO] [stdout] test render::image_painter::tests::bilinear_sample_at_center_blends_all_corners ... ok
[INFO] [stdout] test render::image_painter::tests::bilinear_sample_empty_image_is_transparent ... ok
[INFO] [stdout] test render::image_painter::tests::bilinear_sample_gray_image_replicates_channels ... ok
[INFO] [stdout] test render::image_painter::tests::bilinear_sample_on_2x2_image_corners ... ok
[INFO] [stdout] test render::image_painter::tests::bilinear_sample_rgba_image_preserves_alpha ... ok
[INFO] [stdout] test render::image_painter::tests::paint_image_with_zero_size_image_does_not_panic ... ok
[INFO] [stdout] test render::image_painter::tests::paint_image_singular_transform_skips_gracefully ... ok
[INFO] [stdout] test render::line::tests::dash_state_is_drawing_reflects_current_interval ... ok
[INFO] [stdout] test render::image_painter::tests::paint_rotated_image_affine_path_draws_pixels ... ok
[INFO] [stdout] test render::image_painter::tests::paint_image_places_pixels_in_correct_region ... ok
[INFO] [stdout] test render::line::tests::dash_state_with_phase_skips_start ... ok
[INFO] [stdout] test render::line::tests::dashed_draw_line_only_paints_on_segments ... ok
[INFO] [stdout] test render::line::tests::draw_line_does_not_panic_for_degenerate_inputs ... ok
[INFO] [stdout] test render::line::tests::horizontal_line_sets_expected_pixels ... ok
[INFO] [stdout] test render::line::tests::line_painter_identity_ctm_and_viewport_produces_pixels ... ok
[INFO] [stdout] test render::line::tests::simple_dash_advance_has_drawn_and_gap_segments ... ok
[INFO] [stdout] test render::line::tests::solid_line_advance_returns_single_segment ... ok
[INFO] [stdout] test render::page_renderer::tests::alpha_composite_white_plus_half_red_is_pink ... ok
[INFO] [stdout] test render::page_renderer::tests::blend_pixel_respects_clip_mask ... ok
[INFO] [stdout] test render::line::tests::thick_line_covers_more_pixels_than_thin_line ... ok
[INFO] [stdout] test render::page_renderer::tests::blend_coverage_matches_buffer_blending_within_rounding ... ok
[INFO] [stdout] test render::line::tests::draw_line_produces_non_transparent_pixels ... ok
[INFO] [stdout] test render::page_renderer::tests::clear_clip_restores_all_visible ... ok
[INFO] [stdout] test render::page_renderer::tests::clip_mask_fill_rect_visible_restores_pixels ... ok
[INFO] [stdout] test render::page_renderer::tests::clip_is_preserved_across_simple_paint_operations ... ok
[INFO] [stdout] test render::page_renderer::tests::clip_mask_from_path_evenodd_nested_rects ... ok
[INFO] [stdout] test render::page_renderer::tests::clip_mask_from_path_for_simple_rectangle ... ok
[INFO] [stdout] test render::page_renderer::tests::clip_mask_intersect_produces_and_of_two_masks ... ok
[INFO] [stdout] test render::page_renderer::tests::clip_mask_out_of_bounds_is_visible ... ok
[INFO] [stdout] test render::page_renderer::tests::clip_mask_set_and_is_visible ... ok
[INFO] [stdout] test render::page_renderer::tests::color_space_handler_respects_alpha_parameter ... ok
[INFO] [stdout] test render::page_renderer::tests::composite_group_with_full_alpha_paints_source ... ok
[INFO] [stdout] test render::page_renderer::tests::composite_group_with_half_alpha_blends_with_destination ... ok
[INFO] [stdout] test render::page_renderer::tests::extract_bbox_missing_returns_none ... ok
[INFO] [stdout] test render::page_renderer::tests::extract_bbox_parses_valid_array ... ok
[INFO] [stdout] test render::page_renderer::tests::extract_bbox_accepts_integer_components ... ok
[INFO] [stdout] test render::page_renderer::tests::extract_form_matrix_defaults_to_identity ... ok
[INFO] [stdout] test render::page_renderer::tests::extract_bbox_short_array_returns_none ... ok
[INFO] [stdout] test render::page_renderer::tests::extract_form_matrix_parses_translation ... ok
[INFO] [stdout] test render::page_renderer::tests::extract_form_matrix_short_array_falls_back_to_identity ... ok
[INFO] [stdout] test render::image_painter::tests::paint_image_rgba_uses_alpha_channel ... ok
[INFO] [stdout] test render::page_renderer::tests::extract_glyph_path_by_gid_matches_char_lookup_for_ascii ... ok
[INFO] [stdout] test render::page_renderer::tests::extract_glyph_path_by_gid_returns_positive_advance_for_gid_zero ... ok
[INFO] [stdout] test render::page_renderer::tests::fill_with_opaque_alpha_produces_opaque_pixels ... ok
[INFO] [stdout] test render::page_renderer::tests::fill_with_half_alpha_produces_semi_transparent_pixels ... ok
[INFO] [stdout] test render::page_renderer::tests::fill_with_zero_alpha_leaves_buffer_unchanged ... ok
[INFO] [stdout] test render::page_renderer::tests::full_transparency_preserves_background ... ok
[INFO] [stdout] test render::page_renderer::tests::is_transparency_group_detects_group_subtype ... ok
[INFO] [stdout] test render::page_renderer::tests::merge_resources_empty_form_yields_page_resources ... ok
[INFO] [stdout] test render::page_renderer::tests::graphics_state_alpha_defaults_to_opaque ... ok
[INFO] [stdout] test render::page_renderer::tests::merge_resources_form_font_overrides_page_font ... ok
[INFO] [stdout] test render::page_renderer::tests::porter_duff_pixel_blend_matches_half_red_over_white ... ok
[INFO] [stdout] test render::page_renderer::tests::q_restore_restores_previous_clip_mask ... ok
[INFO] [stdout] test render::page_renderer::tests::merge_resources_form_xobjects_override_page ... ok
[INFO] [stdout] test render::page_renderer::tests::q_restore_restores_previous_smask_and_blend_mode ... ok
[INFO] [stdout] test render::page_renderer::tests::render_page_invalid_page_returns_err ... ok
[INFO] [stdout] test render::color::tests::render_color_gray ... ok
[INFO] [stdout] test render::color::tests::render_color_new_clamps_values ... ok
[INFO] [stdout] test render::page_renderer::tests::transparent_stroke_over_fill_blends_border_only ... ok
[INFO] [stdout] test render::page_renderer::tests::type0_font_decodes_two_byte_strings ... ok
[INFO] [stdout] test render::page_renderer::tests::set_clip_intersects_with_existing_clip ... ok
[INFO] [stdout] test render::path::tests::curve_to_adds_cubic_segment ... ok
[INFO] [stdout] test render::path::tests::curved_bezier_is_subdivided ... ok
[INFO] [stdout] test render::path::tests::empty_path_does_not_panic ... ok
[INFO] [stdout] test render::path::tests::clear_resets_path ... ok
[INFO] [stdout] test render::path::tests::empty_path_is_empty ... ok
[INFO] [stdout] test render::path::tests::close_path_sets_current_point_to_subpath_start ... ok
[INFO] [stdout] test render::path::tests::fill_rect_with_identity_ctm_uses_fast_path ... ok
[INFO] [stdout] test render::path::tests::fill_rectangle_produces_filled_region ... ok
[INFO] [stdout] test render::path::tests::evenodd_and_nonzero_fill_both_paint_pixels ... ok
[INFO] [stdout] test render::path::tests::flatten_path_closed_rect_has_closed_subpath ... ok
[INFO] [stdout] test render::path::tests::fill_rect_fast_path_fills_correct_pixels ... ok
[INFO] [stdout] test render::path::tests::flatten_path_with_ctm_scale_doubles_pixel_coords ... ok
[INFO] [stdout] test render::path::tests::flatten_path_with_pure_line_segments ... ok
[INFO] [stdout] test render::path::tests::hairline_stroke_renders_as_one_pixel ... ok
[INFO] [stdout] test render::path::tests::line_to_without_move_to_creates_implicit_move ... ok
[INFO] [stdout] test render::path::tests::move_to_and_line_to ... ok
[INFO] [stdout] test render::path::tests::multiple_subpaths_in_one_path ... ok
[INFO] [stdout] test render::path::tests::point_to_line_dist_for_known_geometry ... ok
[INFO] [stdout] test render::path::tests::rect_adds_five_segments ... ok
[INFO] [stdout] test render::path::tests::straight_line_cubic_is_not_subdivided ... ok
[INFO] [stdout] test render::path::tests::stroke_does_not_modify_far_corners ... ok
[INFO] [stdout] test render::path::tests::stroke_rect_produces_border_pixels ... ok
[INFO] [stdout] test render::path::tests::stroke_horizontal_line_produces_dark_pixels ... ok
[INFO] [stdout] test render::path::tests::stroke_with_round_cap_draws_endpoint_pixels ... ok
[INFO] [stdout] test render::quality::tests::compare_or_create_golden_creates_then_compares ... ok
[INFO] [stdout] test render::quality::tests::compare_or_create_golden_does_not_overwrite_existing_without_update_flag ... ok
[INFO] [stdout] test render::quality::tests::diff_map_produces_grayscale_output_for_color_input ... ok
[INFO] [stdout] test render::quality::tests::diff_map_supports_four_channel_image ... ok
[INFO] [stdout] test render::quality::tests::diff_map_uses_channel_maximum ... ok
[INFO] [stdout] test render::quality::tests::diff_pixel_count_with_threshold_ignores_small_diffs ... ok
[INFO] [stdout] test render::quality::tests::diff_pixel_count_with_threshold_zero ... ok
[INFO] [stdout] test render::quality::tests::mse_accumulates_correctly_across_multiple_pixels ... ok
[INFO] [stdout] test render::quality::tests::mse_of_identical_images_is_zero ... ok
[INFO] [stdout] test render::quality::tests::mse_of_one_unit_diff_is_one ... ok
[INFO] [stdout] test render::quality::tests::psnr_dimension_mismatch_returns_err ... ok
[INFO] [stdout] test render::quality::tests::psnr_for_tiny_error_in_4x4_image_is_high ... ok
[INFO] [stdout] test render::quality::tests::psnr_formula_numerical_verification ... ok
[INFO] [stdout] test render::quality::tests::psnr_of_identical_images_is_infinity ... ok
[INFO] [stdout] test render::quality::tests::psnr_of_maximally_different_single_channel_images_is_zero_db ... ok
[INFO] [stdout] test render::quality::tests::psnr_range_for_small_differences ... ok
[INFO] [stdout] test render::quality::tests::read_golden_returns_err_for_nonexistent_file ... ok
[INFO] [stdout] test render::quality::tests::write_golden_and_read_golden_round_trip ... ok
[INFO] [stdout] test render::shading::tests::bool_pair_missing_is_none ... ok
[INFO] [stdout] test render::shading::tests::bool_pair_reads_extend ... ok
[INFO] [stdout] test render::page_renderer::tests::clip_mask_all_visible_pixels_are_visible ... ok
[INFO] [stdout] test render::page_renderer::tests::clip_mask_fill_rect_marks_region_clipped ... ok
[INFO] [stdout] test render::shading::tests::components_to_pixel_gray ... ok
[INFO] [stdout] test render::shading::tests::type2_at_t1_returns_c1 ... ok
[INFO] [stdout] test render::shading::tests::components_to_pixel_cmyk_black_and_white ... ok
[INFO] [stdout] test render::shading::tests::components_to_pixel_rgb ... ok
[INFO] [stdout] test render::shading::tests::type2_at_t0_returns_c0 ... ok
[INFO] [stdout] test render::shading::tests::type2_midpoint_linear ... ok
[INFO] [stdout] test render::shading::tests::type2_quadratic_exponent ... ok
[INFO] [stdout] test render::shading::tests::type3_single_subfunction_delegates ... ok
[INFO] [stdout] test render::transform::tests::a4_at_150_dpi ... ok
[INFO] [stdout] test render::transform::tests::bottom_left_maps_to_pixel_bottom ... ok
[INFO] [stdout] test render::transform::tests::concat_identity_leaves_transform_unchanged ... ok
[INFO] [stdout] test render::transform::tests::concat_translate_then_scale ... ok
[INFO] [stdout] test render::transform::tests::dpi_72_one_point_is_one_pixel ... ok
[INFO] [stdout] test render::transform::tests::from_array_and_to_array_are_inverse ... ok
[INFO] [stdout] test render::transform::tests::identity_transform ... ok
[INFO] [stdout] test render::transform::tests::inverse_of_identity_is_identity ... ok
[INFO] [stdout] test render::transform::tests::inverse_of_singular_matrix_returns_none ... ok
[INFO] [stdout] test render::transform::tests::inverse_round_trip ... ok
[INFO] [stdout] test render::transform::tests::is_axis_aligned_detects_rotation ... ok
[INFO] [stdout] test render::transform::tests::matrix_conversion_round_trip ... ok
[INFO] [stdout] test render::transform::tests::page_center_maps_to_pixel_center ... ok
[INFO] [stdout] test render::transform::tests::page_to_pixel_f64_sub_pixel_accuracy ... ok
[INFO] [stdout] test render::transform::tests::page_to_pixel_rotation_zero_maps_top_left_to_origin ... ok
[INFO] [stdout] test render::transform::tests::pixel_to_page_is_approximately_inverse ... ok
[INFO] [stdout] test render::transform::tests::render_page_dimensions_respect_rotation ... ok
[INFO] [stdout] test render::transform::tests::rotation_180_maps_page_center_to_pixel_center ... ok
[INFO] [stdout] test render::transform::tests::rotation_270_maps_page_center_to_pixel_center ... ok
[INFO] [stdout] test render::transform::tests::rotation_90_maps_page_center_to_pixel_center ... ok
[INFO] [stdout] test render::transform::tests::rotation_by_90_degrees ... ok
[INFO] [stdout] test render::transform::tests::rotation_inverse ... ok
[INFO] [stdout] test render::transform::tests::scale ... ok
[INFO] [stdout] test render::transform::tests::scale_factor_for_rotation_is_one ... ok
[INFO] [stdout] test render::transform::tests::scale_then_translate ... ok
[INFO] [stdout] test render::transform::tests::scale_x_and_scale_y ... ok
[INFO] [stdout] test render::transform::tests::shear_transform ... ok
[INFO] [stdout] test render::transform::tests::to_transform_for_rotation_zero_matches_original ... ok
[INFO] [stdout] test render::transform::tests::to_transform_is_consistent_with_page_to_pixel_f64 ... ok
[INFO] [stdout] test render::transform::tests::to_transform_produces_consistent_results ... ok
[INFO] [stdout] test render::transform::tests::translation ... ok
[INFO] [stdout] test render::transform::tests::translation_vector_ignores_translation_component ... ok
[INFO] [stdout] test render::transform::tests::uniform_scale ... ok
[INFO] [stdout] test render::transform::tests::viewport_new_rotated_90_swaps_dimensions ... ok
[INFO] [stdout] test render::transform::tests::viewport_new_rotated_180_preserves_dimensions ... ok
[INFO] [stdout] test render::transform::tests::viewport_rotation_invalid_values_keep_portrait_dimensions ... ok
[INFO] [stdout] test text::collector::tests::apostrophe_operator_advances_line_then_shows ... ok
[INFO] [stdout] test text::collector::tests::basic_tj_positioning ... ok
[INFO] [stdout] test text::collector::tests::char_code_extraction_pads_odd_two_byte_input ... ok
[INFO] [stdout] test text::collector::tests::cm_before_text_does_not_panic ... ok
[INFO] [stdout] test text::collector::tests::fi_ligature_expands_to_two_chars ... ok
[INFO] [stdout] test text::collector::tests::fl_ligature_expands_to_two_chars ... ok
[INFO] [stdout] test text::collector::tests::graphics_state_save_restore_does_not_corrupt_text_state ... ok
[INFO] [stdout] test text::collector::tests::is_rtl_dominant_detects_arabic_and_hebrew ... ok
[INFO] [stdout] test text::collector::tests::is_rtl_dominant_false_for_latin ... ok
[INFO] [stdout] test text::collector::tests::is_rtl_dominant_handles_mixed_text ... ok
[INFO] [stdout] test text::collector::tests::multiple_text_blocks_reset_matrices ... ok
[INFO] [stdout] test text::collector::tests::invisible_text_chunk_is_still_collected ... ok
[INFO] [stdout] test text::collector::tests::td_upper_sets_leading_and_moves ... ok
[INFO] [stdout] test text::collector::tests::text_chunk_helpers_work ... ok
[INFO] [stdout] test render::shading::tests::type2_output_clamped_to_unit_range ... ok
[INFO] [stdout] test render::page_renderer::tests::font_rendering_regression_check ... ok
[INFO] [stdout] test render::transform::tests::viewport_new_has_rotation_zero ... ok
[INFO] [stdout] test render::transform::tests::viewport_new_rotated_270_swaps_dimensions ... ok
[INFO] [stdout] test text::collector::tests::tj_positive_number_moves_left ... ok
[INFO] [stdout] test text::collector::tests::tstar_advances_by_leading ... ok
[INFO] [stdout] test text::collector::tests::win_ansi_emdash_decodes_correctly ... ok
[INFO] [stdout] test text::formatter::tests::basic_format_with_page_marker ... ok
[INFO] [stdout] test text::formatter::tests::blank_lines_are_skipped ... ok
[INFO] [stdout] test text::collector::tests::win_ansi_endash_decodes_correctly ... ok
[INFO] [stdout] test text::collector::tests::win_ansi_euro_decodes_correctly ... ok
[INFO] [stdout] test text::formatter::tests::format_pages_combines_multiple_pages ... ok
[INFO] [stdout] test text::formatter::tests::no_page_marker_when_disabled ... ok
[INFO] [stdout] test text::formatter::tests::preserve_layout_adds_leading_spaces ... ok
[INFO] [stdout] test text::formatter::tests::paragraph_break_inserts_blank_line ... ok
[INFO] [stdout] test render::page_renderer::tests::render_page_on_image_pdf_returns_modified_buffer ... ok
[INFO] [stdout] test text::reading_order::tests::empty_input ... ok
[INFO] [stdout] test text::reading_order::tests::find_column_split_x_returns_none_for_single_column ... ok
[INFO] [stdout] test text::formatter::tests::heading_line_gets_extra_spacing ... ok
[INFO] [stdout] test text::reading_order::tests::chunks_sorted_left_to_right_within_a_line ... ok
[INFO] [stdout] test text::reading_order::tests::hyphen_joining_does_not_join_proper_noun ... ok
[INFO] [stdout] test text::reading_order::tests::hyphen_joining_merges_broken_word ... ok
[INFO] [stdout] test text::reading_order::tests::lines_sorted_top_to_bottom ... ok
[INFO] [stdout] test text::formatter::tests::windows_line_ending ... ok
[INFO] [stdout] test text::reading_order::tests::chunks_within_tolerance_grouped_correctly ... ok
[INFO] [stdout] test text::collector::tests::position_advances_after_tj ... ok
[INFO] [stdout] test text::reading_order::tests::negative_x_position_handled_gracefully ... ok
[INFO] [stdout] test text::reading_order::tests::mixed_font_sizes_on_same_line_are_grouped_correctly ... ok
[INFO] [stdout] test text::reading_order::tests::no_gap_between_touching_chunks ... ok
[INFO] [stdout] test text::collector::tests::tj_negative_number_adjusts_right ... ok
[INFO] [stdout] test text::reading_order::tests::reconstruct_is_deterministic ... ok
[INFO] [stdout] test text::reading_order::tests::group_into_lines_preserves_order ... ok
[INFO] [stdout] test text::reading_order::tests::paragraph_break_detection ... ok
[INFO] [stdout] test text::reading_order::tests::reconstruct_with_column_detection_disabled ... ok
[INFO] [stdout] test text::reading_order::tests::rtl_chunks_sorted_x_descending ... ok
[INFO] [stdout] test text::reading_order::tests::single_chunk_produces_one_line ... ok
[INFO] [stdout] test text::reading_order::tests::two_chunks_same_y_are_joined ... ok
[INFO] [stdout] test text::reading_order::tests::two_column_layout_detected_and_ordered_correctly ... ok
[INFO] [stdout] test text::reading_order::tests::vertical_chunks_sorted_y_descending ... ok
[INFO] [stdout] test text::reading_order::tests::single_large_font_line_detected_as_heading ... ok
[INFO] [stdout] test render::page_renderer::tests::render_page_on_text_pdf_returns_non_trivial_buffer ... ok
[INFO] [stdout] test text::reading_order::tests::very_many_chunks_on_one_line ... ok
[INFO] [stdout] test text::reading_order::tests::wide_gap_within_a_line_inserts_two_spaces ... ok
[INFO] [stdout] test text::reading_order::tests::x_min_and_x_max_on_text_line_are_correct ... ok
[INFO] [stdout] test text::reading_order::tests::two_chunks_different_y_become_two_lines ... ok
[INFO] [stdout] 
[INFO] [stdout] test result: ok. 417 passed; 0 failed; 0 ignored; 0 measured; 0 filtered out; finished in 0.06s
[INFO] [stdout] 
[INFO] [stderr]      Running tests/integration.rs (/opt/rustwide/target/release/deps/integration-b2279d742a4e37c0)
[INFO] [stdout] 
[INFO] [stdout] running 145 tests
[INFO] [stdout] test analyzer_detects_text_layer_in_flate_pdf ... ok
[INFO] [stdout] test analyzer_analyze_bytes_works ... ok
[INFO] [stdout] test analyzer_detects_no_text_in_image_only_pdf ... ok
[INFO] [stdout] test analyzer_handles_zero_page_document ... ok
[INFO] [stdout] test analyzer_full_analysis_covers_all_pages ... ok
[INFO] [stdout] test build_zip_contains_valid_image_files ... ok
[INFO] [stdout] test axial_shading_center_is_purple ... ok
[INFO] [stdout] test cropbox_pdf_renders_at_correct_size ... ok
[INFO] [stdout] test axial_shading_pdf_renders_gradient ... ok
[INFO] [stdout] test decode_and_encode_image_from_fixture ... ok
[INFO] [stdout] test decrypt_string_rc4_round_trip_via_object_key ... ok
[INFO] [stdout] test decode_image_inline_returns_error ... ok
[INFO] [stdout] test create_page_buffer_has_correct_size ... ok
[INFO] [stdout] test document_walker_collects_minimal_pdf_page_and_content_bytes ... ok
[INFO] [stdout] test encrypted_document_v2_surfaces_encrypted_error ... ok
[INFO] [stdout] test engine_opens_flate_pdf ... ok
[INFO] [stdout] test engine_opens_minimal_pdf ... ok
[INFO] [stdout] test engine_rejects_page_beyond_count ... ok
[INFO] [stdout] test engine_rejects_page_zero ... ok
[INFO] [stdout] test existing_pdfs_unaffected_by_shading_code ... ok
[INFO] [stdout] test existing_text_fixture_still_renders_after_form_support ... ok
[INFO] [stdout] test extract_image_bytes_jpeg ... ok
[INFO] [stdout] test extract_image_bytes_original_succeeds_for_uncompressed_fixture ... ok
[INFO] [stdout] test extract_image_bytes_png ... ok
[INFO] [stdout] test diff_pixel_count_self_is_zero ... ok
[INFO] [stdout] test fill_alpha_gradient_produces_valid_pixels ... ok
[INFO] [stdout] test fill_multiple_colored_regions ... ok
[INFO] [stdout] test encode_png_fast_vs_default_same_content ... ok
[INFO] [stdout] test extract_image_bytes_png_for_image_only ... ok
[INFO] [stdout] test find_all_images_deduplicates_correctly ... ok
[INFO] [stdout] test complete_pipeline_extract_render_compare ... ok
[INFO] [stdout] test find_page_images_out_of_range_returns_error ... ok
[INFO] [stdout] test flate_page_content_bytes_tokenize_to_text_operators ... ok
[INFO] [stdout] test flate_page_content_pipeline_updates_graphics_state_and_decodes_font_if_available ... ok
[INFO] [stdout] test flate_stream_decodes_to_original_content_text ... ok
[INFO] [stdout] test form_xobject_cycle_detection_does_not_infinite_loop ... ok
[INFO] [stdout] test form_xobject_depth_counter_resets_between_renders ... ok
[INFO] [stdout] test form_xobject_leaves_outer_area_white ... ok
[INFO] [stdout] test form_xobject_paints_gray_pixels ... ok
[INFO] [stdout] test form_xobject_pdf_parses_as_single_page ... ok
[INFO] [stdout] test form_xobject_change_does_not_break_image_extraction ... ok
[INFO] [stdout] test form_xobject_pdf_still_renders_after_shading_changes ... ok
[INFO] [stdout] test flate_pdf_content_stream_unchanged_after_structural_fixes ... ok
[INFO] [stdout] test form_xobject_walk_does_not_panic_on_image_only_pdf ... ok
[INFO] [stdout] test form_xobject_render_is_deterministic ... ok
[INFO] [stdout] test full_pipeline_flate_pdf_produces_reasonable_output ... ok
[INFO] [stdout] test get_all_text_returns_per_page_results ... ok
[INFO] [stdout] test get_page_content_handles_contents_array ... ok
[INFO] [stdout] test get_page_text_from_flate ... ok
[INFO] [stdout] test get_page_text_uses_reading_order_pipeline ... ok
[INFO] [stdout] test form_xobject_renders_without_panic ... ok
[INFO] [stdout] test helvetica_font_lookup_succeeds ... ok
[INFO] [stdout] test image_locator_all_images_have_valid_page_numbers ... ok
[INFO] [stdout] test image_locator_does_not_panic_on_multi_stream_pdf ... ok
[INFO] [stdout] test image_locator_finds_image_in_image_only_pdf ... ok
[INFO] [stdout] test image_locator_get_stream_bytes_for_image_only_pdf ... ok
[INFO] [stdout] test image_locator_include_masks_false_excludes_masks ... ok
[INFO] [stdout] test image_locator_inline_images_found_in_image_only_pdf ... ok
[INFO] [stdout] test image_locator_min_width_filter ... ok
[INFO] [stdout] test image_locator_page_filter ... ok
[INFO] [stdout] test image_locator_returns_empty_for_text_only_pdf ... ok
[INFO] [stdout] test glyph_cache_hits_on_repeated_characters_are_deterministic ... ok
[INFO] [stdout] test downloaded_tracemonkey_extracts_text_if_present ... ok
[INFO] [stdout] test flate_pdf_renders_visible_text_pixels ... ok
[INFO] [stdout] test is_encrypted_returns_false_for_existing_fixtures ... ok
[INFO] [stdout] test malformed_content_stream_returns_partial_parse ... ok
[INFO] [stdout] test is_smask_detection_marks_nothing_for_imageless_pdf ... ok
[INFO] [stdout] test image_painter_and_path_painter_combine ... ok
[INFO] [stdout] test minimal_classic_xref_pdf_loads_and_resolves_page_tree ... ok
[INFO] [stdout] test multi_stream_page_concatenates_correctly ... ok
[INFO] [stdout] test multiply_blend_mode_darkens_content ... ok
[INFO] [stdout] test golden_file_create_and_compare ... FAILED
[INFO] [stdout] test no_system_process_spawned_during_render ... ok
[INFO] [stdout] test non_encrypted_pdf_opens_normally ... ok
[INFO] [stdout] test inherited_resources_page_loads_correctly ... ok
[INFO] [stdout] test multi_stream_text_extraction ... ok
[INFO] [stdout] test open_with_wrong_password_for_non_encrypted_pdf_succeeds ... ok
[INFO] [stdout] test open_bytes_with_empty_password_is_same_as_open_bytes ... ok
[INFO] [stdout] test page_has_text_layer_true ... ok
[INFO] [stdout] test page_resources_from_dict_resolves_font_dict ... ok
[INFO] [stdout] test page_resources_include_inherited_parent_font ... ok
[INFO] [stdout] test page_has_text_layer_false ... ok
[INFO] [stdout] test multiply_blend_mode_via_ext_graphics_state ... ok
[INFO] [stdout] test path_fill_and_encode_as_png ... ok
[INFO] [stdout] test path_fill_uses_render_color_from_graphics_state ... ok
[INFO] [stdout] test paint_image_from_real_fixture ... ok
[INFO] [stdout] test path_stroke_and_fill_combine_correctly ... ok
[INFO] [stdout] test page_viewport_uses_cropbox_when_present ... ok
[INFO] [stdout] test psnr_formula_numerical_verification ... ok
[INFO] [stdout] test page_viewport_uses_rotation_from_page_dict ... ok
[INFO] [stdout] test rc4_128_encrypted_pdf_opens_transparently_with_empty_password ... ok
[INFO] [stdout] test rc4_128_encrypted_pdf_opens_with_explicit_empty_password ... ok
[INFO] [stdout] test pixel_buffer_encode_decode_round_trip ... ok
[INFO] [stdout] test rc4_128_encrypted_pdf_unaffected_by_a_supplied_password_when_user_pw_empty ... ok
[INFO] [stdout] test read_golden_nonexistent_returns_err ... ok
[INFO] [stdout] test reading_order_reconstructor_handles_all_new_chunk_fields ... ok
[INFO] [stdout] test reading_order_reconstructor_with_real_page ... ok
[INFO] [stdout] test radial_shading_center_is_red_edge_is_blue ... ok
[INFO] [stdout] test all_existing_fixtures_still_render ... ok
[INFO] [stdout] test multiple_dpi_produces_proportionally_larger_images ... ok
[INFO] [stdout] test render_page_and_encode_to_png_not_all_white_for_image_pdf ... ok
[INFO] [stdout] test render_image_pdf_has_gray_pixel ... ok
[INFO] [stdout] test render_page_clip_prevents_painting_outside ... ok
[INFO] [stdout] test render_page_invalid_page_returns_error_in_integration ... ok
[INFO] [stdout] test render_page_is_deterministic ... ok
[INFO] [stdout] test render_page_fast_png ... ok
[INFO] [stdout] test render_page_rotation_0_is_portrait ... ok
[INFO] [stdout] test render_page_text_fixture_has_expected_dimensions ... ok
[INFO] [stdout] test render_a_line_to_real_page_buffer_and_encode ... ok
[INFO] [stdout] test render_image_pdf_psnr_measurement ... ok
[INFO] [stdout] test render_page_with_transparency_produces_blended_pixels ... ok
[INFO] [stdout] test render_page_to_jpeg_and_back ... ok
[INFO] [stdout] test render_page_with_clip_fill_optimized ... ok
[INFO] [stdout] test render_page_produces_valid_png_for_each_fixture ... ok
[INFO] [stdout] test render_page_all_fixtures_produce_valid_png ... ok
[INFO] [stdout] test encode_png_fast_is_valid_for_large_buffer ... ok
[INFO] [stdout] test scanned_page_has_no_text ... ok
[INFO] [stdout] test shading_pattern_fill_paints_gradient_in_rectangle ... ok
[INFO] [stdout] test smask_combine_rgba_handles_dimension_mismatch_gracefully ... ok
[INFO] [stdout] test smask_combine_rgba_produces_correct_dimensions ... ok
[INFO] [stdout] test smask_png_encodes_rgba ... ok
[INFO] [stdout] test text_chunks_have_valid_fields_from_real_pdf ... ok
[INFO] [stdout] test stroke_circle_approximation ... ok
[INFO] [stdout] test text_extractor_default_extracts_flate ... ok
[INFO] [stdout] test smask_combine_rgba_handles_gray_main ... ok
[INFO] [stdout] test text_extraction_from_flate_fixture ... ok
[INFO] [stdout] test text_extractor_does_not_panic_on_image_only_pdf ... ok
[INFO] [stdout] test text_extractor_no_page_markers ... ok
[INFO] [stdout] test text_extractor_multi_stream_extracts_both_streams ... ok
[INFO] [stdout] test text_extractor_specific_page ... ok
[INFO] [stdout] test text_extractor_out_of_range_page_is_skipped ... ok
[INFO] [stdout] test text_extractor_scanned_page_returns_empty ... ok
[INFO] [stdout] test render_psnr_self_comparison_is_infinite ... ok
[INFO] [stdout] test truly_password_protected_pdf_without_password_returns_encrypted_pdf_error ... ok
[INFO] [stdout] test transparency_group_renders_semi_transparent_red ... ok
[INFO] [stdout] test viewport_from_real_page ... ok
[INFO] [stdout] test viewport_rotation_90_dimensions_are_swapped_in_integration ... ok
[INFO] [stdout] test two_stream_pdf_renders_both_shapes ... ok
[INFO] [stdout] test zero_page_tree_is_valid_but_page_one_is_out_of_range ... ok
[INFO] [stdout] test text_renders_with_reasonable_bounding_box ... ok
[INFO] [stdout] test write_golden_creates_parent_directory ... ok
[INFO] [stdout] test render_text_psnr_is_deterministic ... ok
[INFO] [stdout] test render_psnr_mismatched_dimensions_returns_err ... ok
[INFO] [stdout] test downloaded_real_pdfs_open_and_smoke_render_if_present ... ok
[INFO] [stdout] test render_golden_for_all_fixtures ... ok
[INFO] [stdout] 
[INFO] [stdout] failures:
[INFO] [stdout] 
[INFO] [stdout] ---- golden_file_create_and_compare stdout ----
[INFO] [stdout] 
[INFO] [stdout] thread 'golden_file_create_and_compare' (3867) panicked at crates/engine/tests/integration.rs:1690:72:
[INFO] [stdout] called `Result::unwrap()` on an `Err` value: MalformedPdf("write_golden mkdir: Read-only file system (os error 30)")
[INFO] [stdout] stack backtrace:
[INFO] [stdout]    0:     0x641c28d36211 - <<std[97b98282bc616a66]::sys::backtrace::BacktraceLock>::print::DisplayBacktrace as core[832e9a552fc17241]::fmt::Display>::fmt
[INFO] [stdout]    1:     0x641c28d4ec0a - core[832e9a552fc17241]::fmt::write
[INFO] [stdout]    2:     0x641c28d3c23c - <alloc[3ecab9f82c41dc7d]::vec::Vec<u8> as std[97b98282bc616a66]::io::Write>::write_fmt
[INFO] [stdout]    3:     0x641c28d12c26 - std[97b98282bc616a66]::panicking::default_hook::{closure#0}
[INFO] [stdout]    4:     0x641c28d2d519 - std[97b98282bc616a66]::panicking::default_hook
[INFO] [stdout]    5:     0x641c28ba82e0 - test[39766f3d73431624]::test_main_inner::<test[39766f3d73431624]::test_main_static::{closure#0}>::{closure#0}
[INFO] [stdout]    6:     0x641c28d2d842 - std[97b98282bc616a66]::panicking::panic_with_hook
[INFO] [stdout]    7:     0x641c28d12cd2 - std[97b98282bc616a66]::panicking::panic_handler::{closure#0}
[INFO] [stdout]    8:     0x641c28d0a349 - std[97b98282bc616a66]::sys::backtrace::__rust_end_short_backtrace::<std[97b98282bc616a66]::panicking::panic_handler::{closure#0}, !>
[INFO] [stdout]    9:     0x641c28d138cd - __rustc[e3d8617bb01b7f69]::rust_begin_unwind
[INFO] [stdout]   10:     0x641c28d4f3ec - core[832e9a552fc17241]::panicking::panic_fmt
[INFO] [stdout]   11:     0x641c28d4f1c2 - core[832e9a552fc17241]::result::unwrap_failed
[INFO] [stdout]   12:     0x641c2899fe4c - <integration[e6941e2f8c1c90fa]::golden_file_create_and_compare::{closure#0} as core[832e9a552fc17241]::ops::function::FnOnce<()>>::call_once
[INFO] [stdout]   13:     0x641c28b9b61b - test[39766f3d73431624]::__rust_begin_short_backtrace::<core[832e9a552fc17241]::result::Result<(), alloc[3ecab9f82c41dc7d]::string::String>, fn() -> core[832e9a552fc17241]::result::Result<(), alloc[3ecab9f82c41dc7d]::string::String>>
[INFO] [stdout]   14:     0x641c28ba8c65 - test[39766f3d73431624]::run_test::{closure#0}
[INFO] [stdout]   15:     0x641c28ba3714 - std[97b98282bc616a66]::sys::backtrace::__rust_begin_short_backtrace::<test[39766f3d73431624]::run_test::{closure#1}, ()>
[INFO] [stdout]   16:     0x641c28babdb2 - <std[97b98282bc616a66]::thread::lifecycle::spawn_unchecked<test[39766f3d73431624]::run_test::{closure#1}, ()>::{closure#1} as core[832e9a552fc17241]::ops::function::FnOnce<()>>::call_once::{shim:vtable#0}
[INFO] [stdout]   17:     0x641c28d3556f - <std[97b98282bc616a66]::sys::thread::unix::Thread>::new::thread_start
[INFO] [stdout]   18:     0x77e8fae4407a - <unknown>
[INFO] [stdout]   19:     0x77e8faed7534 - clone
[INFO] [stdout]   20:                0x0 - <unknown>
[INFO] [stdout] 
[INFO] [stdout] 
[INFO] [stdout] failures:
[INFO] [stdout]     golden_file_create_and_compare
[INFO] [stdout] 
[INFO] [stdout] test result: FAILED. 144 passed; 1 failed; 0 ignored; 0 measured; 0 filtered out; finished in 2.12s
[INFO] [stdout] 
[INFO] [stderr] error: test failed, to rerun pass `-p oxide-engine --test integration`
[INFO] running `Command { std: "docker" "inspect" "009c5de5af89194e1d3a354b85d3107028e92e875084f0167d6c70afea220b6e", kill_on_drop: false }`
[INFO] running `Command { std: "docker" "rm" "-f" "009c5de5af89194e1d3a354b85d3107028e92e875084f0167d6c70afea220b6e", kill_on_drop: false }`
[INFO] [stdout] 009c5de5af89194e1d3a354b85d3107028e92e875084f0167d6c70afea220b6e
