[INFO] cloning repository https://github.com/deedy5/reqwest-impersonate
[INFO] running `Command { std: "git" "-c" "credential.helper=" "-c" "credential.helper=/workspace/cargo-home/bin/git-credential-null" "clone" "--bare" "https://github.com/deedy5/reqwest-impersonate" "/workspace/cache/git-repos/https%3A%2F%2Fgithub.com%2Fdeedy5%2Freqwest-impersonate", kill_on_drop: false }`
[INFO] [stderr] Cloning into bare repository '/workspace/cache/git-repos/https%3A%2F%2Fgithub.com%2Fdeedy5%2Freqwest-impersonate'...
[INFO] running `Command { std: "git" "rev-parse" "HEAD", kill_on_drop: false }`
[INFO] [stdout] 7a58759e9de505383780615e447cc22ea2ee2fe8
[INFO] testing deedy5/reqwest-impersonate against 1.98.0-beta.8+cargoflags=--release for beta-release-1.99-2
[INFO] running `Command { std: "git" "clone" "/workspace/cache/git-repos/https%3A%2F%2Fgithub.com%2Fdeedy5%2Freqwest-impersonate" "/workspace/builds/worker-5-tc1/source", kill_on_drop: false }`
[INFO] [stderr] Cloning into '/workspace/builds/worker-5-tc1/source'...
[INFO] [stderr] done.
[INFO] started tweaking git repo https://github.com/deedy5/reqwest-impersonate
[INFO] removed 0 missing examples
[INFO] removed 0 missing tests
[INFO] finished tweaking git repo https://github.com/deedy5/reqwest-impersonate
[INFO] tweaked toml for git repo https://github.com/deedy5/reqwest-impersonate written to /workspace/builds/worker-5-tc1/source/Cargo.toml
[INFO] validating manifest of git repo https://github.com/deedy5/reqwest-impersonate on toolchain 1.98.0-beta.8
[INFO] running `Command { std: CARGO_HOME="/workspace/cargo-home" RUSTUP_HOME="/workspace/rustup-home" "/workspace/cargo-home/bin/cargo" "+1.98.0-beta.8" "metadata" "--manifest-path" "Cargo.toml" "--no-deps", kill_on_drop: false }`
[INFO] crate git repo https://github.com/deedy5/reqwest-impersonate already has a lockfile, it will not be regenerated
[INFO] running `Command { std: CARGO_HOME="/workspace/cargo-home" RUSTUP_HOME="/workspace/rustup-home" "/workspace/cargo-home/bin/cargo" "+1.98.0-beta.8" "fetch" "--manifest-path" "Cargo.toml", kill_on_drop: false }`
[INFO] [stderr]     Updating git repository `https://github.com/deedy5/h2.git`
[INFO] [stderr]     Updating git repository `https://github.com/deedy5/hyper.git`
[INFO] [stderr]     Updating git repository `https://github.com/cloudflare/boring`
[INFO] [stderr]     Updating git submodule `https://github.com/google/boringssl.git`
[INFO] [stderr]     Blocking waiting for file lock on package cache
[INFO] [stderr]  Downloading crates ...
[INFO] [stderr]   Downloaded libflate_lz77 v2.1.0
[INFO] [stderr]   Downloaded linked_hash_set v0.1.5
[INFO] [stderr]   Downloaded libflate v2.1.0
[INFO] [stderr]   Downloaded dary_heap v0.3.7
[INFO] [stderr]   Downloaded jiff-static v0.2.14
[INFO] [stderr]   Downloaded publicsuffix v2.3.0
[INFO] [stderr]   Downloaded jiff v0.2.14
[INFO] running `Command { std: "docker" "create" "-v" "/var/lib/crater-agent-workspace/builds/worker-5-tc1/source:/opt/rustwide/workdir:ro,Z" "-v" "/var/lib/crater-agent-workspace/builds/worker-5-tc1/target:/opt/rustwide/target:rw,Z" "-v" "/var/lib/crater-agent-workspace/cargo-home:/opt/rustwide/cargo-home:ro,Z" "-v" "/var/lib/crater-agent-workspace/rustup-home:/opt/rustwide/rustup-home:ro,Z" "-m" "1610612736" "--network" "none" "ghcr.io/rust-lang/crates-build-env/linux@sha256:8683fc1fc2eb5c9ac98e0d076ab094b2ffac7f99da555d2b6a2e27f346de2ec7" "sleep" "infinity", kill_on_drop: false }`
[INFO] [stdout] 6b3b5198bcd99ceae5e634e07effc0d7baaf91aeacf0f25a363008b42cb80148
[INFO] running `Command { std: "docker" "start" "6b3b5198bcd99ceae5e634e07effc0d7baaf91aeacf0f25a363008b42cb80148", kill_on_drop: false }`
[INFO] running `Command { std: "docker" "inspect" "6b3b5198bcd99ceae5e634e07effc0d7baaf91aeacf0f25a363008b42cb80148", kill_on_drop: false }`
[INFO] running `Command { std: "docker" "exec" "-e" "SOURCE_DIR=/opt/rustwide/workdir" "-e" "CARGO_HOME=/opt/rustwide/cargo-home" "-e" "RUSTUP_HOME=/opt/rustwide/rustup-home" "-e" "CARGO_TARGET_DIR=/opt/rustwide/target" "-w" "/opt/rustwide/workdir" "--user" "0:0" "6b3b5198bcd99ceae5e634e07effc0d7baaf91aeacf0f25a363008b42cb80148" "/opt/rustwide/cargo-home/bin/cargo" "+1.98.0-beta.8" "metadata" "--no-deps" "--format-version=1", kill_on_drop: false }`
[INFO] running `Command { std: "docker" "inspect" "6b3b5198bcd99ceae5e634e07effc0d7baaf91aeacf0f25a363008b42cb80148", kill_on_drop: false }`
[INFO] running `Command { std: "docker" "exec" "-e" "SOURCE_DIR=/opt/rustwide/workdir" "-e" "CARGO_HOME=/opt/rustwide/cargo-home" "-e" "RUSTUP_HOME=/opt/rustwide/rustup-home" "-e" "CARGO_TARGET_DIR=/opt/rustwide/target" "-e" "CARGO_INCREMENTAL=0" "-e" "RUST_BACKTRACE=full" "-e" "RUSTFLAGS=--cap-lints=warn" "-e" "RUSTDOCFLAGS=--cap-lints=warn" "-w" "/opt/rustwide/workdir" "--user" "0:0" "6b3b5198bcd99ceae5e634e07effc0d7baaf91aeacf0f25a363008b42cb80148" "/opt/rustwide/cargo-home/bin/cargo" "+1.98.0-beta.8" "build" "--frozen" "--message-format=json" "--release", kill_on_drop: false }`
[INFO] [stderr]    Compiling proc-macro2 v1.0.95
[INFO] [stderr]    Compiling bytes v1.10.1
[INFO] [stderr]    Compiling litemap v0.8.0
[INFO] [stderr]    Compiling writeable v0.6.1
[INFO] [stderr]    Compiling libc v0.2.172
[INFO] [stderr]    Compiling clang-sys v1.8.1
[INFO] [stderr]    Compiling regex-syntax v0.8.5
[INFO] [stderr]    Compiling libloading v0.8.8
[INFO] [stderr]    Compiling either v1.15.0
[INFO] [stderr]    Compiling bindgen v0.71.1
[INFO] [stderr]    Compiling icu_properties_data v2.0.1
[INFO] [stderr]    Compiling icu_normalizer_data v2.0.0
[INFO] [stderr]    Compiling nom v7.1.3
[INFO] [stderr]    Compiling rustc-hash v2.1.1
[INFO] [stderr]    Compiling bitflags v2.9.1
[INFO] [stderr]    Compiling mio v1.0.4
[INFO] [stderr]    Compiling socket2 v0.5.10
[INFO] [stderr]    Compiling itertools v0.13.0
[INFO] [stderr]    Compiling cmake v0.1.54
[INFO] [stderr]    Compiling smallvec v1.15.1
[INFO] [stderr]    Compiling futures-task v0.3.31
[INFO] [stderr]    Compiling hashbrown v0.15.4
[INFO] [stderr]    Compiling serde v1.0.219
[INFO] [stderr]    Compiling futures-util v0.3.31
[INFO] [stderr]    Compiling tracing v0.1.41
[INFO] [stderr]    Compiling foreign-types-shared v0.3.1
[INFO] [stderr]    Compiling time-core v0.1.4
[INFO] [stderr]    Compiling alloc-stdlib v0.2.2
[INFO] [stderr]    Compiling cookie v0.18.1
[INFO] [stderr]    Compiling time-macros v0.2.22
[INFO] [stderr]    Compiling deranged v0.4.0
[INFO] [stderr]    Compiling unicase v2.8.1
[INFO] [stderr]    Compiling quote v1.0.40
[INFO] [stderr]    Compiling tokio v1.45.1
[INFO] [stderr]    Compiling fslock v0.2.1
[INFO] [stderr]    Compiling http v0.2.12
[INFO] [stderr]    Compiling syn v2.0.101
[INFO] [stderr]    Compiling indexmap v2.9.0
[INFO] [stderr]    Compiling serde_json v1.0.140
[INFO] [stderr]    Compiling mime_guess v2.0.5
[INFO] [stderr]    Compiling miniz_oxide v0.8.8
[INFO] [stderr]    Compiling regex-automata v0.4.9
[INFO] [stderr]    Compiling brotli-decompressor v5.0.0
[INFO] [stderr]    Compiling litrs v0.4.1
[INFO] [stderr]    Compiling linked-hash-map v0.5.6
[INFO] [stderr]    Compiling psl-types v2.0.11
[INFO] [stderr]    Compiling linked_hash_set v0.1.5
[INFO] [stderr]    Compiling flate2 v1.1.2
[INFO] [stderr]    Compiling cexpr v0.6.0
[INFO] [stderr]    Compiling http v1.3.1
[INFO] [stderr]    Compiling document-features v0.2.11
[INFO] [stderr]    Compiling log v0.4.27
[INFO] [stderr]    Compiling http-body v0.4.6
[INFO] [stderr]    Compiling time v0.3.41
[INFO] [stderr]    Compiling antidote v1.0.0
[INFO] [stderr]    Compiling encoding_rs v0.8.35
[INFO] [stderr]    Compiling brotli v8.0.1
[INFO] [stderr]    Compiling regex v1.11.1
[INFO] [stderr]    Compiling serde_urlencoded v0.7.1
[INFO] [stderr]    Compiling synstructure v0.13.2
[INFO] [stderr]    Compiling zerofrom-derive v0.1.6
[INFO] [stderr]    Compiling yoke-derive v0.8.0
[INFO] [stderr]    Compiling zerovec-derive v0.11.1
[INFO] [stderr]    Compiling displaydoc v0.2.5
[INFO] [stderr]    Compiling foreign-types-macros v0.2.3
[INFO] [stderr]    Compiling openssl-macros v0.1.1
[INFO] [stderr]    Compiling thiserror-impl v1.0.69
[INFO] [stderr]    Compiling serde_derive v1.0.219
[INFO] [stderr]    Compiling tokio-util v0.7.15
[INFO] [stderr]    Compiling foreign-types v0.5.0
[INFO] [stderr]    Compiling h2 v0.3.26 (https://github.com/deedy5/h2.git?branch=0.3.26-patched#3fb75c16)
[INFO] [stderr]    Compiling h2 v0.4.10
[INFO] [stderr]    Compiling zerofrom v0.1.6
[INFO] [stderr]    Compiling thiserror v1.0.69
[INFO] [stderr]    Compiling yoke v0.8.0
[INFO] [stderr]    Compiling tokio-socks v0.5.2
[INFO] [stderr]    Compiling zerovec v0.11.2
[INFO] [stderr]    Compiling zerotrie v0.2.2
[INFO] [stderr]    Compiling async-compression v0.4.23
[INFO] [stderr]    Compiling tinystr v0.8.1
[INFO] [stderr]    Compiling potential_utf v0.1.2
[INFO] [stderr]    Compiling icu_locale_core v2.0.0
[INFO] [stderr]    Compiling icu_collections v2.0.0
[INFO] [stderr]    Compiling icu_provider v2.0.0
[INFO] [stderr]    Compiling boring-sys v4.17.0 (https://github.com/cloudflare/boring#17d137e3)
[INFO] [stderr]    Compiling icu_normalizer v2.0.0
[INFO] [stderr]    Compiling icu_properties v2.0.1
[INFO] [stderr]    Compiling idna_adapter v1.2.1
[INFO] [stderr]    Compiling idna v1.0.3
[INFO] [stderr]    Compiling hyper v0.14.32 (https://github.com/deedy5/hyper.git?branch=v0.14.32-patched#7f5167c9)
[INFO] [stderr]    Compiling url v2.5.4
[INFO] [stderr]    Compiling publicsuffix v2.3.0
[INFO] [stderr]    Compiling cookie_store v0.21.1
[INFO] [stderr]    Compiling boring v4.17.0 (https://github.com/cloudflare/boring#17d137e3)
[INFO] [stderr]    Compiling tokio-boring v4.17.0 (https://github.com/cloudflare/boring#17d137e3)
[INFO] [stderr]    Compiling hyper-boring v4.17.0 (https://github.com/cloudflare/boring#17d137e3)
[INFO] [stderr]    Compiling reqwest-impersonate v0.11.13 (/opt/rustwide/workdir)
[INFO] [stderr]     Finished `release` profile [optimized] target(s) in 1m 45s
[INFO] running `Command { std: "docker" "inspect" "6b3b5198bcd99ceae5e634e07effc0d7baaf91aeacf0f25a363008b42cb80148", kill_on_drop: false }`
[INFO] running `Command { std: "docker" "exec" "-e" "SOURCE_DIR=/opt/rustwide/workdir" "-e" "CARGO_HOME=/opt/rustwide/cargo-home" "-e" "RUSTUP_HOME=/opt/rustwide/rustup-home" "-e" "CARGO_TARGET_DIR=/opt/rustwide/target" "-e" "CARGO_INCREMENTAL=0" "-e" "RUST_BACKTRACE=full" "-e" "RUSTFLAGS=--cap-lints=warn" "-e" "RUSTDOCFLAGS=--cap-lints=warn" "-w" "/opt/rustwide/workdir" "--user" "0:0" "6b3b5198bcd99ceae5e634e07effc0d7baaf91aeacf0f25a363008b42cb80148" "/opt/rustwide/cargo-home/bin/cargo" "+1.98.0-beta.8" "test" "--frozen" "--no-run" "--message-format=json" "--release", kill_on_drop: false }`
[INFO] [stderr]    Compiling tokio-macros v2.5.0
[INFO] [stderr]    Compiling serde v1.0.219
[INFO] [stderr]    Compiling aho-corasick v1.1.3
[INFO] [stderr]    Compiling log v0.4.27
[INFO] [stderr]    Compiling ahash v0.8.12
[INFO] [stderr]    Compiling core2 v0.4.0
[INFO] [stderr]    Compiling anstyle v1.0.11
[INFO] [stderr]    Compiling anstyle-query v1.1.3
[INFO] [stderr]    Compiling doc-comment v0.3.3
[INFO] [stderr]    Compiling rle-decode-fast v1.0.3
[INFO] [stderr]    Compiling adler32 v1.2.0
[INFO] [stderr]    Compiling jiff v0.2.14
[INFO] [stderr]    Compiling dary_heap v0.3.7
[INFO] [stderr]    Compiling hashbrown v0.14.5
[INFO] [stderr]    Compiling anstream v0.6.19
[INFO] [stderr]    Compiling tokio v1.45.1
[INFO] [stderr]    Compiling libflate_lz77 v2.1.0
[INFO] [stderr]    Compiling libflate v2.1.0
[INFO] [stderr]    Compiling regex-automata v0.4.9
[INFO] [stderr]    Compiling regex v1.11.1
[INFO] [stderr]    Compiling serde_json v1.0.140
[INFO] [stderr]    Compiling serde_urlencoded v0.7.1
[INFO] [stderr]    Compiling env_filter v0.1.3
[INFO] [stderr]    Compiling env_logger v0.11.8
[INFO] [stderr]    Compiling cookie_store v0.21.1
[INFO] [stderr]    Compiling tokio-util v0.7.15
[INFO] [stderr]    Compiling tokio-boring v4.17.0 (https://github.com/cloudflare/boring#17d137e3)
[INFO] [stderr]    Compiling async-compression v0.4.23
[INFO] [stderr]    Compiling tokio-socks v0.5.2
[INFO] [stderr]    Compiling h2 v0.3.26 (https://github.com/deedy5/h2.git?branch=0.3.26-patched#3fb75c16)
[INFO] [stderr]    Compiling h2 v0.4.10
[INFO] [stderr]    Compiling hyper v0.14.32 (https://github.com/deedy5/hyper.git?branch=v0.14.32-patched#7f5167c9)
[INFO] [stderr]    Compiling hyper-boring v4.17.0 (https://github.com/cloudflare/boring#17d137e3)
[INFO] [stderr]    Compiling reqwest-impersonate v0.11.13 (/opt/rustwide/workdir)
[INFO] [stderr]     Finished `release` profile [optimized] target(s) in 1m 41s
[INFO] running `Command { std: "docker" "inspect" "6b3b5198bcd99ceae5e634e07effc0d7baaf91aeacf0f25a363008b42cb80148", kill_on_drop: false }`
[INFO] running `Command { std: "docker" "exec" "-e" "SOURCE_DIR=/opt/rustwide/workdir" "-e" "CARGO_HOME=/opt/rustwide/cargo-home" "-e" "RUSTUP_HOME=/opt/rustwide/rustup-home" "-e" "CARGO_TARGET_DIR=/opt/rustwide/target" "-e" "CARGO_INCREMENTAL=0" "-e" "RUST_BACKTRACE=full" "-e" "RUSTFLAGS=--cap-lints=warn" "-e" "RUSTDOCFLAGS=--cap-lints=warn" "-w" "/opt/rustwide/workdir" "--user" "0:0" "6b3b5198bcd99ceae5e634e07effc0d7baaf91aeacf0f25a363008b42cb80148" "/opt/rustwide/cargo-home/bin/cargo" "+1.98.0-beta.8" "test" "--frozen" "--release", kill_on_drop: false }`
[INFO] [stderr]     Finished `release` profile [optimized] target(s) in 0.29s
[INFO] [stderr]      Running unittests src/lib.rs (/opt/rustwide/target/release/deps/reqwest_impersonate-921323c4a38a2b96)
[INFO] [stdout] 
[INFO] [stdout] running 85 tests
[INFO] [stdout] test async_impl::body::tests::test_as_bytes ... ok
[INFO] [stdout] test async_impl::multipart::tests::correct_content_length ... ok
[INFO] [stdout] test async_impl::multipart::tests::header_percent_encoding ... ok
[INFO] [stdout] test async_impl::multipart::tests::stream_to_end ... ok
[INFO] [stdout] test async_impl::request::tests::set_http_request_version ... ok
[INFO] [stdout] test async_impl::request::tests::convert_from_http_request ... ok
[INFO] [stdout] test async_impl::request::tests::test_basic_auth_sensitive_header ... ok
[INFO] [stdout] test async_impl::request::tests::test_explicit_sensitive_header ... ok
[INFO] [stdout] test async_impl::multipart::tests::form_empty ... ok
[INFO] [stdout] test async_impl::multipart::tests::stream_to_end_with_header ... ok
[INFO] [stdout] test async_impl::request::tests::normalize_empty_query ... ok
[INFO] [stdout] test async_impl::request::tests::convert_url_authority_into_basic_auth ... ok
[INFO] [stdout] test async_impl::request::tests::add_query_append ... ok
[INFO] [stdout] test async_impl::request::tests::add_query_append_same ... ok
[INFO] [stdout] test async_impl::request::tests::add_query_map ... ok
[INFO] [stdout] test async_impl::request::tests::try_clone_no_body ... ok
[INFO] [stdout] test async_impl::request::tests::try_clone_reusable ... ok
[INFO] [stdout] test async_impl::request::tests::add_query_struct ... ok
[INFO] [stdout] test async_impl::request::tests::test_replace_headers ... ok
[INFO] [stdout] test async_impl::response::tests::test_from_http_response ... ok
[INFO] [stdout] test async_impl::request::tests::try_clone_stream ... ok
[INFO] [stdout] test async_impl::request::tests::test_bearer_auth_sensitive_header ... ok
[INFO] [stdout] test async_impl::client::tests::execute_request_rejects_invald_urls ... ok
[INFO] [stdout] test connect::tests::test_tunnel ... ok
[INFO] [stdout] test connect::tests::test_tunnel_eof ... ok
[INFO] [stdout] test connect::tests::test_tunnel_basic_auth ... ok
[INFO] [stdout] test connect::tests::test_tunnel_proxy_unauthorized ... ok
[INFO] [stdout] test connect::tests::test_tunnel_non_http_response ... ok
[INFO] [stdout] test error::tests::from_unknown_io_error ... ok
[INFO] [stdout] test error::tests::is_timeout ... ok
[INFO] [stdout] test error::tests::mem_size_of ... ok
[INFO] [stdout] test error::tests::roundtrip_io_error ... ok
[INFO] [stdout] test error::tests::test_source_chain ... ok
[INFO] [stdout] test proxy::test::into_proxy_scheme::when_scheme_missing::and_url_has_bad::host ... ok
[INFO] [stdout] test proxy::test::into_proxy_scheme::when_scheme_missing::and_url_has_bad::idna_encoding ... ok
[INFO] [stdout] test into_url::tests::into_url_file_scheme ... ok
[INFO] [stdout] test proxy::test::into_proxy_scheme::when_scheme_missing::and_url_has_bad::invalid_domain_character ... ok
[INFO] [stdout] test proxy::test::into_proxy_scheme::when_scheme_missing::and_url_has_bad::ip_v4_address ... ok
[INFO] [stdout] test proxy::test::into_proxy_scheme::when_scheme_missing::and_url_has_bad::ip_v6_address ... ok
[INFO] [stdout] test proxy::test::into_proxy_scheme::when_scheme_missing::and_url_has_bad::port ... ok
[INFO] [stdout] test proxy::test::into_proxy_scheme::when_scheme_missing::and_url_is_valid::domain_port_works ... ok
[INFO] [stdout] test proxy::test::into_proxy_scheme::when_scheme_missing::and_url_is_valid::domain_username_password_port_works ... ok
[INFO] [stdout] test proxy::test::into_proxy_scheme::when_scheme_missing::and_url_is_valid::domain_username_password_works ... ok
[INFO] [stdout] test proxy::test::into_proxy_scheme::when_scheme_missing::and_url_is_valid::domain_works ... ok
[INFO] [stdout] test proxy::test::into_proxy_scheme::when_scheme_missing::and_url_is_valid::lookback_works ... ok
[INFO] [stdout] test proxy::test::into_proxy_scheme::when_scheme_missing::and_url_is_valid::domain_username_works ... ok
[INFO] [stdout] test proxy::test::into_proxy_scheme::when_scheme_missing::and_url_is_valid::loopback_port_works ... ok
[INFO] [stdout] test proxy::test::into_proxy_scheme::when_scheme_missing::and_url_is_valid::loopback_username_password_port_works ... ok
[INFO] [stdout] test proxy::test::into_proxy_scheme::when_scheme_missing::and_url_is_valid::loopback_username_password_works ... ok
[INFO] [stdout] test proxy::test::into_proxy_scheme::when_scheme_missing::and_url_is_valid::loopback_username_works ... ok
[INFO] [stdout] test proxy::test::into_proxy_scheme::when_scheme_present::and_url_has_bad::host ... ok
[INFO] [stdout] test proxy::test::into_proxy_scheme::when_scheme_present::and_url_has_bad::idna_encoding ... ok
[INFO] [stdout] test proxy::test::into_proxy_scheme::when_scheme_present::and_url_has_bad::ip_v4_address ... ok
[INFO] [stdout] test proxy::test::into_proxy_scheme::when_scheme_present::and_url_has_bad::ip_v6_address ... ok
[INFO] [stdout] test proxy::test::into_proxy_scheme::when_scheme_present::and_url_has_bad::port ... ok
[INFO] [stdout] test proxy::test::into_proxy_scheme::when_scheme_present::and_url_is_valid::domain_port_works ... ok
[INFO] [stdout] test proxy::test::into_proxy_scheme::when_scheme_present::and_url_is_valid::domain_username_password_port_works ... ok
[INFO] [stdout] test proxy::test::into_proxy_scheme::when_scheme_present::and_url_is_valid::domain_username_password_works ... ok
[INFO] [stdout] test proxy::test::into_proxy_scheme::when_scheme_present::and_url_is_valid::domain_username_works ... ok
[INFO] [stdout] test proxy::test::into_proxy_scheme::when_scheme_present::and_url_is_valid::domain_works ... ok
[INFO] [stdout] test proxy::test::into_proxy_scheme::when_scheme_present::and_url_is_valid::loopback_username_password_port_works ... ok
[INFO] [stdout] test proxy::test::into_proxy_scheme::when_scheme_present::and_url_is_valid::loopback_port_works ... ok
[INFO] [stdout] test proxy::test::into_proxy_scheme::when_scheme_present::and_url_is_valid::loopback_username_password_works ... ok
[INFO] [stdout] test proxy::test::into_proxy_scheme::when_scheme_present::and_url_is_valid::loopback_username_works ... ok
[INFO] [stdout] test proxy::test::into_proxy_scheme::when_scheme_present::and_url_is_valid::loopback_works ... ok
[INFO] [stdout] test proxy::tests::test_custom ... ok
[INFO] [stdout] test proxy::tests::test_all ... ok
[INFO] [stdout] test proxy::tests::test_empty_sys_no_proxy ... ok
[INFO] [stdout] test proxy::tests::test_get_sys_proxies_in_cgi ... ok
[INFO] [stdout] test proxy::tests::test_get_sys_proxies_parsing ... ok
[INFO] [stdout] test proxy::tests::test_has_http_auth ... ok
[INFO] [stdout] test proxy::tests::test_http ... ok
[INFO] [stdout] test proxy::tests::test_https ... ok
[INFO] [stdout] test redirect::test_redirect_policy_custom ... ok
[INFO] [stdout] test proxy::tests::test_no_proxy_load ... ok
[INFO] [stdout] test proxy::tests::test_proxy_scheme_ip_address_default_http ... ok
[INFO] [stdout] test proxy::tests::test_wildcard_sys_no_proxy ... ok
[INFO] [stdout] test proxy::tests::test_proxy_scheme_parse ... ok
[INFO] [stdout] test proxy::tests::test_sys_no_proxy ... ok
[INFO] [stdout] test proxy::tests::test_proxy_no_proxy_interception_for_proxy_types ... ok
[INFO] [stdout] test redirect::test_remove_sensitive_headers ... ok
[INFO] [stdout] test proxy::tests::test_proxy_scheme_parse_default_http_with_auth ... ok
[INFO] [stdout] test redirect::test_redirect_policy_limit_to_0 ... ok
[INFO] [stdout] test redirect::test_redirect_policy_limit ... ok
[INFO] [stdout] test response::tests::test_response_builder_ext ... ok
[INFO] [stderr]      Running tests/badssl.rs (/opt/rustwide/target/release/deps/badssl-a950b6b3dc2c9623)
[INFO] [stdout] 
[INFO] [stdout] test result: ok. 85 passed; 0 failed; 0 ignored; 0 measured; 0 filtered out; finished in 0.01s
[INFO] [stdout] 
[INFO] [stdout] 
[INFO] [stdout] running 2 tests
[INFO] [stdout] test test_badssl_self_signed ... FAILED
[INFO] [stdout] test test_badssl_modern ... FAILED
[INFO] [stdout] 
[INFO] [stdout] failures:
[INFO] [stdout] 
[INFO] [stdout] ---- test_badssl_self_signed stdout ----
[INFO] [stdout] 
[INFO] [stdout] thread 'test_badssl_self_signed' (6092) panicked at tests/badssl.rs:28:10:
[INFO] [stdout] called `Result::unwrap()` on an `Err` value: reqwest_impersonate::Error { kind: Request, url: Url { scheme: "https", cannot_be_a_base: false, username: "", password: None, host: Some(Domain("self-signed.badssl.com")), port: None, path: "/", query: None, fragment: None }, source: hyper::Error(Connect, ConnectError("dns error", Custom { kind: Uncategorized, error: "failed to lookup address information: Temporary failure in name resolution" })) }
[INFO] [stdout] stack backtrace:
[INFO] [stdout]    0:     0x591d64d7b581 - <<std[97b98282bc616a66]::sys::backtrace::BacktraceLock>::print::DisplayBacktrace as core[832e9a552fc17241]::fmt::Display>::fmt
[INFO] [stdout]    1:     0x591d64d9111a - core[832e9a552fc17241]::fmt::write
[INFO] [stdout]    2:     0x591d64d801cc - <alloc[3ecab9f82c41dc7d]::vec::Vec<u8> as std[97b98282bc616a66]::io::Write>::write_fmt
[INFO] [stdout]    3:     0x591d64d58ac6 - std[97b98282bc616a66]::panicking::default_hook::{closure#0}
[INFO] [stdout]    4:     0x591d64d73059 - std[97b98282bc616a66]::panicking::default_hook
[INFO] [stdout]    5:     0x591d64cedcf0 - test[39766f3d73431624]::test_main_inner::<test[39766f3d73431624]::test_main_static::{closure#0}>::{closure#0}
[INFO] [stdout]    6:     0x591d64d73382 - std[97b98282bc616a66]::panicking::panic_with_hook
[INFO] [stdout]    7:     0x591d64d58b72 - std[97b98282bc616a66]::panicking::panic_handler::{closure#0}
[INFO] [stdout]    8:     0x591d64d503e9 - std[97b98282bc616a66]::sys::backtrace::__rust_end_short_backtrace::<std[97b98282bc616a66]::panicking::panic_handler::{closure#0}, !>
[INFO] [stdout]    9:     0x591d64d5995d - __rustc[e3d8617bb01b7f69]::rust_begin_unwind
[INFO] [stdout]   10:     0x591d64d9187c - core[832e9a552fc17241]::panicking::panic_fmt
[INFO] [stdout]   11:     0x591d64d91652 - core[832e9a552fc17241]::result::unwrap_failed
[INFO] [stdout]   12:     0x591d64aa1291 - badssl[82ca20577da8a129]::test_badssl_self_signed::{closure#0}
[INFO] [stdout]   13:     0x591d64aa4fe8 - <tokio[d7c80bac66b7b7ed]::runtime::context::scoped::Scoped<tokio[d7c80bac66b7b7ed]::runtime::scheduler::Context>>::set::<<tokio[d7c80bac66b7b7ed]::runtime::scheduler::current_thread::CoreGuard>::enter<<tokio[d7c80bac66b7b7ed]::runtime::scheduler::current_thread::CoreGuard>::block_on<core[832e9a552fc17241]::pin::Pin<&mut core[832e9a552fc17241]::pin::Pin<&mut dyn core[832e9a552fc17241]::future::future::Future<Output = ()>>>>::{closure#0}, core[832e9a552fc17241]::option::Option<()>>::{closure#0}, (alloc[3ecab9f82c41dc7d]::boxed::Box<tokio[d7c80bac66b7b7ed]::runtime::scheduler::current_thread::Core>, core[832e9a552fc17241]::option::Option<()>)>
[INFO] [stdout]   14:     0x591d64aa570d - <tokio[d7c80bac66b7b7ed]::runtime::scheduler::current_thread::CoreGuard>::block_on::<core[832e9a552fc17241]::pin::Pin<&mut core[832e9a552fc17241]::pin::Pin<&mut dyn core[832e9a552fc17241]::future::future::Future<Output = ()>>>>
[INFO] [stdout]   15:     0x591d64aa4a8a - tokio[d7c80bac66b7b7ed]::runtime::context::runtime::enter_runtime::<<tokio[d7c80bac66b7b7ed]::runtime::scheduler::current_thread::CurrentThread>::block_on<core[832e9a552fc17241]::pin::Pin<&mut dyn core[832e9a552fc17241]::future::future::Future<Output = ()>>>::{closure#0}, ()>
[INFO] [stdout]   16:     0x591d64aa2785 - <tokio[d7c80bac66b7b7ed]::runtime::runtime::Runtime>::block_on::<core[832e9a552fc17241]::pin::Pin<&mut dyn core[832e9a552fc17241]::future::future::Future<Output = ()>>>
[INFO] [stdout]   17:     0x591d64aa25ae - <badssl[82ca20577da8a129]::test_badssl_self_signed::{closure#0} as core[832e9a552fc17241]::ops::function::FnOnce<()>>::call_once
[INFO] [stdout]   18:     0x591d64ce102b - test[39766f3d73431624]::__rust_begin_short_backtrace::<core[832e9a552fc17241]::result::Result<(), alloc[3ecab9f82c41dc7d]::string::String>, fn() -> core[832e9a552fc17241]::result::Result<(), alloc[3ecab9f82c41dc7d]::string::String>>
[INFO] [stdout]   19:     0x591d64cee675 - test[39766f3d73431624]::run_test::{closure#0}
[INFO] [stdout]   20:     0x591d64ce9124 - std[97b98282bc616a66]::sys::backtrace::__rust_begin_short_backtrace::<test[39766f3d73431624]::run_test::{closure#1}, ()>
[INFO] [stdout]   21:     0x591d64cf17c2 - <std[97b98282bc616a66]::thread::lifecycle::spawn_unchecked<test[39766f3d73431624]::run_test::{closure#1}, ()>::{closure#1} as core[832e9a552fc17241]::ops::function::FnOnce<()>>::call_once::{shim:vtable#0}
[INFO] [stdout]   22:     0x591d64d7aa5f - <std[97b98282bc616a66]::sys::thread::unix::Thread>::new::thread_start
[INFO] [stdout]   23:     0x7d72ce6ce07a - <unknown>
[INFO] [stdout]   24:     0x7d72ce761534 - clone
[INFO] [stdout]   25:                0x0 - <unknown>
[INFO] [stdout] 
[INFO] [stdout] ---- test_badssl_modern stdout ----
[INFO] [stdout] 
[INFO] [stdout] thread 'test_badssl_modern' (6091) panicked at tests/badssl.rs:10:10:
[INFO] [stdout] called `Result::unwrap()` on an `Err` value: reqwest_impersonate::Error { kind: Request, url: Url { scheme: "https", cannot_be_a_base: false, username: "", password: None, host: Some(Domain("mozilla-modern.badssl.com")), port: None, path: "/", query: None, fragment: None }, source: hyper::Error(Connect, ConnectError("dns error", Custom { kind: Uncategorized, error: "failed to lookup address information: Temporary failure in name resolution" })) }
[INFO] [stdout] stack backtrace:
[INFO] [stdout]    0:     0x591d64d7b581 - <<std[97b98282bc616a66]::sys::backtrace::BacktraceLock>::print::DisplayBacktrace as core[832e9a552fc17241]::fmt::Display>::fmt
[INFO] [stdout]    1:     0x591d64d9111a - core[832e9a552fc17241]::fmt::write
[INFO] [stdout]    2:     0x591d64d801cc - <alloc[3ecab9f82c41dc7d]::vec::Vec<u8> as std[97b98282bc616a66]::io::Write>::write_fmt
[INFO] [stdout]    3:     0x591d64d58ac6 - std[97b98282bc616a66]::panicking::default_hook::{closure#0}
[INFO] [stdout]    4:     0x591d64d73059 - std[97b98282bc616a66]::panicking::default_hook
[INFO] [stdout]    5:     0x591d64cedcf0 - test[39766f3d73431624]::test_main_inner::<test[39766f3d73431624]::test_main_static::{closure#0}>::{closure#0}
[INFO] [stdout]    6:     0x591d64d73382 - std[97b98282bc616a66]::panicking::panic_with_hook
[INFO] [stdout]    7:     0x591d64d58b72 - std[97b98282bc616a66]::panicking::panic_handler::{closure#0}
[INFO] [stdout]    8:     0x591d64d503e9 - std[97b98282bc616a66]::sys::backtrace::__rust_end_short_backtrace::<std[97b98282bc616a66]::panicking::panic_handler::{closure#0}, !>
[INFO] [stdout]    9:     0x591d64d5995d - __rustc[e3d8617bb01b7f69]::rust_begin_unwind
[INFO] [stdout]   10:     0x591d64d9187c - core[832e9a552fc17241]::panicking::panic_fmt
[INFO] [stdout]   11:     0x591d64d91652 - core[832e9a552fc17241]::result::unwrap_failed
[INFO] [stdout]   12:     0x591d64aa0f00 - badssl[82ca20577da8a129]::test_badssl_modern::{closure#0}
[INFO] [stdout]   13:     0x591d64aa4fe8 - <tokio[d7c80bac66b7b7ed]::runtime::context::scoped::Scoped<tokio[d7c80bac66b7b7ed]::runtime::scheduler::Context>>::set::<<tokio[d7c80bac66b7b7ed]::runtime::scheduler::current_thread::CoreGuard>::enter<<tokio[d7c80bac66b7b7ed]::runtime::scheduler::current_thread::CoreGuard>::block_on<core[832e9a552fc17241]::pin::Pin<&mut core[832e9a552fc17241]::pin::Pin<&mut dyn core[832e9a552fc17241]::future::future::Future<Output = ()>>>>::{closure#0}, core[832e9a552fc17241]::option::Option<()>>::{closure#0}, (alloc[3ecab9f82c41dc7d]::boxed::Box<tokio[d7c80bac66b7b7ed]::runtime::scheduler::current_thread::Core>, core[832e9a552fc17241]::option::Option<()>)>
[INFO] [stdout]   14:     0x591d64aa570d - <tokio[d7c80bac66b7b7ed]::runtime::scheduler::current_thread::CoreGuard>::block_on::<core[832e9a552fc17241]::pin::Pin<&mut core[832e9a552fc17241]::pin::Pin<&mut dyn core[832e9a552fc17241]::future::future::Future<Output = ()>>>>
[INFO] [stdout]   15:     0x591d64aa4a8a - tokio[d7c80bac66b7b7ed]::runtime::context::runtime::enter_runtime::<<tokio[d7c80bac66b7b7ed]::runtime::scheduler::current_thread::CurrentThread>::block_on<core[832e9a552fc17241]::pin::Pin<&mut dyn core[832e9a552fc17241]::future::future::Future<Output = ()>>>::{closure#0}, ()>
[INFO] [stdout]   16:     0x591d64aa2785 - <tokio[d7c80bac66b7b7ed]::runtime::runtime::Runtime>::block_on::<core[832e9a552fc17241]::pin::Pin<&mut dyn core[832e9a552fc17241]::future::future::Future<Output = ()>>>
[INFO] [stdout]   17:     0x591d64aa23ee - <badssl[82ca20577da8a129]::test_badssl_modern::{closure#0} as core[832e9a552fc17241]::ops::function::FnOnce<()>>::call_once
[INFO] [stdout]   18:     0x591d64ce102b - test[39766f3d73431624]::__rust_begin_short_backtrace::<core[832e9a552fc17241]::result::Result<(), alloc[3ecab9f82c41dc7d]::string::String>, fn() -> core[832e9a552fc17241]::result::Result<(), alloc[3ecab9f82c41dc7d]::string::String>>
[INFO] [stdout]   19:     0x591d64cee675 - test[39766f3d73431624]::run_test::{closure#0}
[INFO] [stdout]   20:     0x591d64ce9124 - std[97b98282bc616a66]::sys::backtrace::__rust_begin_short_backtrace::<test[39766f3d73431624]::run_test::{closure#1}, ()>
[INFO] [stdout]   21:     0x591d64cf17c2 - <std[97b98282bc616a66]::thread::lifecycle::spawn_unchecked<test[39766f3d73431624]::run_test::{closure#1}, ()>::{closure#1} as core[832e9a552fc17241]::ops::function::FnOnce<()>>::call_once::{shim:vtable#0}
[INFO] [stdout]   22:     0x591d64d7aa5f - <std[97b98282bc616a66]::sys::thread::unix::Thread>::new::thread_start
[INFO] [stdout]   23:     0x7d72ce6ce07a - <unknown>
[INFO] [stdout]   24:     0x7d72ce761534 - clone
[INFO] [stdout]   25:                0x0 - <unknown>
[INFO] [stdout] 
[INFO] [stdout] 
[INFO] [stdout] failures:
[INFO] [stdout]     test_badssl_modern
[INFO] [stdout]     test_badssl_self_signed
[INFO] [stdout] 
[INFO] [stdout] test result: FAILED. 0 passed; 2 failed; 0 ignored; 0 measured; 0 filtered out; finished in 0.03s
[INFO] [stdout] 
[INFO] [stderr] error: test failed, to rerun pass `--test badssl`
[INFO] running `Command { std: "docker" "inspect" "6b3b5198bcd99ceae5e634e07effc0d7baaf91aeacf0f25a363008b42cb80148", kill_on_drop: false }`
[INFO] running `Command { std: "docker" "rm" "-f" "6b3b5198bcd99ceae5e634e07effc0d7baaf91aeacf0f25a363008b42cb80148", kill_on_drop: false }`
[INFO] [stdout] 6b3b5198bcd99ceae5e634e07effc0d7baaf91aeacf0f25a363008b42cb80148
