[INFO] cloning repository https://github.com/bybardia/aqua-money-streaming
[INFO] running `Command { std: "git" "-c" "credential.helper=" "-c" "credential.helper=/workspace/cargo-home/bin/git-credential-null" "clone" "--bare" "https://github.com/bybardia/aqua-money-streaming" "/workspace/cache/git-repos/https%3A%2F%2Fgithub.com%2Fbybardia%2Faqua-money-streaming", kill_on_drop: false }`
[INFO] [stderr] Cloning into bare repository '/workspace/cache/git-repos/https%3A%2F%2Fgithub.com%2Fbybardia%2Faqua-money-streaming'...
[INFO] running `Command { std: "git" "rev-parse" "HEAD", kill_on_drop: false }`
[INFO] [stdout] 41312ab240474027d0528277f49138ee6ff197df
[INFO] testing bybardia/aqua-money-streaming against 1.98.0-beta.8+cargoflags=--release for beta-release-1.99-2
[INFO] running `Command { std: "git" "clone" "/workspace/cache/git-repos/https%3A%2F%2Fgithub.com%2Fbybardia%2Faqua-money-streaming" "/workspace/builds/worker-0-tc1/source", kill_on_drop: false }`
[INFO] [stderr] Cloning into '/workspace/builds/worker-0-tc1/source'...
[INFO] [stderr] done.
[INFO] started tweaking git repo https://github.com/bybardia/aqua-money-streaming
[INFO] finished tweaking git repo https://github.com/bybardia/aqua-money-streaming
[INFO] tweaked toml for git repo https://github.com/bybardia/aqua-money-streaming written to /workspace/builds/worker-0-tc1/source/Cargo.toml
[INFO] validating manifest of git repo https://github.com/bybardia/aqua-money-streaming on toolchain 1.98.0-beta.8
[INFO] running `Command { std: CARGO_HOME="/workspace/cargo-home" RUSTUP_HOME="/workspace/rustup-home" "/workspace/cargo-home/bin/cargo" "+1.98.0-beta.8" "metadata" "--manifest-path" "Cargo.toml" "--no-deps", kill_on_drop: false }`
[INFO] crate git repo https://github.com/bybardia/aqua-money-streaming already has a lockfile, it will not be regenerated
[INFO] running `Command { std: CARGO_HOME="/workspace/cargo-home" RUSTUP_HOME="/workspace/rustup-home" "/workspace/cargo-home/bin/cargo" "+1.98.0-beta.8" "fetch" "--manifest-path" "Cargo.toml", kill_on_drop: false }`
[INFO] [stderr]  Downloading crates ...
[INFO] [stderr]   Downloaded soroban-spec-rust v26.1.0
[INFO] [stderr]   Downloaded soroban-spec v26.1.0
[INFO] [stderr]   Downloaded soroban-sdk-macros v26.1.0
[INFO] [stderr]   Downloaded soroban-env-common v26.1.3
[INFO] [stderr]   Downloaded soroban-builtin-sdk-macros v26.1.3
[INFO] [stderr]   Downloaded soroban-env-guest v26.1.3
[INFO] [stderr]   Downloaded soroban-env-macros v26.1.3
[INFO] [stderr]   Downloaded soroban-ledger-snapshot v26.1.0
[INFO] [stderr]   Downloaded soroban-sdk v26.1.0
[INFO] [stderr]   Downloaded soroban-env-host v26.1.3
[INFO] running `Command { std: "docker" "create" "-v" "/var/lib/crater-agent-workspace/builds/worker-0-tc1/source:/opt/rustwide/workdir:ro,Z" "-v" "/var/lib/crater-agent-workspace/builds/worker-0-tc1/target:/opt/rustwide/target:rw,Z" "-v" "/var/lib/crater-agent-workspace/cargo-home:/opt/rustwide/cargo-home:ro,Z" "-v" "/var/lib/crater-agent-workspace/rustup-home:/opt/rustwide/rustup-home:ro,Z" "-m" "1610612736" "--network" "none" "ghcr.io/rust-lang/crates-build-env/linux@sha256:8683fc1fc2eb5c9ac98e0d076ab094b2ffac7f99da555d2b6a2e27f346de2ec7" "sleep" "infinity", kill_on_drop: false }`
[INFO] [stdout] 89f3d3132f802cc8a02f71a3b3f1d33bd5ee4ad94c81f4e638785e5b37c32c2c
[INFO] running `Command { std: "docker" "start" "89f3d3132f802cc8a02f71a3b3f1d33bd5ee4ad94c81f4e638785e5b37c32c2c", kill_on_drop: false }`
[INFO] running `Command { std: "docker" "inspect" "89f3d3132f802cc8a02f71a3b3f1d33bd5ee4ad94c81f4e638785e5b37c32c2c", kill_on_drop: false }`
[INFO] running `Command { std: "docker" "exec" "-e" "SOURCE_DIR=/opt/rustwide/workdir" "-e" "CARGO_HOME=/opt/rustwide/cargo-home" "-e" "RUSTUP_HOME=/opt/rustwide/rustup-home" "-e" "CARGO_TARGET_DIR=/opt/rustwide/target" "-w" "/opt/rustwide/workdir" "--user" "0:0" "89f3d3132f802cc8a02f71a3b3f1d33bd5ee4ad94c81f4e638785e5b37c32c2c" "/opt/rustwide/cargo-home/bin/cargo" "+1.98.0-beta.8" "metadata" "--no-deps" "--format-version=1", kill_on_drop: false }`
[INFO] running `Command { std: "docker" "inspect" "89f3d3132f802cc8a02f71a3b3f1d33bd5ee4ad94c81f4e638785e5b37c32c2c", kill_on_drop: false }`
[INFO] running `Command { std: "docker" "exec" "-e" "SOURCE_DIR=/opt/rustwide/workdir" "-e" "CARGO_HOME=/opt/rustwide/cargo-home" "-e" "RUSTUP_HOME=/opt/rustwide/rustup-home" "-e" "CARGO_TARGET_DIR=/opt/rustwide/target" "-e" "CARGO_INCREMENTAL=0" "-e" "RUST_BACKTRACE=full" "-e" "RUSTFLAGS=--cap-lints=warn" "-e" "RUSTDOCFLAGS=--cap-lints=warn" "-w" "/opt/rustwide/workdir" "--user" "0:0" "89f3d3132f802cc8a02f71a3b3f1d33bd5ee4ad94c81f4e638785e5b37c32c2c" "/opt/rustwide/cargo-home/bin/cargo" "+1.98.0-beta.8" "build" "--frozen" "--message-format=json" "--release", kill_on_drop: false }`
[INFO] [stderr]    Compiling proc-macro2 v1.0.106
[INFO] [stderr]    Compiling quote v1.0.46
[INFO] [stderr]    Compiling unicode-ident v1.0.24
[INFO] [stderr]    Compiling version_check v0.9.5
[INFO] [stderr]    Compiling zmij v1.0.21
[INFO] [stderr]    Compiling serde_core v1.0.228
[INFO] [stderr]    Compiling serde v1.0.228
[INFO] [stderr]    Compiling serde_json v1.0.150
[INFO] [stderr]    Compiling itoa v1.0.18
[INFO] [stderr]    Compiling memchr v2.8.3
[INFO] [stderr]    Compiling cfg-if v1.0.4
[INFO] [stderr]    Compiling typenum v1.20.1
[INFO] [stderr]    Compiling subtle v2.6.1
[INFO] [stderr]    Compiling autocfg v1.5.1
[INFO] [stderr]    Compiling const-oid v0.9.6
[INFO] [stderr]    Compiling libc v0.2.186
[INFO] [stderr]    Compiling ident_case v1.0.1
[INFO] [stderr]    Compiling strsim v0.11.1
[INFO] [stderr]    Compiling zerocopy v0.8.54
[INFO] [stderr]    Compiling semver v1.0.28
[INFO] [stderr]    Compiling schemars v0.8.22
[INFO] [stderr]    Compiling paste v1.0.15
[INFO] [stderr]    Compiling dyn-clone v1.0.20
[INFO] [stderr]    Compiling cpufeatures v0.2.17
[INFO] [stderr]    Compiling num-traits v0.2.19
[INFO] [stderr]    Compiling data-encoding v2.11.0
[INFO] [stderr]    Compiling ethnum v1.5.3
[INFO] [stderr]    Compiling escape-bytes v0.1.1
[INFO] [stderr]    Compiling rustc_version v0.4.1
[INFO] [stderr]    Compiling generic-array v0.14.9
[INFO] [stderr]    Compiling ahash v0.8.12
[INFO] [stderr]    Compiling either v1.16.0
[INFO] [stderr]    Compiling base16ct v0.2.0
[INFO] [stderr]    Compiling arrayvec v0.7.8
[INFO] [stderr]    Compiling itertools v0.13.0
[INFO] [stderr]    Compiling once_cell v1.21.4
[INFO] [stderr]    Compiling allocator-api2 v0.2.21
[INFO] [stderr]    Compiling libm v0.2.16
[INFO] [stderr]    Compiling hashbrown v0.17.1
[INFO] [stderr]    Compiling equivalent v1.0.2
[INFO] [stderr]    Compiling syn v2.0.118
[INFO] [stderr]    Compiling thiserror v1.0.69
[INFO] [stderr]    Compiling curve25519-dalek v4.1.3
[INFO] [stderr]    Compiling hashbrown v0.15.5
[INFO] [stderr]    Compiling downcast-rs v1.2.1
[INFO] [stderr]    Compiling prettyplease v0.2.37
[INFO] [stderr]    Compiling fnv v1.0.7
[INFO] [stderr]    Compiling getrandom v0.2.17
[INFO] [stderr]    Compiling num-integer v0.1.46
[INFO] [stderr]    Compiling rand_core v0.6.4
[INFO] [stderr]    Compiling indexmap-nostd v0.4.0
[INFO] [stderr]    Compiling ff v0.13.1
[INFO] [stderr]    Compiling num-bigint v0.4.8
[INFO] [stderr]    Compiling group v0.13.0
[INFO] [stderr]    Compiling wasmparser-nostd v0.100.2
[INFO] [stderr]    Compiling heapless v0.8.0
[INFO] [stderr]    Compiling block-buffer v0.10.4
[INFO] [stderr]    Compiling crypto-common v0.1.6
[INFO] [stderr]    Compiling indexmap v2.14.0
[INFO] [stderr]    Compiling spin v0.9.8
[INFO] [stderr]    Compiling digest v0.10.7
[INFO] [stderr]    Compiling sha2 v0.10.9
[INFO] [stderr]    Compiling smallvec v1.15.2
[INFO] [stderr]    Compiling wasmparser v0.116.1
[INFO] [stderr]    Compiling base64 v0.22.1
[INFO] [stderr]    Compiling wasmi_core v0.13.0
[INFO] [stderr]    Compiling byteorder v1.5.0
[INFO] [stderr]    Compiling wasmi_arena v0.4.1
[INFO] [stderr]    Compiling hex v0.4.3
[INFO] [stderr]    Compiling hash32 v0.3.1
[INFO] [stderr]    Compiling static_assertions v1.1.0
[INFO] [stderr]    Compiling soroban-env-host v26.1.3
[INFO] [stderr]    Compiling stable_deref_trait v1.2.1
[INFO] [stderr]    Compiling keccak v0.1.6
[INFO] [stderr]    Compiling heck v0.5.0
[INFO] [stderr]    Compiling hex-literal v0.4.1
[INFO] [stderr]    Compiling soroban-wasmi v0.31.1-soroban.20.0.1
[INFO] [stderr]    Compiling ppv-lite86 v0.2.21
[INFO] [stderr]    Compiling darling_core v0.23.0
[INFO] [stderr]    Compiling darling_core v0.20.11
[INFO] [stderr]    Compiling macro-string v0.1.4
[INFO] [stderr]    Compiling rand_chacha v0.3.1
[INFO] [stderr]    Compiling rand v0.8.6
[INFO] [stderr]    Compiling serde_derive v1.0.228
[INFO] [stderr]    Compiling zeroize_derive v1.5.0
[INFO] [stderr]    Compiling cfg_eval v0.1.2
[INFO] [stderr]    Compiling enum-ordinalize-derive v4.4.1
[INFO] [stderr]    Compiling ark-serialize-derive v0.5.0
[INFO] [stderr]    Compiling ark-ff-macros v0.5.0
[INFO] [stderr]    Compiling ark-ff-asm v0.5.0
[INFO] [stderr]    Compiling num-derive v0.4.2
[INFO] [stderr]    Compiling thiserror-impl v1.0.69
[INFO] [stderr]    Compiling curve25519-dalek-derive v0.1.1
[INFO] [stderr]    Compiling enum-ordinalize v4.4.1
[INFO] [stderr]    Compiling educe v0.6.0
[INFO] [stderr]    Compiling zeroize v1.9.0
[INFO] [stderr]    Compiling soroban-builtin-sdk-macros v26.1.3
[INFO] [stderr]    Compiling ark-std v0.5.0
[INFO] [stderr]    Compiling bytes-lit v0.0.5
[INFO] [stderr]    Compiling der v0.7.10
[INFO] [stderr]    Compiling visibility v0.1.1
[INFO] [stderr]    Compiling crypto-bigint v0.5.5
[INFO] [stderr]    Compiling darling_macro v0.23.0
[INFO] [stderr]    Compiling signature v2.2.0
[INFO] [stderr]    Compiling darling v0.23.0
[INFO] [stderr]    Compiling ark-serialize v0.5.0
[INFO] [stderr]    Compiling hmac v0.12.1
[INFO] [stderr]    Compiling serde_with_macros v3.21.0
[INFO] [stderr]    Compiling ed25519 v2.2.3
[INFO] [stderr]    Compiling sec1 v0.7.3
[INFO] [stderr]    Compiling rfc6979 v0.4.0
[INFO] [stderr]    Compiling sha3 v0.10.9
[INFO] [stderr]    Compiling ark-ff v0.5.0
[INFO] [stderr]    Compiling darling_macro v0.20.11
[INFO] [stderr]    Compiling elliptic-curve v0.13.8
[INFO] [stderr]    Compiling darling v0.20.11
[INFO] [stderr]    Compiling ecdsa v0.16.9
[INFO] [stderr]    Compiling primeorder v0.13.6
[INFO] [stderr]    Compiling ed25519-dalek v2.2.0
[INFO] [stderr]    Compiling p256 v0.13.2
[INFO] [stderr]    Compiling k256 v0.13.4
[INFO] [stderr]    Compiling crate-git-revision v0.0.6
[INFO] [stderr]    Compiling stellar-strkey v0.0.13
[INFO] [stderr]    Compiling stellar-xdr v26.0.1
[INFO] [stderr]    Compiling soroban-env-common v26.1.3
[INFO] [stderr]    Compiling stellar-strkey v0.0.16
[INFO] [stderr]    Compiling soroban-sdk v26.1.0
[INFO] [stderr]    Compiling serde_with v3.21.0
[INFO] [stderr]    Compiling ark-poly v0.5.0
[INFO] [stderr]    Compiling ark-ec v0.5.0
[INFO] [stderr]    Compiling ark-bls12-381 v0.5.0
[INFO] [stderr]    Compiling ark-bn254 v0.5.0
[INFO] [stderr]    Compiling soroban-spec v26.1.0
[INFO] [stderr]    Compiling soroban-spec-rust v26.1.0
[INFO] [stderr]    Compiling soroban-env-macros v26.1.3
[INFO] [stderr]    Compiling soroban-sdk-macros v26.1.0
[INFO] [stderr]    Compiling registry v0.0.0 (/opt/rustwide/workdir/contracts/registry)
[INFO] [stderr]    Compiling aqua v0.0.0 (/opt/rustwide/workdir/contracts/aqua)
[INFO] [stdout] warning: use of deprecated method `soroban_sdk::events::Events::publish`: use the #[contractevent] macro on a contract event type
[INFO] [stdout]   --> contracts/registry/src/lib.rs:73:22
[INFO] [stdout]    |
[INFO] [stdout] 73 |         env.events().publish(
[INFO] [stdout]    |                      ^^^^^^^
[INFO] [stdout]    |
[INFO] [stdout]    = note: `#[warn(deprecated)]` on by default
[INFO] [stdout] 
[INFO] [stdout] 
[INFO] [stdout] warning: use of deprecated method `soroban_sdk::events::Events::publish`: use the #[contractevent] macro on a contract event type
[INFO] [stdout]    --> contracts/aqua/src/lib.rs:133:22
[INFO] [stdout]     |
[INFO] [stdout] 133 |         env.events().publish(
[INFO] [stdout]     |                      ^^^^^^^
[INFO] [stdout]     |
[INFO] [stdout]     = note: `#[warn(deprecated)]` on by default
[INFO] [stdout] 
[INFO] [stdout] 
[INFO] [stdout] warning: use of deprecated method `soroban_sdk::events::Events::publish`: use the #[contractevent] macro on a contract event type
[INFO] [stdout]    --> contracts/aqua/src/lib.rs:173:22
[INFO] [stdout]     |
[INFO] [stdout] 173 |         env.events().publish(
[INFO] [stdout]     |                      ^^^^^^^
[INFO] [stdout] 
[INFO] [stdout] 
[INFO] [stdout] warning: use of deprecated method `soroban_sdk::events::Events::publish`: use the #[contractevent] macro on a contract event type
[INFO] [stdout]    --> contracts/aqua/src/lib.rs:223:22
[INFO] [stdout]     |
[INFO] [stdout] 223 |         env.events().publish(
[INFO] [stdout]     |                      ^^^^^^^
[INFO] [stdout] 
[INFO] [stdout] 
[INFO] [stderr]     Finished `release` profile [optimized] target(s) in 2m 21s
[INFO] running `Command { std: "docker" "inspect" "89f3d3132f802cc8a02f71a3b3f1d33bd5ee4ad94c81f4e638785e5b37c32c2c", kill_on_drop: false }`
[INFO] running `Command { std: "docker" "exec" "-e" "SOURCE_DIR=/opt/rustwide/workdir" "-e" "CARGO_HOME=/opt/rustwide/cargo-home" "-e" "RUSTUP_HOME=/opt/rustwide/rustup-home" "-e" "CARGO_TARGET_DIR=/opt/rustwide/target" "-e" "CARGO_INCREMENTAL=0" "-e" "RUST_BACKTRACE=full" "-e" "RUSTFLAGS=--cap-lints=warn" "-e" "RUSTDOCFLAGS=--cap-lints=warn" "-w" "/opt/rustwide/workdir" "--user" "0:0" "89f3d3132f802cc8a02f71a3b3f1d33bd5ee4ad94c81f4e638785e5b37c32c2c" "/opt/rustwide/cargo-home/bin/cargo" "+1.98.0-beta.8" "test" "--frozen" "--no-run" "--message-format=json" "--release", kill_on_drop: false }`
[INFO] [stderr]    Compiling cfg-if v1.0.4
[INFO] [stderr]    Compiling typenum v1.20.1
[INFO] [stderr]    Compiling subtle v2.6.1
[INFO] [stderr]    Compiling const-oid v0.9.6
[INFO] [stderr]    Compiling libc v0.2.186
[INFO] [stderr]    Compiling num-traits v0.2.19
[INFO] [stderr]    Compiling serde_core v1.0.228
[INFO] [stderr]    Compiling zerocopy v0.8.54
[INFO] [stderr]    Compiling zeroize v1.9.0
[INFO] [stderr]    Compiling cpufeatures v0.2.17
[INFO] [stderr]    Compiling base16ct v0.2.0
[INFO] [stderr]    Compiling either v1.16.0
[INFO] [stderr]    Compiling arrayvec v0.7.8
[INFO] [stderr]    Compiling zmij v1.0.21
[INFO] [stderr]    Compiling serde_json v1.0.150
[INFO] [stderr]    Compiling once_cell v1.21.4
[INFO] [stderr]    Compiling memchr v2.8.3
[INFO] [stderr]    Compiling itoa v1.0.18
[INFO] [stderr]    Compiling allocator-api2 v0.2.21
[INFO] [stderr]    Compiling schemars v0.8.22
[INFO] [stderr]    Compiling data-encoding v2.11.0
[INFO] [stderr]    Compiling dyn-clone v1.0.20
[INFO] [stderr]    Compiling der v0.7.10
[INFO] [stderr]    Compiling itertools v0.13.0
[INFO] [stderr]    Compiling libm v0.2.16
[INFO] [stderr]    Compiling stellar-xdr v26.0.1
[INFO] [stderr]    Compiling derive_arbitrary v1.3.2
[INFO] [stderr]    Compiling equivalent v1.0.2
[INFO] [stderr]    Compiling hashbrown v0.17.1
[INFO] [stderr]    Compiling downcast-rs v1.2.1
[INFO] [stderr]    Compiling indexmap-nostd v0.4.0
[INFO] [stderr]    Compiling soroban-env-common v26.1.3
[INFO] [stderr]    Compiling smallvec v1.15.2
[INFO] [stderr]    Compiling base64 v0.22.1
[INFO] [stderr]    Compiling hashbrown v0.15.5
[INFO] [stderr]    Compiling wasmparser-nostd v0.100.2
[INFO] [stderr]    Compiling stellar-strkey v0.0.13
[INFO] [stderr]    Compiling num-integer v0.1.46
[INFO] [stderr]    Compiling escape-bytes v0.1.1
[INFO] [stderr]    Compiling arbitrary v1.3.2
[INFO] [stderr]    Compiling semver v1.0.28
[INFO] [stderr]    Compiling ethnum v1.5.3
[INFO] [stderr]    Compiling spin v0.9.8
[INFO] [stderr]    Compiling indexmap v2.14.0
[INFO] [stderr]    Compiling wasmi_arena v0.4.1
[INFO] [stderr]    Compiling static_assertions v1.1.0
[INFO] [stderr]    Compiling generic-array v0.14.9
[INFO] [stderr]    Compiling keccak v0.1.6
[INFO] [stderr]    Compiling num-bigint v0.4.8
[INFO] [stderr]    Compiling byteorder v1.5.0
[INFO] [stderr]    Compiling soroban-env-host v26.1.3
[INFO] [stderr]    Compiling thiserror v1.0.69
[INFO] [stderr]    Compiling hash32 v0.3.1
[INFO] [stderr]    Compiling hex-literal v0.4.1
[INFO] [stderr]    Compiling stable_deref_trait v1.2.1
[INFO] [stderr]    Compiling crypto-common v0.1.6
[INFO] [stderr]    Compiling block-buffer v0.10.4
[INFO] [stderr]    Compiling sec1 v0.7.3
[INFO] [stderr]    Compiling dtor-proc-macro v0.0.6
[INFO] [stderr]    Compiling heapless v0.8.0
[INFO] [stderr]    Compiling digest v0.10.7
[INFO] [stderr]    Compiling getrandom v0.2.17
[INFO] [stderr]    Compiling dtor v0.1.1
[INFO] [stderr]    Compiling soroban-sdk v26.1.0
[INFO] [stderr]    Compiling ctor-proc-macro v0.0.6
[INFO] [stderr]    Compiling rand_core v0.6.4
[INFO] [stderr]    Compiling wasmi_core v0.13.0
[INFO] [stderr]    Compiling sha2 v0.10.9
[INFO] [stderr]    Compiling ff v0.13.1
[INFO] [stderr]    Compiling signature v2.2.0
[INFO] [stderr]    Compiling crypto-bigint v0.5.5
[INFO] [stderr]    Compiling hmac v0.12.1
[INFO] [stderr]    Compiling ed25519 v2.2.3
[INFO] [stderr]    Compiling group v0.13.0
[INFO] [stderr]    Compiling rfc6979 v0.4.0
[INFO] [stderr]    Compiling curve25519-dalek v4.1.3
[INFO] [stderr]    Compiling sha3 v0.10.9
[INFO] [stderr]    Compiling stellar-strkey v0.0.16
[INFO] [stderr]    Compiling ctor v0.5.0
[INFO] [stderr]    Compiling soroban-sdk-macros v26.1.0
[INFO] [stderr]    Compiling wasmparser v0.116.1
[INFO] [stderr]    Compiling ed25519-dalek v2.2.0
[INFO] [stderr]    Compiling elliptic-curve v0.13.8
[INFO] [stderr]    Compiling ecdsa v0.16.9
[INFO] [stderr]    Compiling primeorder v0.13.6
[INFO] [stderr]    Compiling serde v1.0.228
[INFO] [stderr]    Compiling p256 v0.13.2
[INFO] [stderr]    Compiling k256 v0.13.4
[INFO] [stderr]    Compiling soroban-wasmi v0.31.1-soroban.20.0.1
[INFO] [stderr]    Compiling hex v0.4.3
[INFO] [stderr]    Compiling serde_with v3.21.0
[INFO] [stderr]    Compiling ppv-lite86 v0.2.21
[INFO] [stderr]    Compiling ahash v0.8.12
[INFO] [stderr]    Compiling rand_chacha v0.3.1
[INFO] [stderr]    Compiling rand v0.8.6
[INFO] [stderr]    Compiling ark-std v0.5.0
[INFO] [stderr]    Compiling ark-serialize v0.5.0
[INFO] [stderr]    Compiling ark-ff v0.5.0
[INFO] [stderr]    Compiling ark-poly v0.5.0
[INFO] [stderr]    Compiling ark-ec v0.5.0
[INFO] [stderr]    Compiling ark-bn254 v0.5.0
[INFO] [stderr]    Compiling ark-bls12-381 v0.5.0
[INFO] [stderr]    Compiling soroban-ledger-snapshot v26.1.0
[INFO] [stderr]    Compiling registry v0.0.0 (/opt/rustwide/workdir/contracts/registry)
[INFO] [stderr]    Compiling aqua v0.0.0 (/opt/rustwide/workdir/contracts/aqua)
[INFO] [stdout] warning: use of deprecated method `soroban_sdk::events::Events::publish`: use the #[contractevent] macro on a contract event type
[INFO] [stdout]   --> contracts/registry/src/lib.rs:73:22
[INFO] [stdout]    |
[INFO] [stdout] 73 |         env.events().publish(
[INFO] [stdout]    |                      ^^^^^^^
[INFO] [stdout]    |
[INFO] [stdout]    = note: `#[warn(deprecated)]` on by default
[INFO] [stdout] 
[INFO] [stdout] 
[INFO] [stdout] warning: use of deprecated method `soroban_sdk::events::Events::publish`: use the #[contractevent] macro on a contract event type
[INFO] [stdout]    --> contracts/aqua/src/lib.rs:133:22
[INFO] [stdout]     |
[INFO] [stdout] 133 |         env.events().publish(
[INFO] [stdout]     |                      ^^^^^^^
[INFO] [stdout]     |
[INFO] [stdout]     = note: `#[warn(deprecated)]` on by default
[INFO] [stdout] 
[INFO] [stdout] 
[INFO] [stdout] warning: use of deprecated method `soroban_sdk::events::Events::publish`: use the #[contractevent] macro on a contract event type
[INFO] [stdout]    --> contracts/aqua/src/lib.rs:173:22
[INFO] [stdout]     |
[INFO] [stdout] 173 |         env.events().publish(
[INFO] [stdout]     |                      ^^^^^^^
[INFO] [stdout] 
[INFO] [stdout] 
[INFO] [stdout] warning: use of deprecated method `soroban_sdk::events::Events::publish`: use the #[contractevent] macro on a contract event type
[INFO] [stdout]    --> contracts/aqua/src/lib.rs:223:22
[INFO] [stdout]     |
[INFO] [stdout] 223 |         env.events().publish(
[INFO] [stdout]     |                      ^^^^^^^
[INFO] [stdout] 
[INFO] [stdout] 
[INFO] [stderr]     Finished `release` profile [optimized] target(s) in 2m 44s
[INFO] running `Command { std: "docker" "inspect" "89f3d3132f802cc8a02f71a3b3f1d33bd5ee4ad94c81f4e638785e5b37c32c2c", kill_on_drop: false }`
[INFO] running `Command { std: "docker" "exec" "-e" "SOURCE_DIR=/opt/rustwide/workdir" "-e" "CARGO_HOME=/opt/rustwide/cargo-home" "-e" "RUSTUP_HOME=/opt/rustwide/rustup-home" "-e" "CARGO_TARGET_DIR=/opt/rustwide/target" "-e" "CARGO_INCREMENTAL=0" "-e" "RUST_BACKTRACE=full" "-e" "RUSTFLAGS=--cap-lints=warn" "-e" "RUSTDOCFLAGS=--cap-lints=warn" "-w" "/opt/rustwide/workdir" "--user" "0:0" "89f3d3132f802cc8a02f71a3b3f1d33bd5ee4ad94c81f4e638785e5b37c32c2c" "/opt/rustwide/cargo-home/bin/cargo" "+1.98.0-beta.8" "test" "--frozen" "--release", kill_on_drop: false }`
[INFO] [stderr] warning: use of deprecated method `soroban_sdk::events::Events::publish`: use the #[contractevent] macro on a contract event type
[INFO] [stderr]    --> contracts/aqua/src/lib.rs:133:22
[INFO] [stderr]     |
[INFO] [stderr] 133 |         env.events().publish(
[INFO] [stderr]     |                      ^^^^^^^
[INFO] [stderr]     |
[INFO] [stderr]     = note: `#[warn(deprecated)]` on by default
[INFO] [stderr] 
[INFO] [stderr] warning: use of deprecated method `soroban_sdk::events::Events::publish`: use the #[contractevent] macro on a contract event type
[INFO] [stderr]    --> contracts/aqua/src/lib.rs:173:22
[INFO] [stderr]     |
[INFO] [stderr] 173 |         env.events().publish(
[INFO] [stderr]     |                      ^^^^^^^
[INFO] [stderr] 
[INFO] [stderr] warning: use of deprecated method `soroban_sdk::events::Events::publish`: use the #[contractevent] macro on a contract event type
[INFO] [stderr]    --> contracts/aqua/src/lib.rs:223:22
[INFO] [stderr]     |
[INFO] [stderr] 223 |         env.events().publish(
[INFO] [stderr]     |                      ^^^^^^^
[INFO] [stderr] 
[INFO] [stderr] warning: use of deprecated method `soroban_sdk::events::Events::publish`: use the #[contractevent] macro on a contract event type
[INFO] [stderr]   --> contracts/registry/src/lib.rs:73:22
[INFO] [stderr]    |
[INFO] [stderr] 73 |         env.events().publish(
[INFO] [stderr]    |                      ^^^^^^^
[INFO] [stderr]    |
[INFO] [stderr]    = note: `#[warn(deprecated)]` on by default
[INFO] [stderr] 
[INFO] [stderr] warning: `aqua` (lib test) generated 3 warnings
[INFO] [stderr] warning: `registry` (lib test) generated 1 warning
[INFO] [stderr]     Finished `release` profile [optimized] target(s) in 0.33s
[INFO] [stderr]      Running unittests src/lib.rs (/opt/rustwide/target/release/deps/aqua-ffdef80abacdc06a)
[INFO] [stdout] 
[INFO] [stdout] running 4 tests
[INFO] [stdout] test test::test_invalid_amount_is_rejected ... FAILED
[INFO] [stdout] test test::test_create_stream_escrows_funds ... FAILED
[INFO] [stdout] test test::test_cancel_splits_funds_fairly ... FAILED
[INFO] [stdout] test test::test_withdraw_half_way ... FAILED
[INFO] [stdout] 
[INFO] [stdout] failures:
[INFO] [stdout] 
[INFO] [stdout] ---- test::test_invalid_amount_is_rejected stdout ----
[INFO] [stdout] Writing test snapshot file for test "test::test_invalid_amount_is_rejected" to "test_snapshots/test/test_invalid_amount_is_rejected.1.json".
[INFO] [stdout] 
[INFO] [stdout] thread 'test::test_invalid_amount_is_rejected' (4180) panicked at /opt/rustwide/cargo-home/registry/src/index.crates.io-1949cf8c6b5b557f/soroban-sdk-26.1.0/src/env.rs:1991:32:
[INFO] [stdout] called `Result::unwrap()` on an `Err` value: Os { code: 30, kind: ReadOnlyFilesystem, message: "Read-only file system" }
[INFO] [stdout] stack backtrace:
[INFO] [stdout]    0:     0x573de440487d - <unknown>
[INFO] [stdout]    1:     0x573de428ccf4 - <unknown>
[INFO] [stdout]    2:     0x573de4403eab - <unknown>
[INFO] [stdout]    3:     0x573de4403a49 - <unknown>
[INFO] [stdout]    4:     0x573de44036ca - <unknown>
[INFO] [stdout]    5:     0x573de4403252 - <unknown>
[INFO] [stdout]    6:     0x573de4429c31 - <unknown>
[INFO] [stdout]    7:     0x573de4429be9 - <unknown>
[INFO] [stdout]    8:     0x573de442a0dc - <unknown>
[INFO] [stdout]    9:     0x573de428cb8b - <unknown>
[INFO] [stdout]   10:     0x573de4290431 - <unknown>
[INFO] [stdout]   11:     0x573de43ca132 - <unknown>
[INFO] [stdout]   12:     0x573de427f9a8 - <unknown>
[INFO] [stdout]   13:     0x573de4285b0f - <unknown>
[INFO] [stdout]   14:     0x573de4442bbb - <unknown>
[INFO] [stdout]   15:     0x573de443ef97 - <unknown>
[INFO] [stdout]   16:     0x573de443ea5c - <unknown>
[INFO] [stdout]   17:     0x573de44581dc - <unknown>
[INFO] [stdout]   18:     0x573de442b132 - <unknown>
[INFO] [stdout]   19:     0x7b54fdccd07a - <unknown>
[INFO] [stdout]   20:     0x7b54fdd60534 - clone
[INFO] [stdout]   21:                0x0 - <unknown>
[INFO] [stdout] 
[INFO] [stdout] ---- test::test_create_stream_escrows_funds stdout ----
[INFO] [stdout] Writing test snapshot file for test "test::test_create_stream_escrows_funds" to "test_snapshots/test/test_create_stream_escrows_funds.1.json".
[INFO] [stdout] 
[INFO] [stdout] thread 'test::test_create_stream_escrows_funds' (4179) panicked at /opt/rustwide/cargo-home/registry/src/index.crates.io-1949cf8c6b5b557f/soroban-sdk-26.1.0/src/env.rs:1991:32:
[INFO] [stdout] called `Result::unwrap()` on an `Err` value: Os { code: 30, kind: ReadOnlyFilesystem, message: "Read-only file system" }
[INFO] [stdout] stack backtrace:
[INFO] [stdout]    0:     0x573de440487d - <unknown>
[INFO] [stdout]    1:     0x573de428ccf4 - <unknown>
[INFO] [stdout]    2:     0x573de4403eab - <unknown>
[INFO] [stdout]    3:     0x573de4403a49 - <unknown>
[INFO] [stdout]    4:     0x573de44036ca - <unknown>
[INFO] [stdout]    5:     0x573de4403252 - <unknown>
[INFO] [stdout]    6:     0x573de4429c31 - <unknown>
[INFO] [stdout]    7:     0x573de4429be9 - <unknown>
[INFO] [stdout]    8:     0x573de442a0dc - <unknown>
[INFO] [stdout]    9:     0x573de428cb8b - <unknown>
[INFO] [stdout]   10:     0x573de4290431 - <unknown>
[INFO] [stdout]   11:     0x573de43ca132 - <unknown>
[INFO] [stdout]   12:     0x573de427f9a8 - <unknown>
[INFO] [stdout]   13:     0x573de42867bd - <unknown>
[INFO] [stdout]   14:     0x573de4442bbb - <unknown>
[INFO] [stdout]   15:     0x573de443ef97 - <unknown>
[INFO] [stdout]   16:     0x573de443ea5c - <unknown>
[INFO] [stdout]   17:     0x573de44581dc - <unknown>
[INFO] [stdout]   18:     0x573de442b132 - <unknown>
[INFO] [stdout]   19:     0x7b54fdccd07a - <unknown>
[INFO] [stdout]   20:     0x7b54fdd60534 - clone
[INFO] [stdout]   21:                0x0 - <unknown>
[INFO] [stdout] 
[INFO] [stdout] ---- test::test_cancel_splits_funds_fairly stdout ----
[INFO] [stdout] Writing test snapshot file for test "test::test_cancel_splits_funds_fairly" to "test_snapshots/test/test_cancel_splits_funds_fairly.1.json".
[INFO] [stdout] 
[INFO] [stdout] thread 'test::test_cancel_splits_funds_fairly' (4178) panicked at /opt/rustwide/cargo-home/registry/src/index.crates.io-1949cf8c6b5b557f/soroban-sdk-26.1.0/src/env.rs:1991:32:
[INFO] [stdout] called `Result::unwrap()` on an `Err` value: Os { code: 30, kind: ReadOnlyFilesystem, message: "Read-only file system" }
[INFO] [stdout] stack backtrace:
[INFO] [stdout]    0:     0x573de440487d - <unknown>
[INFO] [stdout]    1:     0x573de428ccf4 - <unknown>
[INFO] [stdout]    2:     0x573de4403eab - <unknown>
[INFO] [stdout]    3:     0x573de4403a49 - <unknown>
[INFO] [stdout]    4:     0x573de44036ca - <unknown>
[INFO] [stdout]    5:     0x573de4403252 - <unknown>
[INFO] [stdout]    6:     0x573de4429c31 - <unknown>
[INFO] [stdout]    7:     0x573de4429be9 - <unknown>
[INFO] [stdout]    8:     0x573de442a0dc - <unknown>
[INFO] [stdout]    9:     0x573de428cb8b - <unknown>
[INFO] [stdout]   10:     0x573de4290431 - <unknown>
[INFO] [stdout]   11:     0x573de43ca132 - <unknown>
[INFO] [stdout]   12:     0x573de427f9a8 - <unknown>
[INFO] [stdout]   13:     0x573de4285340 - <unknown>
[INFO] [stdout]   14:     0x573de4442bbb - <unknown>
[INFO] [stdout]   15:     0x573de443ef97 - <unknown>
[INFO] [stdout]   16:     0x573de443ea5c - <unknown>
[INFO] [stdout]   17:     0x573de44581dc - <unknown>
[INFO] [stdout]   18:     0x573de442b132 - <unknown>
[INFO] [stdout]   19:     0x7b54fdccd07a - <unknown>
[INFO] [stdout]   20:     0x7b54fdd60534 - clone
[INFO] [stdout]   21:                0x0 - <unknown>
[INFO] [stdout] 
[INFO] [stdout] ---- test::test_withdraw_half_way stdout ----
[INFO] [stdout] Writing test snapshot file for test "test::test_withdraw_half_way" to "test_snapshots/test/test_withdraw_half_way.1.json".
[INFO] [stdout] 
[INFO] [stdout] thread 'test::test_withdraw_half_way' (4181) panicked at /opt/rustwide/cargo-home/registry/src/index.crates.io-1949cf8c6b5b557f/soroban-sdk-26.1.0/src/env.rs:1991:32:
[INFO] [stdout] called `Result::unwrap()` on an `Err` value: Os { code: 30, kind: ReadOnlyFilesystem, message: "Read-only file system" }
[INFO] [stdout] stack backtrace:
[INFO] [stdout]    0:     0x573de440487d - <unknown>
[INFO] [stdout]    1:     0x573de428ccf4 - <unknown>
[INFO] [stdout]    2:     0x573de4403eab - <unknown>
[INFO] [stdout]    3:     0x573de4403a49 - <unknown>
[INFO] [stdout]    4:     0x573de44036ca - <unknown>
[INFO] [stdout]    5:     0x573de4403252 - <unknown>
[INFO] [stdout]    6:     0x573de4429c31 - <unknown>
[INFO] [stdout]    7:     0x573de4429be9 - <unknown>
[INFO] [stdout]    8:     0x573de442a0dc - <unknown>
[INFO] [stdout]    9:     0x573de428cb8b - <unknown>
[INFO] [stdout]   10:     0x573de4290431 - <unknown>
[INFO] [stdout]   11:     0x573de43ca132 - <unknown>
[INFO] [stdout]   12:     0x573de427f9a8 - <unknown>
[INFO] [stdout]   13:     0x573de42848c4 - <unknown>
[INFO] [stdout]   14:     0x573de4442bbb - <unknown>
[INFO] [stdout]   15:     0x573de443ef97 - <unknown>
[INFO] [stdout]   16:     0x573de443ea5c - <unknown>
[INFO] [stdout]   17:     0x573de44581dc - <unknown>
[INFO] [stdout]   18:     0x573de442b132 - <unknown>
[INFO] [stdout]   19:     0x7b54fdccd07a - <unknown>
[INFO] [stdout]   20:     0x7b54fdd60534 - clone
[INFO] [stdout]   21:                0x0 - <unknown>
[INFO] [stdout] 
[INFO] [stdout] 
[INFO] [stdout] failures:
[INFO] [stdout]     test::test_cancel_splits_funds_fairly
[INFO] [stdout]     test::test_create_stream_escrows_funds
[INFO] [stdout]     test::test_invalid_amount_is_rejected
[INFO] [stdout]     test::test_withdraw_half_way
[INFO] [stdout] 
[INFO] [stdout] test result: FAILED. 0 passed; 4 failed; 0 ignored; 0 measured; 0 filtered out; finished in 0.00s
[INFO] [stdout] 
[INFO] [stderr] error: test failed, to rerun pass `-p aqua --lib`
[INFO] running `Command { std: "docker" "inspect" "89f3d3132f802cc8a02f71a3b3f1d33bd5ee4ad94c81f4e638785e5b37c32c2c", kill_on_drop: false }`
[INFO] running `Command { std: "docker" "rm" "-f" "89f3d3132f802cc8a02f71a3b3f1d33bd5ee4ad94c81f4e638785e5b37c32c2c", kill_on_drop: false }`
[INFO] [stdout] 89f3d3132f802cc8a02f71a3b3f1d33bd5ee4ad94c81f4e638785e5b37c32c2c
