[INFO] cloning repository https://github.com/andersongomes001/task-tracker
[INFO] running `Command { std: "git" "-c" "credential.helper=" "-c" "credential.helper=/workspace/cargo-home/bin/git-credential-null" "clone" "--bare" "https://github.com/andersongomes001/task-tracker" "/workspace/cache/git-repos/https%3A%2F%2Fgithub.com%2Fandersongomes001%2Ftask-tracker", kill_on_drop: false }`
[INFO] [stderr] Cloning into bare repository '/workspace/cache/git-repos/https%3A%2F%2Fgithub.com%2Fandersongomes001%2Ftask-tracker'...
[INFO] running `Command { std: "git" "rev-parse" "HEAD", kill_on_drop: false }`
[INFO] [stdout] 97db966ec4d2c0e96d53424834afd9c450516e86
[INFO] testing andersongomes001/task-tracker against 1.98.0-beta.8+cargoflags=--release for beta-release-1.99-2
[INFO] running `Command { std: "git" "clone" "/workspace/cache/git-repos/https%3A%2F%2Fgithub.com%2Fandersongomes001%2Ftask-tracker" "/workspace/builds/worker-3-tc1/source", kill_on_drop: false }`
[INFO] [stderr] Cloning into '/workspace/builds/worker-3-tc1/source'...
[INFO] [stderr] done.
[INFO] started tweaking git repo https://github.com/andersongomes001/task-tracker
[INFO] finished tweaking git repo https://github.com/andersongomes001/task-tracker
[INFO] tweaked toml for git repo https://github.com/andersongomes001/task-tracker written to /workspace/builds/worker-3-tc1/source/Cargo.toml
[INFO] validating manifest of git repo https://github.com/andersongomes001/task-tracker on toolchain 1.98.0-beta.8
[INFO] running `Command { std: CARGO_HOME="/workspace/cargo-home" RUSTUP_HOME="/workspace/rustup-home" "/workspace/cargo-home/bin/cargo" "+1.98.0-beta.8" "metadata" "--manifest-path" "Cargo.toml" "--no-deps", kill_on_drop: false }`
[INFO] crate git repo https://github.com/andersongomes001/task-tracker already has a lockfile, it will not be regenerated
[INFO] running `Command { std: CARGO_HOME="/workspace/cargo-home" RUSTUP_HOME="/workspace/rustup-home" "/workspace/cargo-home/bin/cargo" "+1.98.0-beta.8" "fetch" "--manifest-path" "Cargo.toml", kill_on_drop: false }`
[INFO] [stderr]  Downloading crates ...
[INFO] [stderr]   Downloaded log v0.4.32
[INFO] running `Command { std: "docker" "create" "-v" "/var/lib/crater-agent-workspace/builds/worker-3-tc1/source:/opt/rustwide/workdir:ro,Z" "-v" "/var/lib/crater-agent-workspace/builds/worker-3-tc1/target:/opt/rustwide/target:rw,Z" "-v" "/var/lib/crater-agent-workspace/cargo-home:/opt/rustwide/cargo-home:ro,Z" "-v" "/var/lib/crater-agent-workspace/rustup-home:/opt/rustwide/rustup-home:ro,Z" "-m" "1610612736" "--network" "none" "ghcr.io/rust-lang/crates-build-env/linux@sha256:8683fc1fc2eb5c9ac98e0d076ab094b2ffac7f99da555d2b6a2e27f346de2ec7" "sleep" "infinity", kill_on_drop: false }`
[INFO] [stdout] 2703fee987d90a0ac87f646f5b11ccb8102b069fa979be84ba2470a09f7c8c07
[INFO] running `Command { std: "docker" "start" "2703fee987d90a0ac87f646f5b11ccb8102b069fa979be84ba2470a09f7c8c07", kill_on_drop: false }`
[INFO] running `Command { std: "docker" "inspect" "2703fee987d90a0ac87f646f5b11ccb8102b069fa979be84ba2470a09f7c8c07", kill_on_drop: false }`
[INFO] running `Command { std: "docker" "exec" "-e" "SOURCE_DIR=/opt/rustwide/workdir" "-e" "CARGO_HOME=/opt/rustwide/cargo-home" "-e" "RUSTUP_HOME=/opt/rustwide/rustup-home" "-e" "CARGO_TARGET_DIR=/opt/rustwide/target" "-w" "/opt/rustwide/workdir" "--user" "0:0" "2703fee987d90a0ac87f646f5b11ccb8102b069fa979be84ba2470a09f7c8c07" "/opt/rustwide/cargo-home/bin/cargo" "+1.98.0-beta.8" "metadata" "--no-deps" "--format-version=1", kill_on_drop: false }`
[INFO] running `Command { std: "docker" "inspect" "2703fee987d90a0ac87f646f5b11ccb8102b069fa979be84ba2470a09f7c8c07", kill_on_drop: false }`
[INFO] running `Command { std: "docker" "exec" "-e" "SOURCE_DIR=/opt/rustwide/workdir" "-e" "CARGO_HOME=/opt/rustwide/cargo-home" "-e" "RUSTUP_HOME=/opt/rustwide/rustup-home" "-e" "CARGO_TARGET_DIR=/opt/rustwide/target" "-e" "CARGO_INCREMENTAL=0" "-e" "RUST_BACKTRACE=full" "-e" "RUSTFLAGS=--cap-lints=warn" "-e" "RUSTDOCFLAGS=--cap-lints=warn" "-w" "/opt/rustwide/workdir" "--user" "0:0" "2703fee987d90a0ac87f646f5b11ccb8102b069fa979be84ba2470a09f7c8c07" "/opt/rustwide/cargo-home/bin/cargo" "+1.98.0-beta.8" "build" "--frozen" "--message-format=json" "--release", kill_on_drop: false }`
[INFO] [stderr]    Compiling proc-macro2 v1.0.106
[INFO] [stderr]    Compiling quote v1.0.45
[INFO] [stderr]    Compiling serde v1.0.228
[INFO] [stderr]    Compiling serde_json v1.0.150
[INFO] [stderr]    Compiling memchr v2.8.1
[INFO] [stderr]    Compiling num-traits v0.2.19
[INFO] [stderr]    Compiling zmij v1.0.21
[INFO] [stderr]    Compiling serde_core v1.0.228
[INFO] [stderr]    Compiling syn v2.0.117
[INFO] [stderr]    Compiling serde_derive v1.0.228
[INFO] [stderr]    Compiling chrono v0.4.45
[INFO] [stderr]    Compiling task-tracker v0.1.0 (/opt/rustwide/workdir)
[INFO] [stdout] warning: value assigned to `executor` is never read
[INFO] [stdout]   --> src/main.rs:45:62
[INFO] [stdout]    |
[INFO] [stdout] 45 |     let mut executor : Option<Box<dyn TaskTrackerCommand>> = None;
[INFO] [stdout]    |                                                              ^^^^ this value is reassigned later and never used
[INFO] [stdout] ...
[INFO] [stdout] 62 |             executor = Some(Box::new(AddCommand {
[INFO] [stdout]    |             -------- `executor` is overwritten here before the previous value is read
[INFO] [stdout]    |
[INFO] [stdout]    = note: `#[warn(unused_assignments)]` (part of `#[warn(unused)]`) on by default
[INFO] [stdout] 
[INFO] [stdout] 
[INFO] [stderr]     Finished `release` profile [optimized] target(s) in 15.47s
[INFO] running `Command { std: "docker" "inspect" "2703fee987d90a0ac87f646f5b11ccb8102b069fa979be84ba2470a09f7c8c07", kill_on_drop: false }`
[INFO] running `Command { std: "docker" "exec" "-e" "SOURCE_DIR=/opt/rustwide/workdir" "-e" "CARGO_HOME=/opt/rustwide/cargo-home" "-e" "RUSTUP_HOME=/opt/rustwide/rustup-home" "-e" "CARGO_TARGET_DIR=/opt/rustwide/target" "-e" "CARGO_INCREMENTAL=0" "-e" "RUST_BACKTRACE=full" "-e" "RUSTFLAGS=--cap-lints=warn" "-e" "RUSTDOCFLAGS=--cap-lints=warn" "-w" "/opt/rustwide/workdir" "--user" "0:0" "2703fee987d90a0ac87f646f5b11ccb8102b069fa979be84ba2470a09f7c8c07" "/opt/rustwide/cargo-home/bin/cargo" "+1.98.0-beta.8" "test" "--frozen" "--no-run" "--message-format=json" "--release", kill_on_drop: false }`
[INFO] [stderr]    Compiling task-tracker v0.1.0 (/opt/rustwide/workdir)
[INFO] [stdout] warning: value assigned to `executor` is never read
[INFO] [stdout]   --> src/main.rs:45:62
[INFO] [stdout]    |
[INFO] [stdout] 45 |     let mut executor : Option<Box<dyn TaskTrackerCommand>> = None;
[INFO] [stdout]    |                                                              ^^^^ this value is reassigned later and never used
[INFO] [stdout] ...
[INFO] [stdout] 62 |             executor = Some(Box::new(AddCommand {
[INFO] [stdout]    |             -------- `executor` is overwritten here before the previous value is read
[INFO] [stdout]    |
[INFO] [stdout]    = note: `#[warn(unused_assignments)]` (part of `#[warn(unused)]`) on by default
[INFO] [stdout] 
[INFO] [stdout] 
[INFO] [stdout] warning: value assigned to `executor` is never read
[INFO] [stdout]   --> src/main.rs:45:62
[INFO] [stdout]    |
[INFO] [stdout] 45 |     let mut executor : Option<Box<dyn TaskTrackerCommand>> = None;
[INFO] [stdout]    |                                                              ^^^^ this value is reassigned later and never used
[INFO] [stdout] ...
[INFO] [stdout] 62 |             executor = Some(Box::new(AddCommand {
[INFO] [stdout]    |             -------- `executor` is overwritten here before the previous value is read
[INFO] [stdout]    |
[INFO] [stdout]    = note: `#[warn(unused_assignments)]` (part of `#[warn(unused)]`) on by default
[INFO] [stdout] 
[INFO] [stdout] 
[INFO] [stderr]     Finished `release` profile [optimized] target(s) in 0.71s
[INFO] running `Command { std: "docker" "inspect" "2703fee987d90a0ac87f646f5b11ccb8102b069fa979be84ba2470a09f7c8c07", kill_on_drop: false }`
[INFO] running `Command { std: "docker" "exec" "-e" "SOURCE_DIR=/opt/rustwide/workdir" "-e" "CARGO_HOME=/opt/rustwide/cargo-home" "-e" "RUSTUP_HOME=/opt/rustwide/rustup-home" "-e" "CARGO_TARGET_DIR=/opt/rustwide/target" "-e" "CARGO_INCREMENTAL=0" "-e" "RUST_BACKTRACE=full" "-e" "RUSTFLAGS=--cap-lints=warn" "-e" "RUSTDOCFLAGS=--cap-lints=warn" "-w" "/opt/rustwide/workdir" "--user" "0:0" "2703fee987d90a0ac87f646f5b11ccb8102b069fa979be84ba2470a09f7c8c07" "/opt/rustwide/cargo-home/bin/cargo" "+1.98.0-beta.8" "test" "--frozen" "--release", kill_on_drop: false }`
[INFO] [stderr] warning: value assigned to `executor` is never read
[INFO] [stderr]   --> src/main.rs:45:62
[INFO] [stderr]    |
[INFO] [stderr] 45 |     let mut executor : Option<Box<dyn TaskTrackerCommand>> = None;
[INFO] [stderr]    |                                                              ^^^^ this value is reassigned later and never used
[INFO] [stderr] ...
[INFO] [stderr] 62 |             executor = Some(Box::new(AddCommand {
[INFO] [stderr]    |             -------- `executor` is overwritten here before the previous value is read
[INFO] [stderr]    |
[INFO] [stderr]    = note: `#[warn(unused_assignments)]` (part of `#[warn(unused)]`) on by default
[INFO] [stderr] 
[INFO] [stderr] warning: `task-tracker` (bin "task-cli" test) generated 1 warning
[INFO] [stderr] warning: `task-tracker` (bin "task-cli") generated 1 warning (1 duplicate)
[INFO] [stderr]     Finished `release` profile [optimized] target(s) in 0.06s
[INFO] [stderr]      Running unittests src/lib.rs (/opt/rustwide/target/release/deps/task_tracker-3191456b072d6231)
[INFO] [stdout] 
[INFO] [stdout] running 0 tests
[INFO] [stdout] 
[INFO] [stdout] test result: ok. 0 passed; 0 failed; 0 ignored; 0 measured; 0 filtered out; finished in 0.00s
[INFO] [stdout] 
[INFO] [stderr]      Running unittests src/main.rs (/opt/rustwide/target/release/deps/task_cli-9d5074b211f51622)
[INFO] [stdout] 
[INFO] [stdout] running 0 tests
[INFO] [stdout] 
[INFO] [stdout] test result: ok. 0 passed; 0 failed; 0 ignored; 0 measured; 0 filtered out; finished in 0.00s
[INFO] [stdout] 
[INFO] [stderr]      Running tests/commands_integration_test.rs (/opt/rustwide/target/release/deps/commands_integration_test-0b78f77232533f1e)
[INFO] [stdout] 
[INFO] [stdout] running 5 tests
[INFO] [stdout] test execute_delete_with_success ... FAILED
[INFO] [stdout] test execute_add_with_success ... FAILED
[INFO] [stdout] test exeute_mark_done ... FAILED
[INFO] [stdout] test exeute_mark_in_progress ... FAILED
[INFO] [stdout] test execute_update_with_success ... FAILED
[INFO] [stdout] 
[INFO] [stdout] failures:
[INFO] [stdout] 
[INFO] [stdout] ---- execute_delete_with_success stdout ----
[INFO] [stdout] 
[INFO] [stdout] thread 'execute_delete_with_success' (619) panicked at src/task_tracker_repository.rs:37:54:
[INFO] [stdout] Unable to create file: Os { code: 30, kind: ReadOnlyFilesystem, message: "Read-only file system" }
[INFO] [stdout] stack backtrace:
[INFO] [stdout]    0:     0x651431cc33e1 - <<std[97b98282bc616a66]::sys::backtrace::BacktraceLock>::print::DisplayBacktrace as core[832e9a552fc17241]::fmt::Display>::fmt
[INFO] [stdout]    1:     0x651431cd785a - core[832e9a552fc17241]::fmt::write
[INFO] [stdout]    2:     0x651431cc78bc - <alloc[3ecab9f82c41dc7d]::vec::Vec<u8> as std[97b98282bc616a66]::io::Write>::write_fmt
[INFO] [stdout]    3:     0x651431ca1a26 - std[97b98282bc616a66]::panicking::default_hook::{closure#0}
[INFO] [stdout]    4:     0x651431cbb529 - std[97b98282bc616a66]::panicking::default_hook
[INFO] [stdout]    5:     0x651431c44e60 - test[39766f3d73431624]::test_main_inner::<test[39766f3d73431624]::test_main_static::{closure#0}>::{closure#0}
[INFO] [stdout]    6:     0x651431cbb6e2 - std[97b98282bc616a66]::panicking::panic_with_hook
[INFO] [stdout]    7:     0x651431ca1ad2 - std[97b98282bc616a66]::panicking::panic_handler::{closure#0}
[INFO] [stdout]    8:     0x651431c99379 - std[97b98282bc616a66]::sys::backtrace::__rust_end_short_backtrace::<std[97b98282bc616a66]::panicking::panic_handler::{closure#0}, !>
[INFO] [stdout]    9:     0x651431ca26cd - __rustc[e3d8617bb01b7f69]::rust_begin_unwind
[INFO] [stdout]   10:     0x651431cd7f8c - core[832e9a552fc17241]::panicking::panic_fmt
[INFO] [stdout]   11:     0x651431cd7d62 - core[832e9a552fc17241]::result::unwrap_failed
[INFO] [stdout]   12:     0x651431c7a6af - <task_tracker[9fbe9fa1b1975554]::task_tracker_repository::TaskTrackerRepository>::save_all_tasks
[INFO] [stdout]   13:     0x651431c7aac4 - <task_tracker[9fbe9fa1b1975554]::task_tracker_repository::TaskTrackerRepository>::add_task
[INFO] [stdout]   14:     0x651431c379d9 - <commands_integration_test[7640d928392406da]::execute_delete_with_success::{closure#0} as core[832e9a552fc17241]::ops::function::FnOnce<()>>::call_once
[INFO] [stdout]   15:     0x651431c3819b - test[39766f3d73431624]::__rust_begin_short_backtrace::<core[832e9a552fc17241]::result::Result<(), alloc[3ecab9f82c41dc7d]::string::String>, fn() -> core[832e9a552fc17241]::result::Result<(), alloc[3ecab9f82c41dc7d]::string::String>>
[INFO] [stdout]   16:     0x651431c457e5 - test[39766f3d73431624]::run_test::{closure#0}
[INFO] [stdout]   17:     0x651431c40294 - std[97b98282bc616a66]::sys::backtrace::__rust_begin_short_backtrace::<test[39766f3d73431624]::run_test::{closure#1}, ()>
[INFO] [stdout]   18:     0x651431c48932 - <std[97b98282bc616a66]::thread::lifecycle::spawn_unchecked<test[39766f3d73431624]::run_test::{closure#1}, ()>::{closure#1} as core[832e9a552fc17241]::ops::function::FnOnce<()>>::call_once::{shim:vtable#0}
[INFO] [stdout]   19:     0x651431cc2c6f - <std[97b98282bc616a66]::sys::thread::unix::Thread>::new::thread_start
[INFO] [stdout]   20:     0x7443bd38007a - <unknown>
[INFO] [stdout]   21:     0x7443bd413534 - clone
[INFO] [stdout]   22:                0x0 - <unknown>
[INFO] [stdout] 
[INFO] [stdout] ---- execute_add_with_success stdout ----
[INFO] [stdout] 
[INFO] [stdout] thread 'execute_add_with_success' (618) panicked at src/task_tracker_repository.rs:37:54:
[INFO] [stdout] Unable to create file: Os { code: 30, kind: ReadOnlyFilesystem, message: "Read-only file system" }
[INFO] [stdout] stack backtrace:
[INFO] [stdout]    0:     0x651431cc33e1 - <<std[97b98282bc616a66]::sys::backtrace::BacktraceLock>::print::DisplayBacktrace as core[832e9a552fc17241]::fmt::Display>::fmt
[INFO] [stdout]    1:     0x651431cd785a - core[832e9a552fc17241]::fmt::write
[INFO] [stdout]    2:     0x651431cc78bc - <alloc[3ecab9f82c41dc7d]::vec::Vec<u8> as std[97b98282bc616a66]::io::Write>::write_fmt
[INFO] [stdout]    3:     0x651431ca1a26 - std[97b98282bc616a66]::panicking::default_hook::{closure#0}
[INFO] [stdout]    4:     0x651431cbb529 - std[97b98282bc616a66]::panicking::default_hook
[INFO] [stdout]    5:     0x651431c44e60 - test[39766f3d73431624]::test_main_inner::<test[39766f3d73431624]::test_main_static::{closure#0}>::{closure#0}
[INFO] [stdout]    6:     0x651431cbb6e2 - std[97b98282bc616a66]::panicking::panic_with_hook
[INFO] [stdout]    7:     0x651431ca1ad2 - std[97b98282bc616a66]::panicking::panic_handler::{closure#0}
[INFO] [stdout]    8:     0x651431c99379 - std[97b98282bc616a66]::sys::backtrace::__rust_end_short_backtrace::<std[97b98282bc616a66]::panicking::panic_handler::{closure#0}, !>
[INFO] [stdout]    9:     0x651431ca26cd - __rustc[e3d8617bb01b7f69]::rust_begin_unwind
[INFO] [stdout]   10:     0x651431cd7f8c - core[832e9a552fc17241]::panicking::panic_fmt
[INFO] [stdout]   11:     0x651431cd7d62 - core[832e9a552fc17241]::result::unwrap_failed
[INFO] [stdout]   12:     0x651431c7a6af - <task_tracker[9fbe9fa1b1975554]::task_tracker_repository::TaskTrackerRepository>::save_all_tasks
[INFO] [stdout]   13:     0x651431c7aac4 - <task_tracker[9fbe9fa1b1975554]::task_tracker_repository::TaskTrackerRepository>::add_task
[INFO] [stdout]   14:     0x651431c37567 - <commands_integration_test[7640d928392406da]::execute_add_with_success::{closure#0} as core[832e9a552fc17241]::ops::function::FnOnce<()>>::call_once
[INFO] [stdout]   15:     0x651431c3819b - test[39766f3d73431624]::__rust_begin_short_backtrace::<core[832e9a552fc17241]::result::Result<(), alloc[3ecab9f82c41dc7d]::string::String>, fn() -> core[832e9a552fc17241]::result::Result<(), alloc[3ecab9f82c41dc7d]::string::String>>
[INFO] [stdout]   16:     0x651431c457e5 - test[39766f3d73431624]::run_test::{closure#0}
[INFO] [stdout]   17:     0x651431c40294 - std[97b98282bc616a66]::sys::backtrace::__rust_begin_short_backtrace::<test[39766f3d73431624]::run_test::{closure#1}, ()>
[INFO] [stdout]   18:     0x651431c48932 - <std[97b98282bc616a66]::thread::lifecycle::spawn_unchecked<test[39766f3d73431624]::run_test::{closure#1}, ()>::{closure#1} as core[832e9a552fc17241]::ops::function::FnOnce<()>>::call_once::{shim:vtable#0}
[INFO] [stdout]   19:     0x651431cc2c6f - <std[97b98282bc616a66]::sys::thread::unix::Thread>::new::thread_start
[INFO] [stdout]   20:     0x7443bd38007a - <unknown>
[INFO] [stdout]   21:     0x7443bd413534 - clone
[INFO] [stdout]   22:                0x0 - <unknown>
[INFO] [stdout] 
[INFO] [stdout] ---- exeute_mark_done stdout ----
[INFO] [stdout] 
[INFO] [stdout] thread 'exeute_mark_done' (621) panicked at src/task_tracker_repository.rs:37:54:
[INFO] [stdout] Unable to create file: Os { code: 30, kind: ReadOnlyFilesystem, message: "Read-only file system" }
[INFO] [stdout] stack backtrace:
[INFO] [stdout]    0:     0x651431cc33e1 - <<std[97b98282bc616a66]::sys::backtrace::BacktraceLock>::print::DisplayBacktrace as core[832e9a552fc17241]::fmt::Display>::fmt
[INFO] [stdout]    1:     0x651431cd785a - core[832e9a552fc17241]::fmt::write
[INFO] [stdout]    2:     0x651431cc78bc - <alloc[3ecab9f82c41dc7d]::vec::Vec<u8> as std[97b98282bc616a66]::io::Write>::write_fmt
[INFO] [stdout]    3:     0x651431ca1a26 - std[97b98282bc616a66]::panicking::default_hook::{closure#0}
[INFO] [stdout]    4:     0x651431cbb529 - std[97b98282bc616a66]::panicking::default_hook
[INFO] [stdout]    5:     0x651431c44e60 - test[39766f3d73431624]::test_main_inner::<test[39766f3d73431624]::test_main_static::{closure#0}>::{closure#0}
[INFO] [stdout]    6:     0x651431cbb6e2 - std[97b98282bc616a66]::panicking::panic_with_hook
[INFO] [stdout]    7:     0x651431ca1ad2 - std[97b98282bc616a66]::panicking::panic_handler::{closure#0}
[INFO] [stdout]    8:     0x651431c99379 - std[97b98282bc616a66]::sys::backtrace::__rust_end_short_backtrace::<std[97b98282bc616a66]::panicking::panic_handler::{closure#0}, !>
[INFO] [stdout]    9:     0x651431ca26cd - __rustc[e3d8617bb01b7f69]::rust_begin_unwind
[INFO] [stdout]   10:     0x651431cd7f8c - core[832e9a552fc17241]::panicking::panic_fmt
[INFO] [stdout]   11:     0x651431cd7d62 - core[832e9a552fc17241]::result::unwrap_failed
[INFO] [stdout]   12:     0x651431c7a6af - <task_tracker[9fbe9fa1b1975554]::task_tracker_repository::TaskTrackerRepository>::save_all_tasks
[INFO] [stdout]   13:     0x651431c7aac4 - <task_tracker[9fbe9fa1b1975554]::task_tracker_repository::TaskTrackerRepository>::add_task
[INFO] [stdout]   14:     0x651431c36bf6 - <commands_integration_test[7640d928392406da]::exeute_mark_done::{closure#0} as core[832e9a552fc17241]::ops::function::FnOnce<()>>::call_once
[INFO] [stdout]   15:     0x651431c3819b - test[39766f3d73431624]::__rust_begin_short_backtrace::<core[832e9a552fc17241]::result::Result<(), alloc[3ecab9f82c41dc7d]::string::String>, fn() -> core[832e9a552fc17241]::result::Result<(), alloc[3ecab9f82c41dc7d]::string::String>>
[INFO] [stdout]   16:     0x651431c457e5 - test[39766f3d73431624]::run_test::{closure#0}
[INFO] [stdout]   17:     0x651431c40294 - std[97b98282bc616a66]::sys::backtrace::__rust_begin_short_backtrace::<test[39766f3d73431624]::run_test::{closure#1}, ()>
[INFO] [stdout]   18:     0x651431c48932 - <std[97b98282bc616a66]::thread::lifecycle::spawn_unchecked<test[39766f3d73431624]::run_test::{closure#1}, ()>::{closure#1} as core[832e9a552fc17241]::ops::function::FnOnce<()>>::call_once::{shim:vtable#0}
[INFO] [stdout]   19:     0x651431cc2c6f - <std[97b98282bc616a66]::sys::thread::unix::Thread>::new::thread_start
[INFO] [stdout]   20:     0x7443bd38007a - <unknown>
[INFO] [stdout]   21:     0x7443bd413534 - clone
[INFO] [stdout]   22:                0x0 - <unknown>
[INFO] [stdout] 
[INFO] [stdout] ---- exeute_mark_in_progress stdout ----
[INFO] [stdout] 
[INFO] [stdout] thread 'exeute_mark_in_progress' (622) panicked at src/task_tracker_repository.rs:37:54:
[INFO] [stdout] Unable to create file: Os { code: 30, kind: ReadOnlyFilesystem, message: "Read-only file system" }
[INFO] [stdout] stack backtrace:
[INFO] [stdout]    0:     0x651431cc33e1 - <<std[97b98282bc616a66]::sys::backtrace::BacktraceLock>::print::DisplayBacktrace as core[832e9a552fc17241]::fmt::Display>::fmt
[INFO] [stdout]    1:     0x651431cd785a - core[832e9a552fc17241]::fmt::write
[INFO] [stdout]    2:     0x651431cc78bc - <alloc[3ecab9f82c41dc7d]::vec::Vec<u8> as std[97b98282bc616a66]::io::Write>::write_fmt
[INFO] [stdout]    3:     0x651431ca1a26 - std[97b98282bc616a66]::panicking::default_hook::{closure#0}
[INFO] [stdout]    4:     0x651431cbb529 - std[97b98282bc616a66]::panicking::default_hook
[INFO] [stdout]    5:     0x651431c44e60 - test[39766f3d73431624]::test_main_inner::<test[39766f3d73431624]::test_main_static::{closure#0}>::{closure#0}
[INFO] [stdout]    6:     0x651431cbb6e2 - std[97b98282bc616a66]::panicking::panic_with_hook
[INFO] [stdout]    7:     0x651431ca1ad2 - std[97b98282bc616a66]::panicking::panic_handler::{closure#0}
[INFO] [stdout]    8:     0x651431c99379 - std[97b98282bc616a66]::sys::backtrace::__rust_end_short_backtrace::<std[97b98282bc616a66]::panicking::panic_handler::{closure#0}, !>
[INFO] [stdout]    9:     0x651431ca26cd - __rustc[e3d8617bb01b7f69]::rust_begin_unwind
[INFO] [stdout]   10:     0x651431cd7f8c - core[832e9a552fc17241]::panicking::panic_fmt
[INFO] [stdout]   11:     0x651431cd7d62 - core[832e9a552fc17241]::result::unwrap_failed
[INFO] [stdout]   12:     0x651431c7a6af - <task_tracker[9fbe9fa1b1975554]::task_tracker_repository::TaskTrackerRepository>::save_all_tasks
[INFO] [stdout]   13:     0x651431c7aac4 - <task_tracker[9fbe9fa1b1975554]::task_tracker_repository::TaskTrackerRepository>::add_task
[INFO] [stdout]   14:     0x651431c370b6 - <commands_integration_test[7640d928392406da]::exeute_mark_in_progress::{closure#0} as core[832e9a552fc17241]::ops::function::FnOnce<()>>::call_once
[INFO] [stdout]   15:     0x651431c3819b - test[39766f3d73431624]::__rust_begin_short_backtrace::<core[832e9a552fc17241]::result::Result<(), alloc[3ecab9f82c41dc7d]::string::String>, fn() -> core[832e9a552fc17241]::result::Result<(), alloc[3ecab9f82c41dc7d]::string::String>>
[INFO] [stdout]   16:     0x651431c457e5 - test[39766f3d73431624]::run_test::{closure#0}
[INFO] [stdout]   17:     0x651431c40294 - std[97b98282bc616a66]::sys::backtrace::__rust_begin_short_backtrace::<test[39766f3d73431624]::run_test::{closure#1}, ()>
[INFO] [stdout]   18:     0x651431c48932 - <std[97b98282bc616a66]::thread::lifecycle::spawn_unchecked<test[39766f3d73431624]::run_test::{closure#1}, ()>::{closure#1} as core[832e9a552fc17241]::ops::function::FnOnce<()>>::call_once::{shim:vtable#0}
[INFO] [stdout]   19:     0x651431cc2c6f - <std[97b98282bc616a66]::sys::thread::unix::Thread>::new::thread_start
[INFO] [stdout]   20:     0x7443bd38007a - <unknown>
[INFO] [stdout]   21:     0x7443bd413534 - clone
[INFO] [stdout]   22:                0x0 - <unknown>
[INFO] [stdout] 
[INFO] [stdout] ---- execute_update_with_success stdout ----
[INFO] [stdout] 
[INFO] [stdout] thread 'execute_update_with_success' (620) panicked at src/task_tracker_repository.rs:37:54:
[INFO] [stdout] Unable to create file: Os { code: 30, kind: ReadOnlyFilesystem, message: "Read-only file system" }
[INFO] [stdout] stack backtrace:
[INFO] [stdout]    0:     0x651431cc33e1 - <<std[97b98282bc616a66]::sys::backtrace::BacktraceLock>::print::DisplayBacktrace as core[832e9a552fc17241]::fmt::Display>::fmt
[INFO] [stdout]    1:     0x651431cd785a - core[832e9a552fc17241]::fmt::write
[INFO] [stdout]    2:     0x651431cc78bc - <alloc[3ecab9f82c41dc7d]::vec::Vec<u8> as std[97b98282bc616a66]::io::Write>::write_fmt
[INFO] [stdout]    3:     0x651431ca1a26 - std[97b98282bc616a66]::panicking::default_hook::{closure#0}
[INFO] [stdout]    4:     0x651431cbb529 - std[97b98282bc616a66]::panicking::default_hook
[INFO] [stdout]    5:     0x651431c44e60 - test[39766f3d73431624]::test_main_inner::<test[39766f3d73431624]::test_main_static::{closure#0}>::{closure#0}
[INFO] [stdout]    6:     0x651431cbb6e2 - std[97b98282bc616a66]::panicking::panic_with_hook
[INFO] [stdout]    7:     0x651431ca1ad2 - std[97b98282bc616a66]::panicking::panic_handler::{closure#0}
[INFO] [stdout]    8:     0x651431c99379 - std[97b98282bc616a66]::sys::backtrace::__rust_end_short_backtrace::<std[97b98282bc616a66]::panicking::panic_handler::{closure#0}, !>
[INFO] [stdout]    9:     0x651431ca26cd - __rustc[e3d8617bb01b7f69]::rust_begin_unwind
[INFO] [stdout]   10:     0x651431cd7f8c - core[832e9a552fc17241]::panicking::panic_fmt
[INFO] [stdout]   11:     0x651431cd7d62 - core[832e9a552fc17241]::result::unwrap_failed
[INFO] [stdout]   12:     0x651431c7a6af - <task_tracker[9fbe9fa1b1975554]::task_tracker_repository::TaskTrackerRepository>::save_all_tasks
[INFO] [stdout]   13:     0x651431c7aac4 - <task_tracker[9fbe9fa1b1975554]::task_tracker_repository::TaskTrackerRepository>::add_task
[INFO] [stdout]   14:     0x651431c37d49 - <commands_integration_test[7640d928392406da]::execute_update_with_success::{closure#0} as core[832e9a552fc17241]::ops::function::FnOnce<()>>::call_once
[INFO] [stdout]   15:     0x651431c3819b - test[39766f3d73431624]::__rust_begin_short_backtrace::<core[832e9a552fc17241]::result::Result<(), alloc[3ecab9f82c41dc7d]::string::String>, fn() -> core[832e9a552fc17241]::result::Result<(), alloc[3ecab9f82c41dc7d]::string::String>>
[INFO] [stdout]   16:     0x651431c457e5 - test[39766f3d73431624]::run_test::{closure#0}
[INFO] [stdout]   17:     0x651431c40294 - std[97b98282bc616a66]::sys::backtrace::__rust_begin_short_backtrace::<test[39766f3d73431624]::run_test::{closure#1}, ()>
[INFO] [stdout]   18:     0x651431c48932 - <std[97b98282bc616a66]::thread::lifecycle::spawn_unchecked<test[39766f3d73431624]::run_test::{closure#1}, ()>::{closure#1} as core[832e9a552fc17241]::ops::function::FnOnce<()>>::call_once::{shim:vtable#0}
[INFO] [stdout]   19:     0x651431cc2c6f - <std[97b98282bc616a66]::sys::thread::unix::Thread>::new::thread_start
[INFO] [stdout]   20:     0x7443bd38007a - <unknown>
[INFO] [stdout]   21:     0x7443bd413534 - clone
[INFO] [stdout]   22:                0x0 - <unknown>
[INFO] [stdout] 
[INFO] [stdout] 
[INFO] [stdout] failures:
[INFO] [stdout]     execute_add_with_success
[INFO] [stdout]     execute_delete_with_success
[INFO] [stdout]     execute_update_with_success
[INFO] [stdout]     exeute_mark_done
[INFO] [stdout]     exeute_mark_in_progress
[INFO] [stdout] 
[INFO] [stdout] test result: FAILED. 0 passed; 5 failed; 0 ignored; 0 measured; 0 filtered out; finished in 0.00s
[INFO] [stdout] 
[INFO] [stderr] error: test failed, to rerun pass `--test commands_integration_test`
[INFO] running `Command { std: "docker" "inspect" "2703fee987d90a0ac87f646f5b11ccb8102b069fa979be84ba2470a09f7c8c07", kill_on_drop: false }`
[INFO] running `Command { std: "docker" "rm" "-f" "2703fee987d90a0ac87f646f5b11ccb8102b069fa979be84ba2470a09f7c8c07", kill_on_drop: false }`
[INFO] [stdout] 2703fee987d90a0ac87f646f5b11ccb8102b069fa979be84ba2470a09f7c8c07
