[INFO] cloning repository https://github.com/aemonge/aegrep
[INFO] running `Command { std: "git" "-c" "credential.helper=" "-c" "credential.helper=/workspace/cargo-home/bin/git-credential-null" "clone" "--bare" "https://github.com/aemonge/aegrep" "/workspace/cache/git-repos/https%3A%2F%2Fgithub.com%2Faemonge%2Faegrep", kill_on_drop: false }`
[INFO] [stderr] Cloning into bare repository '/workspace/cache/git-repos/https%3A%2F%2Fgithub.com%2Faemonge%2Faegrep'...
[INFO] running `Command { std: "git" "rev-parse" "HEAD", kill_on_drop: false }`
[INFO] [stdout] 2214396a0dd45f9512ab5684d6f0ef9dbb52ea51
[INFO] testing aemonge/aegrep against 1.99.0-beta.1+cargoflags=--release for beta-release-1.99-2
[INFO] running `Command { std: "git" "clone" "/workspace/cache/git-repos/https%3A%2F%2Fgithub.com%2Faemonge%2Faegrep" "/workspace/builds/worker-1-tc2/source", kill_on_drop: false }`
[INFO] [stderr] Cloning into '/workspace/builds/worker-1-tc2/source'...
[INFO] [stderr] done.
[INFO] started tweaking git repo https://github.com/aemonge/aegrep
[INFO] finished tweaking git repo https://github.com/aemonge/aegrep
[INFO] tweaked toml for git repo https://github.com/aemonge/aegrep written to /workspace/builds/worker-1-tc2/source/Cargo.toml
[INFO] validating manifest of git repo https://github.com/aemonge/aegrep on toolchain 1.99.0-beta.1
[INFO] running `Command { std: CARGO_HOME="/workspace/cargo-home" RUSTUP_HOME="/workspace/rustup-home" "/workspace/cargo-home/bin/cargo" "+1.99.0-beta.1" "metadata" "--manifest-path" "Cargo.toml" "--no-deps", kill_on_drop: false }`
[INFO] crate git repo https://github.com/aemonge/aegrep already has a lockfile, it will not be regenerated
[INFO] running `Command { std: CARGO_HOME="/workspace/cargo-home" RUSTUP_HOME="/workspace/rustup-home" "/workspace/cargo-home/bin/cargo" "+1.99.0-beta.1" "fetch" "--manifest-path" "Cargo.toml", kill_on_drop: false }`
[INFO] running `Command { std: "docker" "create" "-v" "/var/lib/crater-agent-workspace/builds/worker-1-tc2/source:/opt/rustwide/workdir:ro,Z" "-v" "/var/lib/crater-agent-workspace/builds/worker-1-tc2/target:/opt/rustwide/target:rw,Z" "-v" "/var/lib/crater-agent-workspace/cargo-home:/opt/rustwide/cargo-home:ro,Z" "-v" "/var/lib/crater-agent-workspace/rustup-home:/opt/rustwide/rustup-home:ro,Z" "-m" "1610612736" "--network" "none" "ghcr.io/rust-lang/crates-build-env/linux@sha256:8683fc1fc2eb5c9ac98e0d076ab094b2ffac7f99da555d2b6a2e27f346de2ec7" "sleep" "infinity", kill_on_drop: false }`
[INFO] [stdout] 37cecce4d12cfccb5ec7a9e8c3cd6aefd6b094810444b4a6019565e48b32ee1f
[INFO] running `Command { std: "docker" "start" "37cecce4d12cfccb5ec7a9e8c3cd6aefd6b094810444b4a6019565e48b32ee1f", kill_on_drop: false }`
[INFO] running `Command { std: "docker" "inspect" "37cecce4d12cfccb5ec7a9e8c3cd6aefd6b094810444b4a6019565e48b32ee1f", kill_on_drop: false }`
[INFO] running `Command { std: "docker" "exec" "-e" "SOURCE_DIR=/opt/rustwide/workdir" "-e" "CARGO_HOME=/opt/rustwide/cargo-home" "-e" "RUSTUP_HOME=/opt/rustwide/rustup-home" "-e" "CARGO_TARGET_DIR=/opt/rustwide/target" "-w" "/opt/rustwide/workdir" "--user" "0:0" "37cecce4d12cfccb5ec7a9e8c3cd6aefd6b094810444b4a6019565e48b32ee1f" "/opt/rustwide/cargo-home/bin/cargo" "+1.99.0-beta.1" "metadata" "--no-deps" "--format-version=1", kill_on_drop: false }`
[INFO] running `Command { std: "docker" "inspect" "37cecce4d12cfccb5ec7a9e8c3cd6aefd6b094810444b4a6019565e48b32ee1f", kill_on_drop: false }`
[INFO] running `Command { std: "docker" "exec" "-e" "SOURCE_DIR=/opt/rustwide/workdir" "-e" "CARGO_HOME=/opt/rustwide/cargo-home" "-e" "RUSTUP_HOME=/opt/rustwide/rustup-home" "-e" "CARGO_TARGET_DIR=/opt/rustwide/target" "-e" "CARGO_INCREMENTAL=0" "-e" "RUST_BACKTRACE=full" "-e" "RUSTFLAGS=--cap-lints=warn" "-e" "RUSTDOCFLAGS=--cap-lints=warn" "-w" "/opt/rustwide/workdir" "--user" "0:0" "37cecce4d12cfccb5ec7a9e8c3cd6aefd6b094810444b4a6019565e48b32ee1f" "/opt/rustwide/cargo-home/bin/cargo" "+1.99.0-beta.1" "build" "--frozen" "--message-format=json" "--release", kill_on_drop: false }`
[INFO] [stderr]    Compiling owo-colors v4.2.3
[INFO] [stderr]    Compiling aegrep v0.1.0 (/opt/rustwide/workdir)
[INFO] [stderr]     Finished `release` profile [optimized] target(s) in 2.69s
[INFO] running `Command { std: "docker" "inspect" "37cecce4d12cfccb5ec7a9e8c3cd6aefd6b094810444b4a6019565e48b32ee1f", kill_on_drop: false }`
[INFO] running `Command { std: "docker" "exec" "-e" "SOURCE_DIR=/opt/rustwide/workdir" "-e" "CARGO_HOME=/opt/rustwide/cargo-home" "-e" "RUSTUP_HOME=/opt/rustwide/rustup-home" "-e" "CARGO_TARGET_DIR=/opt/rustwide/target" "-e" "CARGO_INCREMENTAL=0" "-e" "RUST_BACKTRACE=full" "-e" "RUSTFLAGS=--cap-lints=warn" "-e" "RUSTDOCFLAGS=--cap-lints=warn" "-w" "/opt/rustwide/workdir" "--user" "0:0" "37cecce4d12cfccb5ec7a9e8c3cd6aefd6b094810444b4a6019565e48b32ee1f" "/opt/rustwide/cargo-home/bin/cargo" "+1.99.0-beta.1" "test" "--frozen" "--no-run" "--message-format=json" "--release", kill_on_drop: false }`
[INFO] [stderr]    Compiling aegrep v0.1.0 (/opt/rustwide/workdir)
[INFO] [stderr]     Finished `release` profile [optimized] target(s) in 0.91s
[INFO] running `Command { std: "docker" "inspect" "37cecce4d12cfccb5ec7a9e8c3cd6aefd6b094810444b4a6019565e48b32ee1f", kill_on_drop: false }`
[INFO] running `Command { std: "docker" "exec" "-e" "SOURCE_DIR=/opt/rustwide/workdir" "-e" "CARGO_HOME=/opt/rustwide/cargo-home" "-e" "RUSTUP_HOME=/opt/rustwide/rustup-home" "-e" "CARGO_TARGET_DIR=/opt/rustwide/target" "-e" "CARGO_INCREMENTAL=0" "-e" "RUST_BACKTRACE=full" "-e" "RUSTFLAGS=--cap-lints=warn" "-e" "RUSTDOCFLAGS=--cap-lints=warn" "-w" "/opt/rustwide/workdir" "--user" "0:0" "37cecce4d12cfccb5ec7a9e8c3cd6aefd6b094810444b4a6019565e48b32ee1f" "/opt/rustwide/cargo-home/bin/cargo" "+1.99.0-beta.1" "test" "--frozen" "--release", kill_on_drop: false }`
[INFO] [stderr]     Finished `release` profile [optimized] target(s) in 0.04s
[INFO] [stderr]      Running unittests src/lib.rs (/opt/rustwide/target/release/deps/aegrep-272d199e80991a39)
[INFO] [stdout] 
[INFO] [stdout] running 5 tests
[INFO] [stdout] test tests::no_result_on_case_sensative ... ok
[INFO] [stdout] test tests::no_result_on_search_on_lines ... ok
[INFO] [stdout] test tests::one_result_on_search_on_lines ... ok
[INFO] [stdout] test tests::three_result_on_search_on_lines ... ok
[INFO] [stdout] test tests::one_result_on_case_insensative ... ok
[INFO] [stdout] 
[INFO] [stdout] test result: ok. 5 passed; 0 failed; 0 ignored; 0 measured; 0 filtered out; finished in 0.01s
[INFO] [stdout] 
[INFO] [stderr]      Running unittests src/main.rs (/opt/rustwide/target/release/deps/aegrep-9cf5fae1f7f2e079)
[INFO] [stdout] 
[INFO] [stdout] running 6 tests
[INFO] [stdout] test cli::test::missing_first_file ... ok
[INFO] [stdout] test cli::test::ok_arguments_env_ignore_case ... ok
[INFO] [stdout] test cli::test::ok_arguments ... ok
[INFO] [stdout] test cli::test::ok_arguments_no_env ... FAILED
[INFO] [stdout] test cli::test::missing_name ... ok
[INFO] [stderr] error: test failed, to rerun pass `--bin aegrep`
[INFO] [stdout] test cli::test::missing_query ... ok
[INFO] [stdout] 
[INFO] [stdout] failures:
[INFO] [stdout] 
[INFO] [stdout] ---- cli::test::ok_arguments_no_env stdout ----
[INFO] [stdout] 
[INFO] [stdout] thread 'cli::test::ok_arguments_no_env' (248) panicked at src/cli.rs:60:9:
[INFO] [stdout] assertion failed: !result.is_case_ignored()
[INFO] [stdout] stack backtrace:
[INFO] [stdout]    0:     0x5bb58937c901 - <<std[104cf6e2632825ea]::sys::backtrace::BacktraceLock>::print::DisplayBacktrace as core[7c831bd917ebf35f]::fmt::Display>::fmt
[INFO] [stdout]    1:     0x5bb589390ada - core[7c831bd917ebf35f]::fmt::write
[INFO] [stdout]    2:     0x5bb589380d9c - <alloc[2fdc3f7464fcf288]::vec::Vec<u8> as core[7c831bd917ebf35f]::io::write::Write>::write_fmt
[INFO] [stdout]    3:     0x5bb589358d36 - std[104cf6e2632825ea]::panicking::default_hook::{closure#0}
[INFO] [stdout]    4:     0x5bb589374f09 - std[104cf6e2632825ea]::panicking::default_hook
[INFO] [stdout]    5:     0x5bb589311070 - test[73009c9f9aebf890]::test_main_inner::<test[73009c9f9aebf890]::test_main_static::{closure#0}>::{closure#0}
[INFO] [stdout]    6:     0x5bb5893750c2 - std[104cf6e2632825ea]::panicking::panic_with_hook
[INFO] [stdout]    7:     0x5bb589358e14 - std[104cf6e2632825ea]::panicking::panic_handler::{closure#0}
[INFO] [stdout]    8:     0x5bb589351549 - std[104cf6e2632825ea]::sys::backtrace::__rust_end_short_backtrace::<std[104cf6e2632825ea]::panicking::panic_handler::{closure#0}, !>
[INFO] [stdout]    9:     0x5bb589359a7d - __rustc[b0d56fa5b193ad05]::rust_begin_unwind
[INFO] [stdout]   10:     0x5bb58939120c - core[7c831bd917ebf35f]::panicking::panic_fmt
[INFO] [stdout]   11:     0x5bb5893911d2 - core[7c831bd917ebf35f]::panicking::panic
[INFO] [stdout]   12:     0x5bb589303f56 - <aegrep[24c1d6047d3a1de1]::cli::test::ok_arguments_no_env::{closure#0} as core[7c831bd917ebf35f]::ops::function::FnOnce<()>>::call_once
[INFO] [stdout]   13:     0x5bb58930435b - test[73009c9f9aebf890]::__rust_begin_short_backtrace::<core[7c831bd917ebf35f]::result::Result<(), alloc[2fdc3f7464fcf288]::string::String>, fn() -> core[7c831bd917ebf35f]::result::Result<(), alloc[2fdc3f7464fcf288]::string::String>>
[INFO] [stdout]   14:     0x5bb5893119c5 - test[73009c9f9aebf890]::run_test::{closure#0}
[INFO] [stdout]   15:     0x5bb58930ad84 - std[104cf6e2632825ea]::sys::backtrace::__rust_begin_short_backtrace::<test[73009c9f9aebf890]::run_test::{closure#1}, ()>
[INFO] [stdout]   16:     0x5bb589314b22 - <std[104cf6e2632825ea]::thread::lifecycle::spawn_unchecked<test[73009c9f9aebf890]::run_test::{closure#1}, ()>::{closure#1} as core[7c831bd917ebf35f]::ops::function::FnOnce<()>>::call_once::{shim:vtable#0}
[INFO] [stdout]   17:     0x5bb58937c1d9 - <std[104cf6e2632825ea]::sys::thread::unix::Thread>::new::thread_start
[INFO] [stdout]   18:     0x789fe2e1b07a - <unknown>
[INFO] [stdout]   19:     0x789fe2eae534 - clone
[INFO] [stdout]   20:                0x0 - <unknown>
[INFO] [stdout] 
[INFO] [stdout] 
[INFO] [stdout] failures:
[INFO] [stdout]     cli::test::ok_arguments_no_env
[INFO] [stdout] 
[INFO] [stdout] test result: FAILED. 5 passed; 1 failed; 0 ignored; 0 measured; 0 filtered out; finished in 0.01s
[INFO] [stdout] 
[INFO] running `Command { std: "docker" "inspect" "37cecce4d12cfccb5ec7a9e8c3cd6aefd6b094810444b4a6019565e48b32ee1f", kill_on_drop: false }`
[INFO] running `Command { std: "docker" "rm" "-f" "37cecce4d12cfccb5ec7a9e8c3cd6aefd6b094810444b4a6019565e48b32ee1f", kill_on_drop: false }`
[INFO] [stdout] 37cecce4d12cfccb5ec7a9e8c3cd6aefd6b094810444b4a6019565e48b32ee1f
