[INFO] cloning repository https://github.com/adelie-ai/terminal-mcp
[INFO] running `Command { std: "git" "-c" "credential.helper=" "-c" "credential.helper=/workspace/cargo-home/bin/git-credential-null" "clone" "--bare" "https://github.com/adelie-ai/terminal-mcp" "/workspace/cache/git-repos/https%3A%2F%2Fgithub.com%2Fadelie-ai%2Fterminal-mcp", kill_on_drop: false }`
[INFO] [stderr] Cloning into bare repository '/workspace/cache/git-repos/https%3A%2F%2Fgithub.com%2Fadelie-ai%2Fterminal-mcp'...
[INFO] running `Command { std: "git" "rev-parse" "HEAD", kill_on_drop: false }`
[INFO] [stdout] d11c214dacd22cef182da6adf986ce1066532279
[INFO] testing adelie-ai/terminal-mcp against 1.98.0-beta.8+cargoflags=--release for beta-release-1.99-2
[INFO] running `Command { std: "git" "clone" "/workspace/cache/git-repos/https%3A%2F%2Fgithub.com%2Fadelie-ai%2Fterminal-mcp" "/workspace/builds/worker-5-tc1/source", kill_on_drop: false }`
[INFO] [stderr] Cloning into '/workspace/builds/worker-5-tc1/source'...
[INFO] [stderr] done.
[INFO] removed /workspace/builds/worker-5-tc1/source/rust-toolchain.toml
[INFO] started tweaking git repo https://github.com/adelie-ai/terminal-mcp
[INFO] finished tweaking git repo https://github.com/adelie-ai/terminal-mcp
[INFO] tweaked toml for git repo https://github.com/adelie-ai/terminal-mcp written to /workspace/builds/worker-5-tc1/source/Cargo.toml
[INFO] validating manifest of git repo https://github.com/adelie-ai/terminal-mcp on toolchain 1.98.0-beta.8
[INFO] running `Command { std: CARGO_HOME="/workspace/cargo-home" RUSTUP_HOME="/workspace/rustup-home" "/workspace/cargo-home/bin/cargo" "+1.98.0-beta.8" "metadata" "--manifest-path" "Cargo.toml" "--no-deps", kill_on_drop: false }`
[INFO] crate git repo https://github.com/adelie-ai/terminal-mcp already has a lockfile, it will not be regenerated
[INFO] running `Command { std: CARGO_HOME="/workspace/cargo-home" RUSTUP_HOME="/workspace/rustup-home" "/workspace/cargo-home/bin/cargo" "+1.98.0-beta.8" "fetch" "--manifest-path" "Cargo.toml", kill_on_drop: false }`
[INFO] [stderr]     Updating git repository `https://github.com/adelie-ai/mcp-core`
[INFO] [stderr]     Updating git repository `https://github.com/adelie-ai/adelie-telemetry`
[INFO] [stderr]     Updating crates.io index
[INFO] [stderr]  Downloading crates ...
[INFO] [stderr]   Downloaded futures-task v0.3.33
[INFO] [stderr]   Downloaded futures-macro v0.3.33
[INFO] [stderr]   Downloaded futures-sink v0.3.33
[INFO] [stderr]   Downloaded futures-io v0.3.33
[INFO] [stderr]   Downloaded futures-core v0.3.33
[INFO] [stderr]   Downloaded shellexpand v3.1.2
[INFO] [stderr]   Downloaded futures-executor v0.3.33
[INFO] [stderr]   Downloaded thiserror-impl v2.0.19
[INFO] [stderr]   Downloaded thiserror v2.0.19
[INFO] [stderr]   Downloaded futures-util v0.3.33
[INFO] [stderr]   Downloaded find-msvc-tools v0.1.10
[INFO] [stderr]   Downloaded tonic-types v0.14.6
[INFO] [stderr]   Downloaded tokio-stream v0.1.19
[INFO] [stderr]   Downloaded tracing-opentelemetry v0.33.0
[INFO] [stderr]   Downloaded futures-channel v0.3.33
[INFO] [stderr]   Downloaded hyper-timeout v0.5.2
[INFO] [stderr]   Downloaded opentelemetry-otlp v0.32.0
[INFO] [stderr]   Downloaded prost-types v0.14.4
[INFO] [stderr]   Downloaded opentelemetry v0.32.0
[INFO] [stderr]   Downloaded tonic-prost v0.14.6
[INFO] [stderr]   Downloaded cc v1.4.1
[INFO] [stderr]   Downloaded opentelemetry-http v0.32.0
[INFO] [stderr]   Downloaded opentelemetry-appender-tracing v0.32.0
[INFO] [stderr]   Downloaded tonic v0.14.6
[INFO] [stderr]   Downloaded aho-corasick v1.1.5
[INFO] [stderr]   Downloaded portable-atomic v1.14.0
[INFO] [stderr]   Downloaded hyper v1.11.0
[INFO] [stderr]   Downloaded h2 v0.4.15
[INFO] [stderr]   Downloaded opentelemetry_sdk v0.32.1
[INFO] [stderr]   Downloaded opentelemetry-proto v0.32.0
[INFO] [stderr]   Downloaded aws-lc-rs v1.17.3
[INFO] [stderr]   Downloaded syn v3.0.3
[INFO] [stderr]   Downloaded simd_cesu8 v1.2.0
[INFO] [stderr]   Downloaded aws-lc-sys v0.43.0
[INFO] running `Command { std: "docker" "create" "-v" "/var/lib/crater-agent-workspace/builds/worker-5-tc1/source:/opt/rustwide/workdir:ro,Z" "-v" "/var/lib/crater-agent-workspace/builds/worker-5-tc1/target:/opt/rustwide/target:rw,Z" "-v" "/var/lib/crater-agent-workspace/cargo-home:/opt/rustwide/cargo-home:ro,Z" "-v" "/var/lib/crater-agent-workspace/rustup-home:/opt/rustwide/rustup-home:ro,Z" "-m" "1610612736" "--network" "none" "ghcr.io/rust-lang/crates-build-env/linux@sha256:8683fc1fc2eb5c9ac98e0d076ab094b2ffac7f99da555d2b6a2e27f346de2ec7" "sleep" "infinity", kill_on_drop: false }`
[INFO] [stdout] 60bb5f75d2e51d1d28604070123a5eb66a32ac3e1c68b4faa861205fd6a9b9bc
[INFO] running `Command { std: "docker" "start" "60bb5f75d2e51d1d28604070123a5eb66a32ac3e1c68b4faa861205fd6a9b9bc", kill_on_drop: false }`
[INFO] running `Command { std: "docker" "inspect" "60bb5f75d2e51d1d28604070123a5eb66a32ac3e1c68b4faa861205fd6a9b9bc", kill_on_drop: false }`
[INFO] running `Command { std: "docker" "exec" "-e" "SOURCE_DIR=/opt/rustwide/workdir" "-e" "CARGO_HOME=/opt/rustwide/cargo-home" "-e" "RUSTUP_HOME=/opt/rustwide/rustup-home" "-e" "CARGO_TARGET_DIR=/opt/rustwide/target" "-w" "/opt/rustwide/workdir" "--user" "0:0" "60bb5f75d2e51d1d28604070123a5eb66a32ac3e1c68b4faa861205fd6a9b9bc" "/opt/rustwide/cargo-home/bin/cargo" "+1.98.0-beta.8" "metadata" "--no-deps" "--format-version=1", kill_on_drop: false }`
[INFO] running `Command { std: "docker" "inspect" "60bb5f75d2e51d1d28604070123a5eb66a32ac3e1c68b4faa861205fd6a9b9bc", kill_on_drop: false }`
[INFO] running `Command { std: "docker" "exec" "-e" "SOURCE_DIR=/opt/rustwide/workdir" "-e" "CARGO_HOME=/opt/rustwide/cargo-home" "-e" "RUSTUP_HOME=/opt/rustwide/rustup-home" "-e" "CARGO_TARGET_DIR=/opt/rustwide/target" "-e" "CARGO_INCREMENTAL=0" "-e" "RUST_BACKTRACE=full" "-e" "RUSTFLAGS=--cap-lints=warn" "-e" "RUSTDOCFLAGS=--cap-lints=warn" "-w" "/opt/rustwide/workdir" "--user" "0:0" "60bb5f75d2e51d1d28604070123a5eb66a32ac3e1c68b4faa861205fd6a9b9bc" "/opt/rustwide/cargo-home/bin/cargo" "+1.98.0-beta.8" "build" "--frozen" "--message-format=json" "--release", kill_on_drop: false }`
[INFO] [stderr]    Compiling proc-macro2 v1.0.106
[INFO] [stderr]    Compiling unicode-ident v1.0.24
[INFO] [stderr]    Compiling quote v1.0.45
[INFO] [stderr]    Compiling libc v0.2.186
[INFO] [stderr]    Compiling cfg-if v1.0.4
[INFO] [stderr]    Compiling once_cell v1.21.4
[INFO] [stderr]    Compiling smallvec v1.15.1
[INFO] [stderr]    Compiling parking_lot_core v0.9.12
[INFO] [stderr]    Compiling regex-syntax v0.8.11
[INFO] [stderr]    Compiling pin-project-lite v0.2.17
[INFO] [stderr]    Compiling utf8parse v0.2.2
[INFO] [stderr]    Compiling serde_core v1.0.228
[INFO] [stderr]    Compiling colorchoice v1.0.5
[INFO] [stderr]    Compiling anstyle v1.0.14
[INFO] [stderr]    Compiling zmij v1.0.21
[INFO] [stderr]    Compiling log v0.4.29
[INFO] [stderr]    Compiling anstyle-query v1.1.5
[INFO] [stderr]    Compiling scopeguard v1.2.0
[INFO] [stderr]    Compiling thiserror v2.0.19
[INFO] [stderr]    Compiling anstyle-parse v1.0.0
[INFO] [stderr]    Compiling is_terminal_polyfill v1.70.2
[INFO] [stderr]    Compiling lazy_static v1.5.0
[INFO] [stderr]    Compiling lock_api v0.4.14
[INFO] [stderr]    Compiling thread_local v1.1.10
[INFO] [stderr]    Compiling sharded-slab v0.1.7
[INFO] [stderr]    Compiling clap_lex v1.1.0
[INFO] [stderr]    Compiling serde_json v1.0.149
[INFO] [stderr]    Compiling getrandom v0.4.2
[INFO] [stderr]    Compiling strsim v0.11.1
[INFO] [stderr]    Compiling serde v1.0.228
[INFO] [stderr]    Compiling nu-ansi-term v0.50.3
[INFO] [stderr]    Compiling tracing-core v0.1.36
[INFO] [stderr]    Compiling anstream v1.0.0
[INFO] [stderr]    Compiling heck v0.5.0
[INFO] [stderr]    Compiling option-ext v0.2.0
[INFO] [stderr]    Compiling itoa v1.0.18
[INFO] [stderr]    Compiling memchr v2.8.0
[INFO] [stderr]    Compiling bytes v1.11.1
[INFO] [stderr]    Compiling clap_builder v4.6.0
[INFO] [stderr]    Compiling tracing-log v0.2.0
[INFO] [stderr]    Compiling syn v2.0.117
[INFO] [stderr]    Compiling syn v3.0.3
[INFO] [stderr]    Compiling errno v0.3.14
[INFO] [stderr]    Compiling mio v1.2.0
[INFO] [stderr]    Compiling dirs-sys v0.5.0
[INFO] [stderr]    Compiling socket2 v0.6.3
[INFO] [stderr]    Compiling dirs v6.0.0
[INFO] [stderr]    Compiling signal-hook-registry v1.4.8
[INFO] [stderr]    Compiling parking_lot v0.12.5
[INFO] [stderr]    Compiling shellexpand v3.1.2
[INFO] [stderr]    Compiling uuid v1.23.1
[INFO] [stderr]    Compiling regex-automata v0.4.18
[INFO] [stderr]    Compiling thiserror-impl v2.0.19
[INFO] [stderr]    Compiling matchers v0.2.0
[INFO] [stderr]    Compiling tracing-attributes v0.1.31
[INFO] [stderr]    Compiling clap_derive v4.6.1
[INFO] [stderr]    Compiling tokio-macros v2.7.0
[INFO] [stderr]    Compiling serde_derive v1.0.228
[INFO] [stderr]    Compiling async-trait v0.1.89
[INFO] [stderr]    Compiling tokio v1.53.1
[INFO] [stderr]    Compiling tracing v0.1.44
[INFO] [stderr]    Compiling tracing-subscriber v0.3.23
[INFO] [stderr]    Compiling clap v4.6.1
[INFO] [stderr]    Compiling adelie-telemetry v0.1.0 (https://github.com/adelie-ai/adelie-telemetry?rev=5c762eca14e43295dd27c5d5adaa658924f5f133#5c762eca)
[INFO] [stderr]    Compiling mcp-core v0.1.0 (https://github.com/adelie-ai/mcp-core#188b22c5)
[INFO] [stderr]    Compiling terminal-mcp v0.1.0 (/opt/rustwide/workdir)
[INFO] [stderr]     Finished `release` profile [optimized] target(s) in 1m 07s
[INFO] running `Command { std: "docker" "inspect" "60bb5f75d2e51d1d28604070123a5eb66a32ac3e1c68b4faa861205fd6a9b9bc", kill_on_drop: false }`
[INFO] running `Command { std: "docker" "exec" "-e" "SOURCE_DIR=/opt/rustwide/workdir" "-e" "CARGO_HOME=/opt/rustwide/cargo-home" "-e" "RUSTUP_HOME=/opt/rustwide/rustup-home" "-e" "CARGO_TARGET_DIR=/opt/rustwide/target" "-e" "CARGO_INCREMENTAL=0" "-e" "RUST_BACKTRACE=full" "-e" "RUSTFLAGS=--cap-lints=warn" "-e" "RUSTDOCFLAGS=--cap-lints=warn" "-w" "/opt/rustwide/workdir" "--user" "0:0" "60bb5f75d2e51d1d28604070123a5eb66a32ac3e1c68b4faa861205fd6a9b9bc" "/opt/rustwide/cargo-home/bin/cargo" "+1.98.0-beta.8" "test" "--frozen" "--no-run" "--message-format=json" "--release", kill_on_drop: false }`
[INFO] [stderr]    Compiling rustix v1.1.4
[INFO] [stderr]    Compiling bitflags v2.11.1
[INFO] [stderr]    Compiling linux-raw-sys v0.12.1
[INFO] [stderr]    Compiling fastrand v2.4.1
[INFO] [stderr]    Compiling tempfile v3.27.0
[INFO] [stderr]    Compiling terminal-mcp v0.1.0 (/opt/rustwide/workdir)
[INFO] [stderr]     Finished `release` profile [optimized] target(s) in 59.97s
[INFO] running `Command { std: "docker" "inspect" "60bb5f75d2e51d1d28604070123a5eb66a32ac3e1c68b4faa861205fd6a9b9bc", kill_on_drop: false }`
[INFO] running `Command { std: "docker" "exec" "-e" "SOURCE_DIR=/opt/rustwide/workdir" "-e" "CARGO_HOME=/opt/rustwide/cargo-home" "-e" "RUSTUP_HOME=/opt/rustwide/rustup-home" "-e" "CARGO_TARGET_DIR=/opt/rustwide/target" "-e" "CARGO_INCREMENTAL=0" "-e" "RUST_BACKTRACE=full" "-e" "RUSTFLAGS=--cap-lints=warn" "-e" "RUSTDOCFLAGS=--cap-lints=warn" "-w" "/opt/rustwide/workdir" "--user" "0:0" "60bb5f75d2e51d1d28604070123a5eb66a32ac3e1c68b4faa861205fd6a9b9bc" "/opt/rustwide/cargo-home/bin/cargo" "+1.98.0-beta.8" "test" "--frozen" "--release", kill_on_drop: false }`
[INFO] [stderr]     Finished `release` profile [optimized] target(s) in 0.27s
[INFO] [stderr]      Running unittests src/lib.rs (/opt/rustwide/target/release/deps/terminal_mcp-e03844cd5d47674e)
[INFO] [stdout] 
[INFO] [stdout] running 46 tests
[INFO] [stdout] test operations::audit::tests::test_format_timestamp ... ok
[INFO] [stdout] test operations::audit::tests::test_summarize_arguments ... ok
[INFO] [stdout] test operations::execute::tests::test_allowlist_checks_program_not_sh ... ok
[INFO] [stdout] test operations::execute::tests::test_cwd_rejects_proc ... ok
[INFO] [stdout] test operations::execute::tests::test_empty_command ... ok
[INFO] [stdout] test operations::audit::tests::test_audit_logger_creates_files ... ok
[INFO] [stdout] test operations::execute::tests::test_command_not_found ... ok
[INFO] [stdout] test operations::execute::tests::test_command_positional_args ... ok
[INFO] [stdout] test operations::execute::tests::test_execute_script_with_args ... ok
[INFO] [stdout] test operations::execute::tests::test_basic_execution ... ok
[INFO] [stdout] test operations::execute::tests::test_invalid_cwd ... ok
[INFO] [stdout] test operations::execute::tests::test_execute_script_with_env_vars ... ok
[INFO] [stdout] test operations::execute::tests::test_first_shell_word ... ok
[INFO] [stdout] test operations::execute::tests::test_max_lines_no_truncation_when_under ... ok
[INFO] [stdout] test operations::execute::tests::test_custom_cwd ... ok
[INFO] [stdout] test operations::execute::tests::test_stderr_capture ... ok
[INFO] [stdout] test operations::execute::tests::test_overlong_multibyte_line_truncated_in_ring_mode ... ok
[INFO] [stdout] test operations::execute::tests::test_non_zero_exit_code ... ok
[INFO] [stdout] test operations::execute::tests::test_max_lines_truncation ... ok
[INFO] [stdout] test tests::build_service_exposes_builtin_tools_with_defaults ... ok
[INFO] [stdout] test operations::execute::tests::test_execute_script_basic ... ok
[INFO] [stdout] test operations::execute::tests::test_max_lines_zero_means_unlimited ... ok
[INFO] [stdout] test tools::tests::test_execute_tool_missing_command ... ok
[INFO] [stdout] test tools::tests::test_invalid_script_name ... ok
[INFO] [stdout] test tools::tests::test_remove_script ... ok
[INFO] [stdout] test operations::execute::tests::test_detach_returns_pid_and_survives ... ok
[INFO] [stdout] test tools::tests::test_dangerous_param_name_rejected ... ok
[INFO] [stdout] test tests::server_instructions_name_tools_and_safety_note ... ok
[INFO] [stdout] test tests::server_config_has_nonempty_instructions ... ok
[INFO] [stdout] test tools::tests::test_dynamic_tool_appears_in_list ... ok
[INFO] [stdout] test operations::execute::tests::test_overlong_multibyte_line_truncated_at_char_boundary ... ok
[INFO] [stdout] test operations::execute::tests::test_stdin_piping ... ok
[INFO] [stdout] test tools::tests::test_script_and_stdin_mutually_exclusive ... ok
[INFO] [stdout] test tools::tests::test_tool_not_found ... ok
[INFO] [stdout] test tools::tests::test_store_and_list_scripts ... ok
[INFO] [stdout] test tools::tests::test_script_param_basic ... ok
[INFO] [stdout] test operations::execute::tests::test_command_runs_through_shell ... ok
[INFO] [stdout] test tools::tests::test_store_and_call_dynamic_script ... ok
[INFO] [stdout] test tools::tests::test_script_with_parameters ... ok
[INFO] [stdout] test tools::tests::test_script_overwrite ... ok
[INFO] [stdout] test operations::execute::tests::test_inactivity_zero_disables_check ... ok
[INFO] [stdout] test operations::execute::tests::test_absolute_timeout_beats_inactivity_and_omits_label ... ok
[INFO] [stdout] test operations::execute::tests::test_inactivity_timeout_fires_on_silence ... ok
[INFO] [stdout] test operations::execute::tests::test_timeout ... ok
[INFO] [stdout] test operations::execute::tests::test_timeout_kills_process_tree ... FAILED
[INFO] [stdout] test operations::execute::tests::test_inactivity_reset_by_output ... ok
[INFO] [stdout] 
[INFO] [stdout] failures:
[INFO] [stdout] 
[INFO] [stdout] ---- operations::execute::tests::test_timeout_kills_process_tree stdout ----
[INFO] [stdout] 
[INFO] [stdout] thread 'operations::execute::tests::test_timeout_kills_process_tree' (1889) panicked at src/operations/execute.rs:962:9:
[INFO] [stdout] grandchild pid 1904 survived the timeout — process tree leaked
[INFO] [stdout] stack backtrace:
[INFO] [stdout]    0:     0x586eb8254ba6 - <unknown>
[INFO] [stdout]    1:     0x586eb81f746a - <unknown>
[INFO] [stdout]    2:     0x586eb825a5dc - <unknown>
[INFO] [stdout]    3:     0x586eb822ddc2 - <unknown>
[INFO] [stdout]    4:     0x586eb824c1f1 - <unknown>
[INFO] [stdout]    5:     0x586eb824c632 - <unknown>
[INFO] [stdout]    6:     0x586eb822de72 - <unknown>
[INFO] [stdout]    7:     0x586eb8225759 - <unknown>
[INFO] [stdout]    8:     0x586eb8232c0d - <unknown>
[INFO] [stdout]    9:     0x586eb81f7b7c - <unknown>
[INFO] [stdout]   10:     0x586eb8281869 - <unknown>
[INFO] [stdout]   11:     0x586eb825d412 - <unknown>
[INFO] [stdout]   12:     0x586eb829808f - <unknown>
[INFO] [stdout]   13:     0x586eb829996b - <unknown>
[INFO] [stdout]   14:     0x586eb82a7ce1 - <unknown>
[INFO] [stdout]   15:     0x586eb82a25b4 - <unknown>
[INFO] [stdout]   16:     0x586eb82abb52 - <unknown>
[INFO] [stdout]   17:     0x586eb8253b84 - <unknown>
[INFO] [stdout]   18:     0x78904db7607a - <unknown>
[INFO] [stdout]   19:     0x78904dc09534 - clone
[INFO] [stdout]   20:                0x0 - <unknown>
[INFO] [stdout] 
[INFO] [stdout] 
[INFO] [stdout] failures:
[INFO] [stdout]     operations::execute::tests::test_timeout_kills_process_tree
[INFO] [stdout] 
[INFO] [stdout] test result: FAILED. 45 passed; 1 failed; 0 ignored; 0 measured; 0 filtered out; finished in 1.57s
[INFO] [stdout] 
[INFO] [stderr] error: test failed, to rerun pass `--lib`
[INFO] running `Command { std: "docker" "inspect" "60bb5f75d2e51d1d28604070123a5eb66a32ac3e1c68b4faa861205fd6a9b9bc", kill_on_drop: false }`
[INFO] running `Command { std: "docker" "rm" "-f" "60bb5f75d2e51d1d28604070123a5eb66a32ac3e1c68b4faa861205fd6a9b9bc", kill_on_drop: false }`
[INFO] [stdout] 60bb5f75d2e51d1d28604070123a5eb66a32ac3e1c68b4faa861205fd6a9b9bc
