[INFO] cloning repository https://github.com/MouseBurrow/twomice-auth
[INFO] running `Command { std: "git" "-c" "credential.helper=" "-c" "credential.helper=/workspace/cargo-home/bin/git-credential-null" "clone" "--bare" "https://github.com/MouseBurrow/twomice-auth" "/workspace/cache/git-repos/https%3A%2F%2Fgithub.com%2FMouseBurrow%2Ftwomice-auth", kill_on_drop: false }`
[INFO] [stderr] Cloning into bare repository '/workspace/cache/git-repos/https%3A%2F%2Fgithub.com%2FMouseBurrow%2Ftwomice-auth'...
[INFO] running `Command { std: "git" "rev-parse" "HEAD", kill_on_drop: false }`
[INFO] [stdout] 1d04db24f3cf8b9cd9ef952259e206a3e63e98d1
[INFO] testing MouseBurrow/twomice-auth against 1.98.0-beta.8+cargoflags=--release for beta-release-1.99-2
[INFO] running `Command { std: "git" "clone" "/workspace/cache/git-repos/https%3A%2F%2Fgithub.com%2FMouseBurrow%2Ftwomice-auth" "/workspace/builds/worker-3-tc1/source", kill_on_drop: false }`
[INFO] [stderr] Cloning into '/workspace/builds/worker-3-tc1/source'...
[INFO] [stderr] done.
[INFO] started tweaking git repo https://github.com/MouseBurrow/twomice-auth
[INFO] finished tweaking git repo https://github.com/MouseBurrow/twomice-auth
[INFO] tweaked toml for git repo https://github.com/MouseBurrow/twomice-auth written to /workspace/builds/worker-3-tc1/source/Cargo.toml
[INFO] validating manifest of git repo https://github.com/MouseBurrow/twomice-auth on toolchain 1.98.0-beta.8
[INFO] running `Command { std: CARGO_HOME="/workspace/cargo-home" RUSTUP_HOME="/workspace/rustup-home" "/workspace/cargo-home/bin/cargo" "+1.98.0-beta.8" "metadata" "--manifest-path" "Cargo.toml" "--no-deps", kill_on_drop: false }`
[INFO] crate git repo https://github.com/MouseBurrow/twomice-auth already has a lockfile, it will not be regenerated
[INFO] running `Command { std: CARGO_HOME="/workspace/cargo-home" RUSTUP_HOME="/workspace/rustup-home" "/workspace/cargo-home/bin/cargo" "+1.98.0-beta.8" "fetch" "--manifest-path" "Cargo.toml", kill_on_drop: false }`
[INFO] [stderr]     Updating git repository `https://github.com/MouseBurrow/twomice-libs.git`
[INFO] [stderr]     Updating crates.io index
[INFO] [stderr]     Blocking waiting for file lock on package cache
[INFO] [stderr]      Locking 24 packages to latest compatible versions
[INFO] [stderr]       Adding anstream v1.0.0
[INFO] [stderr]       Adding anstyle v1.0.14
[INFO] [stderr]       Adding anstyle-parse v1.0.0
[INFO] [stderr]       Adding anstyle-query v1.1.5
[INFO] [stderr]       Adding anstyle-wincon v3.0.11
[INFO] [stderr]       Adding bitflags v1.3.2
[INFO] [stderr]       Adding colorchoice v1.0.5
[INFO] [stderr]       Adding config v0.1.0 (https://github.com/MouseBurrow/twomice-libs.git?branch=main#477efc0d)
[INFO] [stderr]       Adding custom_headers v0.1.0 (https://github.com/MouseBurrow/twomice-libs.git?branch=main#477efc0d)
[INFO] [stderr]       Adding defmt v1.1.1
[INFO] [stderr]       Adding defmt-macros v1.1.1
[INFO] [stderr]       Adding defmt-parser v1.0.0
[INFO] [stderr]       Adding easy_errors v0.1.0 (https://github.com/MouseBurrow/twomice-libs.git?branch=main#477efc0d)
[INFO] [stderr]       Adding env_filter v2.0.0
[INFO] [stderr]       Adding env_logger v0.11.11
[INFO] [stderr]       Adding is_terminal_polyfill v1.70.2
[INFO] [stderr]       Adding jiff v0.2.35
[INFO] [stderr]       Adding jiff-core v0.1.0
[INFO] [stderr]       Adding jiff-static v0.2.35
[INFO] [stderr]       Adding once_cell_polyfill v1.70.2
[INFO] [stderr]       Adding portable-atomic v1.15.0
[INFO] [stderr]       Adding portable-atomic-util v0.2.7
[INFO] [stderr]       Adding regex v1.12.3 (available: v1.13.1)
[INFO] [stderr]       Adding utf8parse v0.2.2
[INFO] [stderr]     Blocking waiting for file lock on package cache
[INFO] running `Command { std: "docker" "create" "-v" "/var/lib/crater-agent-workspace/builds/worker-3-tc1/source:/opt/rustwide/workdir:ro,Z" "-v" "/var/lib/crater-agent-workspace/builds/worker-3-tc1/target:/opt/rustwide/target:rw,Z" "-v" "/var/lib/crater-agent-workspace/cargo-home:/opt/rustwide/cargo-home:ro,Z" "-v" "/var/lib/crater-agent-workspace/rustup-home:/opt/rustwide/rustup-home:ro,Z" "-m" "1610612736" "--network" "none" "ghcr.io/rust-lang/crates-build-env/linux@sha256:8683fc1fc2eb5c9ac98e0d076ab094b2ffac7f99da555d2b6a2e27f346de2ec7" "sleep" "infinity", kill_on_drop: false }`
[INFO] [stdout] 093e3a22d3d0e3c6fdab926dce9085b1606c9ef6fa44f3285c901b7813859927
[INFO] running `Command { std: "docker" "start" "093e3a22d3d0e3c6fdab926dce9085b1606c9ef6fa44f3285c901b7813859927", kill_on_drop: false }`
[INFO] running `Command { std: "docker" "inspect" "093e3a22d3d0e3c6fdab926dce9085b1606c9ef6fa44f3285c901b7813859927", kill_on_drop: false }`
[INFO] running `Command { std: "docker" "exec" "-e" "SOURCE_DIR=/opt/rustwide/workdir" "-e" "CARGO_HOME=/opt/rustwide/cargo-home" "-e" "RUSTUP_HOME=/opt/rustwide/rustup-home" "-e" "CARGO_TARGET_DIR=/opt/rustwide/target" "-w" "/opt/rustwide/workdir" "--user" "0:0" "093e3a22d3d0e3c6fdab926dce9085b1606c9ef6fa44f3285c901b7813859927" "/opt/rustwide/cargo-home/bin/cargo" "+1.98.0-beta.8" "metadata" "--no-deps" "--format-version=1", kill_on_drop: false }`
[INFO] running `Command { std: "docker" "inspect" "093e3a22d3d0e3c6fdab926dce9085b1606c9ef6fa44f3285c901b7813859927", kill_on_drop: false }`
[INFO] running `Command { std: "docker" "exec" "-e" "SOURCE_DIR=/opt/rustwide/workdir" "-e" "CARGO_HOME=/opt/rustwide/cargo-home" "-e" "RUSTUP_HOME=/opt/rustwide/rustup-home" "-e" "CARGO_TARGET_DIR=/opt/rustwide/target" "-e" "CARGO_INCREMENTAL=0" "-e" "RUST_BACKTRACE=full" "-e" "RUSTFLAGS=--cap-lints=warn" "-e" "RUSTDOCFLAGS=--cap-lints=warn" "-w" "/opt/rustwide/workdir" "--user" "0:0" "093e3a22d3d0e3c6fdab926dce9085b1606c9ef6fa44f3285c901b7813859927" "/opt/rustwide/cargo-home/bin/cargo" "+1.98.0-beta.8" "build" "--frozen" "--message-format=json" "--release", kill_on_drop: false }`
[INFO] [stderr]    Compiling libc v0.2.186
[INFO] [stderr]    Compiling serde_core v1.0.228
[INFO] [stderr]    Compiling cc v1.2.62
[INFO] [stderr]    Compiling typenum v1.20.0
[INFO] [stderr]    Compiling zerofrom v0.1.8
[INFO] [stderr]    Compiling serde_json v1.0.150
[INFO] [stderr]    Compiling yoke v0.8.2
[INFO] [stderr]    Compiling getrandom v0.4.2
[INFO] [stderr]    Compiling zerovec v0.11.6
[INFO] [stderr]    Compiling zerotrie v0.2.4
[INFO] [stderr]    Compiling tinystr v0.8.3
[INFO] [stderr]    Compiling hybrid-array v0.4.12
[INFO] [stderr]    Compiling icu_locale_core v2.2.0
[INFO] [stderr]    Compiling potential_utf v0.1.5
[INFO] [stderr]    Compiling rustls v0.23.40
[INFO] [stderr]    Compiling thiserror v2.0.18
[INFO] [stderr]    Compiling icu_collections v2.2.0
[INFO] [stderr]    Compiling getrandom v0.2.17
[INFO] [stderr]    Compiling generic-array v0.14.7
[INFO] [stderr]    Compiling futures-sink v0.3.32
[INFO] [stderr]    Compiling cmov v0.5.3
[INFO] [stderr]    Compiling ring v0.17.14
[INFO] [stderr]    Compiling mio v1.2.0
[INFO] [stderr]    Compiling ctutils v0.4.2
[INFO] [stderr]    Compiling socket2 v0.6.3
[INFO] [stderr]    Compiling icu_provider v2.2.0
[INFO] [stderr]    Compiling block-buffer v0.12.0
[INFO] [stderr]    Compiling crypto-common v0.2.2
[INFO] [stderr]    Compiling subtle v2.6.1
[INFO] [stderr]    Compiling rustls-pki-types v1.14.1
[INFO] [stderr]    Compiling tokio v1.52.3
[INFO] [stderr]    Compiling serde v1.0.228
[INFO] [stderr]    Compiling digest v0.11.3
[INFO] [stderr]    Compiling icu_normalizer v2.2.0
[INFO] [stderr]    Compiling icu_properties v2.2.0
[INFO] [stderr]    Compiling parking_lot_core v0.9.12
[INFO] [stderr]    Compiling smallvec v1.15.1
[INFO] [stderr]    Compiling tracing-core v0.1.36
[INFO] [stderr]    Compiling block-buffer v0.10.4
[INFO] [stderr]    Compiling crypto-common v0.1.7
[INFO] [stderr]    Compiling idna_adapter v1.2.2
[INFO] [stderr]    Compiling rand_core v0.10.1
[INFO] [stderr]    Compiling foldhash v0.2.0
[INFO] [stderr]    Compiling cpufeatures v0.3.0
[INFO] [stderr]    Compiling slab v0.4.12
[INFO] [stderr]    Compiling hashbrown v0.16.1
[INFO] [stderr]    Compiling futures-util v0.3.32
[INFO] [stderr]    Compiling idna v1.1.0
[INFO] [stderr]    Compiling tracing v0.1.44
[INFO] [stderr]    Compiling rustls-webpki v0.103.13
[INFO] [stderr]    Compiling digest v0.10.7
[INFO] [stderr]    Compiling parking_lot v0.12.5
[INFO] [stderr]    Compiling num-traits v0.2.19
[INFO] [stderr]    Compiling crc-catalog v2.5.0
[INFO] [stderr]    Compiling hashbrown v0.17.1
[INFO] [stderr]    Compiling indexmap v2.14.0
[INFO] [stderr]    Compiling crc v3.4.0
[INFO] [stderr]    Compiling sha2 v0.10.9
[INFO] [stderr]    Compiling futures-intrusive v0.5.0
[INFO] [stderr]    Compiling url v2.5.8
[INFO] [stderr]    Compiling hashlink v0.11.0
[INFO] [stderr]    Compiling chacha20 v0.10.0
[INFO] [stderr]    Compiling hmac v0.13.0
[INFO] [stderr]    Compiling webpki-roots v1.0.7
[INFO] [stderr]    Compiling futures-channel v0.3.32
[INFO] [stderr]    Compiling either v1.16.0
[INFO] [stderr]    Compiling base64 v0.22.1
[INFO] [stderr]    Compiling tokio-stream v0.1.18
[INFO] [stderr]    Compiling hkdf v0.13.0
[INFO] [stderr]    Compiling rand v0.10.1
[INFO] [stderr]    Compiling sha2 v0.11.0
[INFO] [stderr]    Compiling md-5 v0.11.0
[INFO] [stderr]    Compiling bitflags v2.11.1
[INFO] [stderr]    Compiling whoami v2.1.2
[INFO] [stderr]    Compiling chrono v0.4.44
[INFO] [stderr]    Compiling sqlx-core v0.9.0
[INFO] [stderr]    Compiling sync_wrapper v1.0.2
[INFO] [stderr]    Compiling hyper v1.9.0
[INFO] [stderr]    Compiling sqlx-postgres v0.9.0
[INFO] [stderr]    Compiling atoi v2.0.0
[INFO] [stderr]    Compiling regex-syntax v0.8.10
[INFO] [stderr]    Compiling axum-core v0.4.5
[INFO] [stderr]    Compiling regex-automata v0.4.14
[INFO] [stderr]    Compiling serde_urlencoded v0.7.1
[INFO] [stderr]    Compiling hyper-util v0.1.20
[INFO] [stderr]    Compiling tower v0.5.3
[INFO] [stderr]    Compiling serde_path_to_error v0.1.20
[INFO] [stderr]    Compiling rand_core v0.6.4
[INFO] [stderr]    Compiling axum v0.7.9
[INFO] [stderr]    Compiling jiff-core v0.1.0
[INFO] [stderr]    Compiling anstream v1.0.0
[INFO] [stderr]    Compiling sqlx-macros-core v0.9.0
[INFO] [stderr]    Compiling strum_macros v0.27.2
[INFO] [stderr]    Compiling regex v1.12.3
[INFO] [stderr]    Compiling jiff v0.2.35
[INFO] [stderr]    Compiling sqlx-macros v0.9.0
[INFO] [stderr]    Compiling env_filter v2.0.0
[INFO] [stderr]    Compiling password-hash v0.5.0
[INFO] [stderr]    Compiling strum v0.27.2
[INFO] [stderr]    Compiling rand_chacha v0.3.1
[INFO] [stderr]    Compiling blake2 v0.10.6
[INFO] [stderr]    Compiling rand v0.8.6
[INFO] [stderr]    Compiling argon2 v0.5.3
[INFO] [stderr]    Compiling env_logger v0.11.11
[INFO] [stderr]    Compiling sqlx v0.9.0
[INFO] [stderr]    Compiling config v0.1.0 (https://github.com/MouseBurrow/twomice-libs.git?branch=main#477efc0d)
[INFO] [stderr]    Compiling custom_headers v0.1.0 (https://github.com/MouseBurrow/twomice-libs.git?branch=main#477efc0d)
[INFO] [stderr]    Compiling easy_errors v0.1.0 (https://github.com/MouseBurrow/twomice-libs.git?branch=main#477efc0d)
[INFO] [stderr]    Compiling auth v0.1.0 (/opt/rustwide/workdir)
[INFO] [stderr]     Finished `release` profile [optimized] target(s) in 5m 37s
[INFO] running `Command { std: "docker" "inspect" "093e3a22d3d0e3c6fdab926dce9085b1606c9ef6fa44f3285c901b7813859927", kill_on_drop: false }`
[INFO] running `Command { std: "docker" "exec" "-e" "SOURCE_DIR=/opt/rustwide/workdir" "-e" "CARGO_HOME=/opt/rustwide/cargo-home" "-e" "RUSTUP_HOME=/opt/rustwide/rustup-home" "-e" "CARGO_TARGET_DIR=/opt/rustwide/target" "-e" "CARGO_INCREMENTAL=0" "-e" "RUST_BACKTRACE=full" "-e" "RUSTFLAGS=--cap-lints=warn" "-e" "RUSTDOCFLAGS=--cap-lints=warn" "-w" "/opt/rustwide/workdir" "--user" "0:0" "093e3a22d3d0e3c6fdab926dce9085b1606c9ef6fa44f3285c901b7813859927" "/opt/rustwide/cargo-home/bin/cargo" "+1.98.0-beta.8" "test" "--frozen" "--no-run" "--message-format=json" "--release", kill_on_drop: false }`
[INFO] [stderr]    Compiling auth v0.1.0 (/opt/rustwide/workdir)
[INFO] [stderr]     Finished `release` profile [optimized] target(s) in 2m 17s
[INFO] running `Command { std: "docker" "inspect" "093e3a22d3d0e3c6fdab926dce9085b1606c9ef6fa44f3285c901b7813859927", kill_on_drop: false }`
[INFO] running `Command { std: "docker" "exec" "-e" "SOURCE_DIR=/opt/rustwide/workdir" "-e" "CARGO_HOME=/opt/rustwide/cargo-home" "-e" "RUSTUP_HOME=/opt/rustwide/rustup-home" "-e" "CARGO_TARGET_DIR=/opt/rustwide/target" "-e" "CARGO_INCREMENTAL=0" "-e" "RUST_BACKTRACE=full" "-e" "RUSTFLAGS=--cap-lints=warn" "-e" "RUSTDOCFLAGS=--cap-lints=warn" "-w" "/opt/rustwide/workdir" "--user" "0:0" "093e3a22d3d0e3c6fdab926dce9085b1606c9ef6fa44f3285c901b7813859927" "/opt/rustwide/cargo-home/bin/cargo" "+1.98.0-beta.8" "test" "--frozen" "--release", kill_on_drop: false }`
[INFO] [stderr]     Finished `release` profile [optimized] target(s) in 0.33s
[INFO] [stderr]      Running unittests src/lib.rs (/opt/rustwide/target/release/deps/auth-8cd39a058bf7677c)
[INFO] [stdout] 
[INFO] [stdout] running 3 tests
[INFO] [stdout] test password_utils::tests::hash_and_verify_correct_password ... ok
[INFO] [stdout] test password_utils::tests::hashes_are_different_each_time ... ok
[INFO] [stdout] test password_utils::tests::verify_incorrect_password_fails ... ok
[INFO] [stdout] 
[INFO] [stdout] test result: ok. 3 passed; 0 failed; 0 ignored; 0 measured; 0 filtered out; finished in 0.22s
[INFO] [stdout] 
[INFO] [stderr]      Running unittests src/main.rs (/opt/rustwide/target/release/deps/auth-31538d2d1542a0e9)
[INFO] [stdout] 
[INFO] [stdout] running 0 tests
[INFO] [stderr]      Running tests/api_account.rs (/opt/rustwide/target/release/deps/api_account-0b7eabb21a20e683)
[INFO] [stdout] 
[INFO] [stdout] test result: ok. 0 passed; 0 failed; 0 ignored; 0 measured; 0 filtered out; finished in 0.00s
[INFO] [stdout] 
[INFO] [stdout] 
[INFO] [stdout] running 4 tests
[INFO] [stdout] test account_info_timestamps_are_set ... FAILED
[INFO] [stdout] test account_info_returns_correct_data ... FAILED
[INFO] [stdout] test account_info_is_admin_flag ... FAILED
[INFO] [stdout] test account_info_unknown_user ... FAILED
[INFO] [stdout] 
[INFO] [stdout] failures:
[INFO] [stdout] 
[INFO] [stdout] ---- account_info_timestamps_are_set stdout ----
[INFO] [stdout] 
[INFO] [stdout] thread 'account_info_timestamps_are_set' (3173) panicked at tests/common/mod.rs:6:10:
[INFO] [stdout] AUTH_DATABASE_URL must be set. Run ./run_tests.sh or set it manually.: NotPresent
[INFO] [stdout] stack backtrace:
[INFO] [stdout]    0:     0x5704dddcd0b1 - <<std[97b98282bc616a66]::sys::backtrace::BacktraceLock>::print::DisplayBacktrace as core[832e9a552fc17241]::fmt::Display>::fmt
[INFO] [stdout]    1:     0x5704ddde353a - core[832e9a552fc17241]::fmt::write
[INFO] [stdout]    2:     0x5704dddd1b7c - <alloc[3ecab9f82c41dc7d]::vec::Vec<u8> as std[97b98282bc616a66]::io::Write>::write_fmt
[INFO] [stdout]    3:     0x5704dddaa106 - std[97b98282bc616a66]::panicking::default_hook::{closure#0}
[INFO] [stdout]    4:     0x5704dddc4759 - std[97b98282bc616a66]::panicking::default_hook
[INFO] [stdout]    5:     0x5704ddbdfb90 - test[39766f3d73431624]::test_main_inner::<test[39766f3d73431624]::test_main_static::{closure#0}>::{closure#0}
[INFO] [stdout]    6:     0x5704dddc4a82 - std[97b98282bc616a66]::panicking::panic_with_hook
[INFO] [stdout]    7:     0x5704dddaa1b2 - std[97b98282bc616a66]::panicking::panic_handler::{closure#0}
[INFO] [stdout]    8:     0x5704ddda1899 - std[97b98282bc616a66]::sys::backtrace::__rust_end_short_backtrace::<std[97b98282bc616a66]::panicking::panic_handler::{closure#0}, !>
[INFO] [stdout]    9:     0x5704dddaaf9d - __rustc[e3d8617bb01b7f69]::rust_begin_unwind
[INFO] [stdout]   10:     0x5704ddde3c9c - core[832e9a552fc17241]::panicking::panic_fmt
[INFO] [stdout]   11:     0x5704ddde3a72 - core[832e9a552fc17241]::result::unwrap_failed
[INFO] [stdout]   12:     0x5704ddb831ab - api_account[6324187344e92535]::common::get_db_pool::{closure#0}
[INFO] [stdout]   13:     0x5704ddb7e141 - api_account[6324187344e92535]::account_info_timestamps_are_set::{closure#0}
[INFO] [stdout]   14:     0x5704ddb90a83 - <tokio[222cbebdf078920d]::runtime::scheduler::current_thread::Context>::enter::<core[832e9a552fc17241]::task::poll::Poll<()>, <tokio[222cbebdf078920d]::runtime::scheduler::current_thread::CoreGuard>::block_on<core[832e9a552fc17241]::pin::Pin<&mut core[832e9a552fc17241]::pin::Pin<&mut dyn core[832e9a552fc17241]::future::future::Future<Output = ()>>>>::{closure#0}::{closure#0}>
[INFO] [stdout]   15:     0x5704ddba646c - <tokio[222cbebdf078920d]::runtime::context::scoped::Scoped<tokio[222cbebdf078920d]::runtime::scheduler::Context>>::set::<<tokio[222cbebdf078920d]::runtime::scheduler::current_thread::CoreGuard>::enter<<tokio[222cbebdf078920d]::runtime::scheduler::current_thread::CoreGuard>::block_on<core[832e9a552fc17241]::pin::Pin<&mut core[832e9a552fc17241]::pin::Pin<&mut dyn core[832e9a552fc17241]::future::future::Future<Output = ()>>>>::{closure#0}, core[832e9a552fc17241]::option::Option<()>>::{closure#0}, (alloc[3ecab9f82c41dc7d]::boxed::Box<tokio[222cbebdf078920d]::runtime::scheduler::current_thread::Core>, core[832e9a552fc17241]::option::Option<()>)>
[INFO] [stdout]   16:     0x5704ddb91007 - <tokio[222cbebdf078920d]::runtime::scheduler::current_thread::CoreGuard>::block_on::<core[832e9a552fc17241]::pin::Pin<&mut core[832e9a552fc17241]::pin::Pin<&mut dyn core[832e9a552fc17241]::future::future::Future<Output = ()>>>>
[INFO] [stdout]   17:     0x5704ddbcba96 - tokio[222cbebdf078920d]::runtime::context::runtime::enter_runtime::<<tokio[222cbebdf078920d]::runtime::scheduler::current_thread::CurrentThread>::block_on<core[832e9a552fc17241]::pin::Pin<&mut dyn core[832e9a552fc17241]::future::future::Future<Output = ()>>>::{closure#0}, ()>
[INFO] [stdout]   18:     0x5704ddbc8091 - <tokio[222cbebdf078920d]::runtime::runtime::Runtime>::block_on::<core[832e9a552fc17241]::pin::Pin<&mut dyn core[832e9a552fc17241]::future::future::Future<Output = ()>>>
[INFO] [stdout]   19:     0x5704ddb8515b - <api_account[6324187344e92535]::account_info_timestamps_are_set::{closure#0} as core[832e9a552fc17241]::ops::function::FnOnce<()>>::call_once
[INFO] [stdout]   20:     0x5704ddbd2ecb - test[39766f3d73431624]::__rust_begin_short_backtrace::<core[832e9a552fc17241]::result::Result<(), alloc[3ecab9f82c41dc7d]::string::String>, fn() -> core[832e9a552fc17241]::result::Result<(), alloc[3ecab9f82c41dc7d]::string::String>>
[INFO] [stdout]   21:     0x5704ddbe0515 - test[39766f3d73431624]::run_test::{closure#0}
[INFO] [stdout]   22:     0x5704ddbdafc4 - std[97b98282bc616a66]::sys::backtrace::__rust_begin_short_backtrace::<test[39766f3d73431624]::run_test::{closure#1}, ()>
[INFO] [stdout]   23:     0x5704ddbe3662 - <std[97b98282bc616a66]::thread::lifecycle::spawn_unchecked<test[39766f3d73431624]::run_test::{closure#1}, ()>::{closure#1} as core[832e9a552fc17241]::ops::function::FnOnce<()>>::call_once::{shim:vtable#0}
[INFO] [stdout]   24:     0x5704dddcc26f - <std[97b98282bc616a66]::sys::thread::unix::Thread>::new::thread_start
[INFO] [stdout]   25:     0x78ed8e8be07a - <unknown>
[INFO] [stdout]   26:     0x78ed8e951534 - clone
[INFO] [stdout]   27:                0x0 - <unknown>
[INFO] [stdout] 
[INFO] [stdout] ---- account_info_returns_correct_data stdout ----
[INFO] [stdout] 
[INFO] [stdout] thread 'account_info_returns_correct_data' (3172) panicked at tests/common/mod.rs:6:10:
[INFO] [stdout] AUTH_DATABASE_URL must be set. Run ./run_tests.sh or set it manually.: NotPresent
[INFO] [stdout] stack backtrace:
[INFO] [stdout]    0:     0x5704dddcd0b1 - <<std[97b98282bc616a66]::sys::backtrace::BacktraceLock>::print::DisplayBacktrace as core[832e9a552fc17241]::fmt::Display>::fmt
[INFO] [stdout]    1:     0x5704ddde353a - core[832e9a552fc17241]::fmt::write
[INFO] [stdout]    2:     0x5704dddd1b7c - <alloc[3ecab9f82c41dc7d]::vec::Vec<u8> as std[97b98282bc616a66]::io::Write>::write_fmt
[INFO] [stdout]    3:     0x5704dddaa106 - std[97b98282bc616a66]::panicking::default_hook::{closure#0}
[INFO] [stdout]    4:     0x5704dddc4759 - std[97b98282bc616a66]::panicking::default_hook
[INFO] [stdout]    5:     0x5704ddbdfb90 - test[39766f3d73431624]::test_main_inner::<test[39766f3d73431624]::test_main_static::{closure#0}>::{closure#0}
[INFO] [stdout]    6:     0x5704dddc4a82 - std[97b98282bc616a66]::panicking::panic_with_hook
[INFO] [stdout]    7:     0x5704dddaa1b2 - std[97b98282bc616a66]::panicking::panic_handler::{closure#0}
[INFO] [stdout]    8:     0x5704ddda1899 - std[97b98282bc616a66]::sys::backtrace::__rust_end_short_backtrace::<std[97b98282bc616a66]::panicking::panic_handler::{closure#0}, !>
[INFO] [stdout]    9:     0x5704dddaaf9d - __rustc[e3d8617bb01b7f69]::rust_begin_unwind
[INFO] [stdout]   10:     0x5704ddde3c9c - core[832e9a552fc17241]::panicking::panic_fmt
[INFO] [stdout]   11:     0x5704ddde3a72 - core[832e9a552fc17241]::result::unwrap_failed
[INFO] [stdout]   12:     0x5704ddb831ab - api_account[6324187344e92535]::common::get_db_pool::{closure#0}
[INFO] [stdout]   13:     0x5704ddb7e6f1 - api_account[6324187344e92535]::account_info_returns_correct_data::{closure#0}
[INFO] [stdout]   14:     0x5704ddb90a83 - <tokio[222cbebdf078920d]::runtime::scheduler::current_thread::Context>::enter::<core[832e9a552fc17241]::task::poll::Poll<()>, <tokio[222cbebdf078920d]::runtime::scheduler::current_thread::CoreGuard>::block_on<core[832e9a552fc17241]::pin::Pin<&mut core[832e9a552fc17241]::pin::Pin<&mut dyn core[832e9a552fc17241]::future::future::Future<Output = ()>>>>::{closure#0}::{closure#0}>
[INFO] [stdout]   15:     0x5704ddba646c - <tokio[222cbebdf078920d]::runtime::context::scoped::Scoped<tokio[222cbebdf078920d]::runtime::scheduler::Context>>::set::<<tokio[222cbebdf078920d]::runtime::scheduler::current_thread::CoreGuard>::enter<<tokio[222cbebdf078920d]::runtime::scheduler::current_thread::CoreGuard>::block_on<core[832e9a552fc17241]::pin::Pin<&mut core[832e9a552fc17241]::pin::Pin<&mut dyn core[832e9a552fc17241]::future::future::Future<Output = ()>>>>::{closure#0}, core[832e9a552fc17241]::option::Option<()>>::{closure#0}, (alloc[3ecab9f82c41dc7d]::boxed::Box<tokio[222cbebdf078920d]::runtime::scheduler::current_thread::Core>, core[832e9a552fc17241]::option::Option<()>)>
[INFO] [stdout]   16:     0x5704ddb91007 - <tokio[222cbebdf078920d]::runtime::scheduler::current_thread::CoreGuard>::block_on::<core[832e9a552fc17241]::pin::Pin<&mut core[832e9a552fc17241]::pin::Pin<&mut dyn core[832e9a552fc17241]::future::future::Future<Output = ()>>>>
[INFO] [stdout]   17:     0x5704ddbcba96 - tokio[222cbebdf078920d]::runtime::context::runtime::enter_runtime::<<tokio[222cbebdf078920d]::runtime::scheduler::current_thread::CurrentThread>::block_on<core[832e9a552fc17241]::pin::Pin<&mut dyn core[832e9a552fc17241]::future::future::Future<Output = ()>>>::{closure#0}, ()>
[INFO] [stdout]   18:     0x5704ddbc8091 - <tokio[222cbebdf078920d]::runtime::runtime::Runtime>::block_on::<core[832e9a552fc17241]::pin::Pin<&mut dyn core[832e9a552fc17241]::future::future::Future<Output = ()>>>
[INFO] [stdout]   19:     0x5704ddb852db - <api_account[6324187344e92535]::account_info_returns_correct_data::{closure#0} as core[832e9a552fc17241]::ops::function::FnOnce<()>>::call_once
[INFO] [stdout]   20:     0x5704ddbd2ecb - test[39766f3d73431624]::__rust_begin_short_backtrace::<core[832e9a552fc17241]::result::Result<(), alloc[3ecab9f82c41dc7d]::string::String>, fn() -> core[832e9a552fc17241]::result::Result<(), alloc[3ecab9f82c41dc7d]::string::String>>
[INFO] [stdout]   21:     0x5704ddbe0515 - test[39766f3d73431624]::run_test::{closure#0}
[INFO] [stdout]   22:     0x5704ddbdafc4 - std[97b98282bc616a66]::sys::backtrace::__rust_begin_short_backtrace::<test[39766f3d73431624]::run_test::{closure#1}, ()>
[INFO] [stdout]   23:     0x5704ddbe3662 - <std[97b98282bc616a66]::thread::lifecycle::spawn_unchecked<test[39766f3d73431624]::run_test::{closure#1}, ()>::{closure#1} as core[832e9a552fc17241]::ops::function::FnOnce<()>>::call_once::{shim:vtable#0}
[INFO] [stdout]   24:     0x5704dddcc26f - <std[97b98282bc616a66]::sys::thread::unix::Thread>::new::thread_start
[INFO] [stdout]   25:     0x78ed8e8be07a - <unknown>
[INFO] [stdout]   26:     0x78ed8e951534 - clone
[INFO] [stdout]   27:                0x0 - <unknown>
[INFO] [stdout] 
[INFO] [stdout] ---- account_info_is_admin_flag stdout ----
[INFO] [stdout] 
[INFO] [stdout] thread 'account_info_is_admin_flag' (3171) panicked at tests/common/mod.rs:6:10:
[INFO] [stdout] AUTH_DATABASE_URL must be set. Run ./run_tests.sh or set it manually.: NotPresent
[INFO] [stdout] stack backtrace:
[INFO] [stdout]    0:     0x5704dddcd0b1 - <<std[97b98282bc616a66]::sys::backtrace::BacktraceLock>::print::DisplayBacktrace as core[832e9a552fc17241]::fmt::Display>::fmt
[INFO] [stdout]    1:     0x5704ddde353a - core[832e9a552fc17241]::fmt::write
[INFO] [stdout]    2:     0x5704dddd1b7c - <alloc[3ecab9f82c41dc7d]::vec::Vec<u8> as std[97b98282bc616a66]::io::Write>::write_fmt
[INFO] [stdout]    3:     0x5704dddaa106 - std[97b98282bc616a66]::panicking::default_hook::{closure#0}
[INFO] [stdout]    4:     0x5704dddc4759 - std[97b98282bc616a66]::panicking::default_hook
[INFO] [stdout]    5:     0x5704ddbdfb90 - test[39766f3d73431624]::test_main_inner::<test[39766f3d73431624]::test_main_static::{closure#0}>::{closure#0}
[INFO] [stdout]    6:     0x5704dddc4a82 - std[97b98282bc616a66]::panicking::panic_with_hook
[INFO] [stdout]    7:     0x5704dddaa1b2 - std[97b98282bc616a66]::panicking::panic_handler::{closure#0}
[INFO] [stdout]    8:     0x5704ddda1899 - std[97b98282bc616a66]::sys::backtrace::__rust_end_short_backtrace::<std[97b98282bc616a66]::panicking::panic_handler::{closure#0}, !>
[INFO] [stdout]    9:     0x5704dddaaf9d - __rustc[e3d8617bb01b7f69]::rust_begin_unwind
[INFO] [stdout]   10:     0x5704ddde3c9c - core[832e9a552fc17241]::panicking::panic_fmt
[INFO] [stdout]   11:     0x5704ddde3a72 - core[832e9a552fc17241]::result::unwrap_failed
[INFO] [stdout]   12:     0x5704ddb831ab - api_account[6324187344e92535]::common::get_db_pool::{closure#0}
[INFO] [stdout]   13:     0x5704ddb7ca7e - api_account[6324187344e92535]::account_info_is_admin_flag::{closure#0}
[INFO] [stdout]   14:     0x5704ddb90a83 - <tokio[222cbebdf078920d]::runtime::scheduler::current_thread::Context>::enter::<core[832e9a552fc17241]::task::poll::Poll<()>, <tokio[222cbebdf078920d]::runtime::scheduler::current_thread::CoreGuard>::block_on<core[832e9a552fc17241]::pin::Pin<&mut core[832e9a552fc17241]::pin::Pin<&mut dyn core[832e9a552fc17241]::future::future::Future<Output = ()>>>>::{closure#0}::{closure#0}>
[INFO] [stdout]   15:     0x5704ddba646c - <tokio[222cbebdf078920d]::runtime::context::scoped::Scoped<tokio[222cbebdf078920d]::runtime::scheduler::Context>>::set::<<tokio[222cbebdf078920d]::runtime::scheduler::current_thread::CoreGuard>::enter<<tokio[222cbebdf078920d]::runtime::scheduler::current_thread::CoreGuard>::block_on<core[832e9a552fc17241]::pin::Pin<&mut core[832e9a552fc17241]::pin::Pin<&mut dyn core[832e9a552fc17241]::future::future::Future<Output = ()>>>>::{closure#0}, core[832e9a552fc17241]::option::Option<()>>::{closure#0}, (alloc[3ecab9f82c41dc7d]::boxed::Box<tokio[222cbebdf078920d]::runtime::scheduler::current_thread::Core>, core[832e9a552fc17241]::option::Option<()>)>
[INFO] [stdout]   16:     0x5704ddb91007 - <tokio[222cbebdf078920d]::runtime::scheduler::current_thread::CoreGuard>::block_on::<core[832e9a552fc17241]::pin::Pin<&mut core[832e9a552fc17241]::pin::Pin<&mut dyn core[832e9a552fc17241]::future::future::Future<Output = ()>>>>
[INFO] [stdout]   17:     0x5704ddbcba96 - tokio[222cbebdf078920d]::runtime::context::runtime::enter_runtime::<<tokio[222cbebdf078920d]::runtime::scheduler::current_thread::CurrentThread>::block_on<core[832e9a552fc17241]::pin::Pin<&mut dyn core[832e9a552fc17241]::future::future::Future<Output = ()>>>::{closure#0}, ()>
[INFO] [stdout]   18:     0x5704ddbc8091 - <tokio[222cbebdf078920d]::runtime::runtime::Runtime>::block_on::<core[832e9a552fc17241]::pin::Pin<&mut dyn core[832e9a552fc17241]::future::future::Future<Output = ()>>>
[INFO] [stdout]   19:     0x5704ddb84fdb - <api_account[6324187344e92535]::account_info_is_admin_flag::{closure#0} as core[832e9a552fc17241]::ops::function::FnOnce<()>>::call_once
[INFO] [stdout]   20:     0x5704ddbd2ecb - test[39766f3d73431624]::__rust_begin_short_backtrace::<core[832e9a552fc17241]::result::Result<(), alloc[3ecab9f82c41dc7d]::string::String>, fn() -> core[832e9a552fc17241]::result::Result<(), alloc[3ecab9f82c41dc7d]::string::String>>
[INFO] [stdout]   21:     0x5704ddbe0515 - test[39766f3d73431624]::run_test::{closure#0}
[INFO] [stdout]   22:     0x5704ddbdafc4 - std[97b98282bc616a66]::sys::backtrace::__rust_begin_short_backtrace::<test[39766f3d73431624]::run_test::{closure#1}, ()>
[INFO] [stdout]   23:     0x5704ddbe3662 - <std[97b98282bc616a66]::thread::lifecycle::spawn_unchecked<test[39766f3d73431624]::run_test::{closure#1}, ()>::{closure#1} as core[832e9a552fc17241]::ops::function::FnOnce<()>>::call_once::{shim:vtable#0}
[INFO] [stdout]   24:     0x5704dddcc26f - <std[97b98282bc616a66]::sys::thread::unix::Thread>::new::thread_start
[INFO] [stdout]   25:     0x78ed8e8be07a - <unknown>
[INFO] [stdout]   26:     0x78ed8e951534 - clone
[INFO] [stdout]   27:                0x0 - <unknown>
[INFO] [stdout] 
[INFO] [stdout] ---- account_info_unknown_user stdout ----
[INFO] [stdout] 
[INFO] [stdout] thread 'account_info_unknown_user' (3174) panicked at tests/common/mod.rs:6:10:
[INFO] [stdout] AUTH_DATABASE_URL must be set. Run ./run_tests.sh or set it manually.: NotPresent
[INFO] [stdout] stack backtrace:
[INFO] [stdout]    0:     0x5704dddcd0b1 - <<std[97b98282bc616a66]::sys::backtrace::BacktraceLock>::print::DisplayBacktrace as core[832e9a552fc17241]::fmt::Display>::fmt
[INFO] [stdout]    1:     0x5704ddde353a - core[832e9a552fc17241]::fmt::write
[INFO] [stdout]    2:     0x5704dddd1b7c - <alloc[3ecab9f82c41dc7d]::vec::Vec<u8> as std[97b98282bc616a66]::io::Write>::write_fmt
[INFO] [stdout]    3:     0x5704dddaa106 - std[97b98282bc616a66]::panicking::default_hook::{closure#0}
[INFO] [stdout]    4:     0x5704dddc4759 - std[97b98282bc616a66]::panicking::default_hook
[INFO] [stdout]    5:     0x5704ddbdfb90 - test[39766f3d73431624]::test_main_inner::<test[39766f3d73431624]::test_main_static::{closure#0}>::{closure#0}
[INFO] [stdout]    6:     0x5704dddc4a82 - std[97b98282bc616a66]::panicking::panic_with_hook
[INFO] [stdout]    7:     0x5704dddaa1b2 - std[97b98282bc616a66]::panicking::panic_handler::{closure#0}
[INFO] [stdout]    8:     0x5704ddda1899 - std[97b98282bc616a66]::sys::backtrace::__rust_end_short_backtrace::<std[97b98282bc616a66]::panicking::panic_handler::{closure#0}, !>
[INFO] [stdout]    9:     0x5704dddaaf9d - __rustc[e3d8617bb01b7f69]::rust_begin_unwind
[INFO] [stdout]   10:     0x5704ddde3c9c - core[832e9a552fc17241]::panicking::panic_fmt
[INFO] [stdout]   11:     0x5704ddde3a72 - core[832e9a552fc17241]::result::unwrap_failed
[INFO] [stdout]   12:     0x5704ddb831ab - api_account[6324187344e92535]::common::get_db_pool::{closure#0}
[INFO] [stdout]   13:     0x5704ddb7c6f1 - api_account[6324187344e92535]::account_info_unknown_user::{closure#0}
[INFO] [stdout]   14:     0x5704ddb90a83 - <tokio[222cbebdf078920d]::runtime::scheduler::current_thread::Context>::enter::<core[832e9a552fc17241]::task::poll::Poll<()>, <tokio[222cbebdf078920d]::runtime::scheduler::current_thread::CoreGuard>::block_on<core[832e9a552fc17241]::pin::Pin<&mut core[832e9a552fc17241]::pin::Pin<&mut dyn core[832e9a552fc17241]::future::future::Future<Output = ()>>>>::{closure#0}::{closure#0}>
[INFO] [stdout]   15:     0x5704ddba646c - <tokio[222cbebdf078920d]::runtime::context::scoped::Scoped<tokio[222cbebdf078920d]::runtime::scheduler::Context>>::set::<<tokio[222cbebdf078920d]::runtime::scheduler::current_thread::CoreGuard>::enter<<tokio[222cbebdf078920d]::runtime::scheduler::current_thread::CoreGuard>::block_on<core[832e9a552fc17241]::pin::Pin<&mut core[832e9a552fc17241]::pin::Pin<&mut dyn core[832e9a552fc17241]::future::future::Future<Output = ()>>>>::{closure#0}, core[832e9a552fc17241]::option::Option<()>>::{closure#0}, (alloc[3ecab9f82c41dc7d]::boxed::Box<tokio[222cbebdf078920d]::runtime::scheduler::current_thread::Core>, core[832e9a552fc17241]::option::Option<()>)>
[INFO] [stdout]   16:     0x5704ddb91007 - <tokio[222cbebdf078920d]::runtime::scheduler::current_thread::CoreGuard>::block_on::<core[832e9a552fc17241]::pin::Pin<&mut core[832e9a552fc17241]::pin::Pin<&mut dyn core[832e9a552fc17241]::future::future::Future<Output = ()>>>>
[INFO] [stdout]   17:     0x5704ddbcba96 - tokio[222cbebdf078920d]::runtime::context::runtime::enter_runtime::<<tokio[222cbebdf078920d]::runtime::scheduler::current_thread::CurrentThread>::block_on<core[832e9a552fc17241]::pin::Pin<&mut dyn core[832e9a552fc17241]::future::future::Future<Output = ()>>>::{closure#0}, ()>
[INFO] [stdout]   18:     0x5704ddbc8091 - <tokio[222cbebdf078920d]::runtime::runtime::Runtime>::block_on::<core[832e9a552fc17241]::pin::Pin<&mut dyn core[832e9a552fc17241]::future::future::Future<Output = ()>>>
[INFO] [stdout]   19:     0x5704ddb84e5b - <api_account[6324187344e92535]::account_info_unknown_user::{closure#0} as core[832e9a552fc17241]::ops::function::FnOnce<()>>::call_once
[INFO] [stdout]   20:     0x5704ddbd2ecb - test[39766f3d73431624]::__rust_begin_short_backtrace::<core[832e9a552fc17241]::result::Result<(), alloc[3ecab9f82c41dc7d]::string::String>, fn() -> core[832e9a552fc17241]::result::Result<(), alloc[3ecab9f82c41dc7d]::string::String>>
[INFO] [stdout]   21:     0x5704ddbe0515 - test[39766f3d73431624]::run_test::{closure#0}
[INFO] [stdout]   22:     0x5704ddbdafc4 - std[97b98282bc616a66]::sys::backtrace::__rust_begin_short_backtrace::<test[39766f3d73431624]::run_test::{closure#1}, ()>
[INFO] [stdout]   23:     0x5704ddbe3662 - <std[97b98282bc616a66]::thread::lifecycle::spawn_unchecked<test[39766f3d73431624]::run_test::{closure#1}, ()>::{closure#1} as core[832e9a552fc17241]::ops::function::FnOnce<()>>::call_once::{shim:vtable#0}
[INFO] [stdout]   24:     0x5704dddcc26f - <std[97b98282bc616a66]::sys::thread::unix::Thread>::new::thread_start
[INFO] [stdout]   25:     0x78ed8e8be07a - <unknown>
[INFO] [stdout]   26:     0x78ed8e951534 - clone
[INFO] [stdout]   27:                0x0 - <unknown>
[INFO] [stdout] 
[INFO] [stdout] 
[INFO] [stdout] failures:
[INFO] [stdout]     account_info_is_admin_flag
[INFO] [stdout]     account_info_returns_correct_data
[INFO] [stdout]     account_info_timestamps_are_set
[INFO] [stdout]     account_info_unknown_user
[INFO] [stdout] 
[INFO] [stdout] test result: FAILED. 0 passed; 4 failed; 0 ignored; 0 measured; 0 filtered out; finished in 0.00s
[INFO] [stdout] 
[INFO] [stderr] error: test failed, to rerun pass `--test api_account`
[INFO] running `Command { std: "docker" "inspect" "093e3a22d3d0e3c6fdab926dce9085b1606c9ef6fa44f3285c901b7813859927", kill_on_drop: false }`
[INFO] running `Command { std: "docker" "rm" "-f" "093e3a22d3d0e3c6fdab926dce9085b1606c9ef6fa44f3285c901b7813859927", kill_on_drop: false }`
[INFO] [stdout] 093e3a22d3d0e3c6fdab926dce9085b1606c9ef6fa44f3285c901b7813859927
