[INFO] cloning repository https://github.com/Monbuticloud/serde_save_lib
[INFO] running `Command { std: "git" "-c" "credential.helper=" "-c" "credential.helper=/workspace/cargo-home/bin/git-credential-null" "clone" "--bare" "https://github.com/Monbuticloud/serde_save_lib" "/workspace/cache/git-repos/https%3A%2F%2Fgithub.com%2FMonbuticloud%2Fserde_save_lib", kill_on_drop: false }`
[INFO] [stderr] Cloning into bare repository '/workspace/cache/git-repos/https%3A%2F%2Fgithub.com%2FMonbuticloud%2Fserde_save_lib'...
[INFO] running `Command { std: "git" "rev-parse" "HEAD", kill_on_drop: false }`
[INFO] [stdout] e3125ea6e584d89a7ba55661e56f4f674b9aef00
[INFO] testing Monbuticloud/serde_save_lib against 1.98.0-beta.8+cargoflags=--release for beta-release-1.99-2
[INFO] running `Command { std: "git" "clone" "/workspace/cache/git-repos/https%3A%2F%2Fgithub.com%2FMonbuticloud%2Fserde_save_lib" "/workspace/builds/worker-0-tc1/source", kill_on_drop: false }`
[INFO] [stderr] Cloning into '/workspace/builds/worker-0-tc1/source'...
[INFO] [stderr] done.
[INFO] removed /workspace/builds/worker-0-tc1/source/.cargo/config.toml
[INFO] started tweaking git repo https://github.com/Monbuticloud/serde_save_lib
[INFO] finished tweaking git repo https://github.com/Monbuticloud/serde_save_lib
[INFO] tweaked toml for git repo https://github.com/Monbuticloud/serde_save_lib written to /workspace/builds/worker-0-tc1/source/Cargo.toml
[INFO] validating manifest of git repo https://github.com/Monbuticloud/serde_save_lib on toolchain 1.98.0-beta.8
[INFO] running `Command { std: CARGO_HOME="/workspace/cargo-home" RUSTUP_HOME="/workspace/rustup-home" "/workspace/cargo-home/bin/cargo" "+1.98.0-beta.8" "metadata" "--manifest-path" "Cargo.toml" "--no-deps", kill_on_drop: false }`
[INFO] crate git repo https://github.com/Monbuticloud/serde_save_lib already has a lockfile, it will not be regenerated
[INFO] running `Command { std: CARGO_HOME="/workspace/cargo-home" RUSTUP_HOME="/workspace/rustup-home" "/workspace/cargo-home/bin/cargo" "+1.98.0-beta.8" "fetch" "--manifest-path" "Cargo.toml", kill_on_drop: false }`
[INFO] running `Command { std: "docker" "create" "-v" "/var/lib/crater-agent-workspace/builds/worker-0-tc1/source:/opt/rustwide/workdir:ro,Z" "-v" "/var/lib/crater-agent-workspace/builds/worker-0-tc1/target:/opt/rustwide/target:rw,Z" "-v" "/var/lib/crater-agent-workspace/cargo-home:/opt/rustwide/cargo-home:ro,Z" "-v" "/var/lib/crater-agent-workspace/rustup-home:/opt/rustwide/rustup-home:ro,Z" "-m" "1610612736" "--network" "none" "ghcr.io/rust-lang/crates-build-env/linux@sha256:8683fc1fc2eb5c9ac98e0d076ab094b2ffac7f99da555d2b6a2e27f346de2ec7" "sleep" "infinity", kill_on_drop: false }`
[INFO] [stdout] f9c9d10192b7a10dca065a265908f008d144714c18fea62e104ac196a386c602
[INFO] running `Command { std: "docker" "start" "f9c9d10192b7a10dca065a265908f008d144714c18fea62e104ac196a386c602", kill_on_drop: false }`
[INFO] running `Command { std: "docker" "inspect" "f9c9d10192b7a10dca065a265908f008d144714c18fea62e104ac196a386c602", kill_on_drop: false }`
[INFO] running `Command { std: "docker" "exec" "-e" "SOURCE_DIR=/opt/rustwide/workdir" "-e" "CARGO_HOME=/opt/rustwide/cargo-home" "-e" "RUSTUP_HOME=/opt/rustwide/rustup-home" "-e" "CARGO_TARGET_DIR=/opt/rustwide/target" "-w" "/opt/rustwide/workdir" "--user" "0:0" "f9c9d10192b7a10dca065a265908f008d144714c18fea62e104ac196a386c602" "/opt/rustwide/cargo-home/bin/cargo" "+1.98.0-beta.8" "metadata" "--no-deps" "--format-version=1", kill_on_drop: false }`
[INFO] running `Command { std: "docker" "inspect" "f9c9d10192b7a10dca065a265908f008d144714c18fea62e104ac196a386c602", kill_on_drop: false }`
[INFO] running `Command { std: "docker" "exec" "-e" "SOURCE_DIR=/opt/rustwide/workdir" "-e" "CARGO_HOME=/opt/rustwide/cargo-home" "-e" "RUSTUP_HOME=/opt/rustwide/rustup-home" "-e" "CARGO_TARGET_DIR=/opt/rustwide/target" "-e" "CARGO_INCREMENTAL=0" "-e" "RUST_BACKTRACE=full" "-e" "RUSTFLAGS=--cap-lints=warn" "-e" "RUSTDOCFLAGS=--cap-lints=warn" "-w" "/opt/rustwide/workdir" "--user" "0:0" "f9c9d10192b7a10dca065a265908f008d144714c18fea62e104ac196a386c602" "/opt/rustwide/cargo-home/bin/cargo" "+1.98.0-beta.8" "build" "--frozen" "--message-format=json" "--release", kill_on_drop: false }`
[INFO] [stderr]    Compiling libc v0.2.186
[INFO] [stderr]    Compiling proc-macro2 v1.0.106
[INFO] [stderr]    Compiling unicode-ident v1.0.24
[INFO] [stderr]    Compiling quote v1.0.45
[INFO] [stderr]    Compiling serde_core v1.0.228
[INFO] [stderr]    Compiling gmp-mpfr-sys v1.7.1
[INFO] [stderr]    Compiling shlex v1.3.0
[INFO] [stderr]    Compiling cfg-if v1.0.4
[INFO] [stderr]    Compiling parking_lot_core v0.9.12
[INFO] [stderr]    Compiling find-msvc-tools v0.1.9
[INFO] [stderr]    Compiling zmij v1.0.21
[INFO] [stderr]    Compiling scopeguard v1.2.0
[INFO] [stderr]    Compiling smallvec v1.15.1
[INFO] [stderr]    Compiling libm v0.2.16
[INFO] [stderr]    Compiling rug v1.30.0
[INFO] [stderr]    Compiling serde v1.0.228
[INFO] [stderr]    Compiling lock_api v0.4.14
[INFO] [stderr]    Compiling anyhow v1.0.102
[INFO] [stderr]    Compiling thiserror v2.0.18
[INFO] [stderr]    Compiling serde_json v1.0.149
[INFO] [stderr]    Compiling arrayvec v0.7.6
[INFO] [stderr]    Compiling cc v1.2.62
[INFO] [stderr]    Compiling az v1.3.0
[INFO] [stderr]    Compiling arrayref v0.3.9
[INFO] [stderr]    Compiling constant_time_eq v0.4.2
[INFO] [stderr]    Compiling memchr v2.8.0
[INFO] [stderr]    Compiling cpufeatures v0.3.0
[INFO] [stderr]    Compiling pin-project-lite v0.2.17
[INFO] [stderr]    Compiling bytes v1.11.1
[INFO] [stderr]    Compiling itoa v1.0.18
[INFO] [stderr]    Compiling syn v2.0.117
[INFO] [stderr]    Compiling blake3 v1.8.5
[INFO] [stderr]    Compiling errno v0.3.14
[INFO] [stderr]    Compiling mio v1.2.0
[INFO] [stderr]    Compiling socket2 v0.6.3
[INFO] [stderr]    Compiling signal-hook-registry v1.4.8
[INFO] [stderr]    Compiling parking_lot v0.12.5
[INFO] [stderr]    Compiling tokio-macros v2.7.0
[INFO] [stderr]    Compiling serde_derive v1.0.228
[INFO] [stderr]    Compiling thiserror-impl v2.0.18
[INFO] [stderr]    Compiling tokio v1.52.1
[INFO] [stderr]    Compiling serde_save_lib v0.1.1 (/opt/rustwide/workdir)
[INFO] [stderr]     Finished `release` profile [optimized] target(s) in 5m 11s
[INFO] running `Command { std: "docker" "inspect" "f9c9d10192b7a10dca065a265908f008d144714c18fea62e104ac196a386c602", kill_on_drop: false }`
[INFO] running `Command { std: "docker" "exec" "-e" "SOURCE_DIR=/opt/rustwide/workdir" "-e" "CARGO_HOME=/opt/rustwide/cargo-home" "-e" "RUSTUP_HOME=/opt/rustwide/rustup-home" "-e" "CARGO_TARGET_DIR=/opt/rustwide/target" "-e" "CARGO_INCREMENTAL=0" "-e" "RUST_BACKTRACE=full" "-e" "RUSTFLAGS=--cap-lints=warn" "-e" "RUSTDOCFLAGS=--cap-lints=warn" "-w" "/opt/rustwide/workdir" "--user" "0:0" "f9c9d10192b7a10dca065a265908f008d144714c18fea62e104ac196a386c602" "/opt/rustwide/cargo-home/bin/cargo" "+1.98.0-beta.8" "test" "--frozen" "--no-run" "--message-format=json" "--release", kill_on_drop: false }`
[INFO] [stderr]    Compiling libc v0.2.186
[INFO] [stderr]    Compiling cfg-if v1.0.4
[INFO] [stderr]    Compiling scopeguard v1.2.0
[INFO] [stderr]    Compiling smallvec v1.15.1
[INFO] [stderr]    Compiling serde_core v1.0.228
[INFO] [stderr]    Compiling zmij v1.0.21
[INFO] [stderr]    Compiling libm v0.2.16
[INFO] [stderr]    Compiling memchr v2.8.0
[INFO] [stderr]    Compiling az v1.3.0
[INFO] [stderr]    Compiling paste v1.0.15
[INFO] [stderr]    Compiling arrayvec v0.7.6
[INFO] [stderr]    Compiling cpufeatures v0.3.0
[INFO] [stderr]    Compiling itoa v1.0.18
[INFO] [stderr]    Compiling constant_time_eq v0.4.2
[INFO] [stderr]    Compiling bytes v1.11.1
[INFO] [stderr]    Compiling arrayref v0.3.9
[INFO] [stderr]    Compiling pin-project-lite v0.2.17
[INFO] [stderr]    Compiling thiserror v2.0.18
[INFO] [stderr]    Compiling lock_api v0.4.14
[INFO] [stderr]    Compiling anyhow v1.0.102
[INFO] [stderr]    Compiling blake3 v1.8.5
[INFO] [stderr]    Compiling errno v0.3.14
[INFO] [stderr]    Compiling parking_lot_core v0.9.12
[INFO] [stderr]    Compiling mio v1.2.0
[INFO] [stderr]    Compiling socket2 v0.6.3
[INFO] [stderr]    Compiling gmp-mpfr-sys v1.7.1
[INFO] [stderr]    Compiling signal-hook-registry v1.4.8
[INFO] [stderr]    Compiling parking_lot v0.12.5
[INFO] [stderr]    Compiling rug v1.30.0
[INFO] [stderr]    Compiling tokio v1.52.1
[INFO] [stderr]    Compiling serde_json v1.0.149
[INFO] [stderr]    Compiling serde v1.0.228
[INFO] [stderr]    Compiling serde_save_lib v0.1.1 (/opt/rustwide/workdir)
[INFO] [stderr]     Finished `release` profile [optimized] target(s) in 37.89s
[INFO] running `Command { std: "docker" "inspect" "f9c9d10192b7a10dca065a265908f008d144714c18fea62e104ac196a386c602", kill_on_drop: false }`
[INFO] running `Command { std: "docker" "exec" "-e" "SOURCE_DIR=/opt/rustwide/workdir" "-e" "CARGO_HOME=/opt/rustwide/cargo-home" "-e" "RUSTUP_HOME=/opt/rustwide/rustup-home" "-e" "CARGO_TARGET_DIR=/opt/rustwide/target" "-e" "CARGO_INCREMENTAL=0" "-e" "RUST_BACKTRACE=full" "-e" "RUSTFLAGS=--cap-lints=warn" "-e" "RUSTDOCFLAGS=--cap-lints=warn" "-w" "/opt/rustwide/workdir" "--user" "0:0" "f9c9d10192b7a10dca065a265908f008d144714c18fea62e104ac196a386c602" "/opt/rustwide/cargo-home/bin/cargo" "+1.98.0-beta.8" "test" "--frozen" "--release", kill_on_drop: false }`
[INFO] [stderr]     Finished `release` profile [optimized] target(s) in 0.08s
[INFO] [stderr]      Running unittests src/lib.rs (/opt/rustwide/target/release/deps/serde_save_lib-314abf513ca04349)
[INFO] [stdout] 
[INFO] [stdout] running 25 tests
[INFO] [stdout] test tests::case_data_post_get_with_display_default_norm_disable_cache ... ok
[INFO] [stdout] test tests::case_data_post_get_with_display_default_norm_hash_cache ... ok
[INFO] [stdout] test tests::case_data_post_get_without_display_default_norm_disable_cache ... ok
[INFO] [stdout] test tests::cache_read_normalizes_json_by_default ... FAILED
[INFO] [stdout] test tests::case_data_post_get_without_display_default_norm_hash_cache ... ok
[INFO] [stdout] test tests::case_json_string_post_get_with_display_default_norm_disable_cache ... ok
[INFO] [stdout] test tests::case_json_string_post_get_with_display_default_norm_hash_cache ... ok
[INFO] [stdout] test tests::case_json_string_post_get_without_display_default_norm_disable_cache ... ok
[INFO] [stdout] test tests::case_json_string_post_get_without_display_default_norm_hash_cache ... ok
[INFO] [stdout] test tests::case_data_read_write_async_with_display_default_norm_disable_cache ... FAILED
[INFO] [stdout] test tests::case_data_read_write_async_without_display_default_norm_disable_cache ... FAILED
[INFO] [stdout] test tests::case_data_read_write_async_without_display_default_norm_hash_cache ... FAILED
[INFO] [stdout] test tests::case_json_string_read_write_sync_with_display_default_norm_disable_cache ... FAILED
[INFO] [stdout] test tests::case_json_string_read_write_sync_with_display_default_norm_hash_cache ... FAILED
[INFO] [stdout] test tests::case_json_string_read_write_async_with_display_default_norm_hash_cache ... FAILED
[INFO] [stdout] test tests::case_data_read_write_sync_without_display_default_norm_disable_cache ... FAILED
[INFO] [stdout] test tests::case_json_string_read_write_sync_without_display_default_norm_hash_cache ... FAILED
[INFO] [stdout] test tests::case_data_read_write_async_with_display_default_norm_hash_cache ... FAILED
[INFO] [stderr] error: test failed, to rerun pass `--lib`
[INFO] [stdout] test tests::case_json_string_read_write_async_without_display_default_norm_hash_cache ... FAILED
[INFO] [stdout] test tests::case_data_read_write_sync_with_display_default_norm_hash_cache ... FAILED
[INFO] [stdout] test tests::case_data_read_write_sync_without_display_default_norm_hash_cache ... FAILED
[INFO] [stdout] test tests::case_json_string_read_write_sync_without_display_default_norm_disable_cache ... FAILED
[INFO] [stdout] test tests::case_json_string_read_write_async_with_display_default_norm_disable_cache ... FAILED
[INFO] [stdout] test tests::case_data_read_write_sync_with_display_default_norm_disable_cache ... FAILED
[INFO] [stdout] test tests::case_json_string_read_write_async_without_display_default_norm_disable_cache ... FAILED
[INFO] [stdout] 
[INFO] [stdout] failures:
[INFO] [stdout] 
[INFO] [stdout] ---- tests::cache_read_normalizes_json_by_default stdout ----
[INFO] [stdout] 
[INFO] [stdout] thread 'tests::cache_read_normalizes_json_by_default' (101645) panicked at src/tests.rs:382:37:
[INFO] [stdout] called `Result::unwrap()` on an `Err` value: Os { code: 2, kind: NotFound, message: "No such file or directory" }
[INFO] [stdout] stack backtrace:
[INFO] [stdout]    0:     0x5b3555e9ba26 - <unknown>
[INFO] [stdout]    1:     0x5b3555e7bd8a - <unknown>
[INFO] [stdout]    2:     0x5b3555e9af7b - <unknown>
[INFO] [stdout]    3:     0x5b3555e9aa7f - <unknown>
[INFO] [stdout]    4:     0x5b3555e9a6aa - <unknown>
[INFO] [stdout]    5:     0x5b3555e9a211 - <unknown>
[INFO] [stdout]    6:     0x5b3555ec3471 - <unknown>
[INFO] [stdout]    7:     0x5b3555ec3429 - <unknown>
[INFO] [stdout]    8:     0x5b3555ec392c - <unknown>
[INFO] [stdout]    9:     0x5b3555e7bc1b - <unknown>
[INFO] [stdout]   10:     0x5b3555e7f081 - <unknown>
[INFO] [stdout]   11:     0x5b3555e66486 - <unknown>
[INFO] [stdout]   12:     0x5b3555ede51b - <unknown>
[INFO] [stdout]   13:     0x5b3555ed9ae2 - <unknown>
[INFO] [stdout]   14:     0x5b3555ed955c - <unknown>
[INFO] [stdout]   15:     0x5b3555ef3eec - <unknown>
[INFO] [stdout]   16:     0x5b3555ec4ec9 - <unknown>
[INFO] [stdout]   17:     0x7eb62df7607a - <unknown>
[INFO] [stdout]   18:     0x7eb62e009534 - clone
[INFO] [stdout]   19:                0x0 - <unknown>
[INFO] [stdout] 
[INFO] [stdout] ---- tests::case_data_read_write_async_with_display_default_norm_disable_cache stdout ----
[INFO] [stdout] 
[INFO] [stdout] thread 'tests::case_data_read_write_async_with_display_default_norm_disable_cache' (101650) panicked at src/tests.rs:361:61:
[INFO] [stdout] called `Result::unwrap()` on an `Err` value: IoError(Os { code: 2, kind: NotFound, message: "No such file or directory" })
[INFO] [stdout] stack backtrace:
[INFO] [stdout]    0:     0x5b3555e9ba26 - <unknown>
[INFO] [stdout]    1:     0x5b3555e7bd8a - <unknown>
[INFO] [stdout]    2:     0x5b3555e9af7b - <unknown>
[INFO] [stdout]    3:     0x5b3555e9aa7f - <unknown>
[INFO] [stdout]    4:     0x5b3555e9a6aa - <unknown>
[INFO] [stdout]    5:     0x5b3555e9a211 - <unknown>
[INFO] [stdout]    6:     0x5b3555ec3471 - <unknown>
[INFO] [stdout]    7:     0x5b3555ec3429 - <unknown>
[INFO] [stdout]    8:     0x5b3555ec392c - <unknown>
[INFO] [stdout]    9:     0x5b3555e7bc1b - <unknown>
[INFO] [stdout]   10:     0x5b3555e7f081 - <unknown>
[INFO] [stdout]   11:     0x5b3555e5f47a - <unknown>
[INFO] [stdout]   12:     0x5b3555e6a859 - <unknown>
[INFO] [stdout]   13:     0x5b3555ede51b - <unknown>
[INFO] [stdout]   14:     0x5b3555ed9ae2 - <unknown>
[INFO] [stdout]   15:     0x5b3555ed955c - <unknown>
[INFO] [stdout]   16:     0x5b3555ef3eec - <unknown>
[INFO] [stdout]   17:     0x5b3555ec4ec9 - <unknown>
[INFO] [stdout]   18:     0x7eb62df7607a - <unknown>
[INFO] [stdout]   19:     0x7eb62e009534 - clone
[INFO] [stdout]   20:                0x0 - <unknown>
[INFO] [stdout] 
[INFO] [stdout] ---- tests::case_data_read_write_async_without_display_default_norm_disable_cache stdout ----
[INFO] [stdout] 
[INFO] [stdout] thread 'tests::case_data_read_write_async_without_display_default_norm_disable_cache' (101652) panicked at src/tests.rs:361:61:
[INFO] [stdout] called `Result::unwrap()` on an `Err` value: IoError(Os { code: 2, kind: NotFound, message: "No such file or directory" })
[INFO] [stdout] stack backtrace:
[INFO] [stdout]    0:     0x5b3555e9ba26 - <unknown>
[INFO] [stdout]    1:     0x5b3555e7bd8a - <unknown>
[INFO] [stdout]    2:     0x5b3555e9af7b - <unknown>
[INFO] [stdout]    3:     0x5b3555e9aa7f - <unknown>
[INFO] [stdout]    4:     0x5b3555e9a6aa - <unknown>
[INFO] [stdout]    5:     0x5b3555e9a211 - <unknown>
[INFO] [stdout]    6:     0x5b3555ec3471 - <unknown>
[INFO] [stdout]    7:     0x5b3555ec3429 - <unknown>
[INFO] [stdout]    8:     0x5b3555ec392c - <unknown>
[INFO] [stdout]    9:     0x5b3555e7bc1b - <unknown>
[INFO] [stdout]   10:     0x5b3555e7f081 - <unknown>
[INFO] [stdout]   11:     0x5b3555e5f47a - <unknown>
[INFO] [stdout]   12:     0x5b3555e6e749 - <unknown>
[INFO] [stdout]   13:     0x5b3555ede51b - <unknown>
[INFO] [stdout]   14:     0x5b3555ed9ae2 - <unknown>
[INFO] [stdout]   15:     0x5b3555ed955c - <unknown>
[INFO] [stdout]   16:     0x5b3555ef3eec - <unknown>
[INFO] [stdout]   17:     0x5b3555ec4ec9 - <unknown>
[INFO] [stdout]   18:     0x7eb62df7607a - <unknown>
[INFO] [stdout]   19:     0x7eb62e009534 - clone
[INFO] [stdout]   20:                0x0 - <unknown>
[INFO] [stdout] 
[INFO] [stdout] ---- tests::case_data_read_write_async_without_display_default_norm_hash_cache stdout ----
[INFO] [stdout] 
[INFO] [stdout] thread 'tests::case_data_read_write_async_without_display_default_norm_hash_cache' (101653) panicked at src/tests.rs:361:61:
[INFO] [stdout] called `Result::unwrap()` on an `Err` value: IoError(Os { code: 2, kind: NotFound, message: "No such file or directory" })
[INFO] [stdout] stack backtrace:
[INFO] [stdout]    0:     0x5b3555e9ba26 - <unknown>
[INFO] [stdout]    1:     0x5b3555e7bd8a - <unknown>
[INFO] [stdout]    2:     0x5b3555e9af7b - <unknown>
[INFO] [stdout]    3:     0x5b3555e9aa7f - <unknown>
[INFO] [stdout]    4:     0x5b3555e9a6aa - <unknown>
[INFO] [stdout]    5:     0x5b3555e9a211 - <unknown>
[INFO] [stdout]    6:     0x5b3555ec3471 - <unknown>
[INFO] [stdout]    7:     0x5b3555ec3429 - <unknown>
[INFO] [stdout]    8:     0x5b3555ec392c - <unknown>
[INFO] [stdout]    9:     0x5b3555e7bc1b - <unknown>
[INFO] [stdout]   10:     0x5b3555e7f081 - <unknown>
[INFO] [stdout]   11:     0x5b3555e5f47a - <unknown>
[INFO] [stdout]   12:     0x5b3555e6c399 - <unknown>
[INFO] [stdout]   13:     0x5b3555ede51b - <unknown>
[INFO] [stdout]   14:     0x5b3555ed9ae2 - <unknown>
[INFO] [stdout]   15:     0x5b3555ed955c - <unknown>
[INFO] [stdout]   16:     0x5b3555ef3eec - <unknown>
[INFO] [stdout]   17:     0x5b3555ec4ec9 - <unknown>
[INFO] [stdout]   18:     0x7eb62df7607a - <unknown>
[INFO] [stdout]   19:     0x7eb62e009534 - clone
[INFO] [stdout]   20:                0x0 - <unknown>
[INFO] [stdout] 
[INFO] [stdout] ---- tests::case_json_string_read_write_sync_with_display_default_norm_disable_cache stdout ----
[INFO] [stdout] 
[INFO] [stdout] thread 'tests::case_json_string_read_write_sync_with_display_default_norm_disable_cache' (101680) panicked at src/tests.rs:343:98:
[INFO] [stdout] called `Result::unwrap()` on an `Err` value: IoError(Os { code: 2, kind: NotFound, message: "No such file or directory" })
[INFO] [stdout] stack backtrace:
[INFO] [stdout]    0:     0x5b3555e9ba26 - <unknown>
[INFO] [stdout]    1:     0x5b3555e7bd8a - <unknown>
[INFO] [stdout]    2:     0x5b3555e9af7b - <unknown>
[INFO] [stdout]    3:     0x5b3555e9aa7f - <unknown>
[INFO] [stdout]    4:     0x5b3555e9a6aa - <unknown>
[INFO] [stdout]    5:     0x5b3555e9a211 - <unknown>
[INFO] [stdout]    6:     0x5b3555ec3471 - <unknown>
[INFO] [stdout]    7:     0x5b3555ec3429 - <unknown>
[INFO] [stdout]    8:     0x5b3555ec392c - <unknown>
[INFO] [stdout]    9:     0x5b3555e7bc1b - <unknown>
[INFO] [stdout]   10:     0x5b3555e7f081 - <unknown>
[INFO] [stdout]   11:     0x5b3555e7240a - <unknown>
[INFO] [stdout]   12:     0x5b3555ede51b - <unknown>
[INFO] [stdout]   13:     0x5b3555ed9ae2 - <unknown>
[INFO] [stdout]   14:     0x5b3555ed955c - <unknown>
[INFO] [stdout]   15:     0x5b3555ef3eec - <unknown>
[INFO] [stdout]   16:     0x5b3555ec4ec9 - <unknown>
[INFO] [stdout]   17:     0x7eb62df7607a - <unknown>
[INFO] [stdout]   18:     0x7eb62e009534 - clone
[INFO] [stdout]   19:                0x0 - <unknown>
[INFO] [stdout] 
[INFO] [stdout] ---- tests::case_json_string_read_write_sync_with_display_default_norm_hash_cache stdout ----
[INFO] [stdout] 
[INFO] [stdout] thread 'tests::case_json_string_read_write_sync_with_display_default_norm_hash_cache' (101681) panicked at src/tests.rs:343:98:
[INFO] [stdout] called `Result::unwrap()` on an `Err` value: IoError(Os { code: 2, kind: NotFound, message: "No such file or directory" })
[INFO] [stdout] stack backtrace:
[INFO] [stdout]    0:     0x5b3555e9ba26 - <unknown>
[INFO] [stdout]    1:     0x5b3555e7bd8a - <unknown>
[INFO] [stdout]    2:     0x5b3555e9af7b - <unknown>
[INFO] [stdout]    3:     0x5b3555e9aa7f - <unknown>
[INFO] [stdout]    4:     0x5b3555e9a6aa - <unknown>
[INFO] [stdout]    5:     0x5b3555e9a211 - <unknown>
[INFO] [stdout]    6:     0x5b3555ec3471 - <unknown>
[INFO] [stdout]    7:     0x5b3555ec3429 - <unknown>
[INFO] [stdout]    8:     0x5b3555ec392c - <unknown>
[INFO] [stdout]    9:     0x5b3555e7bc1b - <unknown>
[INFO] [stdout]   10:     0x5b3555e7f081 - <unknown>
[INFO] [stdout]   11:     0x5b3555e701e3 - <unknown>
[INFO] [stdout]   12:     0x5b3555ede51b - <unknown>
[INFO] [stdout]   13:     0x5b3555ed9ae2 - <unknown>
[INFO] [stdout]   14:     0x5b3555ed955c - <unknown>
[INFO] [stdout]   15:     0x5b3555ef3eec - <unknown>
[INFO] [stdout]   16:     0x5b3555ec4ec9 - <unknown>
[INFO] [stdout]   17:     0x7eb62df7607a - <unknown>
[INFO] [stdout]   18:     0x7eb62e009534 - clone
[INFO] [stdout]   19:                0x0 - <unknown>
[INFO] [stdout] 
[INFO] [stdout] ---- tests::case_json_string_read_write_async_with_display_default_norm_hash_cache stdout ----
[INFO] [stdout] 
[INFO] [stdout] thread 'tests::case_json_string_read_write_async_with_display_default_norm_hash_cache' (101677) panicked at src/tests.rs:361:61:
[INFO] [stdout] called `Result::unwrap()` on an `Err` value: IoError(Os { code: 2, kind: NotFound, message: "No such file or directory" })
[INFO] [stdout] stack backtrace:
[INFO] [stdout]    0:     0x5b3555e9ba26 - <unknown>
[INFO] [stdout]    1:     0x5b3555e7bd8a - <unknown>
[INFO] [stdout]    2:     0x5b3555e9af7b - <unknown>
[INFO] [stdout]    3:     0x5b3555e9aa7f - <unknown>
[INFO] [stdout]    4:     0x5b3555e9a6aa - <unknown>
[INFO] [stdout]    5:     0x5b3555e9a211 - <unknown>
[INFO] [stdout]    6:     0x5b3555ec3471 - <unknown>
[INFO] [stdout]    7:     0x5b3555ec3429 - <unknown>
[INFO] [stdout]    8:     0x5b3555ec392c - <unknown>
[INFO] [stdout]    9:     0x5b3555e7bc1b - <unknown>
[INFO] [stdout]   10:     0x5b3555e7f081 - <unknown>
[INFO] [stdout]   11:     0x5b3555e5f47a - <unknown>
[INFO] [stdout]   12:     0x5b3555e70989 - <unknown>
[INFO] [stdout]   13:     0x5b3555ede51b - <unknown>
[INFO] [stdout]   14:     0x5b3555ed9ae2 - <unknown>
[INFO] [stdout]   15:     0x5b3555ed955c - <unknown>
[INFO] [stdout]   16:     0x5b3555ef3eec - <unknown>
[INFO] [stdout]   17:     0x5b3555ec4ec9 - <unknown>
[INFO] [stdout]   18:     0x7eb62df7607a - <unknown>
[INFO] [stdout]   19:     0x7eb62e009534 - clone
[INFO] [stdout]   20:                0x0 - <unknown>
[INFO] [stdout] 
[INFO] [stdout] ---- tests::case_data_read_write_sync_without_display_default_norm_disable_cache stdout ----
[INFO] [stdout] 
[INFO] [stdout] thread 'tests::case_data_read_write_sync_without_display_default_norm_disable_cache' (101656) panicked at src/tests.rs:343:98:
[INFO] [stdout] called `Result::unwrap()` on an `Err` value: IoError(Os { code: 2, kind: NotFound, message: "No such file or directory" })
[INFO] [stdout] stack backtrace:
[INFO] [stdout]    0:     0x5b3555e9ba26 - <unknown>
[INFO] [stdout]    1:     0x5b3555e7bd8a - <unknown>
[INFO] [stdout]    2:     0x5b3555e9af7b - <unknown>
[INFO] [stdout]    3:     0x5b3555e9aa7f - <unknown>
[INFO] [stdout]    4:     0x5b3555e9a6aa - <unknown>
[INFO] [stdout]    5:     0x5b3555e9a211 - <unknown>
[INFO] [stdout]    6:     0x5b3555ec3471 - <unknown>
[INFO] [stdout]    7:     0x5b3555ec3429 - <unknown>
[INFO] [stdout]    8:     0x5b3555ec392c - <unknown>
[INFO] [stdout]    9:     0x5b3555e7bc1b - <unknown>
[INFO] [stdout]   10:     0x5b3555e7f081 - <unknown>
[INFO] [stdout]   11:     0x5b3555e6de07 - <unknown>
[INFO] [stdout]   12:     0x5b3555ede51b - <unknown>
[INFO] [stdout]   13:     0x5b3555ed9ae2 - <unknown>
[INFO] [stdout]   14:     0x5b3555ed955c - <unknown>
[INFO] [stdout]   15:     0x5b3555ef3eec - <unknown>
[INFO] [stdout]   16:     0x5b3555ec4ec9 - <unknown>
[INFO] [stdout]   17:     0x7eb62df7607a - <unknown>
[INFO] [stdout]   18:     0x7eb62e009534 - clone
[INFO] [stdout]   19:                0x0 - <unknown>
[INFO] [stdout] 
[INFO] [stdout] ---- tests::case_json_string_read_write_sync_without_display_default_norm_hash_cache stdout ----
[INFO] [stdout] 
[INFO] [stdout] thread 'tests::case_json_string_read_write_sync_without_display_default_norm_hash_cache' (101725) panicked at src/tests.rs:343:98:
[INFO] [stdout] called `Result::unwrap()` on an `Err` value: IoError(Os { code: 2, kind: NotFound, message: "No such file or directory" })
[INFO] [stdout] stack backtrace:
[INFO] [stdout]    0:     0x5b3555e9ba26 - <unknown>
[INFO] [stdout]    1:     0x5b3555e7bd8a - <unknown>
[INFO] [stdout]    2:     0x5b3555e9af7b - <unknown>
[INFO] [stdout]    3:     0x5b3555e9aa7f - <unknown>
[INFO] [stdout]    4:     0x5b3555e9a6aa - <unknown>
[INFO] [stdout]    5:     0x5b3555e9a211 - <unknown>
[INFO] [stdout]    6:     0x5b3555ec3471 - <unknown>
[INFO] [stdout]    7:     0x5b3555ec3429 - <unknown>
[INFO] [stdout]    8:     0x5b3555ec392c - <unknown>
[INFO] [stdout]    9:     0x5b3555e7bc1b - <unknown>
[INFO] [stdout]   10:     0x5b3555e7f081 - <unknown>
[INFO] [stdout]   11:     0x5b3555e72ae6 - <unknown>
[INFO] [stdout]   12:     0x5b3555ede51b - <unknown>
[INFO] [stdout]   13:     0x5b3555ed9ae2 - <unknown>
[INFO] [stdout]   14:     0x5b3555ed955c - <unknown>
[INFO] [stdout]   15:     0x5b3555ef3eec - <unknown>
[INFO] [stdout]   16:     0x5b3555ec4ec9 - <unknown>
[INFO] [stdout]   17:     0x7eb62df7607a - <unknown>
[INFO] [stdout]   18:     0x7eb62e009534 - clone
[INFO] [stdout]   19:                0x0 - <unknown>
[INFO] [stdout] 
[INFO] [stdout] ---- tests::case_data_read_write_async_with_display_default_norm_hash_cache stdout ----
[INFO] [stdout] 
[INFO] [stdout] thread 'tests::case_data_read_write_async_with_display_default_norm_hash_cache' (101651) panicked at src/tests.rs:361:61:
[INFO] [stdout] called `Result::unwrap()` on an `Err` value: IoError(Os { code: 2, kind: NotFound, message: "No such file or directory" })
[INFO] [stdout] stack backtrace:
[INFO] [stdout]    0:     0x5b3555e9ba26 - <unknown>
[INFO] [stdout]    1:     0x5b3555e7bd8a - <unknown>
[INFO] [stdout]    2:     0x5b3555e9af7b - <unknown>
[INFO] [stdout]    3:     0x5b3555e9aa7f - <unknown>
[INFO] [stdout]    4:     0x5b3555e9a6aa - <unknown>
[INFO] [stdout]    5:     0x5b3555e9a211 - <unknown>
[INFO] [stdout]    6:     0x5b3555ec3471 - <unknown>
[INFO] [stdout]    7:     0x5b3555ec3429 - <unknown>
[INFO] [stdout]    8:     0x5b3555ec392c - <unknown>
[INFO] [stdout]    9:     0x5b3555e7bc1b - <unknown>
[INFO] [stdout]   10:     0x5b3555e7f081 - <unknown>
[INFO] [stdout]   11:     0x5b3555e5f47a - <unknown>
[INFO] [stdout]   12:     0x5b3555e67c09 - <unknown>
[INFO] [stdout]   13:     0x5b3555ede51b - <unknown>
[INFO] [stdout]   14:     0x5b3555ed9ae2 - <unknown>
[INFO] [stdout]   15:     0x5b3555ed955c - <unknown>
[INFO] [stdout]   16:     0x5b3555ef3eec - <unknown>
[INFO] [stdout]   17:     0x5b3555ec4ec9 - <unknown>
[INFO] [stdout]   18:     0x7eb62df7607a - <unknown>
[INFO] [stdout]   19:     0x7eb62e009534 - clone
[INFO] [stdout]   20:                0x0 - <unknown>
[INFO] [stdout] 
[INFO] [stdout] ---- tests::case_json_string_read_write_async_without_display_default_norm_hash_cache stdout ----
[INFO] [stdout] 
[INFO] [stdout] thread 'tests::case_json_string_read_write_async_without_display_default_norm_hash_cache' (101679) panicked at src/tests.rs:361:61:
[INFO] [stdout] called `Result::unwrap()` on an `Err` value: IoError(Os { code: 2, kind: NotFound, message: "No such file or directory" })
[INFO] [stdout] stack backtrace:
[INFO] [stdout]    0:     0x5b3555e9ba26 - <unknown>
[INFO] [stdout]    1:     0x5b3555e7bd8a - <unknown>
[INFO] [stdout]    2:     0x5b3555e9af7b - <unknown>
[INFO] [stdout]    3:     0x5b3555e9aa7f - <unknown>
[INFO] [stdout]    4:     0x5b3555e9a6aa - <unknown>
[INFO] [stdout]    5:     0x5b3555e9a211 - <unknown>
[INFO] [stdout]    6:     0x5b3555ec3471 - <unknown>
[INFO] [stdout]    7:     0x5b3555ec3429 - <unknown>
[INFO] [stdout]    8:     0x5b3555ec392c - <unknown>
[INFO] [stdout]    9:     0x5b3555e7bc1b - <unknown>
[INFO] [stdout]   10:     0x5b3555e7f081 - <unknown>
[INFO] [stdout]   11:     0x5b3555e5f47a - <unknown>
[INFO] [stdout]   12:     0x5b3555e74dc9 - <unknown>
[INFO] [stdout]   13:     0x5b3555ede51b - <unknown>
[INFO] [stdout]   14:     0x5b3555ed9ae2 - <unknown>
[INFO] [stdout]   15:     0x5b3555ed955c - <unknown>
[INFO] [stdout]   16:     0x5b3555ef3eec - <unknown>
[INFO] [stdout]   17:     0x5b3555ec4ec9 - <unknown>
[INFO] [stdout]   18:     0x7eb62df7607a - <unknown>
[INFO] [stdout]   19:     0x7eb62e009534 - clone
[INFO] [stdout]   20:                0x0 - <unknown>
[INFO] [stdout] 
[INFO] [stdout] ---- tests::case_data_read_write_sync_with_display_default_norm_hash_cache stdout ----
[INFO] [stdout] 
[INFO] [stdout] thread 'tests::case_data_read_write_sync_with_display_default_norm_hash_cache' (101655) panicked at src/tests.rs:343:98:
[INFO] [stdout] called `Result::unwrap()` on an `Err` value: IoError(Os { code: 2, kind: NotFound, message: "No such file or directory" })
[INFO] [stdout] stack backtrace:
[INFO] [stdout]    0:     0x5b3555e9ba26 - <unknown>
[INFO] [stdout]    1:     0x5b3555e7bd8a - <unknown>
[INFO] [stdout]    2:     0x5b3555e9af7b - <unknown>
[INFO] [stdout]    3:     0x5b3555e9aa7f - <unknown>
[INFO] [stdout]    4:     0x5b3555e9a6aa - <unknown>
[INFO] [stdout]    5:     0x5b3555e9a211 - <unknown>
[INFO] [stdout]    6:     0x5b3555ec3471 - <unknown>
[INFO] [stdout]    7:     0x5b3555ec3429 - <unknown>
[INFO] [stdout]    8:     0x5b3555ec392c - <unknown>
[INFO] [stdout]    9:     0x5b3555e7bc1b - <unknown>
[INFO] [stdout]   10:     0x5b3555e7f081 - <unknown>
[INFO] [stdout]   11:     0x5b3555e67291 - <unknown>
[INFO] [stdout]   12:     0x5b3555ede51b - <unknown>
[INFO] [stdout]   13:     0x5b3555ed9ae2 - <unknown>
[INFO] [stdout]   14:     0x5b3555ed955c - <unknown>
[INFO] [stdout]   15:     0x5b3555ef3eec - <unknown>
[INFO] [stdout]   16:     0x5b3555ec4ec9 - <unknown>
[INFO] [stdout]   17:     0x7eb62df7607a - <unknown>
[INFO] [stdout]   18:     0x7eb62e009534 - clone
[INFO] [stdout]   19:                0x0 - <unknown>
[INFO] [stdout] 
[INFO] [stdout] ---- tests::case_data_read_write_sync_without_display_default_norm_hash_cache stdout ----
[INFO] [stdout] 
[INFO] [stdout] thread 'tests::case_data_read_write_sync_without_display_default_norm_hash_cache' (101658) panicked at src/tests.rs:343:98:
[INFO] [stdout] called `Result::unwrap()` on an `Err` value: IoError(Os { code: 2, kind: NotFound, message: "No such file or directory" })
[INFO] [stdout] stack backtrace:
[INFO] [stdout]    0:     0x5b3555e9ba26 - <unknown>
[INFO] [stdout]    1:     0x5b3555e7bd8a - <unknown>
[INFO] [stdout]    2:     0x5b3555e9af7b - <unknown>
[INFO] [stdout]    3:     0x5b3555e9aa7f - <unknown>
[INFO] [stdout]    4:     0x5b3555e9a6aa - <unknown>
[INFO] [stdout]    5:     0x5b3555e9a211 - <unknown>
[INFO] [stdout]    6:     0x5b3555ec3471 - <unknown>
[INFO] [stdout]    7:     0x5b3555ec3429 - <unknown>
[INFO] [stdout]    8:     0x5b3555ec392c - <unknown>
[INFO] [stdout]    9:     0x5b3555e7bc1b - <unknown>
[INFO] [stdout]   10:     0x5b3555e7f081 - <unknown>
[INFO] [stdout]   11:     0x5b3555e69d40 - <unknown>
[INFO] [stdout]   12:     0x5b3555ede51b - <unknown>
[INFO] [stdout]   13:     0x5b3555ed9ae2 - <unknown>
[INFO] [stdout]   14:     0x5b3555ed955c - <unknown>
[INFO] [stdout]   15:     0x5b3555ef3eec - <unknown>
[INFO] [stdout]   16:     0x5b3555ec4ec9 - <unknown>
[INFO] [stdout]   17:     0x7eb62df7607a - <unknown>
[INFO] [stdout]   18:     0x7eb62e009534 - clone
[INFO] [stdout]   19:                0x0 - <unknown>
[INFO] [stdout] 
[INFO] [stdout] ---- tests::case_json_string_read_write_sync_without_display_default_norm_disable_cache stdout ----
[INFO] [stdout] 
[INFO] [stdout] thread 'tests::case_json_string_read_write_sync_without_display_default_norm_disable_cache' (101720) panicked at src/tests.rs:343:98:
[INFO] [stdout] called `Result::unwrap()` on an `Err` value: IoError(Os { code: 2, kind: NotFound, message: "No such file or directory" })
[INFO] [stdout] stack backtrace:
[INFO] [stdout]    0:     0x5b3555e9ba26 - <unknown>
[INFO] [stdout]    1:     0x5b3555e7bd8a - <unknown>
[INFO] [stdout]    2:     0x5b3555e9af7b - <unknown>
[INFO] [stdout]    3:     0x5b3555e9aa7f - <unknown>
[INFO] [stdout]    4:     0x5b3555e9a6aa - <unknown>
[INFO] [stdout]    5:     0x5b3555e9a211 - <unknown>
[INFO] [stdout]    6:     0x5b3555ec3471 - <unknown>
[INFO] [stdout]    7:     0x5b3555ec3429 - <unknown>
[INFO] [stdout]    8:     0x5b3555ec392c - <unknown>
[INFO] [stdout]    9:     0x5b3555e7bc1b - <unknown>
[INFO] [stdout]   10:     0x5b3555e7f081 - <unknown>
[INFO] [stdout]   11:     0x5b3555e7684d - <unknown>
[INFO] [stdout]   12:     0x5b3555ede51b - <unknown>
[INFO] [stdout]   13:     0x5b3555ed9ae2 - <unknown>
[INFO] [stdout]   14:     0x5b3555ed955c - <unknown>
[INFO] [stdout]   15:     0x5b3555ef3eec - <unknown>
[INFO] [stdout]   16:     0x5b3555ec4ec9 - <unknown>
[INFO] [stdout]   17:     0x7eb62df7607a - <unknown>
[INFO] [stdout]   18:     0x7eb62e009534 - clone
[INFO] [stdout]   19:                0x0 - <unknown>
[INFO] [stdout] 
[INFO] [stdout] ---- tests::case_json_string_read_write_async_with_display_default_norm_disable_cache stdout ----
[INFO] [stdout] 
[INFO] [stdout] thread 'tests::case_json_string_read_write_async_with_display_default_norm_disable_cache' (101676) panicked at src/tests.rs:361:61:
[INFO] [stdout] called `Result::unwrap()` on an `Err` value: IoError(Os { code: 2, kind: NotFound, message: "No such file or directory" })
[INFO] [stdout] stack backtrace:
[INFO] [stdout]    0:     0x5b3555e9ba26 - <unknown>
[INFO] [stdout]    1:     0x5b3555e7bd8a - <unknown>
[INFO] [stdout]    2:     0x5b3555e9af7b - <unknown>
[INFO] [stdout]    3:     0x5b3555e9aa7f - <unknown>
[INFO] [stdout]    4:     0x5b3555e9a6aa - <unknown>
[INFO] [stdout]    5:     0x5b3555e9a211 - <unknown>
[INFO] [stdout]    6:     0x5b3555ec3471 - <unknown>
[INFO] [stdout]    7:     0x5b3555ec3429 - <unknown>
[INFO] [stdout]    8:     0x5b3555ec392c - <unknown>
[INFO] [stdout]    9:     0x5b3555e7bc1b - <unknown>
[INFO] [stdout]   10:     0x5b3555e7f081 - <unknown>
[INFO] [stdout]   11:     0x5b3555e5f47a - <unknown>
[INFO] [stdout]   12:     0x5b3555e73269 - <unknown>
[INFO] [stdout]   13:     0x5b3555ede51b - <unknown>
[INFO] [stdout]   14:     0x5b3555ed9ae2 - <unknown>
[INFO] [stdout]   15:     0x5b3555ed955c - <unknown>
[INFO] [stdout]   16:     0x5b3555ef3eec - <unknown>
[INFO] [stdout]   17:     0x5b3555ec4ec9 - <unknown>
[INFO] [stdout]   18:     0x7eb62df7607a - <unknown>
[INFO] [stdout]   19:     0x7eb62e009534 - clone
[INFO] [stdout]   20:                0x0 - <unknown>
[INFO] [stdout] 
[INFO] [stdout] ---- tests::case_data_read_write_sync_with_display_default_norm_disable_cache stdout ----
[INFO] [stdout] 
[INFO] [stdout] thread 'tests::case_data_read_write_sync_with_display_default_norm_disable_cache' (101654) panicked at src/tests.rs:343:98:
[INFO] [stdout] called `Result::unwrap()` on an `Err` value: IoError(Os { code: 2, kind: NotFound, message: "No such file or directory" })
[INFO] [stdout] stack backtrace:
[INFO] [stdout]    0:     0x5b3555e9ba26 - <unknown>
[INFO] [stdout]    1:     0x5b3555e7bd8a - <unknown>
[INFO] [stdout]    2:     0x5b3555e9af7b - <unknown>
[INFO] [stdout]    3:     0x5b3555e9aa7f - <unknown>
[INFO] [stdout]    4:     0x5b3555e9a6aa - <unknown>
[INFO] [stdout]    5:     0x5b3555e9a211 - <unknown>
[INFO] [stdout]    6:     0x5b3555ec3471 - <unknown>
[INFO] [stdout]    7:     0x5b3555ec3429 - <unknown>
[INFO] [stdout]    8:     0x5b3555ec392c - <unknown>
[INFO] [stdout]    9:     0x5b3555e7bc1b - <unknown>
[INFO] [stdout]   10:     0x5b3555e7f081 - <unknown>
[INFO] [stdout]   11:     0x5b3555e69678 - <unknown>
[INFO] [stdout]   12:     0x5b3555ede51b - <unknown>
[INFO] [stdout]   13:     0x5b3555ed9ae2 - <unknown>
[INFO] [stdout]   14:     0x5b3555ed955c - <unknown>
[INFO] [stdout]   15:     0x5b3555ef3eec - <unknown>
[INFO] [stdout]   16:     0x5b3555ec4ec9 - <unknown>
[INFO] [stdout]   17:     0x7eb62df7607a - <unknown>
[INFO] [stdout]   18:     0x7eb62e009534 - clone
[INFO] [stdout]   19:                0x0 - <unknown>
[INFO] [stdout] 
[INFO] [stdout] ---- tests::case_json_string_read_write_async_without_display_default_norm_disable_cache stdout ----
[INFO] [stdout] 
[INFO] [stdout] thread 'tests::case_json_string_read_write_async_without_display_default_norm_disable_cache' (101678) panicked at src/tests.rs:361:61:
[INFO] [stdout] called `Result::unwrap()` on an `Err` value: IoError(Os { code: 2, kind: NotFound, message: "No such file or directory" })
[INFO] [stdout] stack backtrace:
[INFO] [stdout]    0:     0x5b3555e9ba26 - <unknown>
[INFO] [stdout]    1:     0x5b3555e7bd8a - <unknown>
[INFO] [stdout]    2:     0x5b3555e9af7b - <unknown>
[INFO] [stdout]    3:     0x5b3555e9aa7f - <unknown>
[INFO] [stdout]    4:     0x5b3555e9a6aa - <unknown>
[INFO] [stdout]    5:     0x5b3555e9a211 - <unknown>
[INFO] [stdout]    6:     0x5b3555ec3471 - <unknown>
[INFO] [stdout]    7:     0x5b3555ec3429 - <unknown>
[INFO] [stdout]    8:     0x5b3555ec392c - <unknown>
[INFO] [stdout]    9:     0x5b3555e7bc1b - <unknown>
[INFO] [stdout]   10:     0x5b3555e7f081 - <unknown>
[INFO] [stdout]   11:     0x5b3555e5f47a - <unknown>
[INFO] [stdout]   12:     0x5b3555e76fe9 - <unknown>
[INFO] [stdout]   13:     0x5b3555ede51b - <unknown>
[INFO] [stdout]   14:     0x5b3555ed9ae2 - <unknown>
[INFO] [stdout]   15:     0x5b3555ed955c - <unknown>
[INFO] [stdout]   16:     0x5b3555ef3eec - <unknown>
[INFO] [stdout]   17:     0x5b3555ec4ec9 - <unknown>
[INFO] [stdout]   18:     0x7eb62df7607a - <unknown>
[INFO] [stdout]   19:     0x7eb62e009534 - clone
[INFO] [stdout]   20:                0x0 - <unknown>
[INFO] [stdout] 
[INFO] [stdout] 
[INFO] [stdout] failures:
[INFO] [stdout]     tests::cache_read_normalizes_json_by_default
[INFO] [stdout]     tests::case_data_read_write_async_with_display_default_norm_disable_cache
[INFO] [stdout]     tests::case_data_read_write_async_with_display_default_norm_hash_cache
[INFO] [stdout]     tests::case_data_read_write_async_without_display_default_norm_disable_cache
[INFO] [stdout]     tests::case_data_read_write_async_without_display_default_norm_hash_cache
[INFO] [stdout]     tests::case_data_read_write_sync_with_display_default_norm_disable_cache
[INFO] [stdout]     tests::case_data_read_write_sync_with_display_default_norm_hash_cache
[INFO] [stdout]     tests::case_data_read_write_sync_without_display_default_norm_disable_cache
[INFO] [stdout]     tests::case_data_read_write_sync_without_display_default_norm_hash_cache
[INFO] [stdout]     tests::case_json_string_read_write_async_with_display_default_norm_disable_cache
[INFO] [stdout]     tests::case_json_string_read_write_async_with_display_default_norm_hash_cache
[INFO] [stdout]     tests::case_json_string_read_write_async_without_display_default_norm_disable_cache
[INFO] [stdout]     tests::case_json_string_read_write_async_without_display_default_norm_hash_cache
[INFO] [stdout]     tests::case_json_string_read_write_sync_with_display_default_norm_disable_cache
[INFO] [stdout]     tests::case_json_string_read_write_sync_with_display_default_norm_hash_cache
[INFO] [stdout]     tests::case_json_string_read_write_sync_without_display_default_norm_disable_cache
[INFO] [stdout]     tests::case_json_string_read_write_sync_without_display_default_norm_hash_cache
[INFO] [stdout] 
[INFO] [stdout] test result: FAILED. 8 passed; 17 failed; 0 ignored; 0 measured; 0 filtered out; finished in 0.07s
[INFO] [stdout] 
[INFO] running `Command { std: "docker" "inspect" "f9c9d10192b7a10dca065a265908f008d144714c18fea62e104ac196a386c602", kill_on_drop: false }`
[INFO] running `Command { std: "docker" "rm" "-f" "f9c9d10192b7a10dca065a265908f008d144714c18fea62e104ac196a386c602", kill_on_drop: false }`
[INFO] [stdout] f9c9d10192b7a10dca065a265908f008d144714c18fea62e104ac196a386c602
