[INFO] cloning repository https://github.com/LuisCusihuaman/rustmate
[INFO] running `Command { std: "git" "-c" "credential.helper=" "-c" "credential.helper=/workspace/cargo-home/bin/git-credential-null" "clone" "--bare" "https://github.com/LuisCusihuaman/rustmate" "/workspace/cache/git-repos/https%3A%2F%2Fgithub.com%2FLuisCusihuaman%2Frustmate", kill_on_drop: false }`
[INFO] [stderr] Cloning into bare repository '/workspace/cache/git-repos/https%3A%2F%2Fgithub.com%2FLuisCusihuaman%2Frustmate'...
[INFO] running `Command { std: "git" "rev-parse" "HEAD", kill_on_drop: false }`
[INFO] [stdout] a5e602f7cd0df1359b322b005cc5696d79bbd957
[INFO] testing LuisCusihuaman/rustmate against 1.98.0-beta.8+cargoflags=--release for beta-release-1.99-2
[INFO] running `Command { std: "git" "clone" "/workspace/cache/git-repos/https%3A%2F%2Fgithub.com%2FLuisCusihuaman%2Frustmate" "/workspace/builds/worker-0-tc1/source", kill_on_drop: false }`
[INFO] [stderr] Cloning into '/workspace/builds/worker-0-tc1/source'...
[INFO] [stderr] done.
[INFO] started tweaking git repo https://github.com/LuisCusihuaman/rustmate
[INFO] finished tweaking git repo https://github.com/LuisCusihuaman/rustmate
[INFO] tweaked toml for git repo https://github.com/LuisCusihuaman/rustmate written to /workspace/builds/worker-0-tc1/source/Cargo.toml
[INFO] validating manifest of git repo https://github.com/LuisCusihuaman/rustmate on toolchain 1.98.0-beta.8
[INFO] running `Command { std: CARGO_HOME="/workspace/cargo-home" RUSTUP_HOME="/workspace/rustup-home" "/workspace/cargo-home/bin/cargo" "+1.98.0-beta.8" "metadata" "--manifest-path" "Cargo.toml" "--no-deps", kill_on_drop: false }`
[INFO] crate git repo https://github.com/LuisCusihuaman/rustmate already has a lockfile, it will not be regenerated
[INFO] running `Command { std: CARGO_HOME="/workspace/cargo-home" RUSTUP_HOME="/workspace/rustup-home" "/workspace/cargo-home/bin/cargo" "+1.98.0-beta.8" "fetch" "--manifest-path" "Cargo.toml", kill_on_drop: false }`
[INFO] running `Command { std: "docker" "create" "-v" "/var/lib/crater-agent-workspace/builds/worker-0-tc1/source:/opt/rustwide/workdir:ro,Z" "-v" "/var/lib/crater-agent-workspace/builds/worker-0-tc1/target:/opt/rustwide/target:rw,Z" "-v" "/var/lib/crater-agent-workspace/cargo-home:/opt/rustwide/cargo-home:ro,Z" "-v" "/var/lib/crater-agent-workspace/rustup-home:/opt/rustwide/rustup-home:ro,Z" "-m" "1610612736" "--network" "none" "ghcr.io/rust-lang/crates-build-env/linux@sha256:8683fc1fc2eb5c9ac98e0d076ab094b2ffac7f99da555d2b6a2e27f346de2ec7" "sleep" "infinity", kill_on_drop: false }`
[INFO] [stdout] 4f1b93f61ae433441c15d3c7fd9ee72c9100a349e81f38bfb35c4e61f5ca77e0
[INFO] running `Command { std: "docker" "start" "4f1b93f61ae433441c15d3c7fd9ee72c9100a349e81f38bfb35c4e61f5ca77e0", kill_on_drop: false }`
[INFO] running `Command { std: "docker" "inspect" "4f1b93f61ae433441c15d3c7fd9ee72c9100a349e81f38bfb35c4e61f5ca77e0", kill_on_drop: false }`
[INFO] running `Command { std: "docker" "exec" "-e" "SOURCE_DIR=/opt/rustwide/workdir" "-e" "CARGO_HOME=/opt/rustwide/cargo-home" "-e" "RUSTUP_HOME=/opt/rustwide/rustup-home" "-e" "CARGO_TARGET_DIR=/opt/rustwide/target" "-w" "/opt/rustwide/workdir" "--user" "0:0" "4f1b93f61ae433441c15d3c7fd9ee72c9100a349e81f38bfb35c4e61f5ca77e0" "/opt/rustwide/cargo-home/bin/cargo" "+1.98.0-beta.8" "metadata" "--no-deps" "--format-version=1", kill_on_drop: false }`
[INFO] running `Command { std: "docker" "inspect" "4f1b93f61ae433441c15d3c7fd9ee72c9100a349e81f38bfb35c4e61f5ca77e0", kill_on_drop: false }`
[INFO] running `Command { std: "docker" "exec" "-e" "SOURCE_DIR=/opt/rustwide/workdir" "-e" "CARGO_HOME=/opt/rustwide/cargo-home" "-e" "RUSTUP_HOME=/opt/rustwide/rustup-home" "-e" "CARGO_TARGET_DIR=/opt/rustwide/target" "-e" "CARGO_INCREMENTAL=0" "-e" "RUST_BACKTRACE=full" "-e" "RUSTFLAGS=--cap-lints=warn" "-e" "RUSTDOCFLAGS=--cap-lints=warn" "-w" "/opt/rustwide/workdir" "--user" "0:0" "4f1b93f61ae433441c15d3c7fd9ee72c9100a349e81f38bfb35c4e61f5ca77e0" "/opt/rustwide/cargo-home/bin/cargo" "+1.98.0-beta.8" "build" "--frozen" "--message-format=json" "--release", kill_on_drop: false }`
[INFO] [stderr]    Compiling rustmate v1.0.0 (/opt/rustwide/workdir)
[INFO] [stderr]     Finished `release` profile [optimized] target(s) in 1.24s
[INFO] running `Command { std: "docker" "inspect" "4f1b93f61ae433441c15d3c7fd9ee72c9100a349e81f38bfb35c4e61f5ca77e0", kill_on_drop: false }`
[INFO] running `Command { std: "docker" "exec" "-e" "SOURCE_DIR=/opt/rustwide/workdir" "-e" "CARGO_HOME=/opt/rustwide/cargo-home" "-e" "RUSTUP_HOME=/opt/rustwide/rustup-home" "-e" "CARGO_TARGET_DIR=/opt/rustwide/target" "-e" "CARGO_INCREMENTAL=0" "-e" "RUST_BACKTRACE=full" "-e" "RUSTFLAGS=--cap-lints=warn" "-e" "RUSTDOCFLAGS=--cap-lints=warn" "-w" "/opt/rustwide/workdir" "--user" "0:0" "4f1b93f61ae433441c15d3c7fd9ee72c9100a349e81f38bfb35c4e61f5ca77e0" "/opt/rustwide/cargo-home/bin/cargo" "+1.98.0-beta.8" "test" "--frozen" "--no-run" "--message-format=json" "--release", kill_on_drop: false }`
[INFO] [stderr]    Compiling rustmate v1.0.0 (/opt/rustwide/workdir)
[INFO] [stderr]     Finished `release` profile [optimized] target(s) in 1.58s
[INFO] running `Command { std: "docker" "inspect" "4f1b93f61ae433441c15d3c7fd9ee72c9100a349e81f38bfb35c4e61f5ca77e0", kill_on_drop: false }`
[INFO] running `Command { std: "docker" "exec" "-e" "SOURCE_DIR=/opt/rustwide/workdir" "-e" "CARGO_HOME=/opt/rustwide/cargo-home" "-e" "RUSTUP_HOME=/opt/rustwide/rustup-home" "-e" "CARGO_TARGET_DIR=/opt/rustwide/target" "-e" "CARGO_INCREMENTAL=0" "-e" "RUST_BACKTRACE=full" "-e" "RUSTFLAGS=--cap-lints=warn" "-e" "RUSTDOCFLAGS=--cap-lints=warn" "-w" "/opt/rustwide/workdir" "--user" "0:0" "4f1b93f61ae433441c15d3c7fd9ee72c9100a349e81f38bfb35c4e61f5ca77e0" "/opt/rustwide/cargo-home/bin/cargo" "+1.98.0-beta.8" "test" "--frozen" "--release", kill_on_drop: false }`
[INFO] [stderr]     Finished `release` profile [optimized] target(s) in 0.02s
[INFO] [stderr]      Running unittests src/lib.rs (/opt/rustwide/target/release/deps/rustmate-741644fbd9b90356)
[INFO] [stdout] 
[INFO] [stdout] running 25 tests
[INFO] [stdout] test board::tests::test_get_piece_position_based_on_turn ... ok
[INFO] [stdout] test board::tests::test_black_wins ... ok
[INFO] [stdout] test board::tests::test_board_are_eq ... ok
[INFO] [stdout] test board::tests::test_place_piece_invalid_position ... ok
[INFO] [stdout] test board::tests::test_place_piece_occupied_position ... ok
[INFO] [stdout] test board::tests::test_side_to_move_result_black_capture ... ok
[INFO] [stdout] test board::tests::test_side_to_move_result_draw ... ok
[INFO] [stdout] test board::tests::test_next_turn ... ok
[INFO] [stdout] test board::tests::test_place_piece ... ok
[INFO] [stdout] test parser::tests::test_file_not_exist ... ok
[INFO] [stdout] test board::tests::test_side_to_move_result_white_capture ... ok
[INFO] [stdout] test piece::tests::test_bishop_can_capture ... ok
[INFO] [stdout] test piece::tests::test_invalid_character_for_piece ... ok
[INFO] [stdout] test piece::tests::test_king_can_capture ... ok
[INFO] [stdout] test piece::tests::test_knight_can_capture ... ok
[INFO] [stdout] test piece::tests::test_queen_can_capture ... ok
[INFO] [stdout] test piece::tests::test_valid_character_for_piece ... ok
[INFO] [stdout] test piece::tests::test_pawn_can_capture ... ok
[INFO] [stdout] test piece::tests::test_rook_can_capture ... ok
[INFO] [stdout] test piece::tests::test_piece_from_char_underscore ... ok
[INFO] [stderr] error: test failed, to rerun pass `--lib`
[INFO] [stdout] test parser::tests::test_file_is_empty ... FAILED
[INFO] [stdout] test parser::tests::test_invalid_token ... FAILED
[INFO] [stdout] test parser::tests::test_not_enough_tokens ... FAILED
[INFO] [stdout] test parser::tests::test_valid_token ... FAILED
[INFO] [stdout] test parser::tests::test_invalid_board_size ... FAILED
[INFO] [stdout] 
[INFO] [stdout] failures:
[INFO] [stdout] 
[INFO] [stdout] ---- parser::tests::test_file_is_empty stdout ----
[INFO] [stdout] 
[INFO] [stdout] thread 'parser::tests::test_file_is_empty' (319) panicked at src/parser.rs:137:47:
[INFO] [stdout] called `Result::unwrap()` on an `Err` value: Os { code: 30, kind: ReadOnlyFilesystem, message: "Read-only file system" }
[INFO] [stdout] stack backtrace:
[INFO] [stdout]    0:     0x62ce388d7bd1 - <<std[97b98282bc616a66]::sys::backtrace::BacktraceLock>::print::DisplayBacktrace as core[832e9a552fc17241]::fmt::Display>::fmt
[INFO] [stdout]    1:     0x62ce388ebfda - core[832e9a552fc17241]::fmt::write
[INFO] [stdout]    2:     0x62ce388dc08c - <alloc[3ecab9f82c41dc7d]::vec::Vec<u8> as std[97b98282bc616a66]::io::Write>::write_fmt
[INFO] [stdout]    3:     0x62ce388b6046 - std[97b98282bc616a66]::panicking::default_hook::{closure#0}
[INFO] [stdout]    4:     0x62ce388cfc99 - std[97b98282bc616a66]::panicking::default_hook
[INFO] [stdout]    5:     0x62ce3886aac0 - test[39766f3d73431624]::test_main_inner::<test[39766f3d73431624]::test_main_static::{closure#0}>::{closure#0}
[INFO] [stdout]    6:     0x62ce388cfe52 - std[97b98282bc616a66]::panicking::panic_with_hook
[INFO] [stdout]    7:     0x62ce388b60f2 - std[97b98282bc616a66]::panicking::panic_handler::{closure#0}
[INFO] [stdout]    8:     0x62ce388ad999 - std[97b98282bc616a66]::sys::backtrace::__rust_end_short_backtrace::<std[97b98282bc616a66]::panicking::panic_handler::{closure#0}, !>
[INFO] [stdout]    9:     0x62ce388b6ced - __rustc[e3d8617bb01b7f69]::rust_begin_unwind
[INFO] [stdout]   10:     0x62ce388ec70c - core[832e9a552fc17241]::panicking::panic_fmt
[INFO] [stdout]   11:     0x62ce388ec4e2 - core[832e9a552fc17241]::result::unwrap_failed
[INFO] [stdout]   12:     0x62ce38856e37 - rustmate[6d2dec86100b12df]::parser::tests::test_file_is_empty
[INFO] [stdout]   13:     0x62ce3885c64d - <rustmate[6d2dec86100b12df]::parser::tests::test_file_is_empty::{closure#0} as core[832e9a552fc17241]::ops::function::FnOnce<()>>::call_once
[INFO] [stdout]   14:     0x62ce3885ddfb - test[39766f3d73431624]::__rust_begin_short_backtrace::<core[832e9a552fc17241]::result::Result<(), alloc[3ecab9f82c41dc7d]::string::String>, fn() -> core[832e9a552fc17241]::result::Result<(), alloc[3ecab9f82c41dc7d]::string::String>>
[INFO] [stdout]   15:     0x62ce3886b445 - test[39766f3d73431624]::run_test::{closure#0}
[INFO] [stdout]   16:     0x62ce38865ef4 - std[97b98282bc616a66]::sys::backtrace::__rust_begin_short_backtrace::<test[39766f3d73431624]::run_test::{closure#1}, ()>
[INFO] [stdout]   17:     0x62ce3886e592 - <std[97b98282bc616a66]::thread::lifecycle::spawn_unchecked<test[39766f3d73431624]::run_test::{closure#1}, ()>::{closure#1} as core[832e9a552fc17241]::ops::function::FnOnce<()>>::call_once::{shim:vtable#0}
[INFO] [stdout]   18:     0x62ce388d745f - <std[97b98282bc616a66]::sys::thread::unix::Thread>::new::thread_start
[INFO] [stdout]   19:     0x78d316f0d07a - <unknown>
[INFO] [stdout]   20:     0x78d316fa0534 - clone
[INFO] [stdout]   21:                0x0 - <unknown>
[INFO] [stdout] 
[INFO] [stdout] ---- parser::tests::test_invalid_token stdout ----
[INFO] [stdout] 
[INFO] [stdout] thread 'parser::tests::test_invalid_token' (322) panicked at src/parser.rs:184:47:
[INFO] [stdout] called `Result::unwrap()` on an `Err` value: Os { code: 30, kind: ReadOnlyFilesystem, message: "Read-only file system" }
[INFO] [stdout] stack backtrace:
[INFO] [stdout]    0:     0x62ce388d7bd1 - <<std[97b98282bc616a66]::sys::backtrace::BacktraceLock>::print::DisplayBacktrace as core[832e9a552fc17241]::fmt::Display>::fmt
[INFO] [stdout]    1:     0x62ce388ebfda - core[832e9a552fc17241]::fmt::write
[INFO] [stdout]    2:     0x62ce388dc08c - <alloc[3ecab9f82c41dc7d]::vec::Vec<u8> as std[97b98282bc616a66]::io::Write>::write_fmt
[INFO] [stdout]    3:     0x62ce388b6046 - std[97b98282bc616a66]::panicking::default_hook::{closure#0}
[INFO] [stdout]    4:     0x62ce388cfc99 - std[97b98282bc616a66]::panicking::default_hook
[INFO] [stdout]    5:     0x62ce3886aac0 - test[39766f3d73431624]::test_main_inner::<test[39766f3d73431624]::test_main_static::{closure#0}>::{closure#0}
[INFO] [stdout]    6:     0x62ce388cfe52 - std[97b98282bc616a66]::panicking::panic_with_hook
[INFO] [stdout]    7:     0x62ce388b60f2 - std[97b98282bc616a66]::panicking::panic_handler::{closure#0}
[INFO] [stdout]    8:     0x62ce388ad999 - std[97b98282bc616a66]::sys::backtrace::__rust_end_short_backtrace::<std[97b98282bc616a66]::panicking::panic_handler::{closure#0}, !>
[INFO] [stdout]    9:     0x62ce388b6ced - __rustc[e3d8617bb01b7f69]::rust_begin_unwind
[INFO] [stdout]   10:     0x62ce388ec70c - core[832e9a552fc17241]::panicking::panic_fmt
[INFO] [stdout]   11:     0x62ce388ec4e2 - core[832e9a552fc17241]::result::unwrap_failed
[INFO] [stdout]   12:     0x62ce3885717d - rustmate[6d2dec86100b12df]::parser::tests::test_invalid_token
[INFO] [stdout]   13:     0x62ce3885c6bd - <rustmate[6d2dec86100b12df]::parser::tests::test_invalid_token::{closure#0} as core[832e9a552fc17241]::ops::function::FnOnce<()>>::call_once
[INFO] [stdout]   14:     0x62ce3885ddfb - test[39766f3d73431624]::__rust_begin_short_backtrace::<core[832e9a552fc17241]::result::Result<(), alloc[3ecab9f82c41dc7d]::string::String>, fn() -> core[832e9a552fc17241]::result::Result<(), alloc[3ecab9f82c41dc7d]::string::String>>
[INFO] [stdout]   15:     0x62ce3886b445 - test[39766f3d73431624]::run_test::{closure#0}
[INFO] [stdout]   16:     0x62ce38865ef4 - std[97b98282bc616a66]::sys::backtrace::__rust_begin_short_backtrace::<test[39766f3d73431624]::run_test::{closure#1}, ()>
[INFO] [stdout]   17:     0x62ce3886e592 - <std[97b98282bc616a66]::thread::lifecycle::spawn_unchecked<test[39766f3d73431624]::run_test::{closure#1}, ()>::{closure#1} as core[832e9a552fc17241]::ops::function::FnOnce<()>>::call_once::{shim:vtable#0}
[INFO] [stdout]   18:     0x62ce388d745f - <std[97b98282bc616a66]::sys::thread::unix::Thread>::new::thread_start
[INFO] [stdout]   19:     0x78d316f0d07a - <unknown>
[INFO] [stdout]   20:     0x78d316fa0534 - clone
[INFO] [stdout]   21:                0x0 - <unknown>
[INFO] [stdout] 
[INFO] [stdout] ---- parser::tests::test_not_enough_tokens stdout ----
[INFO] [stdout] 
[INFO] [stdout] thread 'parser::tests::test_not_enough_tokens' (323) panicked at src/parser.rs:168:47:
[INFO] [stdout] called `Result::unwrap()` on an `Err` value: Os { code: 30, kind: ReadOnlyFilesystem, message: "Read-only file system" }
[INFO] [stdout] stack backtrace:
[INFO] [stdout]    0:     0x62ce388d7bd1 - <<std[97b98282bc616a66]::sys::backtrace::BacktraceLock>::print::DisplayBacktrace as core[832e9a552fc17241]::fmt::Display>::fmt
[INFO] [stdout]    1:     0x62ce388ebfda - core[832e9a552fc17241]::fmt::write
[INFO] [stdout]    2:     0x62ce388dc08c - <alloc[3ecab9f82c41dc7d]::vec::Vec<u8> as std[97b98282bc616a66]::io::Write>::write_fmt
[INFO] [stdout]    3:     0x62ce388b6046 - std[97b98282bc616a66]::panicking::default_hook::{closure#0}
[INFO] [stdout]    4:     0x62ce388cfc99 - std[97b98282bc616a66]::panicking::default_hook
[INFO] [stdout]    5:     0x62ce3886aac0 - test[39766f3d73431624]::test_main_inner::<test[39766f3d73431624]::test_main_static::{closure#0}>::{closure#0}
[INFO] [stdout]    6:     0x62ce388cfe52 - std[97b98282bc616a66]::panicking::panic_with_hook
[INFO] [stdout]    7:     0x62ce388b60f2 - std[97b98282bc616a66]::panicking::panic_handler::{closure#0}
[INFO] [stdout]    8:     0x62ce388ad999 - std[97b98282bc616a66]::sys::backtrace::__rust_end_short_backtrace::<std[97b98282bc616a66]::panicking::panic_handler::{closure#0}, !>
[INFO] [stdout]    9:     0x62ce388b6ced - __rustc[e3d8617bb01b7f69]::rust_begin_unwind
[INFO] [stdout]   10:     0x62ce388ec70c - core[832e9a552fc17241]::panicking::panic_fmt
[INFO] [stdout]   11:     0x62ce388ec4e2 - core[832e9a552fc17241]::result::unwrap_failed
[INFO] [stdout]   12:     0x62ce38857533 - rustmate[6d2dec86100b12df]::parser::tests::test_not_enough_tokens
[INFO] [stdout]   13:     0x62ce3885c7fd - <rustmate[6d2dec86100b12df]::parser::tests::test_not_enough_tokens::{closure#0} as core[832e9a552fc17241]::ops::function::FnOnce<()>>::call_once
[INFO] [stdout]   14:     0x62ce3885ddfb - test[39766f3d73431624]::__rust_begin_short_backtrace::<core[832e9a552fc17241]::result::Result<(), alloc[3ecab9f82c41dc7d]::string::String>, fn() -> core[832e9a552fc17241]::result::Result<(), alloc[3ecab9f82c41dc7d]::string::String>>
[INFO] [stdout]   15:     0x62ce3886b445 - test[39766f3d73431624]::run_test::{closure#0}
[INFO] [stdout]   16:     0x62ce38865ef4 - std[97b98282bc616a66]::sys::backtrace::__rust_begin_short_backtrace::<test[39766f3d73431624]::run_test::{closure#1}, ()>
[INFO] [stdout]   17:     0x62ce3886e592 - <std[97b98282bc616a66]::thread::lifecycle::spawn_unchecked<test[39766f3d73431624]::run_test::{closure#1}, ()>::{closure#1} as core[832e9a552fc17241]::ops::function::FnOnce<()>>::call_once::{shim:vtable#0}
[INFO] [stdout]   18:     0x62ce388d745f - <std[97b98282bc616a66]::sys::thread::unix::Thread>::new::thread_start
[INFO] [stdout]   19:     0x78d316f0d07a - <unknown>
[INFO] [stdout]   20:     0x78d316fa0534 - clone
[INFO] [stdout]   21:                0x0 - <unknown>
[INFO] [stdout] 
[INFO] [stdout] ---- parser::tests::test_valid_token stdout ----
[INFO] [stdout] 
[INFO] [stdout] thread 'parser::tests::test_valid_token' (324) panicked at src/parser.rs:203:47:
[INFO] [stdout] called `Result::unwrap()` on an `Err` value: Os { code: 30, kind: ReadOnlyFilesystem, message: "Read-only file system" }
[INFO] [stdout] stack backtrace:
[INFO] [stdout]    0:     0x62ce388d7bd1 - <<std[97b98282bc616a66]::sys::backtrace::BacktraceLock>::print::DisplayBacktrace as core[832e9a552fc17241]::fmt::Display>::fmt
[INFO] [stdout]    1:     0x62ce388ebfda - core[832e9a552fc17241]::fmt::write
[INFO] [stdout]    2:     0x62ce388dc08c - <alloc[3ecab9f82c41dc7d]::vec::Vec<u8> as std[97b98282bc616a66]::io::Write>::write_fmt
[INFO] [stdout]    3:     0x62ce388b6046 - std[97b98282bc616a66]::panicking::default_hook::{closure#0}
[INFO] [stdout]    4:     0x62ce388cfc99 - std[97b98282bc616a66]::panicking::default_hook
[INFO] [stdout]    5:     0x62ce3886aac0 - test[39766f3d73431624]::test_main_inner::<test[39766f3d73431624]::test_main_static::{closure#0}>::{closure#0}
[INFO] [stdout]    6:     0x62ce388cfe52 - std[97b98282bc616a66]::panicking::panic_with_hook
[INFO] [stdout]    7:     0x62ce388b60f2 - std[97b98282bc616a66]::panicking::panic_handler::{closure#0}
[INFO] [stdout]    8:     0x62ce388ad999 - std[97b98282bc616a66]::sys::backtrace::__rust_end_short_backtrace::<std[97b98282bc616a66]::panicking::panic_handler::{closure#0}, !>
[INFO] [stdout]    9:     0x62ce388b6ced - __rustc[e3d8617bb01b7f69]::rust_begin_unwind
[INFO] [stdout]   10:     0x62ce388ec70c - core[832e9a552fc17241]::panicking::panic_fmt
[INFO] [stdout]   11:     0x62ce388ec4e2 - core[832e9a552fc17241]::result::unwrap_failed
[INFO] [stdout]   12:     0x62ce38856bb7 - rustmate[6d2dec86100b12df]::parser::tests::test_valid_token
[INFO] [stdout]   13:     0x62ce3885c5dd - <rustmate[6d2dec86100b12df]::parser::tests::test_valid_token::{closure#0} as core[832e9a552fc17241]::ops::function::FnOnce<()>>::call_once
[INFO] [stdout]   14:     0x62ce3885ddfb - test[39766f3d73431624]::__rust_begin_short_backtrace::<core[832e9a552fc17241]::result::Result<(), alloc[3ecab9f82c41dc7d]::string::String>, fn() -> core[832e9a552fc17241]::result::Result<(), alloc[3ecab9f82c41dc7d]::string::String>>
[INFO] [stdout]   15:     0x62ce3886b445 - test[39766f3d73431624]::run_test::{closure#0}
[INFO] [stdout]   16:     0x62ce38865ef4 - std[97b98282bc616a66]::sys::backtrace::__rust_begin_short_backtrace::<test[39766f3d73431624]::run_test::{closure#1}, ()>
[INFO] [stdout]   17:     0x62ce3886e592 - <std[97b98282bc616a66]::thread::lifecycle::spawn_unchecked<test[39766f3d73431624]::run_test::{closure#1}, ()>::{closure#1} as core[832e9a552fc17241]::ops::function::FnOnce<()>>::call_once::{shim:vtable#0}
[INFO] [stdout]   18:     0x62ce388d745f - <std[97b98282bc616a66]::sys::thread::unix::Thread>::new::thread_start
[INFO] [stdout]   19:     0x78d316f0d07a - <unknown>
[INFO] [stdout]   20:     0x78d316fa0534 - clone
[INFO] [stdout]   21:                0x0 - <unknown>
[INFO] [stdout] 
[INFO] [stdout] ---- parser::tests::test_invalid_board_size stdout ----
[INFO] [stdout] 
[INFO] [stdout] thread 'parser::tests::test_invalid_board_size' (321) panicked at src/parser.rs:152:47:
[INFO] [stdout] called `Result::unwrap()` on an `Err` value: Os { code: 30, kind: ReadOnlyFilesystem, message: "Read-only file system" }
[INFO] [stdout] stack backtrace:
[INFO] [stdout]    0:     0x62ce388d7bd1 - <<std[97b98282bc616a66]::sys::backtrace::BacktraceLock>::print::DisplayBacktrace as core[832e9a552fc17241]::fmt::Display>::fmt
[INFO] [stdout]    1:     0x62ce388ebfda - core[832e9a552fc17241]::fmt::write
[INFO] [stdout]    2:     0x62ce388dc08c - <alloc[3ecab9f82c41dc7d]::vec::Vec<u8> as std[97b98282bc616a66]::io::Write>::write_fmt
[INFO] [stdout]    3:     0x62ce388b6046 - std[97b98282bc616a66]::panicking::default_hook::{closure#0}
[INFO] [stdout]    4:     0x62ce388cfc99 - std[97b98282bc616a66]::panicking::default_hook
[INFO] [stdout]    5:     0x62ce3886aac0 - test[39766f3d73431624]::test_main_inner::<test[39766f3d73431624]::test_main_static::{closure#0}>::{closure#0}
[INFO] [stdout]    6:     0x62ce388cfe52 - std[97b98282bc616a66]::panicking::panic_with_hook
[INFO] [stdout]    7:     0x62ce388b60f2 - std[97b98282bc616a66]::panicking::panic_handler::{closure#0}
[INFO] [stdout]    8:     0x62ce388ad999 - std[97b98282bc616a66]::sys::backtrace::__rust_end_short_backtrace::<std[97b98282bc616a66]::panicking::panic_handler::{closure#0}, !>
[INFO] [stdout]    9:     0x62ce388b6ced - __rustc[e3d8617bb01b7f69]::rust_begin_unwind
[INFO] [stdout]   10:     0x62ce388ec70c - core[832e9a552fc17241]::panicking::panic_fmt
[INFO] [stdout]   11:     0x62ce388ec4e2 - core[832e9a552fc17241]::result::unwrap_failed
[INFO] [stdout]   12:     0x62ce388578f3 - rustmate[6d2dec86100b12df]::parser::tests::test_invalid_board_size
[INFO] [stdout]   13:     0x62ce3885c86d - <rustmate[6d2dec86100b12df]::parser::tests::test_invalid_board_size::{closure#0} as core[832e9a552fc17241]::ops::function::FnOnce<()>>::call_once
[INFO] [stdout]   14:     0x62ce3885ddfb - test[39766f3d73431624]::__rust_begin_short_backtrace::<core[832e9a552fc17241]::result::Result<(), alloc[3ecab9f82c41dc7d]::string::String>, fn() -> core[832e9a552fc17241]::result::Result<(), alloc[3ecab9f82c41dc7d]::string::String>>
[INFO] [stdout]   15:     0x62ce3886b445 - test[39766f3d73431624]::run_test::{closure#0}
[INFO] [stdout]   16:     0x62ce38865ef4 - std[97b98282bc616a66]::sys::backtrace::__rust_begin_short_backtrace::<test[39766f3d73431624]::run_test::{closure#1}, ()>
[INFO] [stdout]   17:     0x62ce3886e592 - <std[97b98282bc616a66]::thread::lifecycle::spawn_unchecked<test[39766f3d73431624]::run_test::{closure#1}, ()>::{closure#1} as core[832e9a552fc17241]::ops::function::FnOnce<()>>::call_once::{shim:vtable#0}
[INFO] [stdout]   18:     0x62ce388d745f - <std[97b98282bc616a66]::sys::thread::unix::Thread>::new::thread_start
[INFO] [stdout]   19:     0x78d316f0d07a - <unknown>
[INFO] [stdout]   20:     0x78d316fa0534 - clone
[INFO] [stdout]   21:                0x0 - <unknown>
[INFO] [stdout] 
[INFO] [stdout] 
[INFO] [stdout] failures:
[INFO] [stdout]     parser::tests::test_file_is_empty
[INFO] [stdout]     parser::tests::test_invalid_board_size
[INFO] [stdout]     parser::tests::test_invalid_token
[INFO] [stdout]     parser::tests::test_not_enough_tokens
[INFO] [stdout]     parser::tests::test_valid_token
[INFO] [stdout] 
[INFO] [stdout] test result: FAILED. 20 passed; 5 failed; 0 ignored; 0 measured; 0 filtered out; finished in 0.00s
[INFO] [stdout] 
[INFO] running `Command { std: "docker" "inspect" "4f1b93f61ae433441c15d3c7fd9ee72c9100a349e81f38bfb35c4e61f5ca77e0", kill_on_drop: false }`
[INFO] running `Command { std: "docker" "rm" "-f" "4f1b93f61ae433441c15d3c7fd9ee72c9100a349e81f38bfb35c4e61f5ca77e0", kill_on_drop: false }`
[INFO] [stdout] 4f1b93f61ae433441c15d3c7fd9ee72c9100a349e81f38bfb35c4e61f5ca77e0
