[INFO] cloning repository https://github.com/GeyzsoN/prosperity_rust_backtester
[INFO] running `Command { std: "git" "-c" "credential.helper=" "-c" "credential.helper=/workspace/cargo-home/bin/git-credential-null" "clone" "--bare" "https://github.com/GeyzsoN/prosperity_rust_backtester" "/workspace/cache/git-repos/https%3A%2F%2Fgithub.com%2FGeyzsoN%2Fprosperity_rust_backtester", kill_on_drop: false }`
[INFO] [stderr] Cloning into bare repository '/workspace/cache/git-repos/https%3A%2F%2Fgithub.com%2FGeyzsoN%2Fprosperity_rust_backtester'...
[INFO] running `Command { std: "git" "rev-parse" "HEAD", kill_on_drop: false }`
[INFO] [stdout] 3997c21b1f5f7984f83c5714654e80d895984dbf
[INFO] testing GeyzsoN/prosperity_rust_backtester against 1.99.0-beta.1+cargoflags=--release for beta-release-1.99-2
[INFO] running `Command { std: "git" "clone" "/workspace/cache/git-repos/https%3A%2F%2Fgithub.com%2FGeyzsoN%2Fprosperity_rust_backtester" "/workspace/builds/worker-2-tc2/source", kill_on_drop: false }`
[INFO] [stderr] Cloning into '/workspace/builds/worker-2-tc2/source'...
[INFO] [stderr] done.
[INFO] started tweaking git repo https://github.com/GeyzsoN/prosperity_rust_backtester
[INFO] finished tweaking git repo https://github.com/GeyzsoN/prosperity_rust_backtester
[INFO] tweaked toml for git repo https://github.com/GeyzsoN/prosperity_rust_backtester written to /workspace/builds/worker-2-tc2/source/Cargo.toml
[INFO] validating manifest of git repo https://github.com/GeyzsoN/prosperity_rust_backtester on toolchain 1.99.0-beta.1
[INFO] running `Command { std: CARGO_HOME="/workspace/cargo-home" RUSTUP_HOME="/workspace/rustup-home" "/workspace/cargo-home/bin/cargo" "+1.99.0-beta.1" "metadata" "--manifest-path" "Cargo.toml" "--no-deps", kill_on_drop: false }`
[INFO] crate git repo https://github.com/GeyzsoN/prosperity_rust_backtester already has a lockfile, it will not be regenerated
[INFO] running `Command { std: CARGO_HOME="/workspace/cargo-home" RUSTUP_HOME="/workspace/rustup-home" "/workspace/cargo-home/bin/cargo" "+1.99.0-beta.1" "fetch" "--manifest-path" "Cargo.toml", kill_on_drop: false }`
[INFO] running `Command { std: "docker" "create" "-v" "/var/lib/crater-agent-workspace/builds/worker-2-tc2/source:/opt/rustwide/workdir:ro,Z" "-v" "/var/lib/crater-agent-workspace/builds/worker-2-tc2/target:/opt/rustwide/target:rw,Z" "-v" "/var/lib/crater-agent-workspace/cargo-home:/opt/rustwide/cargo-home:ro,Z" "-v" "/var/lib/crater-agent-workspace/rustup-home:/opt/rustwide/rustup-home:ro,Z" "-m" "1610612736" "--network" "none" "ghcr.io/rust-lang/crates-build-env/linux@sha256:8683fc1fc2eb5c9ac98e0d076ab094b2ffac7f99da555d2b6a2e27f346de2ec7" "sleep" "infinity", kill_on_drop: false }`
[INFO] [stdout] 4c619078c0830e188612c71ea58ea15a103ec52008f74c929e9e79069edade52
[INFO] running `Command { std: "docker" "start" "4c619078c0830e188612c71ea58ea15a103ec52008f74c929e9e79069edade52", kill_on_drop: false }`
[INFO] running `Command { std: "docker" "inspect" "4c619078c0830e188612c71ea58ea15a103ec52008f74c929e9e79069edade52", kill_on_drop: false }`
[INFO] running `Command { std: "docker" "exec" "-e" "SOURCE_DIR=/opt/rustwide/workdir" "-e" "CARGO_HOME=/opt/rustwide/cargo-home" "-e" "RUSTUP_HOME=/opt/rustwide/rustup-home" "-e" "CARGO_TARGET_DIR=/opt/rustwide/target" "-w" "/opt/rustwide/workdir" "--user" "0:0" "4c619078c0830e188612c71ea58ea15a103ec52008f74c929e9e79069edade52" "/opt/rustwide/cargo-home/bin/cargo" "+1.99.0-beta.1" "metadata" "--no-deps" "--format-version=1", kill_on_drop: false }`
[INFO] running `Command { std: "docker" "inspect" "4c619078c0830e188612c71ea58ea15a103ec52008f74c929e9e79069edade52", kill_on_drop: false }`
[INFO] running `Command { std: "docker" "exec" "-e" "SOURCE_DIR=/opt/rustwide/workdir" "-e" "CARGO_HOME=/opt/rustwide/cargo-home" "-e" "RUSTUP_HOME=/opt/rustwide/rustup-home" "-e" "CARGO_TARGET_DIR=/opt/rustwide/target" "-e" "CARGO_INCREMENTAL=0" "-e" "RUST_BACKTRACE=full" "-e" "RUSTFLAGS=--cap-lints=warn" "-e" "RUSTDOCFLAGS=--cap-lints=warn" "-w" "/opt/rustwide/workdir" "--user" "0:0" "4c619078c0830e188612c71ea58ea15a103ec52008f74c929e9e79069edade52" "/opt/rustwide/cargo-home/bin/cargo" "+1.99.0-beta.1" "build" "--frozen" "--message-format=json" "--release", kill_on_drop: false }`
[INFO] [stderr]    Compiling target-lexicon v0.13.5
[INFO] [stderr]    Compiling proc-macro2 v1.0.106
[INFO] [stderr]    Compiling unicode-ident v1.0.24
[INFO] [stderr]    Compiling quote v1.0.45
[INFO] [stderr]    Compiling heck v0.5.0
[INFO] [stderr]    Compiling serde_core v1.0.228
[INFO] [stderr]    Compiling utf8parse v0.2.2
[INFO] [stderr]    Compiling libc v0.2.183
[INFO] [stderr]    Compiling autocfg v1.5.0
[INFO] [stderr]    Compiling anstyle v1.0.14
[INFO] [stderr]    Compiling zmij v1.0.21
[INFO] [stderr]    Compiling is_terminal_polyfill v1.70.2
[INFO] [stderr]    Compiling colorchoice v1.0.5
[INFO] [stderr]    Compiling anstyle-query v1.1.5
[INFO] [stderr]    Compiling serde_json v1.0.149
[INFO] [stderr]    Compiling serde v1.0.228
[INFO] [stderr]    Compiling powerfmt v0.2.0
[INFO] [stderr]    Compiling anstyle-parse v1.0.0
[INFO] [stderr]    Compiling hashbrown v0.16.1
[INFO] [stderr]    Compiling itoa v1.0.17
[INFO] [stderr]    Compiling equivalent v1.0.2
[INFO] [stderr]    Compiling strsim v0.11.1
[INFO] [stderr]    Compiling clap_lex v1.1.0
[INFO] [stderr]    Compiling anyhow v1.0.102
[INFO] [stderr]    Compiling indoc v2.0.7
[INFO] [stderr]    Compiling once_cell v1.21.4
[INFO] [stderr]    Compiling anstream v1.0.0
[INFO] [stderr]    Compiling memoffset v0.9.1
[INFO] [stderr]    Compiling deranged v0.5.8
[INFO] [stderr]    Compiling time-core v0.1.8
[INFO] [stderr]    Compiling unindent v0.2.4
[INFO] [stderr]    Compiling num-conv v0.2.0
[INFO] [stderr]    Compiling memchr v2.8.0
[INFO] [stderr]    Compiling clap_builder v4.6.0
[INFO] [stderr]    Compiling pyo3-build-config v0.27.2
[INFO] [stderr]    Compiling syn v2.0.117
[INFO] [stderr]    Compiling time v0.3.47
[INFO] [stderr]    Compiling pyo3-macros-backend v0.27.2
[INFO] [stderr]    Compiling pyo3-ffi v0.27.2
[INFO] [stderr]    Compiling pyo3 v0.27.2
[INFO] [stderr]    Compiling indexmap v2.13.0
[INFO] [stderr]    Compiling clap_derive v4.6.0
[INFO] [stderr]    Compiling serde_derive v1.0.228
[INFO] [stderr]    Compiling clap v4.6.0
[INFO] [stderr]    Compiling pyo3-macros v0.27.2
[INFO] [stderr]    Compiling rust_backtester v0.5.0 (/opt/rustwide/workdir)
[INFO] [stderr]     Finished `release` profile [optimized] target(s) in 48.97s
[INFO] running `Command { std: "docker" "inspect" "4c619078c0830e188612c71ea58ea15a103ec52008f74c929e9e79069edade52", kill_on_drop: false }`
[INFO] running `Command { std: "docker" "exec" "-e" "SOURCE_DIR=/opt/rustwide/workdir" "-e" "CARGO_HOME=/opt/rustwide/cargo-home" "-e" "RUSTUP_HOME=/opt/rustwide/rustup-home" "-e" "CARGO_TARGET_DIR=/opt/rustwide/target" "-e" "CARGO_INCREMENTAL=0" "-e" "RUST_BACKTRACE=full" "-e" "RUSTFLAGS=--cap-lints=warn" "-e" "RUSTDOCFLAGS=--cap-lints=warn" "-w" "/opt/rustwide/workdir" "--user" "0:0" "4c619078c0830e188612c71ea58ea15a103ec52008f74c929e9e79069edade52" "/opt/rustwide/cargo-home/bin/cargo" "+1.99.0-beta.1" "test" "--frozen" "--no-run" "--message-format=json" "--release", kill_on_drop: false }`
[INFO] [stderr]    Compiling utf8parse v0.2.2
[INFO] [stderr]    Compiling is_terminal_polyfill v1.70.2
[INFO] [stderr]    Compiling colorchoice v1.0.5
[INFO] [stderr]    Compiling anstyle-query v1.1.5
[INFO] [stderr]    Compiling anstyle v1.0.14
[INFO] [stderr]    Compiling equivalent v1.0.2
[INFO] [stderr]    Compiling hashbrown v0.16.1
[INFO] [stderr]    Compiling serde_core v1.0.228
[INFO] [stderr]    Compiling libc v0.2.183
[INFO] [stderr]    Compiling strsim v0.11.1
[INFO] [stderr]    Compiling powerfmt v0.2.0
[INFO] [stderr]    Compiling itoa v1.0.17
[INFO] [stderr]    Compiling clap_lex v1.1.0
[INFO] [stderr]    Compiling memoffset v0.9.1
[INFO] [stderr]    Compiling zmij v1.0.21
[INFO] [stderr]    Compiling memchr v2.8.0
[INFO] [stderr]    Compiling once_cell v1.21.4
[INFO] [stderr]    Compiling time-core v0.1.8
[INFO] [stderr]    Compiling unindent v0.2.4
[INFO] [stderr]    Compiling num-conv v0.2.0
[INFO] [stderr]    Compiling anstyle-parse v1.0.0
[INFO] [stderr]    Compiling anyhow v1.0.102
[INFO] [stderr]    Compiling deranged v0.5.8
[INFO] [stderr]    Compiling anstream v1.0.0
[INFO] [stderr]    Compiling clap_builder v4.6.0
[INFO] [stderr]    Compiling pyo3-ffi v0.27.2
[INFO] [stderr]    Compiling pyo3 v0.27.2
[INFO] [stderr]    Compiling time v0.3.47
[INFO] [stderr]    Compiling indexmap v2.13.0
[INFO] [stderr]    Compiling serde v1.0.228
[INFO] [stderr]    Compiling clap v4.6.0
[INFO] [stderr]    Compiling serde_json v1.0.149
[INFO] [stderr]    Compiling rust_backtester v0.5.0 (/opt/rustwide/workdir)
[INFO] [stderr]     Finished `release` profile [optimized] target(s) in 49.32s
[INFO] running `Command { std: "docker" "inspect" "4c619078c0830e188612c71ea58ea15a103ec52008f74c929e9e79069edade52", kill_on_drop: false }`
[INFO] running `Command { std: "docker" "exec" "-e" "SOURCE_DIR=/opt/rustwide/workdir" "-e" "CARGO_HOME=/opt/rustwide/cargo-home" "-e" "RUSTUP_HOME=/opt/rustwide/rustup-home" "-e" "CARGO_TARGET_DIR=/opt/rustwide/target" "-e" "CARGO_INCREMENTAL=0" "-e" "RUST_BACKTRACE=full" "-e" "RUSTFLAGS=--cap-lints=warn" "-e" "RUSTDOCFLAGS=--cap-lints=warn" "-w" "/opt/rustwide/workdir" "--user" "0:0" "4c619078c0830e188612c71ea58ea15a103ec52008f74c929e9e79069edade52" "/opt/rustwide/cargo-home/bin/cargo" "+1.99.0-beta.1" "test" "--frozen" "--release", kill_on_drop: false }`
[INFO] [stderr]     Finished `release` profile [optimized] target(s) in 0.08s
[INFO] [stderr]      Running unittests src/lib.rs (/opt/rustwide/target/release/deps/rust_backtester-4fd49ebc07f99dcb)
[INFO] [stdout] 
[INFO] [stdout] running 47 tests
[INFO] [stdout] test cli::tests::collect_dataset_files_ignores_unrelated_log_files ... ok
[INFO] [stdout] test cli::tests::product_display_defaults_to_full ... ok
[INFO] [stdout] test cli::tests::collect_dataset_files_materializes_submission_json_from_log ... ok
[INFO] [stdout] test cli::tests::explicit_dataset_path_does_not_require_populated_default_datasets_root ... ok
[INFO] [stdout] test cli::tests::product_split_formats_compact_table ... ok
[INFO] [stdout] test cli::tests::merged_submission_log_combines_rows_without_repeating_header ... ok
[INFO] [stdout] test cli::tests::run_suffix_includes_dataset_and_day ... ok
[INFO] [stdout] test cli::tests::run_suffix_includes_round_for_submission_logs ... ok
[INFO] [stdout] test cli::tests::short_label_formats_day_zero_consistently ... ok
[INFO] [stdout] test cli::tests::short_label_formats_positive_days_with_plus ... ok
[INFO] [stdout] test cli::tests::short_label_uses_known_aliases ... ok
[INFO] [stdout] test model::tests::paired_observations_csv_populates_conversion_observations ... ok
[INFO] [stdout] test model::tests::missing_paired_trades_csv_is_an_error ... ok
[INFO] [stdout] test cli::tests::product_split_adds_total_column_for_multi_run_output ... ok
[INFO] [stdout] test model::tests::submission_trade_history_uses_day_when_present ... ok
[INFO] [stdout] test runner::tests::display_path_prefers_project_relative_paths ... ok
[INFO] [stdout] test cli::tests::product_split_summarizes_long_lists ... ok
[INFO] [stdout] test cli::tests::product_split_off_hides_table ... ok
[INFO] [stdout] test cli::tests::product_split_full_keeps_long_lists_unrolled ... ok
[INFO] [stdout] test cli::tests::dataset_alias_defaults_to_latest_round ... ok
[INFO] [stdout] test runner::tests::product_specific_limits_allow_positions_up_to_cap ... ok
[INFO] [stdout] test runner::tests::product_specific_limits_reject_orders_beyond_cap ... ok
[INFO] [stdout] test runner::tests::market_trade_duplicate_filter_skips_touch_submission_rows ... ok
[INFO] [stdout] test runner::tests::python_round_helpers_work ... ok
[INFO] [stdout] test runner::tests::queue_penetration_uses_bankers_rounding ... ok
[INFO] [stdout] test runner::tests::raw_csv_same_price_priority_prefers_visible_book_before_submission_remainder ... ok
[INFO] [stdout] test runner::tests::non_csv_trade_history_replay_keeps_queue_penetration_behavior ... ok
[INFO] [stdout] test runner::tests::raw_csv_visible_ask_can_fully_block_submission_ask_fill ... ok
[INFO] [stdout] test runner::tests::raw_csv_visible_bid_can_fully_block_submission_bid_fill ... ok
[INFO] [stdout] test runner::tests::round3_products_use_wiki_position_limits ... ok
[INFO] [stdout] test runner::tests::round5_products_use_limit_ten ... ok
[INFO] [stdout] test cli::tests::run_suffix_distinguishes_negative_and_positive_days ... ok
[INFO] [stdout] test runner::tests::trade_match_modes_follow_python_logic ... ok
[INFO] [stdout] test cli::tests::round_submission_entry_uses_generated_submission_json ... ok
[INFO] [stdout] test runner::tests::same_price_market_trade_respects_visible_queue_ahead ... ok
[INFO] [stdout] test runner::tests::slippage_adjustment_matches_expected_rounding ... ok
[INFO] [stdout] test cli::tests::tutorial_dataset_returns_single_day ... ok
[INFO] [stdout] test runner::tests::empty_book_carries_forward_last_mark_for_pnl_and_activity_log ... ok
[INFO] [stdout] test runner::tests::consumed_market_trade_is_removed_from_bundle_timeline ... ok
[INFO] [stdout] test runner::tests::raw_csv_residual_public_tape_is_carried_to_next_tick_and_logged ... ok
[INFO] [stdout] test runner::tests::first_one_sided_tick_bootstraps_mark_from_visible_side ... FAILED
[INFO] [stdout] test runner::tests::raw_csv_submission_crosses_book_then_resting_order_is_hit_by_tape ... FAILED
[INFO] [stdout] test runner::tests::one_sided_book_carries_forward_last_stable_mid ... ok
[INFO] [stdout] test runner::tests::dataset_override_carries_position_across_days ... ok
[INFO] [stdout] test cli::tests::carry_dataset_normalizes_day_boundaries_into_continuous_timestamps ... ok
[INFO] [stdout] test cli::tests::carry_plan_groups_tutorial_days_but_leaves_submission_separate ... ok
[INFO] [stdout] test runner::tests::log_only_mode_writes_submission_log_and_metrics ... ok
[INFO] [stdout] 
[INFO] [stdout] failures:
[INFO] [stdout] 
[INFO] [stdout] ---- runner::tests::first_one_sided_tick_bootstraps_mark_from_visible_side stdout ----
[INFO] [stdout] 
[INFO] [stdout] thread 'runner::tests::first_one_sided_tick_bootstraps_mark_from_visible_side' (1973) panicked at src/runner.rs:2750:45:
[INFO] [stdout] backtest should succeed: TypeError: 'NoneType' object is not callable
[INFO] [stdout] 
[INFO] [stdout] Stack backtrace:
[INFO] [stdout]    0: <anyhow::Error as core::convert::From<pyo3::err::PyErr>>::from
[INFO] [stdout]    1: <rust_backtester::pytrader::PythonTrader>::run_tick
[INFO] [stdout]    2: rust_backtester::runner::run_backtest
[INFO] [stdout]    3: rust_backtester::runner::tests::first_one_sided_tick_bootstraps_mark_from_visible_side
[INFO] [stdout]    4: <rust_backtester::runner::tests::first_one_sided_tick_bootstraps_mark_from_visible_side::{closure#0} as core::ops::function::FnOnce<()>>::call_once
[INFO] [stdout]    5: <fn() -> core::result::Result<(), alloc::string::String> as core::ops::function::FnOnce<()>>::call_once
[INFO] [stdout]              at /rustc/f47d5bb13648d5c859f5b438eb7dc834b9729961/library/core/src/ops/function.rs:250:5
[INFO] [stdout]    6: test::__rust_begin_short_backtrace::<core::result::Result<(), alloc::string::String>, fn() -> core::result::Result<(), alloc::string::String>>
[INFO] [stdout]              at /rustc/f47d5bb13648d5c859f5b438eb7dc834b9729961/library/test/src/lib.rs:733:18
[INFO] [stdout]    7: test::run_test_in_process::{closure#0}
[INFO] [stdout]              at /rustc/f47d5bb13648d5c859f5b438eb7dc834b9729961/library/test/src/lib.rs:756:74
[INFO] [stdout]    8: <core::panic::unwind_safe::AssertUnwindSafe<test::run_test_in_process::{closure#0}> as core::ops::function::FnOnce<()>>::call_once
[INFO] [stdout]              at /rustc/f47d5bb13648d5c859f5b438eb7dc834b9729961/library/core/src/panic/unwind_safe.rs:275:9
[INFO] [stdout]    9: std::panicking::catch_unwind::do_call::<core::panic::unwind_safe::AssertUnwindSafe<test::run_test_in_process::{closure#0}>, core::result::Result<(), alloc::string::String>>
[INFO] [stdout]              at /rustc/f47d5bb13648d5c859f5b438eb7dc834b9729961/library/std/src/panicking.rs:576:43
[INFO] [stdout]   10: std::panicking::catch_unwind::<core::result::Result<(), alloc::string::String>, core::panic::unwind_safe::AssertUnwindSafe<test::run_test_in_process::{closure#0}>>
[INFO] [stdout]              at /rustc/f47d5bb13648d5c859f5b438eb7dc834b9729961/library/std/src/panicking.rs:544:19
[INFO] [stdout]   11: std::panic::catch_unwind::<core::panic::unwind_safe::AssertUnwindSafe<test::run_test_in_process::{closure#0}>, core::result::Result<(), alloc::string::String>>
[INFO] [stdout]              at /rustc/f47d5bb13648d5c859f5b438eb7dc834b9729961/library/std/src/panic.rs:359:14
[INFO] [stdout]   12: test::run_test_in_process
[INFO] [stdout]              at /rustc/f47d5bb13648d5c859f5b438eb7dc834b9729961/library/test/src/lib.rs:756:27
[INFO] [stdout]   13: test::run_test::{closure#0}
[INFO] [stdout]              at /rustc/f47d5bb13648d5c859f5b438eb7dc834b9729961/library/test/src/lib.rs:677:43
[INFO] [stdout]   14: test::run_test::{closure#1}
[INFO] [stdout]              at /rustc/f47d5bb13648d5c859f5b438eb7dc834b9729961/library/test/src/lib.rs:707:41
[INFO] [stdout]   15: std::sys::backtrace::__rust_begin_short_backtrace::<test::run_test::{closure#1}, ()>
[INFO] [stdout]              at /rustc/f47d5bb13648d5c859f5b438eb7dc834b9729961/library/std/src/sys/backtrace.rs:166:18
[INFO] [stdout]   16: std::thread::lifecycle::spawn_unchecked::<test::run_test::{closure#1}, ()>::{closure#1}::{closure#0}
[INFO] [stdout]              at /rustc/f47d5bb13648d5c859f5b438eb7dc834b9729961/library/std/src/thread/lifecycle.rs:70:13
[INFO] [stdout]   17: <core::panic::unwind_safe::AssertUnwindSafe<std::thread::lifecycle::spawn_unchecked<test::run_test::{closure#1}, ()>::{closure#1}::{closure#0}> as core::ops::function::FnOnce<()>>::call_once
[INFO] [stdout]              at /rustc/f47d5bb13648d5c859f5b438eb7dc834b9729961/library/core/src/panic/unwind_safe.rs:275:9
[INFO] [stdout]   18: std::panicking::catch_unwind::do_call::<core::panic::unwind_safe::AssertUnwindSafe<std::thread::lifecycle::spawn_unchecked<test::run_test::{closure#1}, ()>::{closure#1}::{closure#0}>, ()>
[INFO] [stdout]              at /rustc/f47d5bb13648d5c859f5b438eb7dc834b9729961/library/std/src/panicking.rs:576:43
[INFO] [stdout]   19: std::panicking::catch_unwind::<(), core::panic::unwind_safe::AssertUnwindSafe<std::thread::lifecycle::spawn_unchecked<test::run_test::{closure#1}, ()>::{closure#1}::{closure#0}>>
[INFO] [stdout]              at /rustc/f47d5bb13648d5c859f5b438eb7dc834b9729961/library/std/src/panicking.rs:544:19
[INFO] [stdout]   20: std::panic::catch_unwind::<core::panic::unwind_safe::AssertUnwindSafe<std::thread::lifecycle::spawn_unchecked<test::run_test::{closure#1}, ()>::{closure#1}::{closure#0}>, ()>
[INFO] [stdout]              at /rustc/f47d5bb13648d5c859f5b438eb7dc834b9729961/library/std/src/panic.rs:359:14
[INFO] [stdout]   21: std::thread::lifecycle::spawn_unchecked::<test::run_test::{closure#1}, ()>::{closure#1}
[INFO] [stdout]              at /rustc/f47d5bb13648d5c859f5b438eb7dc834b9729961/library/std/src/thread/lifecycle.rs:68:26
[INFO] [stdout]   22: <std::thread::lifecycle::spawn_unchecked<test::run_test::{closure#1}, ()>::{closure#1} as core::ops::function::FnOnce<()>>::call_once::{shim:vtable#0}
[INFO] [stdout]              at /rustc/f47d5bb13648d5c859f5b438eb7dc834b9729961/library/core/src/ops/function.rs:250:5
[INFO] [stdout]   23: <alloc::boxed::Box<dyn core::ops::function::FnOnce<(), Output = ()> + core::marker::Send> as core::ops::function::FnOnce<()>>::call_once
[INFO] [stderr] error: test failed, to rerun pass `--lib`
[INFO] [stdout]              at /rustc/f47d5bb13648d5c859f5b438eb7dc834b9729961/library/alloc/src/boxed.rs:2320:9
[INFO] [stdout]   24: <std::sys::thread::unix::Thread>::new::thread_start
[INFO] [stdout]              at /rustc/f47d5bb13648d5c859f5b438eb7dc834b9729961/library/std/src/sys/thread/unix.rs:123:17
[INFO] [stdout]   25: <unknown>
[INFO] [stdout]   26: clone
[INFO] [stdout] stack backtrace:
[INFO] [stdout]    0:     0x5793c7ff9bb1 - std[104cf6e2632825ea]::backtrace_rs::backtrace::libunwind::trace
[INFO] [stdout]                                at /rustc/f47d5bb13648d5c859f5b438eb7dc834b9729961/library/std/src/../../backtrace/src/backtrace/libunwind.rs:117:9
[INFO] [stdout]    1:     0x5793c7ff9bb1 - std[104cf6e2632825ea]::backtrace_rs::backtrace::trace_unsynchronized::<std[104cf6e2632825ea]::sys::backtrace::_print_fmt::{closure#1}>
[INFO] [stdout]                                at /rustc/f47d5bb13648d5c859f5b438eb7dc834b9729961/library/std/src/../../backtrace/src/backtrace/mod.rs:66:14
[INFO] [stdout]    2:     0x5793c7ff9bb1 - std[104cf6e2632825ea]::sys::backtrace::_print_fmt
[INFO] [stdout]                                at /rustc/f47d5bb13648d5c859f5b438eb7dc834b9729961/library/std/src/sys/backtrace.rs:74:9
[INFO] [stdout]    3:     0x5793c7ff9bb1 - <<std[104cf6e2632825ea]::sys::backtrace::BacktraceLock>::print::DisplayBacktrace as core[7c831bd917ebf35f]::fmt::Display>::fmt
[INFO] [stdout]                                at /rustc/f47d5bb13648d5c859f5b438eb7dc834b9729961/library/std/src/sys/backtrace.rs:44:26
[INFO] [stdout]    4:     0x5793c8010b3a - <core[7c831bd917ebf35f]::fmt::rt::Argument>::fmt
[INFO] [stdout]                                at /rustc/f47d5bb13648d5c859f5b438eb7dc834b9729961/library/core/src/fmt/rt.rs:152:76
[INFO] [stdout]    5:     0x5793c8010b3a - core[7c831bd917ebf35f]::fmt::write
[INFO] [stdout]    6:     0x5793c7ffe88c - core[7c831bd917ebf35f]::io::write::default_write_fmt::<alloc[2fdc3f7464fcf288]::vec::Vec<u8>>
[INFO] [stdout]                                at /rustc/f47d5bb13648d5c859f5b438eb7dc834b9729961/library/core/src/io/write.rs:402:11
[INFO] [stdout]    7:     0x5793c7ffe88c - <alloc[2fdc3f7464fcf288]::vec::Vec<u8> as core[7c831bd917ebf35f]::io::write::Write>::write_fmt
[INFO] [stdout]                                at /rustc/f47d5bb13648d5c859f5b438eb7dc834b9729961/library/core/src/io/write.rs:335:13
[INFO] [stdout]    8:     0x5793c7fd3206 - <std[104cf6e2632825ea]::sys::backtrace::BacktraceLock>::print
[INFO] [stdout]                                at /rustc/f47d5bb13648d5c859f5b438eb7dc834b9729961/library/std/src/sys/backtrace.rs:47:9
[INFO] [stdout]    9:     0x5793c7fd3206 - std[104cf6e2632825ea]::panicking::default_hook::{closure#0}
[INFO] [stdout]                                at /rustc/f47d5bb13648d5c859f5b438eb7dc834b9729961/library/std/src/panicking.rs:292:27
[INFO] [stdout]   10:     0x5793c7ff10c9 - std[104cf6e2632825ea]::panicking::default_hook
[INFO] [stdout]                                at /rustc/f47d5bb13648d5c859f5b438eb7dc834b9729961/library/std/src/panicking.rs:316:9
[INFO] [stdout]   11:     0x5793c7f28960 - <alloc[2fdc3f7464fcf288]::boxed::Box<dyn for<'a, 'b> core[7c831bd917ebf35f]::ops::function::Fn<(&'a std[104cf6e2632825ea]::panic::PanicHookInfo<'b>,), Output = ()> + core[7c831bd917ebf35f]::marker::Send + core[7c831bd917ebf35f]::marker::Sync> as core[7c831bd917ebf35f]::ops::function::Fn<(&std[104cf6e2632825ea]::panic::PanicHookInfo,)>>::call
[INFO] [stdout]                                at /rustc/f47d5bb13648d5c859f5b438eb7dc834b9729961/library/alloc/src/boxed.rs:2334:9
[INFO] [stdout]   12:     0x5793c7f28960 - test[73009c9f9aebf890]::test_main_inner::<test[73009c9f9aebf890]::test_main_static::{closure#0}>::{closure#0}
[INFO] [stdout]                                at /rustc/f47d5bb13648d5c859f5b438eb7dc834b9729961/library/test/src/lib.rs:155:21
[INFO] [stdout]   13:     0x5793c7ff13f2 - <alloc[2fdc3f7464fcf288]::boxed::Box<dyn for<'a, 'b> core[7c831bd917ebf35f]::ops::function::Fn<(&'a std[104cf6e2632825ea]::panic::PanicHookInfo<'b>,), Output = ()> + core[7c831bd917ebf35f]::marker::Send + core[7c831bd917ebf35f]::marker::Sync> as core[7c831bd917ebf35f]::ops::function::Fn<(&std[104cf6e2632825ea]::panic::PanicHookInfo,)>>::call
[INFO] [stdout]                                at /rustc/f47d5bb13648d5c859f5b438eb7dc834b9729961/library/alloc/src/boxed.rs:2334:9
[INFO] [stdout]   14:     0x5793c7ff13f2 - std[104cf6e2632825ea]::panicking::panic_with_hook
[INFO] [stdout]                                at /rustc/f47d5bb13648d5c859f5b438eb7dc834b9729961/library/std/src/panicking.rs:823:13
[INFO] [stdout]   15:     0x5793c7fd32b2 - std[104cf6e2632825ea]::panicking::panic_handler::{closure#0}
[INFO] [stdout]                                at /rustc/f47d5bb13648d5c859f5b438eb7dc834b9729961/library/std/src/panicking.rs:688:13
[INFO] [stdout]   16:     0x5793c7fcafb9 - std[104cf6e2632825ea]::sys::backtrace::__rust_end_short_backtrace::<std[104cf6e2632825ea]::panicking::panic_handler::{closure#0}, !>
[INFO] [stdout]                                at /rustc/f47d5bb13648d5c859f5b438eb7dc834b9729961/library/std/src/sys/backtrace.rs:182:18
[INFO] [stdout]   17:     0x5793c7fd3fbd - __rustc[b0d56fa5b193ad05]::rust_begin_unwind
[INFO] [stdout]                                at /rustc/f47d5bb13648d5c859f5b438eb7dc834b9729961/library/std/src/panicking.rs:679:5
[INFO] [stdout]   18:     0x5793c801126c - core[7c831bd917ebf35f]::panicking::panic_fmt
[INFO] [stdout]                                at /rustc/f47d5bb13648d5c859f5b438eb7dc834b9729961/library/core/src/panicking.rs:80:14
[INFO] [stdout]   19:     0x5793c8011042 - core[7c831bd917ebf35f]::result::unwrap_failed
[INFO] [stdout]                                at /rustc/f47d5bb13648d5c859f5b438eb7dc834b9729961/library/core/src/result.rs:1871:5
[INFO] [stdout]   20:     0x5793c7e72e01 - rust_backtester[c730ba99a9f4fc53]::runner::tests::first_one_sided_tick_bootstraps_mark_from_visible_side
[INFO] [stdout]   21:     0x5793c7eff809 - <rust_backtester[c730ba99a9f4fc53]::runner::tests::first_one_sided_tick_bootstraps_mark_from_visible_side::{closure#0} as core[7c831bd917ebf35f]::ops::function::FnOnce<()>>::call_once
[INFO] [stdout]   22:     0x5793c7f1bc4b - <fn() -> core[7c831bd917ebf35f]::result::Result<(), alloc[2fdc3f7464fcf288]::string::String> as core[7c831bd917ebf35f]::ops::function::FnOnce<()>>::call_once
[INFO] [stdout]                                at /rustc/f47d5bb13648d5c859f5b438eb7dc834b9729961/library/core/src/ops/function.rs:250:5
[INFO] [stdout]   23:     0x5793c7f1bc4b - test[73009c9f9aebf890]::__rust_begin_short_backtrace::<core[7c831bd917ebf35f]::result::Result<(), alloc[2fdc3f7464fcf288]::string::String>, fn() -> core[7c831bd917ebf35f]::result::Result<(), alloc[2fdc3f7464fcf288]::string::String>>
[INFO] [stdout]                                at /rustc/f47d5bb13648d5c859f5b438eb7dc834b9729961/library/test/src/lib.rs:733:18
[INFO] [stdout]   24:     0x5793c7f292b5 - test[73009c9f9aebf890]::run_test_in_process::{closure#0}
[INFO] [stdout]                                at /rustc/f47d5bb13648d5c859f5b438eb7dc834b9729961/library/test/src/lib.rs:756:74
[INFO] [stdout]   25:     0x5793c7f292b5 - <core[7c831bd917ebf35f]::panic::unwind_safe::AssertUnwindSafe<test[73009c9f9aebf890]::run_test_in_process::{closure#0}> as core[7c831bd917ebf35f]::ops::function::FnOnce<()>>::call_once
[INFO] [stdout]                                at /rustc/f47d5bb13648d5c859f5b438eb7dc834b9729961/library/core/src/panic/unwind_safe.rs:275:9
[INFO] [stdout]   26:     0x5793c7f292b5 - std[104cf6e2632825ea]::panicking::catch_unwind::do_call::<core[7c831bd917ebf35f]::panic::unwind_safe::AssertUnwindSafe<test[73009c9f9aebf890]::run_test_in_process::{closure#0}>, core[7c831bd917ebf35f]::result::Result<(), alloc[2fdc3f7464fcf288]::string::String>>
[INFO] [stdout]                                at /rustc/f47d5bb13648d5c859f5b438eb7dc834b9729961/library/std/src/panicking.rs:576:43
[INFO] [stdout]   27:     0x5793c7f292b5 - std[104cf6e2632825ea]::panicking::catch_unwind::<core[7c831bd917ebf35f]::result::Result<(), alloc[2fdc3f7464fcf288]::string::String>, core[7c831bd917ebf35f]::panic::unwind_safe::AssertUnwindSafe<test[73009c9f9aebf890]::run_test_in_process::{closure#0}>>
[INFO] [stdout]                                at /rustc/f47d5bb13648d5c859f5b438eb7dc834b9729961/library/std/src/panicking.rs:544:19
[INFO] [stdout]   28:     0x5793c7f292b5 - std[104cf6e2632825ea]::panic::catch_unwind::<core[7c831bd917ebf35f]::panic::unwind_safe::AssertUnwindSafe<test[73009c9f9aebf890]::run_test_in_process::{closure#0}>, core[7c831bd917ebf35f]::result::Result<(), alloc[2fdc3f7464fcf288]::string::String>>
[INFO] [stdout]                                at /rustc/f47d5bb13648d5c859f5b438eb7dc834b9729961/library/std/src/panic.rs:359:14
[INFO] [stdout]   29:     0x5793c7f292b5 - test[73009c9f9aebf890]::run_test_in_process
[INFO] [stdout]                                at /rustc/f47d5bb13648d5c859f5b438eb7dc834b9729961/library/test/src/lib.rs:756:27
[INFO] [stdout]   30:     0x5793c7f292b5 - test[73009c9f9aebf890]::run_test::{closure#0}
[INFO] [stdout]                                at /rustc/f47d5bb13648d5c859f5b438eb7dc834b9729961/library/test/src/lib.rs:677:43
[INFO] [stdout]   31:     0x5793c7f22674 - test[73009c9f9aebf890]::run_test::{closure#1}
[INFO] [stdout]                                at /rustc/f47d5bb13648d5c859f5b438eb7dc834b9729961/library/test/src/lib.rs:707:41
[INFO] [stdout]   32:     0x5793c7f22674 - std[104cf6e2632825ea]::sys::backtrace::__rust_begin_short_backtrace::<test[73009c9f9aebf890]::run_test::{closure#1}, ()>
[INFO] [stdout]                                at /rustc/f47d5bb13648d5c859f5b438eb7dc834b9729961/library/std/src/sys/backtrace.rs:166:18
[INFO] [stdout]   33:     0x5793c7f2c412 - std[104cf6e2632825ea]::thread::lifecycle::spawn_unchecked::<test[73009c9f9aebf890]::run_test::{closure#1}, ()>::{closure#1}::{closure#0}
[INFO] [stdout]                                at /rustc/f47d5bb13648d5c859f5b438eb7dc834b9729961/library/std/src/thread/lifecycle.rs:70:13
[INFO] [stdout]   34:     0x5793c7f2c412 - <core[7c831bd917ebf35f]::panic::unwind_safe::AssertUnwindSafe<std[104cf6e2632825ea]::thread::lifecycle::spawn_unchecked<test[73009c9f9aebf890]::run_test::{closure#1}, ()>::{closure#1}::{closure#0}> as core[7c831bd917ebf35f]::ops::function::FnOnce<()>>::call_once
[INFO] [stdout]                                at /rustc/f47d5bb13648d5c859f5b438eb7dc834b9729961/library/core/src/panic/unwind_safe.rs:275:9
[INFO] [stdout]   35:     0x5793c7f2c412 - std[104cf6e2632825ea]::panicking::catch_unwind::do_call::<core[7c831bd917ebf35f]::panic::unwind_safe::AssertUnwindSafe<std[104cf6e2632825ea]::thread::lifecycle::spawn_unchecked<test[73009c9f9aebf890]::run_test::{closure#1}, ()>::{closure#1}::{closure#0}>, ()>
[INFO] [stdout]                                at /rustc/f47d5bb13648d5c859f5b438eb7dc834b9729961/library/std/src/panicking.rs:576:43
[INFO] [stdout]   36:     0x5793c7f2c412 - std[104cf6e2632825ea]::panicking::catch_unwind::<(), core[7c831bd917ebf35f]::panic::unwind_safe::AssertUnwindSafe<std[104cf6e2632825ea]::thread::lifecycle::spawn_unchecked<test[73009c9f9aebf890]::run_test::{closure#1}, ()>::{closure#1}::{closure#0}>>
[INFO] [stdout]                                at /rustc/f47d5bb13648d5c859f5b438eb7dc834b9729961/library/std/src/panicking.rs:544:19
[INFO] [stdout]   37:     0x5793c7f2c412 - std[104cf6e2632825ea]::panic::catch_unwind::<core[7c831bd917ebf35f]::panic::unwind_safe::AssertUnwindSafe<std[104cf6e2632825ea]::thread::lifecycle::spawn_unchecked<test[73009c9f9aebf890]::run_test::{closure#1}, ()>::{closure#1}::{closure#0}>, ()>
[INFO] [stdout]                                at /rustc/f47d5bb13648d5c859f5b438eb7dc834b9729961/library/std/src/panic.rs:359:14
[INFO] [stdout]   38:     0x5793c7f2c412 - std[104cf6e2632825ea]::thread::lifecycle::spawn_unchecked::<test[73009c9f9aebf890]::run_test::{closure#1}, ()>::{closure#1}
[INFO] [stdout]                                at /rustc/f47d5bb13648d5c859f5b438eb7dc834b9729961/library/std/src/thread/lifecycle.rs:68:26
[INFO] [stdout]   39:     0x5793c7f2c412 - <std[104cf6e2632825ea]::thread::lifecycle::spawn_unchecked<test[73009c9f9aebf890]::run_test::{closure#1}, ()>::{closure#1} as core[7c831bd917ebf35f]::ops::function::FnOnce<()>>::call_once::{shim:vtable#0}
[INFO] [stdout]                                at /rustc/f47d5bb13648d5c859f5b438eb7dc834b9729961/library/core/src/ops/function.rs:250:5
[INFO] [stdout]   40:     0x5793c7ff8ee9 - <alloc[2fdc3f7464fcf288]::boxed::Box<dyn core[7c831bd917ebf35f]::ops::function::FnOnce<(), Output = ()> + core[7c831bd917ebf35f]::marker::Send> as core[7c831bd917ebf35f]::ops::function::FnOnce<()>>::call_once
[INFO] [stdout]                                at /rustc/f47d5bb13648d5c859f5b438eb7dc834b9729961/library/alloc/src/boxed.rs:2320:9
[INFO] [stdout]   41:     0x5793c7ff8ee9 - <std[104cf6e2632825ea]::sys::thread::unix::Thread>::new::thread_start
[INFO] [stdout]                                at /rustc/f47d5bb13648d5c859f5b438eb7dc834b9729961/library/std/src/sys/thread/unix.rs:123:17
[INFO] [stdout]   42:     0x75894d2f807a - <unknown>
[INFO] [stdout]   43:     0x75894d38b534 - clone
[INFO] [stdout]   44:                0x0 - <unknown>
[INFO] [stdout] 
[INFO] [stdout] ---- runner::tests::raw_csv_submission_crosses_book_then_resting_order_is_hit_by_tape stdout ----
[INFO] [stdout] 
[INFO] [stdout] thread 'runner::tests::raw_csv_submission_crosses_book_then_resting_order_is_hit_by_tape' (1984) panicked at src/runner.rs:2979:45:
[INFO] [stdout] backtest should succeed: TypeError: 'NoneType' object is not callable
[INFO] [stdout] 
[INFO] [stdout] Stack backtrace:
[INFO] [stdout]    0: <anyhow::Error as core::convert::From<pyo3::err::PyErr>>::from
[INFO] [stdout]    1: <rust_backtester::pytrader::PythonTrader>::run_tick
[INFO] [stdout]    2: rust_backtester::runner::run_backtest
[INFO] [stdout]    3: rust_backtester::runner::tests::raw_csv_submission_crosses_book_then_resting_order_is_hit_by_tape
[INFO] [stdout]    4: <rust_backtester::runner::tests::raw_csv_submission_crosses_book_then_resting_order_is_hit_by_tape::{closure#0} as core::ops::function::FnOnce<()>>::call_once
[INFO] [stdout]    5: <fn() -> core::result::Result<(), alloc::string::String> as core::ops::function::FnOnce<()>>::call_once
[INFO] [stdout]              at /rustc/f47d5bb13648d5c859f5b438eb7dc834b9729961/library/core/src/ops/function.rs:250:5
[INFO] [stdout]    6: test::__rust_begin_short_backtrace::<core::result::Result<(), alloc::string::String>, fn() -> core::result::Result<(), alloc::string::String>>
[INFO] [stdout]              at /rustc/f47d5bb13648d5c859f5b438eb7dc834b9729961/library/test/src/lib.rs:733:18
[INFO] [stdout]    7: test::run_test_in_process::{closure#0}
[INFO] [stdout]              at /rustc/f47d5bb13648d5c859f5b438eb7dc834b9729961/library/test/src/lib.rs:756:74
[INFO] [stdout]    8: <core::panic::unwind_safe::AssertUnwindSafe<test::run_test_in_process::{closure#0}> as core::ops::function::FnOnce<()>>::call_once
[INFO] [stdout]              at /rustc/f47d5bb13648d5c859f5b438eb7dc834b9729961/library/core/src/panic/unwind_safe.rs:275:9
[INFO] [stdout]    9: std::panicking::catch_unwind::do_call::<core::panic::unwind_safe::AssertUnwindSafe<test::run_test_in_process::{closure#0}>, core::result::Result<(), alloc::string::String>>
[INFO] [stdout]              at /rustc/f47d5bb13648d5c859f5b438eb7dc834b9729961/library/std/src/panicking.rs:576:43
[INFO] [stdout]   10: std::panicking::catch_unwind::<core::result::Result<(), alloc::string::String>, core::panic::unwind_safe::AssertUnwindSafe<test::run_test_in_process::{closure#0}>>
[INFO] [stdout]              at /rustc/f47d5bb13648d5c859f5b438eb7dc834b9729961/library/std/src/panicking.rs:544:19
[INFO] [stdout]   11: std::panic::catch_unwind::<core::panic::unwind_safe::AssertUnwindSafe<test::run_test_in_process::{closure#0}>, core::result::Result<(), alloc::string::String>>
[INFO] [stdout]              at /rustc/f47d5bb13648d5c859f5b438eb7dc834b9729961/library/std/src/panic.rs:359:14
[INFO] [stdout]   12: test::run_test_in_process
[INFO] [stdout]              at /rustc/f47d5bb13648d5c859f5b438eb7dc834b9729961/library/test/src/lib.rs:756:27
[INFO] [stdout]   13: test::run_test::{closure#0}
[INFO] [stdout]              at /rustc/f47d5bb13648d5c859f5b438eb7dc834b9729961/library/test/src/lib.rs:677:43
[INFO] [stdout]   14: test::run_test::{closure#1}
[INFO] [stdout]              at /rustc/f47d5bb13648d5c859f5b438eb7dc834b9729961/library/test/src/lib.rs:707:41
[INFO] [stdout]   15: std::sys::backtrace::__rust_begin_short_backtrace::<test::run_test::{closure#1}, ()>
[INFO] [stdout]              at /rustc/f47d5bb13648d5c859f5b438eb7dc834b9729961/library/std/src/sys/backtrace.rs:166:18
[INFO] [stdout]   16: std::thread::lifecycle::spawn_unchecked::<test::run_test::{closure#1}, ()>::{closure#1}::{closure#0}
[INFO] [stdout]              at /rustc/f47d5bb13648d5c859f5b438eb7dc834b9729961/library/std/src/thread/lifecycle.rs:70:13
[INFO] [stdout]   17: <core::panic::unwind_safe::AssertUnwindSafe<std::thread::lifecycle::spawn_unchecked<test::run_test::{closure#1}, ()>::{closure#1}::{closure#0}> as core::ops::function::FnOnce<()>>::call_once
[INFO] [stdout]              at /rustc/f47d5bb13648d5c859f5b438eb7dc834b9729961/library/core/src/panic/unwind_safe.rs:275:9
[INFO] [stdout]   18: std::panicking::catch_unwind::do_call::<core::panic::unwind_safe::AssertUnwindSafe<std::thread::lifecycle::spawn_unchecked<test::run_test::{closure#1}, ()>::{closure#1}::{closure#0}>, ()>
[INFO] [stdout]              at /rustc/f47d5bb13648d5c859f5b438eb7dc834b9729961/library/std/src/panicking.rs:576:43
[INFO] [stdout]   19: std::panicking::catch_unwind::<(), core::panic::unwind_safe::AssertUnwindSafe<std::thread::lifecycle::spawn_unchecked<test::run_test::{closure#1}, ()>::{closure#1}::{closure#0}>>
[INFO] [stdout]              at /rustc/f47d5bb13648d5c859f5b438eb7dc834b9729961/library/std/src/panicking.rs:544:19
[INFO] [stdout]   20: std::panic::catch_unwind::<core::panic::unwind_safe::AssertUnwindSafe<std::thread::lifecycle::spawn_unchecked<test::run_test::{closure#1}, ()>::{closure#1}::{closure#0}>, ()>
[INFO] [stdout]              at /rustc/f47d5bb13648d5c859f5b438eb7dc834b9729961/library/std/src/panic.rs:359:14
[INFO] [stdout]   21: std::thread::lifecycle::spawn_unchecked::<test::run_test::{closure#1}, ()>::{closure#1}
[INFO] [stdout]              at /rustc/f47d5bb13648d5c859f5b438eb7dc834b9729961/library/std/src/thread/lifecycle.rs:68:26
[INFO] [stdout]   22: <std::thread::lifecycle::spawn_unchecked<test::run_test::{closure#1}, ()>::{closure#1} as core::ops::function::FnOnce<()>>::call_once::{shim:vtable#0}
[INFO] [stdout]              at /rustc/f47d5bb13648d5c859f5b438eb7dc834b9729961/library/core/src/ops/function.rs:250:5
[INFO] [stdout]   23: <alloc::boxed::Box<dyn core::ops::function::FnOnce<(), Output = ()> + core::marker::Send> as core::ops::function::FnOnce<()>>::call_once
[INFO] [stdout]              at /rustc/f47d5bb13648d5c859f5b438eb7dc834b9729961/library/alloc/src/boxed.rs:2320:9
[INFO] [stdout]   24: <std::sys::thread::unix::Thread>::new::thread_start
[INFO] [stdout]              at /rustc/f47d5bb13648d5c859f5b438eb7dc834b9729961/library/std/src/sys/thread/unix.rs:123:17
[INFO] [stdout]   25: <unknown>
[INFO] [stdout]   26: clone
[INFO] [stdout] stack backtrace:
[INFO] [stdout]    0:     0x5793c7ff9bb1 - std[104cf6e2632825ea]::backtrace_rs::backtrace::libunwind::trace
[INFO] [stdout]                                at /rustc/f47d5bb13648d5c859f5b438eb7dc834b9729961/library/std/src/../../backtrace/src/backtrace/libunwind.rs:117:9
[INFO] [stdout]    1:     0x5793c7ff9bb1 - std[104cf6e2632825ea]::backtrace_rs::backtrace::trace_unsynchronized::<std[104cf6e2632825ea]::sys::backtrace::_print_fmt::{closure#1}>
[INFO] [stdout]                                at /rustc/f47d5bb13648d5c859f5b438eb7dc834b9729961/library/std/src/../../backtrace/src/backtrace/mod.rs:66:14
[INFO] [stdout]    2:     0x5793c7ff9bb1 - std[104cf6e2632825ea]::sys::backtrace::_print_fmt
[INFO] [stdout]                                at /rustc/f47d5bb13648d5c859f5b438eb7dc834b9729961/library/std/src/sys/backtrace.rs:74:9
[INFO] [stdout]    3:     0x5793c7ff9bb1 - <<std[104cf6e2632825ea]::sys::backtrace::BacktraceLock>::print::DisplayBacktrace as core[7c831bd917ebf35f]::fmt::Display>::fmt
[INFO] [stdout]                                at /rustc/f47d5bb13648d5c859f5b438eb7dc834b9729961/library/std/src/sys/backtrace.rs:44:26
[INFO] [stdout]    4:     0x5793c8010b3a - <core[7c831bd917ebf35f]::fmt::rt::Argument>::fmt
[INFO] [stdout]                                at /rustc/f47d5bb13648d5c859f5b438eb7dc834b9729961/library/core/src/fmt/rt.rs:152:76
[INFO] [stdout]    5:     0x5793c8010b3a - core[7c831bd917ebf35f]::fmt::write
[INFO] [stdout]    6:     0x5793c7ffe88c - core[7c831bd917ebf35f]::io::write::default_write_fmt::<alloc[2fdc3f7464fcf288]::vec::Vec<u8>>
[INFO] [stdout]                                at /rustc/f47d5bb13648d5c859f5b438eb7dc834b9729961/library/core/src/io/write.rs:402:11
[INFO] [stdout]    7:     0x5793c7ffe88c - <alloc[2fdc3f7464fcf288]::vec::Vec<u8> as core[7c831bd917ebf35f]::io::write::Write>::write_fmt
[INFO] [stdout]                                at /rustc/f47d5bb13648d5c859f5b438eb7dc834b9729961/library/core/src/io/write.rs:335:13
[INFO] [stdout]    8:     0x5793c7fd3206 - <std[104cf6e2632825ea]::sys::backtrace::BacktraceLock>::print
[INFO] [stdout]                                at /rustc/f47d5bb13648d5c859f5b438eb7dc834b9729961/library/std/src/sys/backtrace.rs:47:9
[INFO] [stdout]    9:     0x5793c7fd3206 - std[104cf6e2632825ea]::panicking::default_hook::{closure#0}
[INFO] [stdout]                                at /rustc/f47d5bb13648d5c859f5b438eb7dc834b9729961/library/std/src/panicking.rs:292:27
[INFO] [stdout]   10:     0x5793c7ff10c9 - std[104cf6e2632825ea]::panicking::default_hook
[INFO] [stdout]                                at /rustc/f47d5bb13648d5c859f5b438eb7dc834b9729961/library/std/src/panicking.rs:316:9
[INFO] [stdout]   11:     0x5793c7f28960 - <alloc[2fdc3f7464fcf288]::boxed::Box<dyn for<'a, 'b> core[7c831bd917ebf35f]::ops::function::Fn<(&'a std[104cf6e2632825ea]::panic::PanicHookInfo<'b>,), Output = ()> + core[7c831bd917ebf35f]::marker::Send + core[7c831bd917ebf35f]::marker::Sync> as core[7c831bd917ebf35f]::ops::function::Fn<(&std[104cf6e2632825ea]::panic::PanicHookInfo,)>>::call
[INFO] [stdout]                                at /rustc/f47d5bb13648d5c859f5b438eb7dc834b9729961/library/alloc/src/boxed.rs:2334:9
[INFO] [stdout]   12:     0x5793c7f28960 - test[73009c9f9aebf890]::test_main_inner::<test[73009c9f9aebf890]::test_main_static::{closure#0}>::{closure#0}
[INFO] [stdout]                                at /rustc/f47d5bb13648d5c859f5b438eb7dc834b9729961/library/test/src/lib.rs:155:21
[INFO] [stdout]   13:     0x5793c7ff13f2 - <alloc[2fdc3f7464fcf288]::boxed::Box<dyn for<'a, 'b> core[7c831bd917ebf35f]::ops::function::Fn<(&'a std[104cf6e2632825ea]::panic::PanicHookInfo<'b>,), Output = ()> + core[7c831bd917ebf35f]::marker::Send + core[7c831bd917ebf35f]::marker::Sync> as core[7c831bd917ebf35f]::ops::function::Fn<(&std[104cf6e2632825ea]::panic::PanicHookInfo,)>>::call
[INFO] [stdout]                                at /rustc/f47d5bb13648d5c859f5b438eb7dc834b9729961/library/alloc/src/boxed.rs:2334:9
[INFO] [stdout]   14:     0x5793c7ff13f2 - std[104cf6e2632825ea]::panicking::panic_with_hook
[INFO] [stdout]                                at /rustc/f47d5bb13648d5c859f5b438eb7dc834b9729961/library/std/src/panicking.rs:823:13
[INFO] [stdout]   15:     0x5793c7fd32b2 - std[104cf6e2632825ea]::panicking::panic_handler::{closure#0}
[INFO] [stdout]                                at /rustc/f47d5bb13648d5c859f5b438eb7dc834b9729961/library/std/src/panicking.rs:688:13
[INFO] [stdout]   16:     0x5793c7fcafb9 - std[104cf6e2632825ea]::sys::backtrace::__rust_end_short_backtrace::<std[104cf6e2632825ea]::panicking::panic_handler::{closure#0}, !>
[INFO] [stdout]                                at /rustc/f47d5bb13648d5c859f5b438eb7dc834b9729961/library/std/src/sys/backtrace.rs:182:18
[INFO] [stdout]   17:     0x5793c7fd3fbd - __rustc[b0d56fa5b193ad05]::rust_begin_unwind
[INFO] [stdout]                                at /rustc/f47d5bb13648d5c859f5b438eb7dc834b9729961/library/std/src/panicking.rs:679:5
[INFO] [stdout]   18:     0x5793c801126c - core[7c831bd917ebf35f]::panicking::panic_fmt
[INFO] [stdout]                                at /rustc/f47d5bb13648d5c859f5b438eb7dc834b9729961/library/core/src/panicking.rs:80:14
[INFO] [stdout]   19:     0x5793c8011042 - core[7c831bd917ebf35f]::result::unwrap_failed
[INFO] [stdout]                                at /rustc/f47d5bb13648d5c859f5b438eb7dc834b9729961/library/core/src/result.rs:1871:5
[INFO] [stdout]   20:     0x5793c7e79ed0 - rust_backtester[c730ba99a9f4fc53]::runner::tests::raw_csv_submission_crosses_book_then_resting_order_is_hit_by_tape
[INFO] [stdout]   21:     0x5793c7eff8e9 - <rust_backtester[c730ba99a9f4fc53]::runner::tests::raw_csv_submission_crosses_book_then_resting_order_is_hit_by_tape::{closure#0} as core[7c831bd917ebf35f]::ops::function::FnOnce<()>>::call_once
[INFO] [stdout]   22:     0x5793c7f1bc4b - <fn() -> core[7c831bd917ebf35f]::result::Result<(), alloc[2fdc3f7464fcf288]::string::String> as core[7c831bd917ebf35f]::ops::function::FnOnce<()>>::call_once
[INFO] [stdout]                                at /rustc/f47d5bb13648d5c859f5b438eb7dc834b9729961/library/core/src/ops/function.rs:250:5
[INFO] [stdout]   23:     0x5793c7f1bc4b - test[73009c9f9aebf890]::__rust_begin_short_backtrace::<core[7c831bd917ebf35f]::result::Result<(), alloc[2fdc3f7464fcf288]::string::String>, fn() -> core[7c831bd917ebf35f]::result::Result<(), alloc[2fdc3f7464fcf288]::string::String>>
[INFO] [stdout]                                at /rustc/f47d5bb13648d5c859f5b438eb7dc834b9729961/library/test/src/lib.rs:733:18
[INFO] [stdout]   24:     0x5793c7f292b5 - test[73009c9f9aebf890]::run_test_in_process::{closure#0}
[INFO] [stdout]                                at /rustc/f47d5bb13648d5c859f5b438eb7dc834b9729961/library/test/src/lib.rs:756:74
[INFO] [stdout]   25:     0x5793c7f292b5 - <core[7c831bd917ebf35f]::panic::unwind_safe::AssertUnwindSafe<test[73009c9f9aebf890]::run_test_in_process::{closure#0}> as core[7c831bd917ebf35f]::ops::function::FnOnce<()>>::call_once
[INFO] [stdout]                                at /rustc/f47d5bb13648d5c859f5b438eb7dc834b9729961/library/core/src/panic/unwind_safe.rs:275:9
[INFO] [stdout]   26:     0x5793c7f292b5 - std[104cf6e2632825ea]::panicking::catch_unwind::do_call::<core[7c831bd917ebf35f]::panic::unwind_safe::AssertUnwindSafe<test[73009c9f9aebf890]::run_test_in_process::{closure#0}>, core[7c831bd917ebf35f]::result::Result<(), alloc[2fdc3f7464fcf288]::string::String>>
[INFO] [stdout]                                at /rustc/f47d5bb13648d5c859f5b438eb7dc834b9729961/library/std/src/panicking.rs:576:43
[INFO] [stdout]   27:     0x5793c7f292b5 - std[104cf6e2632825ea]::panicking::catch_unwind::<core[7c831bd917ebf35f]::result::Result<(), alloc[2fdc3f7464fcf288]::string::String>, core[7c831bd917ebf35f]::panic::unwind_safe::AssertUnwindSafe<test[73009c9f9aebf890]::run_test_in_process::{closure#0}>>
[INFO] [stdout]                                at /rustc/f47d5bb13648d5c859f5b438eb7dc834b9729961/library/std/src/panicking.rs:544:19
[INFO] [stdout]   28:     0x5793c7f292b5 - std[104cf6e2632825ea]::panic::catch_unwind::<core[7c831bd917ebf35f]::panic::unwind_safe::AssertUnwindSafe<test[73009c9f9aebf890]::run_test_in_process::{closure#0}>, core[7c831bd917ebf35f]::result::Result<(), alloc[2fdc3f7464fcf288]::string::String>>
[INFO] [stdout]                                at /rustc/f47d5bb13648d5c859f5b438eb7dc834b9729961/library/std/src/panic.rs:359:14
[INFO] [stdout]   29:     0x5793c7f292b5 - test[73009c9f9aebf890]::run_test_in_process
[INFO] [stdout]                                at /rustc/f47d5bb13648d5c859f5b438eb7dc834b9729961/library/test/src/lib.rs:756:27
[INFO] [stdout]   30:     0x5793c7f292b5 - test[73009c9f9aebf890]::run_test::{closure#0}
[INFO] [stdout]                                at /rustc/f47d5bb13648d5c859f5b438eb7dc834b9729961/library/test/src/lib.rs:677:43
[INFO] [stdout]   31:     0x5793c7f22674 - test[73009c9f9aebf890]::run_test::{closure#1}
[INFO] [stdout]                                at /rustc/f47d5bb13648d5c859f5b438eb7dc834b9729961/library/test/src/lib.rs:707:41
[INFO] [stdout]   32:     0x5793c7f22674 - std[104cf6e2632825ea]::sys::backtrace::__rust_begin_short_backtrace::<test[73009c9f9aebf890]::run_test::{closure#1}, ()>
[INFO] [stdout]                                at /rustc/f47d5bb13648d5c859f5b438eb7dc834b9729961/library/std/src/sys/backtrace.rs:166:18
[INFO] [stdout]   33:     0x5793c7f2c412 - std[104cf6e2632825ea]::thread::lifecycle::spawn_unchecked::<test[73009c9f9aebf890]::run_test::{closure#1}, ()>::{closure#1}::{closure#0}
[INFO] [stdout]                                at /rustc/f47d5bb13648d5c859f5b438eb7dc834b9729961/library/std/src/thread/lifecycle.rs:70:13
[INFO] [stdout]   34:     0x5793c7f2c412 - <core[7c831bd917ebf35f]::panic::unwind_safe::AssertUnwindSafe<std[104cf6e2632825ea]::thread::lifecycle::spawn_unchecked<test[73009c9f9aebf890]::run_test::{closure#1}, ()>::{closure#1}::{closure#0}> as core[7c831bd917ebf35f]::ops::function::FnOnce<()>>::call_once
[INFO] [stdout]                                at /rustc/f47d5bb13648d5c859f5b438eb7dc834b9729961/library/core/src/panic/unwind_safe.rs:275:9
[INFO] [stdout]   35:     0x5793c7f2c412 - std[104cf6e2632825ea]::panicking::catch_unwind::do_call::<core[7c831bd917ebf35f]::panic::unwind_safe::AssertUnwindSafe<std[104cf6e2632825ea]::thread::lifecycle::spawn_unchecked<test[73009c9f9aebf890]::run_test::{closure#1}, ()>::{closure#1}::{closure#0}>, ()>
[INFO] [stdout]                                at /rustc/f47d5bb13648d5c859f5b438eb7dc834b9729961/library/std/src/panicking.rs:576:43
[INFO] [stdout]   36:     0x5793c7f2c412 - std[104cf6e2632825ea]::panicking::catch_unwind::<(), core[7c831bd917ebf35f]::panic::unwind_safe::AssertUnwindSafe<std[104cf6e2632825ea]::thread::lifecycle::spawn_unchecked<test[73009c9f9aebf890]::run_test::{closure#1}, ()>::{closure#1}::{closure#0}>>
[INFO] [stdout]                                at /rustc/f47d5bb13648d5c859f5b438eb7dc834b9729961/library/std/src/panicking.rs:544:19
[INFO] [stdout]   37:     0x5793c7f2c412 - std[104cf6e2632825ea]::panic::catch_unwind::<core[7c831bd917ebf35f]::panic::unwind_safe::AssertUnwindSafe<std[104cf6e2632825ea]::thread::lifecycle::spawn_unchecked<test[73009c9f9aebf890]::run_test::{closure#1}, ()>::{closure#1}::{closure#0}>, ()>
[INFO] [stdout]                                at /rustc/f47d5bb13648d5c859f5b438eb7dc834b9729961/library/std/src/panic.rs:359:14
[INFO] [stdout]   38:     0x5793c7f2c412 - std[104cf6e2632825ea]::thread::lifecycle::spawn_unchecked::<test[73009c9f9aebf890]::run_test::{closure#1}, ()>::{closure#1}
[INFO] [stdout]                                at /rustc/f47d5bb13648d5c859f5b438eb7dc834b9729961/library/std/src/thread/lifecycle.rs:68:26
[INFO] [stdout]   39:     0x5793c7f2c412 - <std[104cf6e2632825ea]::thread::lifecycle::spawn_unchecked<test[73009c9f9aebf890]::run_test::{closure#1}, ()>::{closure#1} as core[7c831bd917ebf35f]::ops::function::FnOnce<()>>::call_once::{shim:vtable#0}
[INFO] [stdout]                                at /rustc/f47d5bb13648d5c859f5b438eb7dc834b9729961/library/core/src/ops/function.rs:250:5
[INFO] [stdout]   40:     0x5793c7ff8ee9 - <alloc[2fdc3f7464fcf288]::boxed::Box<dyn core[7c831bd917ebf35f]::ops::function::FnOnce<(), Output = ()> + core[7c831bd917ebf35f]::marker::Send> as core[7c831bd917ebf35f]::ops::function::FnOnce<()>>::call_once
[INFO] [stdout]                                at /rustc/f47d5bb13648d5c859f5b438eb7dc834b9729961/library/alloc/src/boxed.rs:2320:9
[INFO] [stdout]   41:     0x5793c7ff8ee9 - <std[104cf6e2632825ea]::sys::thread::unix::Thread>::new::thread_start
[INFO] [stdout]                                at /rustc/f47d5bb13648d5c859f5b438eb7dc834b9729961/library/std/src/sys/thread/unix.rs:123:17
[INFO] [stdout]   42:     0x75894d2f807a - <unknown>
[INFO] [stdout]   43:     0x75894d38b534 - clone
[INFO] [stdout]   44:                0x0 - <unknown>
[INFO] [stdout] 
[INFO] [stdout] 
[INFO] [stdout] failures:
[INFO] [stdout]     runner::tests::first_one_sided_tick_bootstraps_mark_from_visible_side
[INFO] [stdout]     runner::tests::raw_csv_submission_crosses_book_then_resting_order_is_hit_by_tape
[INFO] [stdout] 
[INFO] [stdout] test result: FAILED. 45 passed; 2 failed; 0 ignored; 0 measured; 0 filtered out; finished in 1.20s
[INFO] [stdout] 
[INFO] running `Command { std: "docker" "inspect" "4c619078c0830e188612c71ea58ea15a103ec52008f74c929e9e79069edade52", kill_on_drop: false }`
[INFO] running `Command { std: "docker" "rm" "-f" "4c619078c0830e188612c71ea58ea15a103ec52008f74c929e9e79069edade52", kill_on_drop: false }`
[INFO] [stdout] 4c619078c0830e188612c71ea58ea15a103ec52008f74c929e9e79069edade52
