[INFO] cloning repository https://github.com/3-prism/prism3-rust-concurrent
[INFO] running `Command { std: "git" "-c" "credential.helper=" "-c" "credential.helper=/workspace/cargo-home/bin/git-credential-null" "clone" "--bare" "https://github.com/3-prism/prism3-rust-concurrent" "/workspace/cache/git-repos/https%3A%2F%2Fgithub.com%2F3-prism%2Fprism3-rust-concurrent", kill_on_drop: false }`
[INFO] [stderr] Cloning into bare repository '/workspace/cache/git-repos/https%3A%2F%2Fgithub.com%2F3-prism%2Fprism3-rust-concurrent'...
[INFO] running `Command { std: "git" "rev-parse" "HEAD", kill_on_drop: false }`
[INFO] [stdout] 568763ca8cf71141bc076d9479c2b17218eb685c
[INFO] testing 3-prism/prism3-rust-concurrent against 1.99.0-beta.1+cargoflags=--release for beta-release-1.99-2
[INFO] running `Command { std: "git" "clone" "/workspace/cache/git-repos/https%3A%2F%2Fgithub.com%2F3-prism%2Fprism3-rust-concurrent" "/workspace/builds/worker-6-tc2/source", kill_on_drop: false }`
[INFO] [stderr] Cloning into '/workspace/builds/worker-6-tc2/source'...
[INFO] [stderr] done.
[INFO] started tweaking git repo https://github.com/3-prism/prism3-rust-concurrent
[INFO] finished tweaking git repo https://github.com/3-prism/prism3-rust-concurrent
[INFO] tweaked toml for git repo https://github.com/3-prism/prism3-rust-concurrent written to /workspace/builds/worker-6-tc2/source/Cargo.toml
[INFO] validating manifest of git repo https://github.com/3-prism/prism3-rust-concurrent on toolchain 1.99.0-beta.1
[INFO] running `Command { std: CARGO_HOME="/workspace/cargo-home" RUSTUP_HOME="/workspace/rustup-home" "/workspace/cargo-home/bin/cargo" "+1.99.0-beta.1" "metadata" "--manifest-path" "Cargo.toml" "--no-deps", kill_on_drop: false }`
[INFO] crate git repo https://github.com/3-prism/prism3-rust-concurrent already has a lockfile, it will not be regenerated
[INFO] running `Command { std: CARGO_HOME="/workspace/cargo-home" RUSTUP_HOME="/workspace/rustup-home" "/workspace/cargo-home/bin/cargo" "+1.99.0-beta.1" "fetch" "--manifest-path" "Cargo.toml", kill_on_drop: false }`
[INFO] running `Command { std: "docker" "create" "-v" "/var/lib/crater-agent-workspace/builds/worker-6-tc2/source:/opt/rustwide/workdir:ro,Z" "-v" "/var/lib/crater-agent-workspace/builds/worker-6-tc2/target:/opt/rustwide/target:rw,Z" "-v" "/var/lib/crater-agent-workspace/cargo-home:/opt/rustwide/cargo-home:ro,Z" "-v" "/var/lib/crater-agent-workspace/rustup-home:/opt/rustwide/rustup-home:ro,Z" "-m" "1610612736" "--network" "none" "ghcr.io/rust-lang/crates-build-env/linux@sha256:8683fc1fc2eb5c9ac98e0d076ab094b2ffac7f99da555d2b6a2e27f346de2ec7" "sleep" "infinity", kill_on_drop: false }`
[INFO] [stdout] 92fa7e4f1edb5a5929af3dd3b12f87b5644f48cdce690ecd5e22bc70d6d559c3
[INFO] running `Command { std: "docker" "start" "92fa7e4f1edb5a5929af3dd3b12f87b5644f48cdce690ecd5e22bc70d6d559c3", kill_on_drop: false }`
[INFO] running `Command { std: "docker" "inspect" "92fa7e4f1edb5a5929af3dd3b12f87b5644f48cdce690ecd5e22bc70d6d559c3", kill_on_drop: false }`
[INFO] running `Command { std: "docker" "exec" "-e" "SOURCE_DIR=/opt/rustwide/workdir" "-e" "CARGO_HOME=/opt/rustwide/cargo-home" "-e" "RUSTUP_HOME=/opt/rustwide/rustup-home" "-e" "CARGO_TARGET_DIR=/opt/rustwide/target" "-w" "/opt/rustwide/workdir" "--user" "0:0" "92fa7e4f1edb5a5929af3dd3b12f87b5644f48cdce690ecd5e22bc70d6d559c3" "/opt/rustwide/cargo-home/bin/cargo" "+1.99.0-beta.1" "metadata" "--no-deps" "--format-version=1", kill_on_drop: false }`
[INFO] running `Command { std: "docker" "inspect" "92fa7e4f1edb5a5929af3dd3b12f87b5644f48cdce690ecd5e22bc70d6d559c3", kill_on_drop: false }`
[INFO] running `Command { std: "docker" "exec" "-e" "SOURCE_DIR=/opt/rustwide/workdir" "-e" "CARGO_HOME=/opt/rustwide/cargo-home" "-e" "RUSTUP_HOME=/opt/rustwide/rustup-home" "-e" "CARGO_TARGET_DIR=/opt/rustwide/target" "-e" "CARGO_INCREMENTAL=0" "-e" "RUST_BACKTRACE=full" "-e" "RUSTFLAGS=--cap-lints=warn" "-e" "RUSTDOCFLAGS=--cap-lints=warn" "-w" "/opt/rustwide/workdir" "--user" "0:0" "92fa7e4f1edb5a5929af3dd3b12f87b5644f48cdce690ecd5e22bc70d6d559c3" "/opt/rustwide/cargo-home/bin/cargo" "+1.99.0-beta.1" "build" "--frozen" "--message-format=json" "--release", kill_on_drop: false }`
[INFO] [stderr]    Compiling proc-macro2 v1.0.106
[INFO] [stderr]    Compiling unicode-ident v1.0.24
[INFO] [stderr]    Compiling quote v1.0.45
[INFO] [stderr]    Compiling stable_deref_trait v1.2.1
[INFO] [stderr]    Compiling autocfg v1.5.0
[INFO] [stderr]    Compiling smallvec v1.15.1
[INFO] [stderr]    Compiling litemap v0.8.2
[INFO] [stderr]    Compiling writeable v0.6.3
[INFO] [stderr]    Compiling syn v1.0.109
[INFO] [stderr]    Compiling icu_normalizer_data v2.2.0
[INFO] [stderr]    Compiling icu_properties_data v2.2.0
[INFO] [stderr]    Compiling utf8_iter v1.0.4
[INFO] [stderr]    Compiling memchr v2.8.0
[INFO] [stderr]    Compiling serde_core v1.0.228
[INFO] [stderr]    Compiling crossbeam-utils v0.8.21
[INFO] [stderr]    Compiling libc v0.2.185
[INFO] [stderr]    Compiling regex-syntax v0.8.10
[INFO] [stderr]    Compiling parking_lot_core v0.9.12
[INFO] [stderr]    Compiling libm v0.2.16
[INFO] [stderr]    Compiling serde v1.0.228
[INFO] [stderr]    Compiling zmij v1.0.21
[INFO] [stderr]    Compiling rustversion v1.0.22
[INFO] [stderr]    Compiling num-traits v0.2.19
[INFO] [stderr]    Compiling bigdecimal v0.4.10
[INFO] [stderr]    Compiling serde_json v1.0.149
[INFO] [stderr]    Compiling portable-atomic v1.13.1
[INFO] [stderr]    Compiling scopeguard v1.2.0
[INFO] [stderr]    Compiling cfg-if v1.0.4
[INFO] [stderr]    Compiling regex-syntax v0.6.29
[INFO] [stderr]    Compiling percent-encoding v2.3.2
[INFO] [stderr]    Compiling once_cell v1.21.4
[INFO] [stderr]    Compiling rayon-core v1.13.0
[INFO] [stderr]    Compiling form_urlencoded v1.2.2
[INFO] [stderr]    Compiling aho-corasick v1.1.4
[INFO] [stderr]    Compiling lock_api v0.4.14
[INFO] [stderr]    Compiling itoa v1.0.18
[INFO] [stderr]    Compiling crossbeam-epoch v0.9.18
[INFO] [stderr]    Compiling iana-time-zone v0.1.65
[INFO] [stderr]    Compiling thiserror v2.0.18
[INFO] [stderr]    Compiling arc-swap v1.9.1
[INFO] [stderr]    Compiling syn v2.0.117
[INFO] [stderr]    Compiling crossbeam-deque v0.8.6
[INFO] [stderr]    Compiling pastey v0.2.1
[INFO] [stderr]    Compiling either v1.15.0
[INFO] [stderr]    Compiling pin-project-lite v0.2.17
[INFO] [stderr]    Compiling num-integer v0.1.46
[INFO] [stderr]    Compiling tokio v1.52.1
[INFO] [stderr]    Compiling log v0.4.29
[INFO] [stderr]    Compiling parking_lot v0.12.5
[INFO] [stderr]    Compiling num-bigint v0.4.6
[INFO] [stderr]    Compiling qubit-atomic v0.10.1
[INFO] [stderr]    Compiling qubit-function v0.10.5
[INFO] [stderr]    Compiling rayon v1.12.0
[INFO] [stderr]    Compiling regex-automata v0.4.14
[INFO] [stderr]    Compiling synstructure v0.13.2
[INFO] [stderr]    Compiling structmeta-derive v0.1.6
[INFO] [stderr]    Compiling zerofrom-derive v0.1.7
[INFO] [stderr]    Compiling yoke-derive v0.8.2
[INFO] [stderr]    Compiling zerovec-derive v0.11.3
[INFO] [stderr]    Compiling displaydoc v0.2.5
[INFO] [stderr]    Compiling structmeta v0.1.6
[INFO] [stderr]    Compiling zerofrom v0.1.7
[INFO] [stderr]    Compiling serde_derive v1.0.228
[INFO] [stderr]    Compiling thiserror-impl v2.0.18
[INFO] [stderr]    Compiling yoke v0.8.2
[INFO] [stderr]    Compiling regex v1.12.3
[INFO] [stderr]    Compiling zerotrie v0.2.4
[INFO] [stderr]    Compiling zerovec v0.11.6
[INFO] [stderr]    Compiling parse-display-derive v0.7.0
[INFO] [stderr]    Compiling tinystr v0.8.3
[INFO] [stderr]    Compiling potential_utf v0.1.5
[INFO] [stderr]    Compiling icu_collections v2.2.0
[INFO] [stderr]    Compiling icu_locale_core v2.2.0
[INFO] [stderr]    Compiling parse-display v0.7.0
[INFO] [stderr]    Compiling icu_provider v2.2.0
[INFO] [stderr]    Compiling icu_normalizer v2.2.0
[INFO] [stderr]    Compiling icu_properties v2.2.0
[INFO] [stderr]    Compiling chrono v0.4.44
[INFO] [stderr]    Compiling idna_adapter v1.2.1
[INFO] [stderr]    Compiling idna v1.1.0
[INFO] [stderr]    Compiling url v2.5.8
[INFO] [stderr]    Compiling qubit-common v0.6.1
[INFO] [stderr]    Compiling qubit-concurrent v0.6.0 (/opt/rustwide/workdir)
[INFO] [stderr]     Finished `release` profile [optimized] target(s) in 1m 14s
[INFO] running `Command { std: "docker" "inspect" "92fa7e4f1edb5a5929af3dd3b12f87b5644f48cdce690ecd5e22bc70d6d559c3", kill_on_drop: false }`
[INFO] running `Command { std: "docker" "exec" "-e" "SOURCE_DIR=/opt/rustwide/workdir" "-e" "CARGO_HOME=/opt/rustwide/cargo-home" "-e" "RUSTUP_HOME=/opt/rustwide/rustup-home" "-e" "CARGO_TARGET_DIR=/opt/rustwide/target" "-e" "CARGO_INCREMENTAL=0" "-e" "RUST_BACKTRACE=full" "-e" "RUSTFLAGS=--cap-lints=warn" "-e" "RUSTDOCFLAGS=--cap-lints=warn" "-w" "/opt/rustwide/workdir" "--user" "0:0" "92fa7e4f1edb5a5929af3dd3b12f87b5644f48cdce690ecd5e22bc70d6d559c3" "/opt/rustwide/cargo-home/bin/cargo" "+1.99.0-beta.1" "test" "--frozen" "--no-run" "--message-format=json" "--release", kill_on_drop: false }`
[INFO] [stderr]    Compiling serde_core v1.0.228
[INFO] [stderr]    Compiling num-traits v0.2.19
[INFO] [stderr]    Compiling serde v1.0.228
[INFO] [stderr]    Compiling zerocopy v0.8.48
[INFO] [stderr]    Compiling either v1.15.0
[INFO] [stderr]    Compiling syn v2.0.117
[INFO] [stderr]    Compiling plotters-backend v0.3.7
[INFO] [stderr]    Compiling clap_lex v1.1.0
[INFO] [stderr]    Compiling anstyle v1.0.14
[INFO] [stderr]    Compiling ciborium-io v0.2.2
[INFO] [stderr]    Compiling same-file v1.0.6
[INFO] [stderr]    Compiling cast v0.3.0
[INFO] [stderr]    Compiling is-terminal v0.4.17
[INFO] [stderr]    Compiling oorandom v11.1.5
[INFO] [stderr]    Compiling anes v0.1.6
[INFO] [stderr]    Compiling walkdir v2.5.0
[INFO] [stderr]    Compiling rayon v1.12.0
[INFO] [stderr]    Compiling itertools v0.10.5
[INFO] [stderr]    Compiling clap_builder v4.6.0
[INFO] [stderr]    Compiling plotters-svg v0.3.7
[INFO] [stderr]    Compiling num-integer v0.1.46
[INFO] [stderr]    Compiling plotters v0.3.7
[INFO] [stderr]    Compiling num-bigint v0.4.6
[INFO] [stderr]    Compiling criterion-plot v0.5.0
[INFO] [stderr]    Compiling clap v4.6.1
[INFO] [stderr]    Compiling bigdecimal v0.4.10
[INFO] [stderr]    Compiling serde_json v1.0.149
[INFO] [stderr]    Compiling synstructure v0.13.2
[INFO] [stderr]    Compiling zerofrom-derive v0.1.7
[INFO] [stderr]    Compiling yoke-derive v0.8.2
[INFO] [stderr]    Compiling zerovec-derive v0.11.3
[INFO] [stderr]    Compiling displaydoc v0.2.5
[INFO] [stderr]    Compiling serde_derive v1.0.228
[INFO] [stderr]    Compiling zerocopy-derive v0.8.48
[INFO] [stderr]    Compiling tokio-macros v2.7.0
[INFO] [stderr]    Compiling thiserror-impl v2.0.18
[INFO] [stderr]    Compiling tokio v1.52.1
[INFO] [stderr]    Compiling zerofrom v0.1.7
[INFO] [stderr]    Compiling yoke v0.8.2
[INFO] [stderr]    Compiling thiserror v2.0.18
[INFO] [stderr]    Compiling zerovec v0.11.6
[INFO] [stderr]    Compiling zerotrie v0.2.4
[INFO] [stderr]    Compiling tinystr v0.8.3
[INFO] [stderr]    Compiling potential_utf v0.1.5
[INFO] [stderr]    Compiling icu_collections v2.2.0
[INFO] [stderr]    Compiling icu_locale_core v2.2.0
[INFO] [stderr]    Compiling icu_provider v2.2.0
[INFO] [stderr]    Compiling icu_normalizer v2.2.0
[INFO] [stderr]    Compiling icu_properties v2.2.0
[INFO] [stderr]    Compiling chrono v0.4.44
[INFO] [stderr]    Compiling tinytemplate v1.2.1
[INFO] [stderr]    Compiling idna_adapter v1.2.1
[INFO] [stderr]    Compiling idna v1.1.0
[INFO] [stderr]    Compiling url v2.5.8
[INFO] [stderr]    Compiling qubit-common v0.6.1
[INFO] [stderr]    Compiling qubit-concurrent v0.6.0 (/opt/rustwide/workdir)
[INFO] [stderr]    Compiling half v2.7.1
[INFO] [stderr]    Compiling ciborium-ll v0.2.2
[INFO] [stderr]    Compiling ciborium v0.2.2
[INFO] [stderr]    Compiling criterion v0.5.1
[INFO] [stderr]     Finished `release` profile [optimized] target(s) in 1m 36s
[INFO] running `Command { std: "docker" "inspect" "92fa7e4f1edb5a5929af3dd3b12f87b5644f48cdce690ecd5e22bc70d6d559c3", kill_on_drop: false }`
[INFO] running `Command { std: "docker" "exec" "-e" "SOURCE_DIR=/opt/rustwide/workdir" "-e" "CARGO_HOME=/opt/rustwide/cargo-home" "-e" "RUSTUP_HOME=/opt/rustwide/rustup-home" "-e" "CARGO_TARGET_DIR=/opt/rustwide/target" "-e" "CARGO_INCREMENTAL=0" "-e" "RUST_BACKTRACE=full" "-e" "RUSTFLAGS=--cap-lints=warn" "-e" "RUSTDOCFLAGS=--cap-lints=warn" "-w" "/opt/rustwide/workdir" "--user" "0:0" "92fa7e4f1edb5a5929af3dd3b12f87b5644f48cdce690ecd5e22bc70d6d559c3" "/opt/rustwide/cargo-home/bin/cargo" "+1.99.0-beta.1" "test" "--frozen" "--release", kill_on_drop: false }`
[INFO] [stderr]     Finished `release` profile [optimized] target(s) in 0.13s
[INFO] [stderr]      Running unittests src/lib.rs (/opt/rustwide/target/release/deps/qubit_concurrent-47684f4a2c8f0ee7)
[INFO] [stdout] 
[INFO] [stdout] running 0 tests
[INFO] [stdout] 
[INFO] [stdout] test result: ok. 0 passed; 0 failed; 0 ignored; 0 measured; 0 filtered out; finished in 0.00s
[INFO] [stdout] 
[INFO] [stderr]      Running tests/mod.rs (/opt/rustwide/target/release/deps/mod-28eaa195b26d98df)
[INFO] [stdout] 
[INFO] [stdout] running 350 tests
[INFO] [stdout] test docs::readme_tests::test_rw_lock_docs_use_current_trait_names ... ok
[INFO] [stdout] test double_checked::config_tests::tests::test_execution_logger::test_execution_logger_clone ... ok
[INFO] [stdout] test double_checked::config_tests::tests::test_execution_logger::test_enabled_execution_logger_logs_all_methods ... ok
[INFO] [stdout] test double_checked::config_tests::tests::test_execution_logger::test_disabled_execution_logger_skips_all_log_methods ... ok
[INFO] [stdout] test docs::readme_tests::test_readme_dependency_version_matches_cargo_toml ... FAILED
[INFO] [stdout] test docs::readme_tests::test_readme_no_legacy_lock_api_names ... ok
[INFO] [stdout] test double_checked::config_tests::tests::test_execution_logger::test_execution_logger_creation ... ok
[INFO] [stdout] test double_checked::config_tests::tests::test_execution_logger::test_execution_logger_debug ... ok
[INFO] [stdout] test double_checked::config_tests::tests::test_execution_logger::test_execution_logger_with_empty_message ... ok
[INFO] [stdout] test double_checked::config_tests::tests::test_executor_config::test_executor_config_clone ... ok
[INFO] [stdout] test double_checked::config_tests::tests::test_executor_config::test_executor_config_creation ... ok
[INFO] [stdout] test double_checked::config_tests::tests::test_executor_config::test_executor_config_debug ... ok
[INFO] [stdout] test double_checked::config_tests::tests::test_executor_config::test_executor_config_default ... ok
[INFO] [stdout] test double_checked::double_checked_lock_executor_tests::tests::test_double_checked_lock_executor::test_call_and_execute_run_zero_argument_tasks_as_executor_api ... ok
[INFO] [stdout] test double_checked::double_checked_lock_executor_tests::tests::test_double_checked_lock_executor::test_call_with_executes_reusable_task_with_mutable_data ... ok
[INFO] [stdout] test double_checked::double_checked_lock_executor_tests::tests::test_double_checked_lock_executor::test_execute_with_reports_condition_not_met_without_lock_mutation ... ok
[INFO] [stdout] test double_checked::double_checked_lock_executor_tests::tests::test_double_checked_lock_executor::test_executor_trait_call_returns_execution_context ... ok
[INFO] [stdout] test double_checked::double_checked_lock_executor_tests::tests::test_double_checked_lock_executor::test_execution_context_peek_success_and_finish ... ok
[INFO] [stdout] test double_checked::error_tests::tests::test_executor_error::test_executor_error_debug ... ok
[INFO] [stdout] test double_checked::error_tests::tests::test_executor_error::test_executor_error_lock_poisoned_display ... ok
[INFO] [stdout] test double_checked::error_tests::tests::test_executor_error::test_executor_error_prepare_rollback_failed_display ... ok
[INFO] [stdout] test double_checked::error_tests::tests::test_executor_error::test_executor_error_prepare_commit_failed_display ... ok
[INFO] [stdout] test double_checked::error_tests::tests::test_executor_error::test_executor_error_task_failed_display ... ok
[INFO] [stdout] test double_checked::error_tests::tests::test_executor_error::test_executor_error_with_io_error ... ok
[INFO] [stdout] test double_checked::error_tests::tests::test_executor_error::test_executor_error_prepare_failed_display ... ok
[INFO] [stdout] test double_checked::executor_builder_tests::tests::test_executor_builder::test_logger_can_be_configured_in_each_builder_state ... ok
[INFO] [stdout] test double_checked::executor_lock_builder_tests::tests::test_executor_lock_builder::test_second_condition_failure_after_prepare_rolls_back ... ok
[INFO] [stdout] test double_checked::executor_lock_builder_tests::tests::test_executor_lock_builder::test_prepare_rollback_failure_with_logger_replaces_condition_result ... ok
[INFO] [stdout] test double_checked::executor_ready_builder_tests::tests::test_executor_ready_builder::test_execute_with_prepare_commit_finalizes_unit_result ... ok
[INFO] [stdout] test double_checked::executor_ready_builder_tests::tests::test_executor_ready_builder::test_prepare_failure_skips_task ... ok
[INFO] [stdout] test double_checked::executor_ready_builder_tests::tests::test_executor_ready_builder::test_prepare_commit_runs_after_success ... ok
[INFO] [stdout] test double_checked::executor_ready_builder_tests::tests::test_executor_ready_builder::test_prepare_failure_uses_configured_logger ... ok
[INFO] [stdout] test double_checked::error_tests::tests::test_executor_error::test_executor_error_is_error_trait ... ok
[INFO] [stdout] test double_checked::executor_ready_builder_tests::tests::test_executor_ready_builder::test_prepare_commit_failure_with_logger_replaces_success ... ok
[INFO] [stdout] test double_checked::result_tests::tests::test_execution_result::test_execution_result_failed ... ok
[INFO] [stdout] test double_checked::executor_ready_builder_tests::tests::test_executor_ready_builder::test_prepare_commit_failure_without_logger_replaces_success ... ok
[INFO] [stdout] test double_checked::result_tests::tests::test_execution_result::test_execution_result_into_result_success ... ok
[INFO] [stdout] test double_checked::result_tests::tests::test_execution_result::test_execution_result_into_result_failed ... ok
[INFO] [stdout] test double_checked::result_tests::tests::test_execution_result::test_execution_result_condition_not_met ... ok
[INFO] [stdout] test double_checked::result_tests::tests::test_execution_result::test_execution_result_success ... ok
[INFO] [stdout] test double_checked::result_tests::tests::test_execution_result::test_execution_result_unwrap_condition_not_met_panics - should panic ... ok
[INFO] [stdout] test double_checked::result_tests::tests::test_execution_result::test_execution_result_unwrap_success ... ok
[INFO] [stdout] test double_checked::config_tests::tests::test_execution_logger::test_execution_logger_with_unicode_message ... ok
[INFO] [stdout] test double_checked::executor_ready_builder_tests::tests::test_executor_ready_builder::test_prepare_rollback_runs_after_task_failure ... ok
[INFO] [stdout] test double_checked::result_tests::tests::test_execution_result::test_execution_result_unwrap_failed_panics - should panic ... ok
[INFO] [stdout] test double_checked::executor_ready_builder_tests::tests::test_executor_ready_builder::test_prepare_rollback_failure_replaces_result ... ok
[INFO] [stdout] test double_checked::result_tests::tests::test_execution_result::test_execution_result_into_result_condition_not_met ... ok
[INFO] [stdout] test lock::arc_async_mutex_tests::arc_async_mutex_tests::test_arc_async_mutex_clone ... ok
[INFO] [stdout] test lock::arc_async_mutex_tests::arc_async_mutex_tests::test_arc_async_mutex_multiple_modifications ... ok
[INFO] [stdout] test double_checked::double_checked_lock_executor_tests::tests::test_double_checked_lock_executor::test_configured_logger_logs_condition_not_met ... ok
[INFO] [stdout] test lock::arc_async_mutex_tests::arc_async_mutex_tests::test_arc_async_mutex_concurrent_access ... ok
[INFO] [stdout] test lock::arc_async_mutex_tests::arc_async_mutex_tests::test_arc_async_mutex_nested_data_structures ... ok
[INFO] [stdout] test double_checked::result_tests::tests::test_execution_result::test_execution_result_failure_constructors ... ok
[INFO] [stdout] test lock::arc_async_mutex_tests::arc_async_mutex_tests::test_arc_async_mutex_fairness ... ok
[INFO] [stdout] test lock::arc_async_mutex_tests::arc_async_mutex_tests::test_arc_async_mutex_new ... ok
[INFO] [stdout] test lock::arc_async_mutex_tests::arc_async_mutex_tests::test_arc_async_mutex_performance_comparison ... ok
[INFO] [stdout] test lock::arc_async_mutex_tests::arc_async_mutex_tests::test_arc_async_mutex_sharing_across_tasks ... ok
[INFO] [stdout] test lock::arc_async_mutex_tests::arc_async_mutex_tests::test_arc_async_mutex_return_values ... ok
[INFO] [stdout] test lock::arc_async_mutex_tests::arc_async_mutex_tests::test_arc_async_mutex_try_write_with_lock_returns_some ... ok
[INFO] [stdout] test lock::arc_async_mutex_tests::arc_async_mutex_tests::test_arc_async_mutex_with_option ... ok
[INFO] [stdout] test lock::arc_async_mutex_tests::arc_async_mutex_tests::test_arc_async_mutex_zero_sized_types ... ok
[INFO] [stdout] test lock::arc_async_rw_lock_tests::arc_async_rw_lock_tests::test_arc_async_rw_lock_nested_data_structures ... ok
[INFO] [stdout] test lock::arc_async_rw_lock_tests::arc_async_rw_lock_tests::test_arc_async_rw_lock_new ... ok
[INFO] [stdout] test lock::arc_async_rw_lock_tests::arc_async_rw_lock_tests::test_arc_async_rw_lock_mixed_read_write_operations ... ok
[INFO] [stdout] test lock::arc_async_mutex_tests::arc_async_mutex_tests::test_arc_async_mutex_with_result_types ... ok
[INFO] [stdout] test lock::arc_async_rw_lock_tests::arc_async_rw_lock_tests::test_arc_async_rw_lock_clone ... ok
[INFO] [stdout] test lock::arc_async_mutex_tests::arc_async_mutex_tests::test_arc_async_mutex_with_complex_types ... ok
[INFO] [stdout] test lock::arc_async_mutex_tests::arc_async_mutex_tests::test_arc_async_mutex_with_lock ... ok
[INFO] [stdout] test lock::arc_async_rw_lock_tests::arc_async_rw_lock_tests::test_arc_async_rw_lock_read ... ok
[INFO] [stdout] test lock::arc_async_rw_lock_tests::arc_async_rw_lock_tests::test_arc_async_rw_lock_readers_do_not_block_each_other ... ok
[INFO] [stdout] test lock::arc_async_rw_lock_tests::arc_async_rw_lock_tests::test_arc_async_rw_lock_read_lock_returns_closure_result ... ok
[INFO] [stdout] test lock::arc_async_rw_lock_tests::arc_async_rw_lock_tests::test_arc_async_rw_lock_sharing_across_tasks ... ok
[INFO] [stdout] test lock::arc_async_rw_lock_tests::arc_async_rw_lock_tests::test_arc_async_rw_lock_read_after_write ... ok
[INFO] [stdout] test lock::arc_monitor_tests::test_arc_monitor_default_uses_default_value ... ok
[INFO] [stdout] test lock::arc_async_rw_lock_tests::arc_async_rw_lock_tests::test_arc_async_rw_lock_with_result_types ... ok
[INFO] [stdout] test lock::arc_monitor_tests::test_arc_monitor_clone_shares_state ... ok
[INFO] [stdout] test lock::arc_monitor_tests::test_arc_monitor_lock_guard_updates_state ... ok
[INFO] [stdout] test lock::arc_async_rw_lock_tests::arc_async_rw_lock_tests::test_arc_async_rw_lock_write ... ok
[INFO] [stdout] test lock::arc_async_rw_lock_tests::arc_async_rw_lock_tests::test_arc_async_rw_lock_write_lock_returns_closure_result ... ok
[INFO] [stdout] test lock::arc_async_rw_lock_tests::arc_async_rw_lock_tests::test_arc_async_rw_lock_write_lock_is_exclusive ... ok
[INFO] [stdout] test lock::arc_monitor_tests::test_arc_monitor_new_read_write_updates_state ... ok
[INFO] [stdout] test lock::arc_mutex_tests::arc_mutex_tests::test_arc_mutex_clone ... ok
[INFO] [stdout] test lock::arc_mutex_tests::arc_mutex_tests::test_arc_mutex_multiple_modifications ... ok
[INFO] [stdout] test lock::arc_async_rw_lock_tests::arc_async_rw_lock_tests::test_arc_async_rw_lock_concurrent_readers ... ok
[INFO] [stdout] test lock::arc_mutex_tests::arc_mutex_tests::test_arc_mutex_new ... ok
[INFO] [stdout] test lock::arc_mutex_tests::arc_mutex_tests::test_arc_mutex_performance_comparison ... ok
[INFO] [stdout] test lock::arc_mutex_tests::arc_mutex_tests::test_arc_mutex_read_write_interaction ... ok
[INFO] [stdout] test lock::arc_mutex_tests::arc_mutex_tests::test_arc_mutex_return_values ... ok
[INFO] [stdout] test lock::arc_mutex_tests::arc_mutex_tests::test_arc_mutex_try_read_try_write_interaction ... ok
[INFO] [stdout] test lock::arc_mutex_tests::arc_mutex_tests::test_arc_mutex_sharing_across_threads ... ok
[INFO] [stdout] test lock::arc_mutex_tests::arc_mutex_tests::test_arc_mutex_try_with_lock_success ... ok
[INFO] [stdout] test lock::arc_async_rw_lock_tests::arc_async_rw_lock_tests::test_arc_async_rw_lock_with_complex_types ... ok
[INFO] [stdout] test lock::arc_mutex_tests::arc_mutex_tests::test_arc_mutex_with_complex_types ... ok
[INFO] [stdout] test lock::arc_mutex_tests::arc_mutex_tests::test_arc_mutex_with_lock_basic_operations ... ok
[INFO] [stdout] test lock::arc_monitor_tests::test_arc_monitor_wait_timeout_until_delegates_to_monitor ... ok
[INFO] [stdout] test lock::arc_mutex_tests::arc_mutex_tests::test_arc_mutex_with_option ... ok
[INFO] [stdout] test lock::arc_mutex_tests::arc_mutex_tests::test_arc_mutex_nested_data_structures ... ok
[INFO] [stdout] test lock::arc_mutex_tests::arc_mutex_tests::test_arc_mutex_with_result ... ok
[INFO] [stdout] test lock::arc_rw_lock_tests::arc_rw_lock_tests::test_arc_rw_lock_clone ... ok
[INFO] [stdout] test lock::arc_async_mutex_tests::arc_async_mutex_tests::test_arc_async_mutex_try_with_lock_returns_none ... FAILED
[INFO] [stdout] test lock::arc_rw_lock_tests::arc_rw_lock_tests::test_arc_rw_lock_nested_data_structures ... ok
[INFO] [stdout] test lock::arc_rw_lock_tests::arc_rw_lock_tests::test_arc_rw_lock_new ... ok
[INFO] [stdout] test lock::arc_rw_lock_tests::arc_rw_lock_tests::test_arc_rw_lock_read ... ok
[INFO] [stdout] test lock::arc_rw_lock_tests::arc_rw_lock_tests::test_arc_rw_lock_mixed_read_write_operations ... ok
[INFO] [stdout] test lock::arc_rw_lock_tests::arc_rw_lock_tests::test_arc_rw_lock_read_lock_returns_closure_result ... ok
[INFO] [stdout] test lock::arc_mutex_tests::arc_mutex_tests::test_arc_mutex_concurrent_access ... ok
[INFO] [stdout] test lock::arc_rw_lock_tests::arc_rw_lock_tests::test_arc_rw_lock_sharing_across_threads ... ok
[INFO] [stdout] test lock::arc_monitor_tests::test_arc_monitor_wait_notify_returns_timed_out ... ok
[INFO] [stdout] test lock::arc_monitor_tests::test_arc_monitor_wait_until_blocks_until_notify_one ... ok
[INFO] [stdout] test lock::arc_rw_lock_tests::arc_rw_lock_tests::test_arc_rw_lock_read_panics_on_poisoned - should panic ... ok
[INFO] [stdout] test lock::arc_rw_lock_tests::arc_rw_lock_tests::test_arc_rw_lock_try_read_returns_poisoned ... ok
[INFO] [stdout] test lock::arc_monitor_tests::test_arc_monitor_notify_all_wakes_multiple_waiters ... ok
[INFO] [stdout] test lock::arc_mutex_tests::arc_mutex_tests::test_arc_mutex_zero_sized_types ... ok
[INFO] [stdout] test lock::arc_rw_lock_tests::arc_rw_lock_tests::test_arc_rw_lock_with_complex_types ... ok
[INFO] [stdout] test lock::arc_rw_lock_tests::arc_rw_lock_tests::test_arc_rw_lock_write ... ok
[INFO] [stdout] test lock::arc_rw_lock_tests::arc_rw_lock_tests::test_arc_rw_lock_concurrent_readers ... ok
[INFO] [stdout] test lock::arc_rw_lock_tests::arc_rw_lock_tests::test_arc_rw_lock_write_lock_returns_closure_result ... ok
[INFO] [stdout] test lock::arc_std_mutex_tests::arc_std_mutex_tests::test_arc_mutex_clone ... ok
[INFO] [stdout] test lock::arc_rw_lock_tests::arc_rw_lock_tests::test_arc_rw_lock_write_panics_on_poisoned - should panic ... ok
[INFO] [stdout] test lock::arc_std_mutex_tests::arc_std_mutex_tests::test_arc_mutex_clone_with_different_types ... ok
[INFO] [stdout] test lock::arc_std_mutex_tests::arc_std_mutex_tests::test_arc_mutex_concurrent_access ... ok
[INFO] [stdout] test lock::arc_std_mutex_tests::arc_std_mutex_tests::test_arc_mutex_multiple_modifications ... ok
[INFO] [stdout] test lock::arc_rw_lock_tests::arc_rw_lock_tests::test_arc_rw_lock_try_write_returns_poisoned ... ok
[INFO] [stdout] test lock::arc_std_mutex_tests::arc_std_mutex_tests::test_arc_mutex_nested_data_structures ... ok
[INFO] [stdout] test lock::arc_std_mutex_tests::arc_std_mutex_tests::test_arc_mutex_new ... ok
[INFO] [stdout] test lock::arc_std_mutex_tests::arc_std_mutex_tests::test_arc_mutex_return_values ... ok
[INFO] [stdout] test lock::arc_std_mutex_tests::arc_std_mutex_tests::test_arc_mutex_performance_comparison ... ok
[INFO] [stdout] test lock::arc_rw_lock_tests::arc_rw_lock_tests::test_arc_rw_lock_read_after_write ... ok
[INFO] [stdout] test lock::arc_std_mutex_tests::arc_std_mutex_tests::test_arc_mutex_sharing_across_threads ... ok
[INFO] [stdout] test lock::arc_std_mutex_tests::arc_std_mutex_tests::test_arc_mutex_try_read_returns_poisoned ... ok
[INFO] [stdout] test lock::arc_std_mutex_tests::arc_std_mutex_tests::test_arc_mutex_try_read_try_write_interaction ... ok
[INFO] [stdout] test lock::arc_std_mutex_tests::arc_std_mutex_tests::test_arc_mutex_try_with_lock_poisoned ... ok
[INFO] [stdout] test lock::arc_async_mutex_tests::arc_async_mutex_tests::test_arc_async_mutex_does_not_block_executor ... ok
[INFO] [stdout] test lock::arc_std_mutex_tests::arc_std_mutex_tests::test_arc_mutex_try_with_lock_success ... ok
[INFO] [stdout] test lock::arc_std_mutex_tests::arc_std_mutex_tests::test_arc_mutex_try_write_returns_poisoned ... ok
[INFO] [stdout] test lock::arc_rw_lock_tests::arc_rw_lock_tests::test_arc_rw_lock_write_lock_is_exclusive ... ok
[INFO] [stdout] test lock::arc_std_mutex_tests::arc_std_mutex_tests::test_arc_mutex_with_complex_types ... ok
[INFO] [stdout] test lock::arc_std_mutex_tests::arc_std_mutex_tests::test_arc_mutex_with_lock_basic_operations ... ok
[INFO] [stdout] test lock::arc_std_mutex_tests::arc_std_mutex_tests::test_arc_mutex_with_lock_poisoned - should panic ... ok
[INFO] [stdout] test lock::arc_std_mutex_tests::arc_std_mutex_tests::test_arc_mutex_with_option ... ok
[INFO] [stdout] test lock::arc_std_mutex_tests::arc_std_mutex_tests::test_arc_mutex_clone_concurrent_access ... ok
[INFO] [stdout] test lock::arc_std_mutex_tests::arc_std_mutex_tests::test_arc_mutex_with_result ... ok
[INFO] [stdout] test lock::arc_std_mutex_tests::arc_std_mutex_tests::test_arc_mutex_zero_sized_types ... ok
[INFO] [stdout] test lock::arc_async_rw_lock_tests::arc_async_rw_lock_tests::test_arc_async_rw_lock_writer_blocks_readers ... ok
[INFO] [stdout] test lock::async_lock_tests::async_lock_trait_tests::test_async_mutex_concurrent_access ... ok
[INFO] [stdout] test lock::async_lock_tests::async_lock_trait_tests::test_async_mutex_fairness ... ok
[INFO] [stdout] test lock::async_lock_tests::async_lock_trait_tests::test_async_mutex_nested_operations ... ok
[INFO] [stdout] test lock::async_lock_tests::async_lock_trait_tests::test_async_mutex_try_with_lock_success ... ok
[INFO] [stdout] test lock::async_lock_tests::async_lock_trait_tests::test_async_mutex_with_lock_basic_operations ... ok
[INFO] [stdout] test lock::async_lock_tests::async_lock_trait_tests::test_async_mutex_with_lock_complex_types ... ok
[INFO] [stdout] test lock::async_lock_tests::async_lock_trait_tests::test_async_mutex_with_lock_returns_closure_result ... ok
[INFO] [stdout] test lock::async_lock_tests::async_lock_trait_tests::test_async_mutex_with_result_types ... ok
[INFO] [stdout] test lock::async_lock_tests::async_lock_trait_tests::test_tokio_async_mutex_read ... ok
[INFO] [stdout] test lock::async_lock_tests::async_lock_trait_tests::test_tokio_async_mutex_try_methods_cover_shared_function_pointer_paths ... ok
[INFO] [stdout] test lock::async_lock_tests::async_lock_trait_tests::test_tokio_async_mutex_try_read_returns_none_when_locked ... ok
[INFO] [stdout] test lock::async_lock_tests::async_lock_trait_tests::test_tokio_async_mutex_try_read_success ... ok
[INFO] [stdout] test lock::async_lock_tests::async_lock_trait_tests::test_tokio_async_mutex_try_write_returns_none_when_guard_held ... ok
[INFO] [stdout] test lock::async_lock_tests::async_lock_trait_tests::test_tokio_async_mutex_try_write_returns_none_when_locked ... ok
[INFO] [stdout] test lock::async_lock_tests::async_lock_trait_tests::test_tokio_async_mutex_try_write_success ... ok
[INFO] [stdout] test lock::async_lock_tests::async_lock_trait_tests::test_tokio_async_mutex_write ... ok
[INFO] [stdout] test lock::async_lock_tests::async_rwlock_trait_tests::test_async_rwlock_concurrent_readers ... ok
[INFO] [stdout] test lock::async_lock_tests::async_rwlock_trait_tests::test_async_rwlock_mixed_read_write_operations ... ok
[INFO] [stdout] test lock::async_lock_tests::async_rwlock_trait_tests::test_async_rwlock_read_after_write ... ok
[INFO] [stdout] test lock::async_lock_tests::async_rwlock_trait_tests::test_async_rwlock_read_basic ... ok
[INFO] [stdout] test lock::arc_async_mutex_tests::arc_async_mutex_tests::test_arc_async_mutex_try_methods_cover_shared_function_pointer_paths ... ok
[INFO] [stdout] test lock::async_lock_tests::async_rwlock_trait_tests::test_async_rwlock_read_lock_returns_closure_result ... ok
[INFO] [stdout] test lock::async_lock_tests::async_rwlock_trait_tests::test_async_rwlock_try_read_success ... ok
[INFO] [stdout] test lock::async_lock_tests::async_rwlock_trait_tests::test_async_rwlock_try_write_success ... ok
[INFO] [stdout] test lock::async_lock_tests::async_rwlock_trait_tests::test_async_rwlock_with_complex_types ... ok
[INFO] [stdout] test lock::async_lock_tests::async_rwlock_trait_tests::test_async_rwlock_write_basic ... ok
[INFO] [stdout] test lock::async_lock_tests::async_lock_trait_tests::test_async_mutex_try_with_lock_returns_none_when_locked ... ok
[INFO] [stdout] test lock::async_lock_tests::async_rwlock_trait_tests::test_async_rwlock_write_lock_is_exclusive ... ok
[INFO] [stdout] test lock::async_lock_tests::async_rwlock_trait_tests::test_async_rwlock_write_lock_returns_closure_result ... ok
[INFO] [stdout] test lock::async_lock_tests::async_rwlock_trait_tests::test_tokio_async_rwlock_read ... ok
[INFO] [stdout] test lock::async_lock_tests::async_rwlock_trait_tests::test_tokio_async_rwlock_try_methods_cover_shared_function_pointer_paths ... ok
[INFO] [stdout] test lock::async_lock_tests::async_rwlock_trait_tests::test_tokio_async_rwlock_try_read_returns_none_when_write_guard_held ... ok
[INFO] [stdout] test lock::async_lock_tests::async_rwlock_trait_tests::test_tokio_async_rwlock_try_read_returns_none_when_write_locked ... ok
[INFO] [stdout] test lock::async_lock_tests::async_rwlock_trait_tests::test_tokio_async_rwlock_try_read_success ... ok
[INFO] [stdout] test lock::async_lock_tests::async_rwlock_trait_tests::test_tokio_async_rwlock_try_write_returns_none_when_locked ... ok
[INFO] [stdout] test lock::async_lock_tests::async_rwlock_trait_tests::test_tokio_async_rwlock_try_write_returns_none_when_read_guard_held ... ok
[INFO] [stdout] test lock::async_lock_tests::async_rwlock_trait_tests::test_tokio_async_rwlock_try_write_success ... ok
[INFO] [stdout] test lock::async_lock_tests::async_rwlock_trait_tests::test_tokio_async_rwlock_write ... ok
[INFO] [stdout] test lock::lock_tests::lock_trait_tests::test_mutex_nested_operations ... ok
[INFO] [stdout] test lock::lock_tests::lock_trait_tests::test_mutex_concurrent_access ... ok
[INFO] [stdout] test lock::lock_tests::lock_trait_tests::test_mutex_try_with_lock_returns_poisoned_on_poisoned ... ok
[INFO] [stdout] test lock::lock_tests::lock_trait_tests::test_mutex_try_with_lock_success ... ok
[INFO] [stdout] test lock::lock_tests::lock_trait_tests::test_mutex_with_lock_basic_operations ... ok
[INFO] [stdout] test lock::lock_tests::lock_trait_tests::test_mutex_with_lock_complex_types ... ok
[INFO] [stdout] test lock::lock_tests::lock_trait_tests::test_mutex_with_lock_returns_closure_result ... ok
[INFO] [stdout] test lock::lock_tests::lock_trait_tests::test_std_mutex_read ... ok
[INFO] [stdout] test lock::lock_tests::lock_trait_tests::test_mutex_with_lock_panics_on_poisoned - should panic ... ok
[INFO] [stdout] test lock::lock_tests::lock_trait_tests::test_std_mutex_try_read_returns_poisoned_when_poisoned ... ok
[INFO] [stdout] test lock::arc_std_mutex_tests::arc_std_mutex_tests::test_arc_mutex_try_methods_cover_shared_function_pointer_paths ... ok
[INFO] [stdout] test lock::async_lock_tests::async_lock_trait_tests::test_async_mutex_does_not_block_executor ... ok
[INFO] [stdout] test lock::lock_tests::lock_trait_tests::test_std_mutex_try_read_success ... ok
[INFO] [stdout] test lock::lock_tests::lock_trait_tests::test_std_mutex_try_write_returns_poisoned_when_poisoned ... ok
[INFO] [stdout] test lock::arc_mutex_tests::arc_mutex_tests::test_arc_mutex_try_with_lock_returns_would_block ... ok
[INFO] [stdout] test lock::lock_tests::lock_trait_tests::test_std_mutex_try_write_success ... ok
[INFO] [stdout] test lock::arc_mutex_tests::arc_mutex_tests::test_arc_mutex_try_write_with_lock_returns_would_block ... ok
[INFO] [stdout] test lock::lock_tests::lock_trait_tests::test_std_mutex_write ... ok
[INFO] [stdout] test lock::lock_tests::rwlock_trait_tests::test_rwlock_mixed_read_write_operations ... ok
[INFO] [stdout] test lock::lock_tests::rwlock_trait_tests::test_rwlock_read_after_write ... ok
[INFO] [stdout] test lock::lock_tests::rwlock_trait_tests::test_rwlock_read_basic ... ok
[INFO] [stdout] test lock::lock_tests::rwlock_trait_tests::test_rwlock_read_lock_returns_closure_result ... ok
[INFO] [stdout] test lock::lock_tests::rwlock_trait_tests::test_rwlock_concurrent_readers ... ok
[INFO] [stdout] test lock::lock_tests::rwlock_trait_tests::test_rwlock_try_read_success ... ok
[INFO] [stdout] test lock::arc_async_rw_lock_tests::arc_async_rw_lock_tests::test_arc_async_rw_lock_try_write_returns_none_when_read_locked ... ok
[INFO] [stdout] test lock::lock_tests::rwlock_trait_tests::test_rwlock_try_write_returns_none_when_locked ... ok
[INFO] [stdout] test lock::lock_tests::rwlock_trait_tests::test_rwlock_try_write_success ... ok
[INFO] [stdout] test lock::lock_tests::rwlock_trait_tests::test_rwlock_with_complex_types ... ok
[INFO] [stdout] test lock::lock_tests::rwlock_trait_tests::test_rwlock_write_basic ... ok
[INFO] [stdout] test lock::lock_tests::rwlock_trait_tests::test_rwlock_write_lock_returns_closure_result ... ok
[INFO] [stdout] test lock::lock_tests::rwlock_trait_tests::test_rwlock_write_lock_is_exclusive ... ok
[INFO] [stdout] test lock::lock_tests::rwlock_trait_tests::test_std_rwlock_read ... ok
[INFO] [stdout] test lock::arc_async_rw_lock_tests::arc_async_rw_lock_tests::test_arc_async_rw_lock_try_read_returns_none_when_write_locked ... ok
[INFO] [stdout] test lock::lock_tests::rwlock_trait_tests::test_std_rwlock_try_read_returns_poisoned_when_poisoned ... ok
[INFO] [stdout] test lock::lock_tests::rwlock_trait_tests::test_std_rwlock_try_read_success ... ok
[INFO] [stdout] test lock::lock_tests::rwlock_trait_tests::test_std_rwlock_try_write_returns_poisoned_when_poisoned ... ok
[INFO] [stdout] test lock::lock_tests::lock_trait_tests::test_std_mutex_try_methods_cover_shared_function_pointer_paths ... ok
[INFO] [stdout] test lock::arc_rw_lock_tests::arc_rw_lock_tests::test_arc_rw_lock_try_methods_cover_shared_function_pointer_paths ... ok
[INFO] [stdout] test lock::arc_async_rw_lock_tests::arc_async_rw_lock_tests::test_arc_async_rw_lock_try_methods_cover_shared_function_pointer_paths ... ok
[INFO] [stdout] test lock::arc_rw_lock_tests::arc_rw_lock_tests::test_arc_rw_lock_try_write_returns_would_block ... ok
[INFO] [stdout] test lock::lock_tests::rwlock_trait_tests::test_std_rwlock_try_write_success ... ok
[INFO] [stdout] test lock::lock_tests::rwlock_trait_tests::test_std_rwlock_write ... ok
[INFO] [stdout] test lock::monitor_guard_tests::test_monitor_guard_updates_state ... ok
[INFO] [stdout] test lock::monitor_tests::test_monitor_default_uses_default_value ... ok
[INFO] [stdout] test lock::monitor_tests::test_monitor_new_read_write_updates_state ... ok
[INFO] [stdout] test lock::monitor_tests::test_monitor_notify_all_wakes_all_ready_waiters ... ok
[INFO] [stdout] test lock::monitor_tests::test_monitor_recovers_poisoned_state_for_read_and_write ... ok
[INFO] [stdout] test lock::arc_std_mutex_tests::arc_std_mutex_tests::test_arc_mutex_try_read_returns_would_block ... ok
[INFO] [stdout] test lock::arc_std_mutex_tests::arc_std_mutex_tests::test_arc_mutex_try_with_lock_returns_would_block ... ok
[INFO] [stdout] test lock::monitor_tests::test_monitor_wait_timeout_until_returns_result_when_predicate_true ... ok
[INFO] [stdout] test lock::arc_std_mutex_tests::arc_std_mutex_tests::test_arc_mutex_try_write_returns_would_block ... ok
[INFO] [stdout] test lock::arc_rw_lock_tests::arc_rw_lock_tests::test_arc_rw_lock_try_read_returns_would_block ... ok
[INFO] [stdout] test lock::monitor_guard_tests::test_monitor_guard_wait_timeout_returns_timed_out ... ok
[INFO] [stdout] test lock::monitor_tests::test_monitor_wait_timeout_until_returns_timed_out_when_timeout ... ok
[INFO] [stdout] test lock::monitor_tests::test_monitor_wait_notify_returns_timed_out ... ok
[INFO] [stdout] test lock::monitor_tests::test_monitor_wait_until_returns_when_predicate_is_ready ... ok
[INFO] [stdout] test lock::monitor_tests::test_monitor_wait_while_returns_when_predicate_is_false ... ok
[INFO] [stdout] test lock::parking_lot_mutex_tests::parking_lot_mutex_tests::test_parking_lot_mutex_concurrent_access ... ok
[INFO] [stdout] test lock::parking_lot_mutex_tests::parking_lot_mutex_tests::test_parking_lot_mutex_nested_operations ... ok
[INFO] [stdout] test lock::monitor_tests::test_monitor_wait_timeout_while_returns_timed_out_when_timeout ... ok
[INFO] [stdout] test lock::parking_lot_mutex_tests::parking_lot_mutex_tests::test_parking_lot_mutex_read_basic ... ok
[INFO] [stdout] test lock::parking_lot_mutex_tests::parking_lot_mutex_tests::test_parking_lot_mutex_read_returns_closure_result ... ok
[INFO] [stdout] test lock::parking_lot_mutex_tests::parking_lot_mutex_tests::test_parking_lot_mutex_performance_comparison ... ok
[INFO] [stdout] test lock::monitor_tests::test_monitor_wait_notify_returns_woken_when_notified ... ok
[INFO] [stdout] test lock::parking_lot_mutex_tests::parking_lot_mutex_tests::test_parking_lot_mutex_try_read_success ... ok
[INFO] [stdout] test lock::lock_tests::lock_trait_tests::test_mutex_try_with_lock_returns_would_block_when_locked ... ok
[INFO] [stdout] test lock::parking_lot_mutex_tests::parking_lot_mutex_tests::test_parking_lot_mutex_try_write_success ... ok
[INFO] [stdout] test lock::parking_lot_mutex_tests::parking_lot_mutex_tests::test_parking_lot_mutex_with_complex_types ... ok
[INFO] [stdout] test lock::parking_lot_mutex_tests::parking_lot_mutex_tests::test_parking_lot_mutex_write_basic ... ok
[INFO] [stdout] test lock::parking_lot_mutex_tests::parking_lot_mutex_tests::test_parking_lot_mutex_write_returns_closure_result ... ok
[INFO] [stdout] test lock::lock_tests::lock_trait_tests::test_std_mutex_try_read_returns_would_block_when_locked ... ok
[INFO] [stdout] test lock::monitor_tests::test_monitor_wait_until_blocks_until_notify_one ... ok
[INFO] [stdout] test task::executor::delay_executor_tests::test_delay_executor_returns_callable_value ... ok
[INFO] [stdout] test task::executor::direct_executor_tests::test_direct_executor_call_returns_value ... ok
[INFO] [stdout] test task::executor::direct_executor_tests::test_direct_executor_execute_runs_inline ... ok
[INFO] [stdout] test task::executor::direct_executor_tests::test_qubit_function_task_types_remain_compatible ... ok
[INFO] [stdout] test task::executor::thread_per_task_executor_tests::test_thread_per_task_executor_call_returns_value ... ok
[INFO] [stdout] test task::executor::thread_per_task_executor_tests::test_thread_per_task_executor_execute_runs_task ... ok
[INFO] [stdout] test task::executor::thread_per_task_executor_tests::test_thread_per_task_executor_shared_callable_covers_runner_outcomes ... ok
[INFO] [stdout] test task::executor::tokio_executor_tests::test_tokio_execution_cancel_queued_blocking_task_panics_when_awaited ... ok
[INFO] [stdout] test lock::lock_tests::lock_trait_tests::test_std_mutex_try_read_returns_would_block_when_locked_short_path ... ok
[INFO] [stdout] test task::executor::tokio_executor_tests::test_tokio_execution_resumes_task_panic - should panic ... ok
[INFO] [stdout] test task::executor::tokio_executor_tests::test_tokio_executor_call_returns_future_value ... ok
[INFO] [stdout] test lock::monitor_tests::test_monitor_wait_until_ignores_notification_until_predicate_true ... ok
[INFO] [stdout] test task::executor::tokio_executor_tests::test_tokio_executor_execute_returns_future_result ... ok
[INFO] [stdout] test task::service::execution_services_tests::test_execution_services_builder_rejects_invalid_cpu_domain ... ok
[INFO] [stdout] test task::service::execution_services_tests::test_execution_services_builder_rejects_invalid_blocking_domain ... ok
[INFO] [stdout] test task::service::execution_services_tests::test_execution_services_shutdown_rejects_new_tasks ... ok
[INFO] [stdout] test task::service::execution_services_tests::test_execution_services_submit_blocking_and_cpu_tasks ... ok
[INFO] [stdout] test task::executor::tokio_executor_tests::test_tokio_execution_is_finished_reports_completion ... ok
[INFO] [stdout] test task::service::execution_services_tests::test_execution_services_submit_tokio_blocking_and_io_tasks ... ok
[INFO] [stdout] test lock::monitor_tests::test_monitor_wait_until_recovers_poisoned_state_after_notification ... ok
[INFO] [stdout] test lock::lock_tests::lock_trait_tests::test_std_mutex_try_write_returns_would_block_when_locked ... ok
[INFO] [stdout] test lock::lock_tests::rwlock_trait_tests::test_rwlock_try_read_returns_would_block_when_write_locked ... ok
[INFO] [stdout] test task::service::rayon_executor_service_tests::test_rayon_executor_service_shutdown_now_cancels_queued_tasks ... ok
[INFO] [stdout] test task::service::rayon_executor_service_tests::test_rayon_executor_service_submit_callable_returns_value ... ok
[INFO] [stdout] test task::service::rayon_executor_service_tests::test_rayon_task_handle_reports_panicked_task ... ok
[INFO] [stdout] test lock::lock_tests::rwlock_trait_tests::test_std_rwlock_try_read_returns_would_block_when_write_locked ... ok
[INFO] [stdout] test lock::lock_tests::rwlock_trait_tests::test_std_rwlock_try_write_returns_would_block_when_read_locked ... ok
[INFO] [stdout] test lock::parking_lot_mutex_tests::parking_lot_mutex_tests::test_parking_lot_mutex_try_methods_cover_shared_function_pointer_paths ... ok
[INFO] [stdout] test task::service::thread_per_task_executor_service_tests::test_thread_per_task_executor_service_reports_panicked_task ... ok
[INFO] [stdout] test task::service::rayon_executor_service_tests::test_rayon_executor_service_submit_acceptance_is_not_task_success ... ok
[INFO] [stdout] test task::service::rayon_executor_service_tests::test_rayon_task_handle_cancel_before_start_reports_cancelled ... ok
[INFO] [stdout] test task::service::rayon_executor_service_tests::test_rayon_executor_service_shutdown_rejects_new_tasks ... ok
[INFO] [stdout] test task::service::rayon_executor_service_tests::test_rayon_task_handle_can_be_awaited ... ok
[INFO] [stdout] test task::service::thread_pool::thread_pool_build_error_tests::test_thread_pool_build_error_from_rejected_execution_shutdown ... ok
[INFO] [stdout] test task::service::thread_pool::thread_pool_build_error_tests::test_thread_pool_build_error_from_rejected_execution_saturated ... ok
[INFO] [stdout] test task::service::thread_per_task_executor_service_tests::test_thread_per_task_executor_service_shutdown_rejects_new_tasks ... ok
[INFO] [stdout] test task::service::thread_pool::thread_pool_builder_tests::test_thread_pool_builder_rejects_invalid_configuration ... ok
[INFO] [stdout] test task::service::thread_pool::thread_pool_builder_tests::test_thread_pool_bounded_queue_rejects_when_saturated ... ok
[INFO] [stdout] test task::service::thread_per_task_executor_service_tests::test_thread_per_task_executor_service_shutdown_now_reports_running_tasks ... ok
[INFO] [stdout] test task::service::thread_per_task_executor_service_tests::test_thread_per_task_executor_service_submit_callable_returns_value ... ok
[INFO] [stdout] test task::service::thread_pool::pool_job_tests::test_thread_pool_submit_job_runs_type_erased_job ... ok
[INFO] [stdout] test lock::lock_tests::rwlock_trait_tests::test_std_rwlock_try_methods_cover_shared_function_pointer_paths ... ok
[INFO] [stdout] test lock::lock_tests::rwlock_trait_tests::test_std_rwlock_try_write_returns_would_block_when_read_locked_short_path ... ok
[INFO] [stdout] test task::service::thread_per_task_executor_service_tests::test_thread_per_task_executor_service_submit_acceptance_is_not_task_success ... ok
[INFO] [stdout] test task::service::thread_pool::thread_pool_builder_tests::test_thread_pool_prestart_reports_build_spawn_failure ... ok
[INFO] [stdout] test task::service::thread_pool::thread_pool_builder_tests::test_thread_pool_prestart_core_thread_reports_state ... ok
[INFO] [stdout] test task::service::thread_pool::thread_pool_stats_tests::test_thread_pool_stats_reflect_configuration ... ok
[INFO] [stdout] test task::service::thread_pool::thread_pool_tests::test_rejected_execution_compares_by_variant ... ok
[INFO] [stdout] test task::service::thread_pool::thread_pool_builder_tests::test_thread_pool_prestart_all_core_threads_reports_state ... ok
[INFO] [stdout] test task::service::thread_pool::thread_pool_tests::test_thread_pool_accessors_and_dynamic_settings ... ok
[INFO] [stdout] test task::service::thread_pool::thread_pool_tests::test_thread_pool_cancels_queued_job_when_initial_worker_spawn_fails ... ok
[INFO] [stdout] test task::service::thread_pool::thread_pool_tests::test_thread_pool_reports_worker_spawn_failure ... ok
[INFO] [stdout] test task::service::thread_pool::thread_pool_tests::test_thread_pool_handle_can_be_awaited ... ok
[INFO] [stdout] test task::service::thread_pool::thread_pool_tests::test_thread_pool_cancel_before_start_reports_cancelled ... ok
[INFO] [stdout] test lock::lock_tests::rwlock_trait_tests::test_std_rwlock_try_write_returns_would_block_when_write_locked ... ok
[INFO] [stdout] test task::service::thread_pool::thread_pool_tests::test_thread_pool_shutdown_now_after_shutdown_is_idempotent ... ok
[INFO] [stdout] test task::service::thread_pool::thread_pool_tests::test_thread_pool_shutdown_rejects_new_tasks ... ok
[INFO] [stdout] test task::service::thread_pool::thread_pool_tests::test_thread_pool_shutdown_now_cancels_queued_tasks ... ok
[INFO] [stdout] test task::service::thread_pool::thread_pool_builder_tests::test_thread_pool_prestarts_core_workers ... ok
[INFO] [stdout] test task::service::thread_pool::thread_pool_tests::test_thread_pool_shutdown_drains_queued_tasks ... ok
[INFO] [stdout] test task::service::thread_pool::thread_pool_tests::test_thread_pool_submit_acceptance_is_not_task_success ... ok
[INFO] [stdout] test task::service::thread_pool::thread_pool_tests::test_thread_pool_submit_callable_returns_value ... ok
[INFO] [stdout] test task::service::tokio_executor_service_tests::test_tokio_executor_service_shutdown_rejects_new_tasks ... ok
[INFO] [stdout] test task::service::tokio_blocking_executor_service_tests::test_tokio_blocking_executor_service_alias_runs_blocking_callable ... ok
[INFO] [stdout] test task::service::tokio_executor_service_tests::test_tokio_executor_service_submit_callable_returns_value ... ok
[INFO] [stdout] test task::service::tokio_executor_service_tests::test_tokio_executor_service_submit_acceptance_is_not_task_success ... ok
[INFO] [stdout] test task::service::tokio_executor_service_tests::test_tokio_task_handle_cancel_requests_abort ... ok
[INFO] [stdout] test task::service::tokio_executor_service_tests::test_tokio_task_handle_panicked_is_not_cancelled ... ok
[INFO] [stdout] test task::service::tokio_io_executor_service_tests::test_tokio_io_executor_service_shutdown_now_aborts_running_task_handle ... ok
[INFO] [stdout] test task::service::tokio_io_executor_service_tests::test_tokio_io_executor_service_shutdown_rejects_new_tasks ... ok
[INFO] [stdout] test task::service::tokio_io_executor_service_tests::test_tokio_io_executor_service_spawn_acceptance_is_not_task_success ... ok
[INFO] [stdout] test task::service::tokio_io_executor_service_tests::test_tokio_io_executor_service_spawn_returns_value ... ok
[INFO] [stdout] test task::service::tokio_io_executor_service_tests::test_tokio_io_task_handle_cancel_requests_abort ... ok
[INFO] [stdout] test task::service::tokio_io_executor_service_tests::test_tokio_io_task_handle_reports_panicked_task ... ok
[INFO] [stdout] test task::task_execution_error_tests::test_task_execution_error_display ... ok
[INFO] [stdout] test task::task_execution_error_tests::test_task_execution_error_implements_error ... ok
[INFO] [stdout] test task::service::tokio_executor_service_tests::test_tokio_task_handle_reports_panicked_task ... ok
[INFO] [stdout] test task::task_execution_error_tests::test_task_execution_error_predicates ... ok
[INFO] [stdout] test task::task_handle_tests::test_task_completion_start_and_complete_publishes_lazy_result ... ok
[INFO] [stdout] test task::task_handle_tests::test_task_completion_start_and_complete_skips_cancelled_task ... ok
[INFO] [stdout] test task::task_handle_tests::test_task_handle_await_returns_value ... ok
[INFO] [stdout] test task::task_handle_tests::test_task_handle_cancel_after_start_returns_false ... ok
[INFO] [stdout] test task::service::thread_pool::thread_pool_builder_tests::test_thread_pool_excess_workers_retire_after_maximum_size_decreases ... ok
[INFO] [stdout] test task::task_handle_tests::test_task_handle_is_done_reports_completion ... ok
[INFO] [stdout] test task::service::thread_pool::thread_pool_builder_tests::test_thread_pool_builder_sets_unbounded_queue_and_thread_options ... ok
[INFO] [stdout] test task::executor::delay_executor_tests::test_delay_executor_delays_task_start ... ok
[INFO] [stdout] test lock::parking_lot_mutex_tests::parking_lot_mutex_tests::test_parking_lot_mutex_try_read_returns_would_block_when_locked ... ok
[INFO] [stdout] test lock::parking_lot_mutex_tests::parking_lot_mutex_tests::test_parking_lot_mutex_try_write_returns_would_block_when_locked ... ok
[INFO] [stdout] test task::service::thread_pool::thread_pool_builder_tests::test_thread_pool_grows_above_core_when_queue_is_full ... ok
[INFO] [stdout] test task::service::tokio_executor_service_tests::test_tokio_executor_service_await_termination_waits_for_tasks ... ok
[INFO] [stdout] test task::service::tokio_io_executor_service_tests::test_tokio_io_executor_service_await_termination_waits_for_tasks ... ok
[INFO] [stdout] test task::executor::delay_executor_tests::test_delay_executor_cancel_before_start_skips_callable ... ok
[INFO] [stdout] test task::service::thread_per_task_executor_service_tests::test_thread_per_task_executor_service_await_termination_waits_for_tasks ... ok
[INFO] [stdout] test task::service::thread_pool::thread_pool_builder_tests::test_thread_pool_core_threads_can_timeout ... ok
[INFO] [stdout] test task::service::execution_services_tests::test_execution_services_shutdown_now_aggregates_reports ... ok
[INFO] [stdout] test task::service::tokio_executor_service_tests::test_tokio_executor_service_shutdown_now_aborts_running_task_handle ... ok
[INFO] [stdout] 
[INFO] [stdout] failures:
[INFO] [stdout] 
[INFO] [stdout] ---- docs::readme_tests::test_readme_dependency_version_matches_cargo_toml stdout ----
[INFO] [stdout] 
[INFO] [stdout] thread 'docs::readme_tests::test_readme_dependency_version_matches_cargo_toml' (3351) panicked at tests/docs/readme_tests.rs:44:5:
[INFO] [stdout] assertion `left == right` failed
[INFO] [stdout]   left: "0.6.0"
[INFO] [stdout]  right: "1.5"
[INFO] [stdout] stack backtrace:
[INFO] [stdout]    0:     0x5736f5fdb6d1 - <<std[104cf6e2632825ea]::sys::backtrace::BacktraceLock>::print::DisplayBacktrace as core[7c831bd917ebf35f]::fmt::Display>::fmt
[INFO] [stdout]    1:     0x5736f5fefb1a - core[7c831bd917ebf35f]::fmt::write
[INFO] [stdout]    2:     0x5736f5fdfbdc - <alloc[2fdc3f7464fcf288]::vec::Vec<u8> as core[7c831bd917ebf35f]::io::write::Write>::write_fmt
[INFO] [stdout]    3:     0x5736f5fb75b6 - std[104cf6e2632825ea]::panicking::default_hook::{closure#0}
[INFO] [stdout]    4:     0x5736f5fd3b79 - std[104cf6e2632825ea]::panicking::default_hook
[INFO] [stdout]    5:     0x5736f5f3fb70 - test[73009c9f9aebf890]::test_main_inner::<test[73009c9f9aebf890]::test_main_static::{closure#0}>::{closure#0}
[INFO] [stdout]    6:     0x5736f5fd3ea2 - std[104cf6e2632825ea]::panicking::panic_with_hook
[INFO] [stdout]    7:     0x5736f5fb7662 - std[104cf6e2632825ea]::panicking::panic_handler::{closure#0}
[INFO] [stdout]    8:     0x5736f5fb0009 - std[104cf6e2632825ea]::sys::backtrace::__rust_end_short_backtrace::<std[104cf6e2632825ea]::panicking::panic_handler::{closure#0}, !>
[INFO] [stdout]    9:     0x5736f5fb825d - __rustc[b0d56fa5b193ad05]::rust_begin_unwind
[INFO] [stdout]   10:     0x5736f5ff027c - core[7c831bd917ebf35f]::panicking::panic_fmt
[INFO] [stdout]   11:     0x5736f5ff0193 - core[7c831bd917ebf35f]::panicking::assert_failed_inner
[INFO] [stdout]   12:     0x5736f5f1913a - core[7c831bd917ebf35f]::panicking::assert_failed::<&str, &str>
[INFO] [stdout]   13:     0x5736f5f0dcd2 - mod[fe040057d5132786]::docs::readme_tests::test_readme_dependency_version_matches_cargo_toml
[INFO] [stdout]   14:     0x5736f5ecac29 - <mod[fe040057d5132786]::docs::readme_tests::test_readme_dependency_version_matches_cargo_toml::{closure#0} as core[7c831bd917ebf35f]::ops::function::FnOnce<()>>::call_once
[INFO] [stdout]   15:     0x5736f5f32e5b - test[73009c9f9aebf890]::__rust_begin_short_backtrace::<core[7c831bd917ebf35f]::result::Result<(), alloc[2fdc3f7464fcf288]::string::String>, fn() -> core[7c831bd917ebf35f]::result::Result<(), alloc[2fdc3f7464fcf288]::string::String>>
[INFO] [stdout]   16:     0x5736f5f404c5 - test[73009c9f9aebf890]::run_test::{closure#0}
[INFO] [stdout]   17:     0x5736f5f39884 - std[104cf6e2632825ea]::sys::backtrace::__rust_begin_short_backtrace::<test[73009c9f9aebf890]::run_test::{closure#1}, ()>
[INFO] [stdout]   18:     0x5736f5f43622 - <std[104cf6e2632825ea]::thread::lifecycle::spawn_unchecked<test[73009c9f9aebf890]::run_test::{closure#1}, ()>::{closure#1} as core[7c831bd917ebf35f]::ops::function::FnOnce<()>>::call_once::{shim:vtable#0}
[INFO] [stdout]   19:     0x5736f5fdaf99 - <std[104cf6e2632825ea]::sys::thread::unix::Thread>::new::thread_start
[INFO] [stdout]   20:     0x7c3dedb7407a - <unknown>
[INFO] [stdout]   21:     0x7c3dedc07534 - clone
[INFO] [stdout]   22:                0x0 - <unknown>
[INFO] [stdout] 
[INFO] [stdout] ---- lock::arc_async_mutex_tests::arc_async_mutex_tests::test_arc_async_mutex_try_with_lock_returns_none stdout ----
[INFO] [stdout] 
[INFO] [stdout] thread 'lock::arc_async_mutex_tests::arc_async_mutex_tests::test_arc_async_mutex_try_with_lock_returns_none' (3411) panicked at tests/lock/arc_async_mutex_tests.rs:100:9:
[INFO] [stdout] Expected None when lock is held by another thread
[INFO] [stdout] stack backtrace:
[INFO] [stdout]    0:     0x5736f5fdb6d1 - <<std[104cf6e2632825ea]::sys::backtrace::BacktraceLock>::print::DisplayBacktrace as core[7c831bd917ebf35f]::fmt::Display>::fmt
[INFO] [stdout]    1:     0x5736f5fefb1a - core[7c831bd917ebf35f]::fmt::write
[INFO] [stdout]    2:     0x5736f5fdfbdc - <alloc[2fdc3f7464fcf288]::vec::Vec<u8> as core[7c831bd917ebf35f]::io::write::Write>::write_fmt
[INFO] [stdout]    3:     0x5736f5fb75b6 - std[104cf6e2632825ea]::panicking::default_hook::{closure#0}
[INFO] [stdout]    4:     0x5736f5fd3b79 - std[104cf6e2632825ea]::panicking::default_hook
[INFO] [stdout]    5:     0x5736f5f3fb70 - test[73009c9f9aebf890]::test_main_inner::<test[73009c9f9aebf890]::test_main_static::{closure#0}>::{closure#0}
[INFO] [stdout]    6:     0x5736f5fd3ea2 - std[104cf6e2632825ea]::panicking::panic_with_hook
[INFO] [stdout]    7:     0x5736f5fb7694 - std[104cf6e2632825ea]::panicking::panic_handler::{closure#0}
[INFO] [stdout]    8:     0x5736f5fb0009 - std[104cf6e2632825ea]::sys::backtrace::__rust_end_short_backtrace::<std[104cf6e2632825ea]::panicking::panic_handler::{closure#0}, !>
[INFO] [stdout]    9:     0x5736f5fb825d - __rustc[b0d56fa5b193ad05]::rust_begin_unwind
[INFO] [stdout]   10:     0x5736f5ff027c - core[7c831bd917ebf35f]::panicking::panic_fmt
[INFO] [stdout]   11:     0x5736f5e7a068 - mod[fe040057d5132786]::lock::arc_async_mutex_tests::arc_async_mutex_tests::test_arc_async_mutex_try_with_lock_returns_none::{closure#0}
[INFO] [stdout]   12:     0x5736f5edcd33 - <tokio[c47e3f86602bc676]::runtime::scheduler::current_thread::Context>::enter::<core[7c831bd917ebf35f]::task::poll::Poll<()>, <tokio[c47e3f86602bc676]::runtime::scheduler::current_thread::CoreGuard>::block_on<core[7c831bd917ebf35f]::pin::Pin<&mut core[7c831bd917ebf35f]::pin::Pin<&mut dyn core[7c831bd917ebf35f]::future::future::Future<Output = ()>>>>::{closure#0}::{closure#0}>
[INFO] [stdout]   13:     0x5736f5eabc2c - <tokio[c47e3f86602bc676]::runtime::context::scoped::Scoped<tokio[c47e3f86602bc676]::runtime::scheduler::Context>>::set::<<tokio[c47e3f86602bc676]::runtime::scheduler::current_thread::CoreGuard>::enter<<tokio[c47e3f86602bc676]::runtime::scheduler::current_thread::CoreGuard>::block_on<core[7c831bd917ebf35f]::pin::Pin<&mut core[7c831bd917ebf35f]::pin::Pin<&mut dyn core[7c831bd917ebf35f]::future::future::Future<Output = ()>>>>::{closure#0}, core[7c831bd917ebf35f]::option::Option<()>>::{closure#0}, (alloc[2fdc3f7464fcf288]::boxed::Box<tokio[c47e3f86602bc676]::runtime::scheduler::current_thread::Core>, core[7c831bd917ebf35f]::option::Option<()>)>
[INFO] [stdout]   14:     0x5736f5ee0af7 - <tokio[c47e3f86602bc676]::runtime::scheduler::current_thread::CoreGuard>::block_on::<core[7c831bd917ebf35f]::pin::Pin<&mut core[7c831bd917ebf35f]::pin::Pin<&mut dyn core[7c831bd917ebf35f]::future::future::Future<Output = ()>>>>
[INFO] [stdout]   15:     0x5736f5ee922d - tokio[c47e3f86602bc676]::runtime::context::runtime::enter_runtime::<<tokio[c47e3f86602bc676]::runtime::scheduler::current_thread::CurrentThread>::block_on<core[7c831bd917ebf35f]::pin::Pin<&mut dyn core[7c831bd917ebf35f]::future::future::Future<Output = ()>>>::{closure#0}, ()>
[INFO] [stdout]   16:     0x5736f5f177a5 - <tokio[c47e3f86602bc676]::runtime::runtime::Runtime>::block_on::<core[7c831bd917ebf35f]::pin::Pin<&mut dyn core[7c831bd917ebf35f]::future::future::Future<Output = ()>>>
[INFO] [stdout]   17:     0x5736f5e7f5e9 - mod[fe040057d5132786]::lock::arc_async_mutex_tests::arc_async_mutex_tests::test_arc_async_mutex_try_with_lock_returns_none
[INFO] [stdout]   18:     0x5736f5ecdc79 - <mod[fe040057d5132786]::lock::arc_async_mutex_tests::arc_async_mutex_tests::test_arc_async_mutex_try_with_lock_returns_none::{closure#0} as core[7c831bd917ebf35f]::ops::function::FnOnce<()>>::call_once
[INFO] [stdout]   19:     0x5736f5f32e5b - test[73009c9f9aebf890]::__rust_begin_short_backtrace::<core[7c831bd917ebf35f]::result::Result<(), alloc[2fdc3f7464fcf288]::string::String>, fn() -> core[7c831bd917ebf35f]::result::Result<(), alloc[2fdc3f7464fcf288]::string::String>>
[INFO] [stdout]   20:     0x5736f5f404c5 - test[73009c9f9aebf890]::run_test::{closure#0}
[INFO] [stdout]   21:     0x5736f5f39884 - std[104cf6e2632825ea]::sys::backtrace::__rust_begin_short_backtrace::<test[73009c9f9aebf890]::run_test::{closure#1}, ()>
[INFO] [stdout]   22:     0x5736f5f43622 - <std[104cf6e2632825ea]::thread::lifecycle::spawn_unchecked<test[73009c9f9aebf890]::run_test::{closure#1}, ()>::{closure#1} as core[7c831bd917ebf35f]::ops::function::FnOnce<()>>::call_once::{shim:vtable#0}
[INFO] [stdout]   23:     0x5736f5fdaf99 - <std[104cf6e2632825ea]::sys::thread::unix::Thread>::new::thread_start
[INFO] [stdout]   24:     0x7c3dedb7407a - <unknown>
[INFO] [stdout]   25:     0x7c3dedc07534 - clone
[INFO] [stdout]   26:                0x0 - <unknown>
[INFO] [stdout] 
[INFO] [stdout] 
[INFO] [stdout] failures:
[INFO] [stdout]     docs::readme_tests::test_readme_dependency_version_matches_cargo_toml
[INFO] [stdout]     lock::arc_async_mutex_tests::arc_async_mutex_tests::test_arc_async_mutex_try_with_lock_returns_none
[INFO] [stdout] 
[INFO] [stdout] test result: FAILED. 348 passed; 2 failed; 0 ignored; 0 measured; 0 filtered out; finished in 1.30s
[INFO] [stdout] 
[INFO] [stderr] error: test failed, to rerun pass `--test mod`
[INFO] running `Command { std: "docker" "inspect" "92fa7e4f1edb5a5929af3dd3b12f87b5644f48cdce690ecd5e22bc70d6d559c3", kill_on_drop: false }`
[INFO] running `Command { std: "docker" "rm" "-f" "92fa7e4f1edb5a5929af3dd3b12f87b5644f48cdce690ecd5e22bc70d6d559c3", kill_on_drop: false }`
[INFO] [stdout] 92fa7e4f1edb5a5929af3dd3b12f87b5644f48cdce690ecd5e22bc70d6d559c3
