[INFO] cloning repository https://github.com/manojpisini/lode
[INFO] running `Command { std: "git" "-c" "credential.helper=" "-c" "credential.helper=/workspace/cargo-home/bin/git-credential-null" "clone" "--bare" "https://github.com/manojpisini/lode" "/workspace/cache/git-repos/https%3A%2F%2Fgithub.com%2Fmanojpisini%2Flode", kill_on_drop: false }`
[INFO] [stderr] Cloning into bare repository '/workspace/cache/git-repos/https%3A%2F%2Fgithub.com%2Fmanojpisini%2Flode'...
[INFO] running `Command { std: "git" "rev-parse" "HEAD", kill_on_drop: false }`
[INFO] [stdout] d83b46f2dd1bfef00b13058332f9591c89380d93
[INFO] testing manojpisini/lode against 1.98.0-beta.8+cargoflags=--release for beta-release-1.99-2
[INFO] running `Command { std: "git" "clone" "/workspace/cache/git-repos/https%3A%2F%2Fgithub.com%2Fmanojpisini%2Flode" "/workspace/builds/worker-7-tc1/source", kill_on_drop: false }`
[INFO] [stderr] Cloning into '/workspace/builds/worker-7-tc1/source'...
[INFO] [stderr] done.
[INFO] removed /workspace/builds/worker-7-tc1/source/.cargo/config.toml
[INFO] removed /workspace/builds/worker-7-tc1/source/rust-toolchain.toml
[INFO] started tweaking git repo https://github.com/manojpisini/lode
[INFO] finished tweaking git repo https://github.com/manojpisini/lode
[INFO] tweaked toml for git repo https://github.com/manojpisini/lode written to /workspace/builds/worker-7-tc1/source/Cargo.toml
[INFO] validating manifest of git repo https://github.com/manojpisini/lode on toolchain 1.98.0-beta.8
[INFO] running `Command { std: CARGO_HOME="/workspace/cargo-home" RUSTUP_HOME="/workspace/rustup-home" "/workspace/cargo-home/bin/cargo" "+1.98.0-beta.8" "metadata" "--manifest-path" "Cargo.toml" "--no-deps", kill_on_drop: false }`
[INFO] crate git repo https://github.com/manojpisini/lode already has a lockfile, it will not be regenerated
[INFO] running `Command { std: CARGO_HOME="/workspace/cargo-home" RUSTUP_HOME="/workspace/rustup-home" "/workspace/cargo-home/bin/cargo" "+1.98.0-beta.8" "fetch" "--manifest-path" "Cargo.toml", kill_on_drop: false }`
[INFO] [stderr]     Updating crates.io index
[INFO] [stderr]  Downloading crates ...
[INFO] [stderr]   Downloaded toml v1.1.3+spec-1.1.0
[INFO] [stderr]   Downloaded tokio-macros v2.7.1
[INFO] [stderr]   Downloaded normalize-line-endings v0.3.0
[INFO] [stderr]   Downloaded predicates-tree v1.0.13
[INFO] [stderr]   Downloaded difflib v0.4.0
[INFO] [stderr]   Downloaded unicode-truncate v1.1.0
[INFO] [stderr]   Downloaded lru v0.12.5
[INFO] [stderr]   Downloaded cassowary v0.3.0
[INFO] [stderr]   Downloaded kqueue-sys v1.1.2
[INFO] [stderr]   Downloaded inotify-sys v0.1.8
[INFO] [stderr]   Downloaded predicates-core v1.0.10
[INFO] [stderr]   Downloaded float-cmp v0.10.0
[INFO] [stderr]   Downloaded termtree v0.5.1
[INFO] [stderr]   Downloaded predicates v3.1.4
[INFO] [stderr]   Downloaded kqueue v1.2.0
[INFO] [stderr]   Downloaded dirs v6.0.0
[INFO] [stderr]   Downloaded assert_cmd v2.2.2
[INFO] [stderr]   Downloaded camino v1.2.4
[INFO] [stderr]   Downloaded clap_derive v4.6.3
[INFO] [stderr]   Downloaded inotify v0.11.4
[INFO] [stderr]   Downloaded notify-types v2.1.0
[INFO] [stderr]   Downloaded notify v8.2.0
[INFO] [stderr]   Downloaded clap v4.6.3
[INFO] [stderr]   Downloaded compact_str v0.8.2
[INFO] [stderr]   Downloaded regex v1.13.1
[INFO] [stderr]   Downloaded crossterm v0.28.1
[INFO] [stderr]   Downloaded clap_builder v4.6.2
[INFO] [stderr]   Downloaded syn v3.0.2
[INFO] [stderr]   Downloaded bstr v1.13.0
[INFO] [stderr]   Downloaded ratatui v0.28.1
[INFO] [stderr]   Downloaded regex-automata v0.4.16
[INFO] [stderr]   Downloaded libc v0.2.187
[INFO] running `Command { std: "docker" "create" "-v" "/var/lib/crater-agent-workspace/builds/worker-7-tc1/source:/opt/rustwide/workdir:ro,Z" "-v" "/var/lib/crater-agent-workspace/builds/worker-7-tc1/target:/opt/rustwide/target:rw,Z" "-v" "/var/lib/crater-agent-workspace/cargo-home:/opt/rustwide/cargo-home:ro,Z" "-v" "/var/lib/crater-agent-workspace/rustup-home:/opt/rustwide/rustup-home:ro,Z" "-m" "1610612736" "--network" "none" "ghcr.io/rust-lang/crates-build-env/linux@sha256:8683fc1fc2eb5c9ac98e0d076ab094b2ffac7f99da555d2b6a2e27f346de2ec7" "sleep" "infinity", kill_on_drop: false }`
[INFO] [stdout] 8a418bcd96971a734d4abc7893d602c44b20831e7d0929406ef10847bbbf8e61
[INFO] running `Command { std: "docker" "start" "8a418bcd96971a734d4abc7893d602c44b20831e7d0929406ef10847bbbf8e61", kill_on_drop: false }`
[INFO] running `Command { std: "docker" "inspect" "8a418bcd96971a734d4abc7893d602c44b20831e7d0929406ef10847bbbf8e61", kill_on_drop: false }`
[INFO] running `Command { std: "docker" "exec" "-e" "SOURCE_DIR=/opt/rustwide/workdir" "-e" "CARGO_HOME=/opt/rustwide/cargo-home" "-e" "RUSTUP_HOME=/opt/rustwide/rustup-home" "-e" "CARGO_TARGET_DIR=/opt/rustwide/target" "-w" "/opt/rustwide/workdir" "--user" "0:0" "8a418bcd96971a734d4abc7893d602c44b20831e7d0929406ef10847bbbf8e61" "/opt/rustwide/cargo-home/bin/cargo" "+1.98.0-beta.8" "metadata" "--no-deps" "--format-version=1", kill_on_drop: false }`
[INFO] running `Command { std: "docker" "inspect" "8a418bcd96971a734d4abc7893d602c44b20831e7d0929406ef10847bbbf8e61", kill_on_drop: false }`
[INFO] running `Command { std: "docker" "exec" "-e" "SOURCE_DIR=/opt/rustwide/workdir" "-e" "CARGO_HOME=/opt/rustwide/cargo-home" "-e" "RUSTUP_HOME=/opt/rustwide/rustup-home" "-e" "CARGO_TARGET_DIR=/opt/rustwide/target" "-e" "CARGO_INCREMENTAL=0" "-e" "RUST_BACKTRACE=full" "-e" "RUSTFLAGS=--cap-lints=warn" "-e" "RUSTDOCFLAGS=--cap-lints=warn" "-w" "/opt/rustwide/workdir" "--user" "0:0" "8a418bcd96971a734d4abc7893d602c44b20831e7d0929406ef10847bbbf8e61" "/opt/rustwide/cargo-home/bin/cargo" "+1.98.0-beta.8" "build" "--frozen" "--message-format=json" "--release", kill_on_drop: false }`
[INFO] [stderr]    Compiling libc v0.2.187
[INFO] [stderr]    Compiling proc-macro2 v1.0.107
[INFO] [stderr]    Compiling quote v1.0.47
[INFO] [stderr]    Compiling typenum v1.20.1
[INFO] [stderr]    Compiling serde_core v1.0.229
[INFO] [stderr]    Compiling generic-array v0.14.7
[INFO] [stderr]    Compiling cpufeatures v0.2.17
[INFO] [stderr]    Compiling memchr v2.8.3
[INFO] [stderr]    Compiling opaque-debug v0.3.1
[INFO] [stderr]    Compiling bitflags v2.13.1
[INFO] [stderr]    Compiling zmij v1.0.23
[INFO] [stderr]    Compiling getrandom v0.4.3
[INFO] [stderr]    Compiling serde_json v1.0.151
[INFO] [stderr]    Compiling const-oid v0.10.2
[INFO] [stderr]    Compiling option-ext v0.2.0
[INFO] [stderr]    Compiling camino v1.2.4
[INFO] [stderr]    Compiling thiserror v2.0.19
[INFO] [stderr]    Compiling serde v1.0.229
[INFO] [stderr]    Compiling winnow v1.0.4
[INFO] [stderr]    Compiling regex-syntax v0.8.11
[INFO] [stderr]    Compiling syn v2.0.119
[INFO] [stderr]    Compiling syn v3.0.2
[INFO] [stderr]    Compiling aho-corasick v1.1.4
[INFO] [stderr]    Compiling getrandom v0.2.17
[INFO] [stderr]    Compiling hybrid-array v0.4.13
[INFO] [stderr]    Compiling rand_core v0.6.4
[INFO] [stderr]    Compiling crypto-common v0.2.2
[INFO] [stderr]    Compiling block-buffer v0.12.1
[INFO] [stderr]    Compiling crypto-common v0.1.7
[INFO] [stderr]    Compiling inout v0.1.4
[INFO] [stderr]    Compiling universal-hash v0.5.1
[INFO] [stderr]    Compiling cipher v0.4.4
[INFO] [stderr]    Compiling polyval v0.6.2
[INFO] [stderr]    Compiling ghash v0.5.1
[INFO] [stderr]    Compiling ctr v0.9.2
[INFO] [stderr]    Compiling aes v0.8.4
[INFO] [stderr]    Compiling aead v0.5.2
[INFO] [stderr]    Compiling dirs-sys v0.5.0
[INFO] [stderr]    Compiling digest v0.11.3
[INFO] [stderr]    Compiling regex-automata v0.4.16
[INFO] [stderr]    Compiling serde_spanned v1.1.1
[INFO] [stderr]    Compiling toml_datetime v1.1.1+spec-1.1.0
[INFO] [stderr]    Compiling thiserror-impl v2.0.19
[INFO] [stderr]    Compiling serde_derive v1.0.229
[INFO] [stderr]    Compiling errno v0.3.14
[INFO] [stderr]    Compiling toml_parser v1.1.2+spec-1.1.0
[INFO] [stderr]    Compiling cpufeatures v0.3.0
[INFO] [stderr]    Compiling toml_writer v1.1.2+spec-1.1.0
[INFO] [stderr]    Compiling sha2 v0.11.0
[INFO] [stderr]    Compiling toml v1.1.3+spec-1.1.0
[INFO] [stderr]    Compiling mio v1.2.2
[INFO] [stderr]    Compiling regex v1.13.1
[INFO] [stderr]    Compiling signal-hook-registry v1.4.8
[INFO] [stderr]    Compiling aes-gcm v0.10.3
[INFO] [stderr]    Compiling dirs v6.0.0
[INFO] [stderr]    Compiling rustversion v1.0.23
[INFO] [stderr]    Compiling lode-core v0.1.1 (/opt/rustwide/workdir/crates/lode-core)
[INFO] [stderr]    Compiling anstyle-parse v1.0.0
[INFO] [stderr]    Compiling colorchoice v1.0.5
[INFO] [stderr]    Compiling parking_lot_core v0.9.12
[INFO] [stderr]    Compiling strsim v0.11.1
[INFO] [stderr]    Compiling signal-hook v0.3.18
[INFO] [stderr]    Compiling anstyle v1.0.14
[INFO] [stderr]    Compiling ident_case v1.0.1
[INFO] [stderr]    Compiling clap_lex v1.1.0
[INFO] [stderr]    Compiling darling_core v0.23.0
[INFO] [stderr]    Compiling anstream v1.0.0
[INFO] [stderr]    Compiling smallvec v1.15.2
[INFO] [stderr]    Compiling rustix v0.38.44
[INFO] [stderr]    Compiling lock_api v0.4.14
[INFO] [stderr]    Compiling clap_builder v4.6.2
[INFO] [stderr]    Compiling clap_derive v4.6.3
[INFO] [stderr]    Compiling foldhash v0.1.5
[INFO] [stderr]    Compiling inotify-sys v0.1.8
[INFO] [stderr]    Compiling linux-raw-sys v0.4.15
[INFO] [stderr]    Compiling instability v0.3.12
[INFO] [stderr]    Compiling either v1.16.0
[INFO] [stderr]    Compiling allocator-api2 v0.2.21
[INFO] [stderr]    Compiling paste v1.0.15
[INFO] [stderr]    Compiling itertools v0.13.0
[INFO] [stderr]    Compiling hashbrown v0.15.5
[INFO] [stderr]    Compiling signal-hook-mio v0.2.5
[INFO] [stderr]    Compiling parking_lot v0.12.5
[INFO] [stderr]    Compiling strum_macros v0.26.4
[INFO] [stderr]    Compiling castaway v0.2.4
[INFO] [stderr]    Compiling unicode-segmentation v1.13.3
[INFO] [stderr]    Compiling darling_macro v0.23.0
[INFO] [stderr]    Compiling darling v0.23.0
[INFO] [stderr]    Compiling static_assertions v1.1.0
[INFO] [stderr]    Compiling indoc v2.0.7
[INFO] [stderr]    Compiling clap v4.6.3
[INFO] [stderr]    Compiling compact_str v0.8.2
[INFO] [stderr]    Compiling unicode-truncate v1.1.0
[INFO] [stderr]    Compiling crossterm v0.28.1
[INFO] [stderr]    Compiling lru v0.12.5
[INFO] [stderr]    Compiling same-file v1.0.6
[INFO] [stderr]    Compiling rustix v1.1.4
[INFO] [stderr]    Compiling cassowary v0.3.0
[INFO] [stderr]    Compiling walkdir v2.5.0
[INFO] [stderr]    Compiling strum v0.26.3
[INFO] [stderr]    Compiling inotify v0.11.4
[INFO] [stderr]    Compiling ratatui v0.28.1
[INFO] [stderr]    Compiling tokio-macros v2.7.1
[INFO] [stderr]    Compiling socket2 v0.6.5
[INFO] [stderr]    Compiling notify-types v2.1.0
[INFO] [stderr]    Compiling bytes v1.12.1
[INFO] [stderr]    Compiling linux-raw-sys v0.12.1
[INFO] [stderr]    Compiling notify v8.2.0
[INFO] [stderr]    Compiling fastrand v2.5.0
[INFO] [stderr]    Compiling tokio v1.53.1
[INFO] [stderr]    Compiling once_cell v1.21.4
[INFO] [stderr]    Compiling tempfile v3.27.0
[INFO] [stderr]    Compiling lode-tui v0.1.1 (/opt/rustwide/workdir/crates/lode-tui)
[INFO] [stderr]    Compiling lode-lsp v0.1.1 (/opt/rustwide/workdir/crates/lode-lsp)
[INFO] [stderr]    Compiling lode-mcp v0.1.1 (/opt/rustwide/workdir/crates/lode-mcp)
[INFO] [stderr]    Compiling lode-daemon v0.1.1 (/opt/rustwide/workdir/crates/lode-daemon)
[INFO] [stderr]    Compiling lode-cli v0.1.1 (/opt/rustwide/workdir/crates/lode-cli)
[INFO] [stderr]     Finished `release` profile [optimized] target(s) in 5m 17s
[INFO] running `Command { std: "docker" "inspect" "8a418bcd96971a734d4abc7893d602c44b20831e7d0929406ef10847bbbf8e61", kill_on_drop: false }`
[INFO] running `Command { std: "docker" "exec" "-e" "SOURCE_DIR=/opt/rustwide/workdir" "-e" "CARGO_HOME=/opt/rustwide/cargo-home" "-e" "RUSTUP_HOME=/opt/rustwide/rustup-home" "-e" "CARGO_TARGET_DIR=/opt/rustwide/target" "-e" "CARGO_INCREMENTAL=0" "-e" "RUST_BACKTRACE=full" "-e" "RUSTFLAGS=--cap-lints=warn" "-e" "RUSTDOCFLAGS=--cap-lints=warn" "-w" "/opt/rustwide/workdir" "--user" "0:0" "8a418bcd96971a734d4abc7893d602c44b20831e7d0929406ef10847bbbf8e61" "/opt/rustwide/cargo-home/bin/cargo" "+1.98.0-beta.8" "test" "--frozen" "--no-run" "--message-format=json" "--release", kill_on_drop: false }`
[INFO] [stderr]    Compiling regex-automata v0.4.16
[INFO] [stderr]    Compiling autocfg v1.5.1
[INFO] [stderr]    Compiling predicates-core v1.0.10
[INFO] [stderr]    Compiling difflib v0.4.0
[INFO] [stderr]    Compiling termtree v0.5.1
[INFO] [stderr]    Compiling normalize-line-endings v0.3.0
[INFO] [stderr]    Compiling assert_cmd v2.2.2
[INFO] [stderr]    Compiling wait-timeout v0.2.1
[INFO] [stderr]    Compiling predicates-tree v1.0.13
[INFO] [stderr]    Compiling num-traits v0.2.19
[INFO] [stderr]    Compiling float-cmp v0.10.0
[INFO] [stderr]    Compiling regex v1.13.1
[INFO] [stderr]    Compiling bstr v1.13.0
[INFO] [stderr]    Compiling lode-core v0.1.1 (/opt/rustwide/workdir/crates/lode-core)
[INFO] [stderr]    Compiling predicates v3.1.4
[INFO] [stderr]    Compiling lode-daemon v0.1.1 (/opt/rustwide/workdir/crates/lode-daemon)
[INFO] [stderr]    Compiling lode-mcp v0.1.1 (/opt/rustwide/workdir/crates/lode-mcp)
[INFO] [stderr]    Compiling lode-tui v0.1.1 (/opt/rustwide/workdir/crates/lode-tui)
[INFO] [stderr]    Compiling lode-lsp v0.1.1 (/opt/rustwide/workdir/crates/lode-lsp)
[INFO] [stderr]    Compiling lode-cli v0.1.1 (/opt/rustwide/workdir/crates/lode-cli)
[INFO] [stderr]     Finished `release` profile [optimized] target(s) in 4m 27s
[INFO] running `Command { std: "docker" "inspect" "8a418bcd96971a734d4abc7893d602c44b20831e7d0929406ef10847bbbf8e61", kill_on_drop: false }`
[INFO] running `Command { std: "docker" "exec" "-e" "SOURCE_DIR=/opt/rustwide/workdir" "-e" "CARGO_HOME=/opt/rustwide/cargo-home" "-e" "RUSTUP_HOME=/opt/rustwide/rustup-home" "-e" "CARGO_TARGET_DIR=/opt/rustwide/target" "-e" "CARGO_INCREMENTAL=0" "-e" "RUST_BACKTRACE=full" "-e" "RUSTFLAGS=--cap-lints=warn" "-e" "RUSTDOCFLAGS=--cap-lints=warn" "-w" "/opt/rustwide/workdir" "--user" "0:0" "8a418bcd96971a734d4abc7893d602c44b20831e7d0929406ef10847bbbf8e61" "/opt/rustwide/cargo-home/bin/cargo" "+1.98.0-beta.8" "test" "--frozen" "--release", kill_on_drop: false }`
[INFO] [stderr]     Finished `release` profile [optimized] target(s) in 0.27s
[INFO] [stdout] 
[INFO] [stderr]      Running unittests src/main.rs (/opt/rustwide/target/release/deps/lode-e2c17896bf949c70)
[INFO] [stdout] running 16 tests
[INFO] [stderr]      Running tests/commands.rs (/opt/rustwide/target/release/deps/commands-fb8c8ef4368005e1)
[INFO] [stdout] test cmd::check::tests::test_check_args_defaults ... ok
[INFO] [stdout] test cmd::check::tests::test_check_args_with_flags ... ok
[INFO] [stdout] test cmd::check::tests::test_convention_check_fn_exists ... ok
[INFO] [stdout] test cmd::assets::tests::lode_json_missing_required_fields_fails ... ok
[INFO] [stdout] test cmd::info::tests::test_info_fn_exists ... ok
[INFO] [stdout] test cmd::assets::tests::lode_json_traversal_path_fails ... ok
[INFO] [stdout] test cmd::init::tests::test_init_fn_exists ... ok
[INFO] [stdout] test cmd::assets::tests::lode_json_invalid_asset_type_fails ... ok
[INFO] [stdout] test cmd::rules::tests::test_rules_command_check ... ok
[INFO] [stdout] test cmd::rules::tests::test_rules_command_list ... ok
[INFO] [stdout] test cmd::rules::tests::test_rules_command_validate ... ok
[INFO] [stdout] test cmd::rules::tests::test_rules_fn_exists ... ok
[INFO] [stdout] test cmd::scan::tests::test_scan_command_foreign ... ok
[INFO] [stdout] test cmd::scan::tests::test_scan_command_secrets_default ... ok
[INFO] [stdout] test cmd::assets::tests::lode_json_valid_mixed_manifest_loads ... ok
[INFO] [stdout] test cmd::scan::tests::test_scan_fn_exists ... ok
[INFO] [stdout] 
[INFO] [stdout] test result: ok. 16 passed; 0 failed; 0 ignored; 0 measured; 0 filtered out; finished in 0.00s
[INFO] [stdout] 
[INFO] [stdout] 
[INFO] [stdout] running 7 tests
[INFO] [stdout] test test_lode_binary_exists ... ok
[INFO] [stdout] test test_lode_doctor ... ok
[INFO] [stdout] test test_lode_version ... ok
[INFO] [stdout] test test_lode_help ... ok
[INFO] [stdout] test test_lode_config_command_help ... ok
[INFO] [stdout] test test_lode_init_dry_run ... ok
[INFO] [stderr]      Running tests/integration.rs (/opt/rustwide/target/release/deps/integration-31e2b6ab6cbbd0ce)
[INFO] [stdout] test test_export_command_macros ... ok
[INFO] [stdout] 
[INFO] [stdout] test result: ok. 7 passed; 0 failed; 0 ignored; 0 measured; 0 filtered out; finished in 0.11s
[INFO] [stdout] 
[INFO] [stdout] 
[INFO] [stdout] running 14 tests
[INFO] [stdout] test test_cross_crate_process_and_convention ... ok
[INFO] [stdout] test test_lsp_check_filename_convention_lowercase ... ok
[INFO] [stdout] test test_lsp_scan_secrets_clean_text ... ok
[INFO] [stdout] test test_lsp_scan_secrets_detects_tokens ... ok
[INFO] [stdout] test test_lsp_scan_secrets_empty_content ... ok
[INFO] [stdout] test test_mcp_process_validates_program_names ... ok
[INFO] [stdout] test test_mcp_validated_root_resolve_rejects_parent_traversal ... ok
[INFO] [stdout] test test_daemon_state_load_default_for_missing ... ok
[INFO] [stdout] test test_mcp_validated_root_accepts_valid_paths ... ok
[INFO] [stdout] test test_lsp_check_filename_convention_known_good_files ... ok
[INFO] [stdout] test test_mcp_validated_root_rejects_missing_path ... ok
[INFO] [stdout] test test_daemon_state_roundtrip ... ok
[INFO] [stdout] test test_daemon_state_save_creates_parent_dirs ... ok
[INFO] [stdout] test test_cross_crate_validated_root_with_daemon_state ... ok
[INFO] [stdout] 
[INFO] [stdout] test result: ok. 14 passed; 0 failed; 0 ignored; 0 measured; 0 filtered out; finished in 0.01s
[INFO] [stdout] 
[INFO] [stderr]      Running tests/test_assets_installer.rs (/opt/rustwide/target/release/deps/test_assets_installer-8db1783ac29af70a)
[INFO] [stdout] 
[INFO] [stdout] running 5 tests
[INFO] [stdout] test assets_init_creates_lode_json ... ok
[INFO] [stdout] test assets_add_selected_global_local_source ... ok
[INFO] [stdout] test assets_add_list_remove_project_local_source ... ok
[INFO] [stdout] test assets_duplicate_install_is_rejected ... ok
[INFO] [stdout] test assets_update_replaces_installed_payload ... ok
[INFO] [stdout] 
[INFO] [stdout] test result: ok. 5 passed; 0 failed; 0 ignored; 0 measured; 0 filtered out; finished in 0.04s
[INFO] [stdout] 
[INFO] [stderr]      Running tests/test_config.rs (/opt/rustwide/target/release/deps/test_config-e1b93fee93785833)
[INFO] [stdout] 
[INFO] [stdout] running 9 tests
[INFO] [stdout] test config_show_supports_section_filtering ... ok
[INFO] [stdout] test config_show_defaults_prints_valid_toml ... ok
[INFO] [stdout] test config_show_defaults_prints_valid_json ... ok
[INFO] [stdout] test config_set_updates_global_config ... ok
[INFO] [stdout] test config_diff_reports_changed_values ... ok
[INFO] [stdout] test config_reset_restores_default_value ... ok
[INFO] [stdout] test config_show_project_reads_project_config ... ok
[INFO] [stdout] test config_validate_project_schema_mismatch_exits_schema ... ok
[INFO] [stdout] test config_validate_supports_project_and_defaults ... ok
[INFO] [stdout] 
[INFO] [stdout] test result: ok. 9 passed; 0 failed; 0 ignored; 0 measured; 0 filtered out; finished in 1.43s
[INFO] [stdout] 
[INFO] [stderr]      Running tests/test_git.rs (/opt/rustwide/target/release/deps/test_git-715d624e63cd49dd)
[INFO] [stdout] 
[INFO] [stdout] running 1 test
[INFO] [stdout] test gha_add_and_validate_workflows ... ok
[INFO] [stdout] 
[INFO] [stdout] test result: ok. 1 passed; 0 failed; 0 ignored; 0 measured; 0 filtered out; finished in 0.02s
[INFO] [stdout] 
[INFO] [stderr]      Running tests/test_hooks.rs (/opt/rustwide/target/release/deps/test_hooks-9c9fb15cfe2b59a2)
[INFO] [stdout] 
[INFO] [stdout] running 6 tests
[INFO] [stdout] test hooks_reject_plugin_hooks_without_execute_permission ... ok
[INFO] [stdout] test hooks_list_status_and_test_are_available ... ok
[INFO] [stdout] test hooks_run_executes_project_hook ... FAILED
[INFO] [stdout] test hooks_reject_plugin_writes_outside_declared_paths ... FAILED
[INFO] [stdout] test hooks_run_passes_plugin_permission_environment ... FAILED
[INFO] [stdout] test hooks_discover_plugin_global_and_project_sources ... ok
[INFO] [stdout] 
[INFO] [stdout] failures:
[INFO] [stdout] 
[INFO] [stdout] ---- hooks_run_executes_project_hook stdout ----
[INFO] [stdout] 
[INFO] [stdout] thread 'hooks_run_executes_project_hook' (3886) panicked at crates/lode-cli/tests/test_hooks.rs:57:10:
[INFO] [stdout] Unexpected failure.
[INFO] [stdout] code=1
[INFO] [stdout] stderr=```"error: I/O error at python: No such file or directory (os error 2)\n"```
[INFO] [stdout] command=`cd "/tmp/.tmpWS6Jm2" && "/opt/rustwide/target/release/lode" "hooks" "run" "post-init"`
[INFO] [stdout] code=1
[INFO] [stdout] stdout="running hook project\tpython\t.lode/hooks/post-init.py\n"
[INFO] [stdout] stderr="error: I/O error at python: No such file or directory (os error 2)\n"
[INFO] [stdout] 
[INFO] [stdout] stack backtrace:
[INFO] [stdout]    0:     0x6552606a0251 - <<std[97b98282bc616a66]::sys::backtrace::BacktraceLock>::print::DisplayBacktrace as core[832e9a552fc17241]::fmt::Display>::fmt
[INFO] [stdout]    1:     0x6552606b6b0a - core[832e9a552fc17241]::fmt::write
[INFO] [stdout]    2:     0x6552606a5dfc - <alloc[3ecab9f82c41dc7d]::vec::Vec<u8> as std[97b98282bc616a66]::io::Write>::write_fmt
[INFO] [stdout]    3:     0x65526067c6f6 - std[97b98282bc616a66]::panicking::default_hook::{closure#0}
[INFO] [stdout]    4:     0x6552606976a9 - std[97b98282bc616a66]::panicking::default_hook
[INFO] [stdout]    5:     0x65526061fee0 - test[39766f3d73431624]::test_main_inner::<test[39766f3d73431624]::test_main_static::{closure#0}>::{closure#0}
[INFO] [stdout]    6:     0x655260697862 - std[97b98282bc616a66]::panicking::panic_with_hook
[INFO] [stdout]    7:     0x65526067c7a2 - std[97b98282bc616a66]::panicking::panic_handler::{closure#0}
[INFO] [stdout]    8:     0x655260673e49 - std[97b98282bc616a66]::sys::backtrace::__rust_end_short_backtrace::<std[97b98282bc616a66]::panicking::panic_handler::{closure#0}, !>
[INFO] [stdout]    9:     0x65526067d39d - __rustc[e3d8617bb01b7f69]::rust_begin_unwind
[INFO] [stdout]   10:     0x6552606b72bc - core[832e9a552fc17241]::panicking::panic_fmt
[INFO] [stdout]   11:     0x6552606558ef - <assert_cmd[5ab26d0352013783]::assert::AssertError>::panic::<assert_cmd[5ab26d0352013783]::assert::Assert>
[INFO] [stdout]   12:     0x6552606561b9 - <assert_cmd[5ab26d0352013783]::assert::Assert>::success
[INFO] [stdout]   13:     0x65526060c8a3 - <test_hooks[547f7be39ba12ba5]::hooks_run_executes_project_hook::{closure#0} as core[832e9a552fc17241]::ops::function::FnOnce<()>>::call_once
[INFO] [stdout]   14:     0x65526061321b - test[39766f3d73431624]::__rust_begin_short_backtrace::<core[832e9a552fc17241]::result::Result<(), alloc[3ecab9f82c41dc7d]::string::String>, fn() -> core[832e9a552fc17241]::result::Result<(), alloc[3ecab9f82c41dc7d]::string::String>>
[INFO] [stdout]   15:     0x655260620865 - test[39766f3d73431624]::run_test::{closure#0}
[INFO] [stdout]   16:     0x65526061b314 - std[97b98282bc616a66]::sys::backtrace::__rust_begin_short_backtrace::<test[39766f3d73431624]::run_test::{closure#1}, ()>
[INFO] [stdout]   17:     0x6552606239b2 - <std[97b98282bc616a66]::thread::lifecycle::spawn_unchecked<test[39766f3d73431624]::run_test::{closure#1}, ()>::{closure#1} as core[832e9a552fc17241]::ops::function::FnOnce<()>>::call_once::{shim:vtable#0}
[INFO] [stdout]   18:     0x65526069f4ef - <std[97b98282bc616a66]::sys::thread::unix::Thread>::new::thread_start
[INFO] [stdout]   19:     0x727158ac307a - <unknown>
[INFO] [stdout]   20:     0x727158b56534 - clone
[INFO] [stdout]   21:                0x0 - <unknown>
[INFO] [stdout] 
[INFO] [stdout] ---- hooks_reject_plugin_writes_outside_declared_paths stdout ----
[INFO] [stdout] 
[INFO] [stdout] thread 'hooks_reject_plugin_writes_outside_declared_paths' (3884) panicked at crates/lode-cli/tests/test_hooks.rs:208:10:
[INFO] [stdout] Unexpected stderr, failed var.contains(wrote outside declared fs_write paths: blocked.txt)
[INFO] [stdout] ├── var: error: I/O error at python: No such file or directory (os error 2)
[INFO] [stdout] └── var as str: error: I/O error at python: No such file or directory (os error 2)
[INFO] [stdout] 
[INFO] [stdout] command=`cd "/tmp/.tmpJHLRjM/project" && LODE_CONFIG="/tmp/.tmpJHLRjM/.lode/config.toml" "/opt/rustwide/target/release/lode" "hooks" "run" "post-init"`
[INFO] [stdout] code=1
[INFO] [stdout] stdout="running hook plugin:write-pack\tpython\t/tmp/.tmpJHLRjM/.lode/plugins/write-pack/hooks/post-init.py\n"
[INFO] [stdout] stderr="error: I/O error at python: No such file or directory (os error 2)\n"
[INFO] [stdout] 
[INFO] [stdout] stack backtrace:
[INFO] [stdout]    0:     0x6552606a0251 - <<std[97b98282bc616a66]::sys::backtrace::BacktraceLock>::print::DisplayBacktrace as core[832e9a552fc17241]::fmt::Display>::fmt
[INFO] [stdout]    1:     0x6552606b6b0a - core[832e9a552fc17241]::fmt::write
[INFO] [stdout]    2:     0x6552606a5dfc - <alloc[3ecab9f82c41dc7d]::vec::Vec<u8> as std[97b98282bc616a66]::io::Write>::write_fmt
[INFO] [stdout]    3:     0x65526067c6f6 - std[97b98282bc616a66]::panicking::default_hook::{closure#0}
[INFO] [stdout]    4:     0x6552606976a9 - std[97b98282bc616a66]::panicking::default_hook
[INFO] [stdout]    5:     0x65526061fee0 - test[39766f3d73431624]::test_main_inner::<test[39766f3d73431624]::test_main_static::{closure#0}>::{closure#0}
[INFO] [stdout]    6:     0x655260697862 - std[97b98282bc616a66]::panicking::panic_with_hook
[INFO] [stdout]    7:     0x65526067c7a2 - std[97b98282bc616a66]::panicking::panic_handler::{closure#0}
[INFO] [stdout]    8:     0x655260673e49 - std[97b98282bc616a66]::sys::backtrace::__rust_end_short_backtrace::<std[97b98282bc616a66]::panicking::panic_handler::{closure#0}, !>
[INFO] [stdout]    9:     0x65526067d39d - __rustc[e3d8617bb01b7f69]::rust_begin_unwind
[INFO] [stdout]   10:     0x6552606b72bc - core[832e9a552fc17241]::panicking::panic_fmt
[INFO] [stdout]   11:     0x655260611850 - <assert_cmd[5ab26d0352013783]::assert::AssertError>::panic::<assert_cmd[5ab26d0352013783]::assert::Assert>
[INFO] [stdout]   12:     0x655260610cad - <test_hooks[547f7be39ba12ba5]::hooks_reject_plugin_writes_outside_declared_paths::{closure#0} as core[832e9a552fc17241]::ops::function::FnOnce<()>>::call_once
[INFO] [stdout]   13:     0x65526061321b - test[39766f3d73431624]::__rust_begin_short_backtrace::<core[832e9a552fc17241]::result::Result<(), alloc[3ecab9f82c41dc7d]::string::String>, fn() -> core[832e9a552fc17241]::result::Result<(), alloc[3ecab9f82c41dc7d]::string::String>>
[INFO] [stdout]   14:     0x655260620865 - test[39766f3d73431624]::run_test::{closure#0}
[INFO] [stdout]   15:     0x65526061b314 - std[97b98282bc616a66]::sys::backtrace::__rust_begin_short_backtrace::<test[39766f3d73431624]::run_test::{closure#1}, ()>
[INFO] [stdout]   16:     0x6552606239b2 - <std[97b98282bc616a66]::thread::lifecycle::spawn_unchecked<test[39766f3d73431624]::run_test::{closure#1}, ()>::{closure#1} as core[832e9a552fc17241]::ops::function::FnOnce<()>>::call_once::{shim:vtable#0}
[INFO] [stdout]   17:     0x65526069f4ef - <std[97b98282bc616a66]::sys::thread::unix::Thread>::new::thread_start
[INFO] [stdout]   18:     0x727158ac307a - <unknown>
[INFO] [stdout]   19:     0x727158b56534 - clone
[INFO] [stdout]   20:                0x0 - <unknown>
[INFO] [stdout] 
[INFO] [stdout] ---- hooks_run_passes_plugin_permission_environment stdout ----
[INFO] [stdout] 
[INFO] [stdout] thread 'hooks_run_passes_plugin_permission_environment' (3888) panicked at crates/lode-cli/tests/test_hooks.rs:160:10:
[INFO] [stdout] Unexpected failure.
[INFO] [stdout] code=1
[INFO] [stdout] stderr=```"error: I/O error at python: No such file or directory (os error 2)\n"```
[INFO] [stdout] command=`cd "/tmp/.tmpgkkzR5/project" && LODE_CONFIG="/tmp/.tmpgkkzR5/.lode/config.toml" "/opt/rustwide/target/release/lode" "hooks" "run" "post-init"`
[INFO] [stdout] code=1
[INFO] [stdout] stdout="running hook plugin:env-pack\tpython\t/tmp/.tmpgkkzR5/.lode/plugins/env-pack/hooks/post-init.py\n"
[INFO] [stdout] stderr="error: I/O error at python: No such file or directory (os error 2)\n"
[INFO] [stdout] 
[INFO] [stdout] stack backtrace:
[INFO] [stdout]    0:     0x6552606a0251 - <<std[97b98282bc616a66]::sys::backtrace::BacktraceLock>::print::DisplayBacktrace as core[832e9a552fc17241]::fmt::Display>::fmt
[INFO] [stdout]    1:     0x6552606b6b0a - core[832e9a552fc17241]::fmt::write
[INFO] [stdout]    2:     0x6552606a5dfc - <alloc[3ecab9f82c41dc7d]::vec::Vec<u8> as std[97b98282bc616a66]::io::Write>::write_fmt
[INFO] [stdout]    3:     0x65526067c6f6 - std[97b98282bc616a66]::panicking::default_hook::{closure#0}
[INFO] [stdout]    4:     0x6552606976a9 - std[97b98282bc616a66]::panicking::default_hook
[INFO] [stdout]    5:     0x65526061fee0 - test[39766f3d73431624]::test_main_inner::<test[39766f3d73431624]::test_main_static::{closure#0}>::{closure#0}
[INFO] [stdout]    6:     0x655260697862 - std[97b98282bc616a66]::panicking::panic_with_hook
[INFO] [stdout]    7:     0x65526067c7a2 - std[97b98282bc616a66]::panicking::panic_handler::{closure#0}
[INFO] [stdout]    8:     0x655260673e49 - std[97b98282bc616a66]::sys::backtrace::__rust_end_short_backtrace::<std[97b98282bc616a66]::panicking::panic_handler::{closure#0}, !>
[INFO] [stdout]    9:     0x65526067d39d - __rustc[e3d8617bb01b7f69]::rust_begin_unwind
[INFO] [stdout]   10:     0x6552606b72bc - core[832e9a552fc17241]::panicking::panic_fmt
[INFO] [stdout]   11:     0x6552606558ef - <assert_cmd[5ab26d0352013783]::assert::AssertError>::panic::<assert_cmd[5ab26d0352013783]::assert::Assert>
[INFO] [stdout]   12:     0x6552606561b9 - <assert_cmd[5ab26d0352013783]::assert::Assert>::success
[INFO] [stdout]   13:     0x65526060e14b - <test_hooks[547f7be39ba12ba5]::hooks_run_passes_plugin_permission_environment::{closure#0} as core[832e9a552fc17241]::ops::function::FnOnce<()>>::call_once
[INFO] [stdout]   14:     0x65526061321b - test[39766f3d73431624]::__rust_begin_short_backtrace::<core[832e9a552fc17241]::result::Result<(), alloc[3ecab9f82c41dc7d]::string::String>, fn() -> core[832e9a552fc17241]::result::Result<(), alloc[3ecab9f82c41dc7d]::string::String>>
[INFO] [stdout]   15:     0x655260620865 - test[39766f3d73431624]::run_test::{closure#0}
[INFO] [stdout]   16:     0x65526061b314 - std[97b98282bc616a66]::sys::backtrace::__rust_begin_short_backtrace::<test[39766f3d73431624]::run_test::{closure#1}, ()>
[INFO] [stdout]   17:     0x6552606239b2 - <std[97b98282bc616a66]::thread::lifecycle::spawn_unchecked<test[39766f3d73431624]::run_test::{closure#1}, ()>::{closure#1} as core[832e9a552fc17241]::ops::function::FnOnce<()>>::call_once::{shim:vtable#0}
[INFO] [stdout]   18:     0x65526069f4ef - <std[97b98282bc616a66]::sys::thread::unix::Thread>::new::thread_start
[INFO] [stdout]   19:     0x727158ac307a - <unknown>
[INFO] [stdout]   20:     0x727158b56534 - clone
[INFO] [stdout]   21:                0x0 - <unknown>
[INFO] [stdout] 
[INFO] [stdout] 
[INFO] [stdout] failures:
[INFO] [stdout]     hooks_reject_plugin_writes_outside_declared_paths
[INFO] [stdout]     hooks_run_executes_project_hook
[INFO] [stdout]     hooks_run_passes_plugin_permission_environment
[INFO] [stdout] 
[INFO] [stdout] test result: FAILED. 3 passed; 3 failed; 0 ignored; 0 measured; 0 filtered out; finished in 0.95s
[INFO] [stdout] 
[INFO] [stderr] error: test failed, to rerun pass `-p lode-cli --test test_hooks`
[INFO] running `Command { std: "docker" "inspect" "8a418bcd96971a734d4abc7893d602c44b20831e7d0929406ef10847bbbf8e61", kill_on_drop: false }`
[INFO] running `Command { std: "docker" "rm" "-f" "8a418bcd96971a734d4abc7893d602c44b20831e7d0929406ef10847bbbf8e61", kill_on_drop: false }`
[INFO] [stdout] 8a418bcd96971a734d4abc7893d602c44b20831e7d0929406ef10847bbbf8e61
