[INFO] cloning repository https://github.com/guarapi/guaradict
[INFO] running `Command { std: "git" "-c" "credential.helper=" "-c" "credential.helper=/workspace/cargo-home/bin/git-credential-null" "clone" "--bare" "https://github.com/guarapi/guaradict" "/workspace/cache/git-repos/https%3A%2F%2Fgithub.com%2Fguarapi%2Fguaradict", kill_on_drop: false }`
[INFO] [stderr] Cloning into bare repository '/workspace/cache/git-repos/https%3A%2F%2Fgithub.com%2Fguarapi%2Fguaradict'...
[INFO] running `Command { std: "git" "rev-parse" "HEAD", kill_on_drop: false }`
[INFO] [stdout] c30c008cd3f768b13cf1b2d78daab4d997f61405
[INFO] testing guarapi/guaradict against 1.98.0-beta.8+cargoflags=--release for beta-release-1.99-2
[INFO] running `Command { std: "git" "clone" "/workspace/cache/git-repos/https%3A%2F%2Fgithub.com%2Fguarapi%2Fguaradict" "/workspace/builds/worker-1-tc1/source", kill_on_drop: false }`
[INFO] [stderr] Cloning into '/workspace/builds/worker-1-tc1/source'...
[INFO] [stderr] done.
[INFO] started tweaking git repo https://github.com/guarapi/guaradict
[INFO] finished tweaking git repo https://github.com/guarapi/guaradict
[INFO] tweaked toml for git repo https://github.com/guarapi/guaradict written to /workspace/builds/worker-1-tc1/source/Cargo.toml
[INFO] validating manifest of git repo https://github.com/guarapi/guaradict on toolchain 1.98.0-beta.8
[INFO] running `Command { std: CARGO_HOME="/workspace/cargo-home" RUSTUP_HOME="/workspace/rustup-home" "/workspace/cargo-home/bin/cargo" "+1.98.0-beta.8" "metadata" "--manifest-path" "Cargo.toml" "--no-deps", kill_on_drop: false }`
[INFO] crate git repo https://github.com/guarapi/guaradict already has a lockfile, it will not be regenerated
[INFO] running `Command { std: CARGO_HOME="/workspace/cargo-home" RUSTUP_HOME="/workspace/rustup-home" "/workspace/cargo-home/bin/cargo" "+1.98.0-beta.8" "fetch" "--manifest-path" "Cargo.toml", kill_on_drop: false }`
[INFO] [stderr]     Updating crates.io index
[INFO] [stderr]  Downloading crates ...
[INFO] [stderr]   Downloaded proc-macro2 v1.0.82
[INFO] [stderr]   Downloaded neon-macros v1.0.0
[INFO] [stderr]   Downloaded neon v1.0.0
[INFO] [stderr]   Downloaded syn-mid v0.6.0
[INFO] [stderr]   Downloaded error-code v3.2.0
[INFO] [stderr]   Downloaded syn v2.0.61
[INFO] [stderr]   Downloaded endian-type v0.1.2
[INFO] [stderr]   Downloaded cfg_aliases v0.1.1
[INFO] [stderr]   Downloaded nibble_vec v0.1.0
[INFO] [stderr]   Downloaded home v0.5.9
[INFO] [stderr]   Downloaded fd-lock v4.0.2
[INFO] [stderr]   Downloaded windows-targets v0.52.5
[INFO] [stderr]   Downloaded libloading v0.8.3
[INFO] [stderr]   Downloaded tokio-macros v2.2.0
[INFO] [stderr]   Downloaded errno v0.3.8
[INFO] [stderr]   Downloaded redox_syscall v0.5.1
[INFO] [stderr]   Downloaded clipboard-win v5.3.1
[INFO] [stderr]   Downloaded unicode-width v0.1.12
[INFO] [stderr]   Downloaded bitflags v2.5.0
[INFO] [stderr]   Downloaded log v0.4.21
[INFO] [stderr]   Downloaded addr2line v0.21.0
[INFO] [stderr]   Downloaded miniz_oxide v0.7.2
[INFO] [stderr]   Downloaded parking_lot v0.12.2
[INFO] [stderr]   Downloaded unsafe-libyaml v0.2.11
[INFO] [stderr]   Downloaded serde_derive v1.0.201
[INFO] [stderr]   Downloaded bytes v1.6.0
[INFO] [stderr]   Downloaded cc v1.0.97
[INFO] [stderr]   Downloaded serde_yaml v0.9.34+deprecated
[INFO] [stderr]   Downloaded serde v1.0.201
[INFO] [stderr]   Downloaded backtrace v0.3.71
[INFO] [stderr]   Downloaded indexmap v2.2.6
[INFO] [stderr]   Downloaded memchr v2.7.2
[INFO] [stderr]   Downloaded unicode-segmentation v1.11.0
[INFO] [stderr]   Downloaded rustyline v14.0.0
[INFO] [stderr]   Downloaded mio v0.8.11
[INFO] [stderr]   Downloaded regex v1.10.4
[INFO] [stderr]   Downloaded radix_trie v0.2.1
[INFO] [stderr]   Downloaded gimli v0.28.1
[INFO] [stderr]   Downloaded nix v0.28.0
[INFO] [stderr]   Downloaded object v0.32.2
[INFO] [stderr]   Downloaded regex-syntax v0.8.3
[INFO] [stderr]   Downloaded windows_x86_64_gnullvm v0.52.5
[INFO] [stderr]   Downloaded windows_aarch64_gnullvm v0.52.5
[INFO] [stderr]   Downloaded windows_i686_gnullvm v0.52.5
[INFO] [stderr]   Downloaded regex-automata v0.4.6
[INFO] [stderr]   Downloaded tokio v1.37.0
[INFO] [stderr]   Downloaded libc v0.2.154
[INFO] [stderr]   Downloaded windows_aarch64_msvc v0.52.5
[INFO] [stderr]   Downloaded windows_x86_64_gnu v0.52.5
[INFO] [stderr]   Downloaded windows_x86_64_msvc v0.52.5
[INFO] [stderr]   Downloaded windows_i686_msvc v0.52.5
[INFO] [stderr]   Downloaded windows_i686_gnu v0.52.5
[INFO] [stderr]   Downloaded linux-raw-sys v0.4.13
[INFO] running `Command { std: "docker" "create" "-v" "/var/lib/crater-agent-workspace/builds/worker-1-tc1/source:/opt/rustwide/workdir:ro,Z" "-v" "/var/lib/crater-agent-workspace/builds/worker-1-tc1/target:/opt/rustwide/target:rw,Z" "-v" "/var/lib/crater-agent-workspace/cargo-home:/opt/rustwide/cargo-home:ro,Z" "-v" "/var/lib/crater-agent-workspace/rustup-home:/opt/rustwide/rustup-home:ro,Z" "-m" "1610612736" "--network" "none" "ghcr.io/rust-lang/crates-build-env/linux@sha256:8683fc1fc2eb5c9ac98e0d076ab094b2ffac7f99da555d2b6a2e27f346de2ec7" "sleep" "infinity", kill_on_drop: false }`
[INFO] [stdout] e49da22dd659e308dbe3a52f8f3219fb002cce8ee972068f85a134d57100cf0e
[INFO] running `Command { std: "docker" "start" "e49da22dd659e308dbe3a52f8f3219fb002cce8ee972068f85a134d57100cf0e", kill_on_drop: false }`
[INFO] running `Command { std: "docker" "inspect" "e49da22dd659e308dbe3a52f8f3219fb002cce8ee972068f85a134d57100cf0e", kill_on_drop: false }`
[INFO] running `Command { std: "docker" "exec" "-e" "SOURCE_DIR=/opt/rustwide/workdir" "-e" "CARGO_HOME=/opt/rustwide/cargo-home" "-e" "RUSTUP_HOME=/opt/rustwide/rustup-home" "-e" "CARGO_TARGET_DIR=/opt/rustwide/target" "-w" "/opt/rustwide/workdir" "--user" "0:0" "e49da22dd659e308dbe3a52f8f3219fb002cce8ee972068f85a134d57100cf0e" "/opt/rustwide/cargo-home/bin/cargo" "+1.98.0-beta.8" "metadata" "--no-deps" "--format-version=1", kill_on_drop: false }`
[INFO] running `Command { std: "docker" "inspect" "e49da22dd659e308dbe3a52f8f3219fb002cce8ee972068f85a134d57100cf0e", kill_on_drop: false }`
[INFO] running `Command { std: "docker" "exec" "-e" "SOURCE_DIR=/opt/rustwide/workdir" "-e" "CARGO_HOME=/opt/rustwide/cargo-home" "-e" "RUSTUP_HOME=/opt/rustwide/rustup-home" "-e" "CARGO_TARGET_DIR=/opt/rustwide/target" "-e" "CARGO_INCREMENTAL=0" "-e" "RUST_BACKTRACE=full" "-e" "RUSTFLAGS=--cap-lints=warn" "-e" "RUSTDOCFLAGS=--cap-lints=warn" "-w" "/opt/rustwide/workdir" "--user" "0:0" "e49da22dd659e308dbe3a52f8f3219fb002cce8ee972068f85a134d57100cf0e" "/opt/rustwide/cargo-home/bin/cargo" "+1.98.0-beta.8" "build" "--frozen" "--message-format=json" "--release", kill_on_drop: false }`
[INFO] [stderr]    Compiling libc v0.2.154
[INFO] [stderr]    Compiling proc-macro2 v1.0.82
[INFO] [stderr]    Compiling unicode-ident v1.0.12
[INFO] [stderr]    Compiling cfg-if v1.0.0
[INFO] [stderr]    Compiling smallvec v1.13.2
[INFO] [stderr]    Compiling autocfg v1.3.0
[INFO] [stderr]    Compiling memchr v2.7.2
[INFO] [stderr]    Compiling parking_lot_core v0.9.10
[INFO] [stderr]    Compiling serde v1.0.201
[INFO] [stderr]    Compiling scopeguard v1.2.0
[INFO] [stderr]    Compiling bitflags v2.5.0
[INFO] [stderr]    Compiling equivalent v1.0.1
[INFO] [stderr]    Compiling rustix v0.38.34
[INFO] [stderr]    Compiling cfg_aliases v0.1.1
[INFO] [stderr]    Compiling hashbrown v0.14.5
[INFO] [stderr]    Compiling regex-syntax v0.8.3
[INFO] [stderr]    Compiling lock_api v0.4.12
[INFO] [stderr]    Compiling nix v0.28.0
[INFO] [stderr]    Compiling unsafe-libyaml v0.2.11
[INFO] [stderr]    Compiling quote v1.0.36
[INFO] [stderr]    Compiling aho-corasick v1.1.3
[INFO] [stderr]    Compiling syn v2.0.61
[INFO] [stderr]    Compiling bytes v1.6.0
[INFO] [stderr]    Compiling semver v1.0.23
[INFO] [stderr]    Compiling indexmap v2.2.6
[INFO] [stderr]    Compiling ryu v1.0.18
[INFO] [stderr]    Compiling itoa v1.0.11
[INFO] [stderr]    Compiling linux-raw-sys v0.4.13
[INFO] [stderr]    Compiling pin-project-lite v0.2.14
[INFO] [stderr]    Compiling signal-hook-registry v1.4.2
[INFO] [stderr]    Compiling parking_lot v0.12.2
[INFO] [stderr]    Compiling mio v0.8.11
[INFO] [stderr]    Compiling num_cpus v1.16.0
[INFO] [stderr]    Compiling socket2 v0.5.7
[INFO] [stderr]    Compiling regex-automata v0.4.6
[INFO] [stderr]    Compiling nibble_vec v0.1.0
[INFO] [stderr]    Compiling endian-type v0.1.2
[INFO] [stderr]    Compiling radix_trie v0.2.1
[INFO] [stderr]    Compiling getrandom v0.2.15
[INFO] [stderr]    Compiling libloading v0.8.3
[INFO] [stderr]    Compiling unicode-segmentation v1.11.0
[INFO] [stderr]    Compiling once_cell v1.19.0
[INFO] [stderr]    Compiling syn-mid v0.6.0
[INFO] [stderr]    Compiling utf8parse v0.2.1
[INFO] [stderr]    Compiling home v0.5.9
[INFO] [stderr]    Compiling unicode-width v0.1.12
[INFO] [stderr]    Compiling log v0.4.21
[INFO] [stderr]    Compiling send_wrapper v0.6.0
[INFO] [stderr]    Compiling fd-lock v4.0.2
[INFO] [stderr]    Compiling rustyline v14.0.0
[INFO] [stderr]    Compiling serde_derive v1.0.201
[INFO] [stderr]    Compiling tokio-macros v2.2.0
[INFO] [stderr]    Compiling neon-macros v1.0.0
[INFO] [stderr]    Compiling neon v1.0.0
[INFO] [stderr]    Compiling tokio v1.37.0
[INFO] [stderr]    Compiling regex v1.10.4
[INFO] [stderr]    Compiling guaradict_nodejs v0.1.0 (/opt/rustwide/workdir/guaradict_nodejs)
[INFO] [stderr]    Compiling serde_yaml v0.9.34+deprecated
[INFO] [stderr]    Compiling guaradict_core v0.1.0 (/opt/rustwide/workdir/guaradict_core)
[INFO] [stderr]    Compiling guaradict_client v0.1.0 (/opt/rustwide/workdir/guaradict_client)
[INFO] [stderr]    Compiling guaradict_server v0.1.0 (/opt/rustwide/workdir/guaradict_server)
[INFO] [stderr]     Finished `release` profile [optimized] target(s) in 24.30s
[INFO] running `Command { std: "docker" "inspect" "e49da22dd659e308dbe3a52f8f3219fb002cce8ee972068f85a134d57100cf0e", kill_on_drop: false }`
[INFO] running `Command { std: "docker" "exec" "-e" "SOURCE_DIR=/opt/rustwide/workdir" "-e" "CARGO_HOME=/opt/rustwide/cargo-home" "-e" "RUSTUP_HOME=/opt/rustwide/rustup-home" "-e" "CARGO_TARGET_DIR=/opt/rustwide/target" "-e" "CARGO_INCREMENTAL=0" "-e" "RUST_BACKTRACE=full" "-e" "RUSTFLAGS=--cap-lints=warn" "-e" "RUSTDOCFLAGS=--cap-lints=warn" "-w" "/opt/rustwide/workdir" "--user" "0:0" "e49da22dd659e308dbe3a52f8f3219fb002cce8ee972068f85a134d57100cf0e" "/opt/rustwide/cargo-home/bin/cargo" "+1.98.0-beta.8" "test" "--frozen" "--no-run" "--message-format=json" "--release", kill_on_drop: false }`
[INFO] [stderr]    Compiling guaradict_core v0.1.0 (/opt/rustwide/workdir/guaradict_core)
[INFO] [stderr]    Compiling guaradict_server v0.1.0 (/opt/rustwide/workdir/guaradict_server)
[INFO] [stderr]    Compiling guaradict_nodejs v0.1.0 (/opt/rustwide/workdir/guaradict_nodejs)
[INFO] [stderr]    Compiling guaradict_client v0.1.0 (/opt/rustwide/workdir/guaradict_client)
[INFO] [stderr]     Finished `release` profile [optimized] target(s) in 23.24s
[INFO] running `Command { std: "docker" "inspect" "e49da22dd659e308dbe3a52f8f3219fb002cce8ee972068f85a134d57100cf0e", kill_on_drop: false }`
[INFO] running `Command { std: "docker" "exec" "-e" "SOURCE_DIR=/opt/rustwide/workdir" "-e" "CARGO_HOME=/opt/rustwide/cargo-home" "-e" "RUSTUP_HOME=/opt/rustwide/rustup-home" "-e" "CARGO_TARGET_DIR=/opt/rustwide/target" "-e" "CARGO_INCREMENTAL=0" "-e" "RUST_BACKTRACE=full" "-e" "RUSTFLAGS=--cap-lints=warn" "-e" "RUSTDOCFLAGS=--cap-lints=warn" "-w" "/opt/rustwide/workdir" "--user" "0:0" "e49da22dd659e308dbe3a52f8f3219fb002cce8ee972068f85a134d57100cf0e" "/opt/rustwide/cargo-home/bin/cargo" "+1.98.0-beta.8" "test" "--frozen" "--release", kill_on_drop: false }`
[INFO] [stderr]     Finished `release` profile [optimized] target(s) in 0.07s
[INFO] [stderr]      Running unittests src/main.rs (/opt/rustwide/target/release/deps/guaradict_client-56b26fb600f2e326)
[INFO] [stdout] 
[INFO] [stdout] running 0 tests
[INFO] [stdout] 
[INFO] [stdout] test result: ok. 0 passed; 0 failed; 0 ignored; 0 measured; 0 filtered out; finished in 0.00s
[INFO] [stdout] 
[INFO] [stderr]      Running unittests src/lib.rs (/opt/rustwide/target/release/deps/guaradict_core-759567d8f628012a)
[INFO] [stdout] 
[INFO] [stdout] running 5 tests
[INFO] [stdout] test commands::client::tests::test_execute_add ... ok
[INFO] [stdout] test commands::client::tests::test_execute_get ... ok
[INFO] [stdout] test commands::server::tests::test_execute_ping ... ok
[INFO] [stdout] test commands::server::tests::test_execute_pong ... ok
[INFO] [stdout] test commands::client::tests::test_execute_delete ... FAILED
[INFO] [stdout] 
[INFO] [stdout] failures:
[INFO] [stdout] 
[INFO] [stdout] ---- commands::client::tests::test_execute_delete stdout ----
[INFO] [stdout] 
[INFO] [stdout] thread 'commands::client::tests::test_execute_delete' (1234) panicked at guaradict_core/src/commands/client.rs:54:9:
[INFO] [stdout] assertion `left == right` failed
[INFO] [stdout]   left: "DEL key1"
[INFO] [stdout]  right: "DELETE key1"
[INFO] [stdout] stack backtrace:
[INFO] [stdout]    0:     0x5d0ae7dcb236 - <<std[97b98282bc616a66]::sys::backtrace::BacktraceLock>::print::DisplayBacktrace as core[832e9a552fc17241]::fmt::Display>::fmt
[INFO] [stdout]    1:     0x5d0ae7db3f4a - core[832e9a552fc17241]::fmt::write
[INFO] [stdout]    2:     0x5d0ae7dca78b - <alloc[3ecab9f82c41dc7d]::vec::Vec<u8> as std[97b98282bc616a66]::io::Write>::write_fmt
[INFO] [stdout]    3:     0x5d0ae7dca28f - std[97b98282bc616a66]::panicking::default_hook::{closure#0}
[INFO] [stdout]    4:     0x5d0ae7dc9eba - std[97b98282bc616a66]::panicking::default_hook
[INFO] [stdout]    5:     0x5d0ae7dc9a21 - std[97b98282bc616a66]::panicking::panic_with_hook
[INFO] [stdout]    6:     0x5d0ae7df2c81 - std[97b98282bc616a66]::panicking::panic_handler::{closure#0}
[INFO] [stdout]    7:     0x5d0ae7df2c39 - std[97b98282bc616a66]::sys::backtrace::__rust_end_short_backtrace::<std[97b98282bc616a66]::panicking::panic_handler::{closure#0}, !>
[INFO] [stdout]    8:     0x5d0ae7df313c - __rustc[e3d8617bb01b7f69]::rust_begin_unwind
[INFO] [stdout]    9:     0x5d0ae7db3ddb - core[832e9a552fc17241]::panicking::panic_fmt
[INFO] [stdout]   10:     0x5d0ae7db3cfe - core[832e9a552fc17241]::panicking::assert_failed_inner
[INFO] [stdout]   11:     0x5d0ae7db088d - core[832e9a552fc17241]::panicking::assert_failed::<alloc[3ecab9f82c41dc7d]::string::String, &str>
[INFO] [stdout]   12:     0x5d0ae7db25aa - <guaradict_core[a6a521d79e13e8aa]::commands::client::tests::test_execute_delete::{closure#0} as core[832e9a552fc17241]::ops::function::FnOnce<()>>::call_once
[INFO] [stdout]   13:     0x5d0ae7e0aadb - test[39766f3d73431624]::__rust_begin_short_backtrace::<core[832e9a552fc17241]::result::Result<(), alloc[3ecab9f82c41dc7d]::string::String>, fn() -> core[832e9a552fc17241]::result::Result<(), alloc[3ecab9f82c41dc7d]::string::String>>
[INFO] [stdout]   14:     0x5d0ae7e060a2 - test[39766f3d73431624]::run_test::{closure#0}
[INFO] [stdout]   15:     0x5d0ae7e05b1c - std[97b98282bc616a66]::sys::backtrace::__rust_begin_short_backtrace::<test[39766f3d73431624]::run_test::{closure#1}, ()>
[INFO] [stdout]   16:     0x5d0ae7e2233c - <std[97b98282bc616a66]::thread::lifecycle::spawn_unchecked<test[39766f3d73431624]::run_test::{closure#1}, ()>::{closure#1} as core[832e9a552fc17241]::ops::function::FnOnce<()>>::call_once::{shim:vtable#0}
[INFO] [stdout]   17:     0x5d0ae7df4319 - <std[97b98282bc616a66]::sys::thread::unix::Thread>::new::thread_start
[INFO] [stdout]   18:     0x7fd6d139907a - <unknown>
[INFO] [stdout]   19:     0x7fd6d142c534 - clone
[INFO] [stdout]   20:                0x0 - <unknown>
[INFO] [stdout] 
[INFO] [stdout] 
[INFO] [stdout] failures:
[INFO] [stdout]     commands::client::tests::test_execute_delete
[INFO] [stdout] 
[INFO] [stdout] test result: FAILED. 4 passed; 1 failed; 0 ignored; 0 measured; 0 filtered out; finished in 0.00s
[INFO] [stdout] 
[INFO] [stderr] error: test failed, to rerun pass `-p guaradict_core --lib`
[INFO] running `Command { std: "docker" "inspect" "e49da22dd659e308dbe3a52f8f3219fb002cce8ee972068f85a134d57100cf0e", kill_on_drop: false }`
[INFO] running `Command { std: "docker" "rm" "-f" "e49da22dd659e308dbe3a52f8f3219fb002cce8ee972068f85a134d57100cf0e", kill_on_drop: false }`
[INFO] [stdout] e49da22dd659e308dbe3a52f8f3219fb002cce8ee972068f85a134d57100cf0e
