[INFO] cloning repository https://github.com/SamoraDC/Tetrad
[INFO] running `Command { std: "git" "-c" "credential.helper=" "-c" "credential.helper=/workspace/cargo-home/bin/git-credential-null" "clone" "--bare" "https://github.com/SamoraDC/Tetrad" "/workspace/cache/git-repos/https%3A%2F%2Fgithub.com%2FSamoraDC%2FTetrad", kill_on_drop: false }`
[INFO] [stderr] Cloning into bare repository '/workspace/cache/git-repos/https%3A%2F%2Fgithub.com%2FSamoraDC%2FTetrad'...
[INFO] running `Command { std: "git" "rev-parse" "HEAD", kill_on_drop: false }`
[INFO] [stdout] dc5874e9f27a73436c662eae76df45c66ae21d10
[INFO] testing SamoraDC/Tetrad against 1.98.0-beta.8+cargoflags=--release for beta-release-1.99-2
[INFO] running `Command { std: "git" "clone" "/workspace/cache/git-repos/https%3A%2F%2Fgithub.com%2FSamoraDC%2FTetrad" "/workspace/builds/worker-6-tc1/source", kill_on_drop: false }`
[INFO] [stderr] Cloning into '/workspace/builds/worker-6-tc1/source'...
[INFO] [stderr] done.
[INFO] started tweaking git repo https://github.com/SamoraDC/Tetrad
[INFO] finished tweaking git repo https://github.com/SamoraDC/Tetrad
[INFO] tweaked toml for git repo https://github.com/SamoraDC/Tetrad written to /workspace/builds/worker-6-tc1/source/Cargo.toml
[INFO] validating manifest of git repo https://github.com/SamoraDC/Tetrad on toolchain 1.98.0-beta.8
[INFO] running `Command { std: CARGO_HOME="/workspace/cargo-home" RUSTUP_HOME="/workspace/rustup-home" "/workspace/cargo-home/bin/cargo" "+1.98.0-beta.8" "metadata" "--manifest-path" "Cargo.toml" "--no-deps", kill_on_drop: false }`
[INFO] crate git repo https://github.com/SamoraDC/Tetrad already has a lockfile, it will not be regenerated
[INFO] running `Command { std: CARGO_HOME="/workspace/cargo-home" RUSTUP_HOME="/workspace/rustup-home" "/workspace/cargo-home/bin/cargo" "+1.98.0-beta.8" "fetch" "--manifest-path" "Cargo.toml", kill_on_drop: false }`
[INFO] [stderr]  Downloading crates ...
[INFO] [stderr]   Downloaded zmij v1.0.16
[INFO] [stderr]   Downloaded assert_cmd v2.1.2
[INFO] [stderr]   Downloaded cc v1.2.53
[INFO] running `Command { std: "docker" "create" "-v" "/var/lib/crater-agent-workspace/builds/worker-6-tc1/source:/opt/rustwide/workdir:ro,Z" "-v" "/var/lib/crater-agent-workspace/builds/worker-6-tc1/target:/opt/rustwide/target:rw,Z" "-v" "/var/lib/crater-agent-workspace/cargo-home:/opt/rustwide/cargo-home:ro,Z" "-v" "/var/lib/crater-agent-workspace/rustup-home:/opt/rustwide/rustup-home:ro,Z" "-m" "1610612736" "--network" "none" "ghcr.io/rust-lang/crates-build-env/linux@sha256:8683fc1fc2eb5c9ac98e0d076ab094b2ffac7f99da555d2b6a2e27f346de2ec7" "sleep" "infinity", kill_on_drop: false }`
[INFO] [stdout] 176308c6cb080b65af45d02026813ff7c2d96c9cc67eefe30fd855ef164fa89d
[INFO] running `Command { std: "docker" "start" "176308c6cb080b65af45d02026813ff7c2d96c9cc67eefe30fd855ef164fa89d", kill_on_drop: false }`
[INFO] running `Command { std: "docker" "inspect" "176308c6cb080b65af45d02026813ff7c2d96c9cc67eefe30fd855ef164fa89d", kill_on_drop: false }`
[INFO] running `Command { std: "docker" "exec" "-e" "SOURCE_DIR=/opt/rustwide/workdir" "-e" "CARGO_HOME=/opt/rustwide/cargo-home" "-e" "RUSTUP_HOME=/opt/rustwide/rustup-home" "-e" "CARGO_TARGET_DIR=/opt/rustwide/target" "-w" "/opt/rustwide/workdir" "--user" "0:0" "176308c6cb080b65af45d02026813ff7c2d96c9cc67eefe30fd855ef164fa89d" "/opt/rustwide/cargo-home/bin/cargo" "+1.98.0-beta.8" "metadata" "--no-deps" "--format-version=1", kill_on_drop: false }`
[INFO] running `Command { std: "docker" "inspect" "176308c6cb080b65af45d02026813ff7c2d96c9cc67eefe30fd855ef164fa89d", kill_on_drop: false }`
[INFO] running `Command { std: "docker" "exec" "-e" "SOURCE_DIR=/opt/rustwide/workdir" "-e" "CARGO_HOME=/opt/rustwide/cargo-home" "-e" "RUSTUP_HOME=/opt/rustwide/rustup-home" "-e" "CARGO_TARGET_DIR=/opt/rustwide/target" "-e" "CARGO_INCREMENTAL=0" "-e" "RUST_BACKTRACE=full" "-e" "RUSTFLAGS=--cap-lints=warn" "-e" "RUSTDOCFLAGS=--cap-lints=warn" "-w" "/opt/rustwide/workdir" "--user" "0:0" "176308c6cb080b65af45d02026813ff7c2d96c9cc67eefe30fd855ef164fa89d" "/opt/rustwide/cargo-home/bin/cargo" "+1.98.0-beta.8" "build" "--frozen" "--message-format=json" "--release", kill_on_drop: false }`
[INFO] [stderr]    Compiling proc-macro2 v1.0.105
[INFO] [stderr]    Compiling unicode-ident v1.0.22
[INFO] [stderr]    Compiling quote v1.0.43
[INFO] [stderr]    Compiling libc v0.2.180
[INFO] [stderr]    Compiling once_cell v1.21.3
[INFO] [stderr]    Compiling serde_core v1.0.228
[INFO] [stderr]    Compiling typenum v1.19.0
[INFO] [stderr]    Compiling zerocopy v0.8.33
[INFO] [stderr]    Compiling smallvec v1.15.1
[INFO] [stderr]    Compiling getrandom v0.3.4
[INFO] [stderr]    Compiling find-msvc-tools v0.1.8
[INFO] [stderr]    Compiling serde v1.0.228
[INFO] [stderr]    Compiling ahash v0.8.12
[INFO] [stderr]    Compiling utf8parse v0.2.2
[INFO] [stderr]    Compiling vcpkg v0.2.15
[INFO] [stderr]    Compiling zmij v1.0.16
[INFO] [stderr]    Compiling parking_lot_core v0.9.12
[INFO] [stderr]    Compiling bitflags v2.10.0
[INFO] [stderr]    Compiling rustix v1.1.3
[INFO] [stderr]    Compiling anstyle-parse v0.2.7
[INFO] [stderr]    Compiling cc v1.2.53
[INFO] [stderr]    Compiling num-traits v0.2.19
[INFO] [stderr]    Compiling colorchoice v1.0.4
[INFO] [stderr]    Compiling regex-syntax v0.8.8
[INFO] [stderr]    Compiling tracing-core v0.1.36
[INFO] [stderr]    Compiling hashbrown v0.16.1
[INFO] [stderr]    Compiling is_terminal_polyfill v1.70.2
[INFO] [stderr]    Compiling anstyle-query v1.1.5
[INFO] [stderr]    Compiling serde_json v1.0.149
[INFO] [stderr]    Compiling linux-raw-sys v0.11.0
[INFO] [stderr]    Compiling anstyle v1.0.13
[INFO] [stderr]    Compiling portable-atomic v1.13.0
[INFO] [stderr]    Compiling pin-project-lite v0.2.16
[INFO] [stderr]    Compiling unicode-width v0.2.2
[INFO] [stderr]    Compiling scopeguard v1.2.0
[INFO] [stderr]    Compiling anstream v0.6.21
[INFO] [stderr]    Compiling lock_api v0.4.14
[INFO] [stderr]    Compiling syn v2.0.114
[INFO] [stderr]    Compiling winnow v0.7.14
[INFO] [stderr]    Compiling allocator-api2 v0.2.21
[INFO] [stderr]    Compiling foldhash v0.1.5
[INFO] [stderr]    Compiling log v0.4.29
[INFO] [stderr]    Compiling clap_lex v0.7.7
[INFO] [stderr]    Compiling toml_write v0.1.2
[INFO] [stderr]    Compiling option-ext v0.2.0
[INFO] [stderr]    Compiling anyhow v1.0.100
[INFO] [stderr]    Compiling strsim v0.11.1
[INFO] [stderr]    Compiling generic-array v0.14.7
[INFO] [stderr]    Compiling itoa v1.0.17
[INFO] [stderr]    Compiling fastrand v2.3.0
[INFO] [stderr]    Compiling indexmap v2.13.0
[INFO] [stderr]    Compiling memchr v2.7.6
[INFO] [stderr]    Compiling console v0.15.11
[INFO] [stderr]    Compiling errno v0.3.14
[INFO] [stderr]    Compiling thiserror v2.0.18
[INFO] [stderr]    Compiling clap_builder v4.5.54
[INFO] [stderr]    Compiling signal-hook-registry v1.4.8
[INFO] [stderr]    Compiling hashbrown v0.15.5
[INFO] [stderr]    Compiling parking_lot v0.12.5
[INFO] [stderr]    Compiling mio v1.1.1
[INFO] [stderr]    Compiling socket2 v0.6.1
[INFO] [stderr]    Compiling libsqlite3-sys v0.30.1
[INFO] [stderr]    Compiling block-buffer v0.10.4
[INFO] [stderr]    Compiling crypto-common v0.1.7
[INFO] [stderr]    Compiling dirs-sys v0.5.0
[INFO] [stderr]    Compiling digest v0.10.7
[INFO] [stderr]    Compiling tracing-log v0.2.0
[INFO] [stderr]    Compiling regex-automata v0.4.13
[INFO] [stderr]    Compiling thread_local v1.1.9
[INFO] [stderr]    Compiling nu-ansi-term v0.50.3
[INFO] [stderr]    Compiling fallible-streaming-iterator v0.1.9
[INFO] [stderr]    Compiling iana-time-zone v0.1.64
[INFO] [stderr]    Compiling shell-words v1.1.1
[INFO] [stderr]    Compiling number_prefix v0.4.0
[INFO] [stderr]    Compiling zeroize v1.8.2
[INFO] [stderr]    Compiling cpufeatures v0.2.17
[INFO] [stderr]    Compiling fallible-iterator v0.3.0
[INFO] [stderr]    Compiling bytes v1.11.0
[INFO] [stderr]    Compiling sha2 v0.10.9
[INFO] [stderr]    Compiling lru v0.12.5
[INFO] [stderr]    Compiling hashbrown v0.14.5
[INFO] [stderr]    Compiling dirs v6.0.0
[INFO] [stderr]    Compiling uuid v1.19.0
[INFO] [stderr]    Compiling indicatif v0.17.11
[INFO] [stderr]    Compiling tempfile v3.24.0
[INFO] [stderr]    Compiling hex v0.4.3
[INFO] [stderr]    Compiling hashlink v0.9.1
[INFO] [stderr]    Compiling matchers v0.2.0
[INFO] [stderr]    Compiling serde_derive v1.0.228
[INFO] [stderr]    Compiling thiserror-impl v1.0.69
[INFO] [stderr]    Compiling tracing-attributes v0.1.31
[INFO] [stderr]    Compiling clap_derive v4.5.49
[INFO] [stderr]    Compiling thiserror-impl v2.0.18
[INFO] [stderr]    Compiling tokio-macros v2.6.0
[INFO] [stderr]    Compiling async-trait v0.1.89
[INFO] [stderr]    Compiling tokio v1.49.0
[INFO] [stderr]    Compiling tracing v0.1.44
[INFO] [stderr]    Compiling thiserror v1.0.69
[INFO] [stderr]    Compiling dialoguer v0.11.0
[INFO] [stderr]    Compiling clap v4.5.54
[INFO] [stderr]    Compiling toml_datetime v0.6.11
[INFO] [stderr]    Compiling serde_spanned v0.6.9
[INFO] [stderr]    Compiling tracing-serde v0.2.0
[INFO] [stderr]    Compiling chrono v0.4.43
[INFO] [stderr]    Compiling tracing-subscriber v0.3.22
[INFO] [stderr]    Compiling toml_edit v0.22.27
[INFO] [stderr]    Compiling toml v0.8.23
[INFO] [stderr]    Compiling rusqlite v0.32.1
[INFO] [stderr]    Compiling tetrad v0.1.15 (/opt/rustwide/workdir)
[INFO] [stderr]     Finished `release` profile [optimized] target(s) in 3m 16s
[INFO] running `Command { std: "docker" "inspect" "176308c6cb080b65af45d02026813ff7c2d96c9cc67eefe30fd855ef164fa89d", kill_on_drop: false }`
[INFO] running `Command { std: "docker" "exec" "-e" "SOURCE_DIR=/opt/rustwide/workdir" "-e" "CARGO_HOME=/opt/rustwide/cargo-home" "-e" "RUSTUP_HOME=/opt/rustwide/rustup-home" "-e" "CARGO_TARGET_DIR=/opt/rustwide/target" "-e" "CARGO_INCREMENTAL=0" "-e" "RUST_BACKTRACE=full" "-e" "RUSTFLAGS=--cap-lints=warn" "-e" "RUSTDOCFLAGS=--cap-lints=warn" "-w" "/opt/rustwide/workdir" "--user" "0:0" "176308c6cb080b65af45d02026813ff7c2d96c9cc67eefe30fd855ef164fa89d" "/opt/rustwide/cargo-home/bin/cargo" "+1.98.0-beta.8" "test" "--frozen" "--no-run" "--message-format=json" "--release", kill_on_drop: false }`
[INFO] [stderr]    Compiling regex-syntax v0.8.8
[INFO] [stderr]    Compiling aho-corasick v1.1.4
[INFO] [stderr]    Compiling tokio v1.49.0
[INFO] [stderr]    Compiling predicates-core v1.0.9
[INFO] [stderr]    Compiling float-cmp v0.10.0
[INFO] [stderr]    Compiling termtree v0.5.1
[INFO] [stderr]    Compiling difflib v0.4.0
[INFO] [stderr]    Compiling futures-core v0.3.31
[INFO] [stderr]    Compiling normalize-line-endings v0.3.0
[INFO] [stderr]    Compiling assert_cmd v2.1.2
[INFO] [stderr]    Compiling wait-timeout v0.2.1
[INFO] [stderr]    Compiling predicates-tree v1.0.12
[INFO] [stderr]    Compiling regex-automata v0.4.13
[INFO] [stderr]    Compiling tokio-stream v0.1.18
[INFO] [stderr]    Compiling tokio-test v0.4.5
[INFO] [stderr]    Compiling matchers v0.2.0
[INFO] [stderr]    Compiling regex v1.12.2
[INFO] [stderr]    Compiling bstr v1.12.1
[INFO] [stderr]    Compiling tracing-subscriber v0.3.22
[INFO] [stderr]    Compiling predicates v3.1.3
[INFO] [stderr]    Compiling tetrad v0.1.15 (/opt/rustwide/workdir)
[INFO] [stderr]     Finished `release` profile [optimized] target(s) in 2m 05s
[INFO] running `Command { std: "docker" "inspect" "176308c6cb080b65af45d02026813ff7c2d96c9cc67eefe30fd855ef164fa89d", kill_on_drop: false }`
[INFO] running `Command { std: "docker" "exec" "-e" "SOURCE_DIR=/opt/rustwide/workdir" "-e" "CARGO_HOME=/opt/rustwide/cargo-home" "-e" "RUSTUP_HOME=/opt/rustwide/rustup-home" "-e" "CARGO_TARGET_DIR=/opt/rustwide/target" "-e" "CARGO_INCREMENTAL=0" "-e" "RUST_BACKTRACE=full" "-e" "RUSTFLAGS=--cap-lints=warn" "-e" "RUSTDOCFLAGS=--cap-lints=warn" "-w" "/opt/rustwide/workdir" "--user" "0:0" "176308c6cb080b65af45d02026813ff7c2d96c9cc67eefe30fd855ef164fa89d" "/opt/rustwide/cargo-home/bin/cargo" "+1.98.0-beta.8" "test" "--frozen" "--release", kill_on_drop: false }`
[INFO] [stderr]     Finished `release` profile [optimized] target(s) in 0.27s
[INFO] [stderr]      Running unittests src/lib.rs (/opt/rustwide/target/release/deps/tetrad-85da883a0473b7f4)
[INFO] [stdout] 
[INFO] [stdout] running 145 tests
[INFO] [stdout] test cache::lru::tests::test_cache_hit ... ok
[INFO] [stdout] test cache::lru::tests::test_cache_key_normalization ... ok
[INFO] [stdout] test cache::lru::tests::test_cache_expiration ... ok
[INFO] [stdout] test cache::lru::tests::test_cache_clear ... ok
[INFO] [stdout] test cache::lru::tests::test_cache_invalidate ... ok
[INFO] [stdout] test cache::lru::tests::test_cache_lru_eviction ... ok
[INFO] [stdout] test cache::lru::tests::test_cache_miss ... ok
[INFO] [stdout] test cache::lru::tests::test_cache_stats ... ok
[INFO] [stdout] test cache::lru::tests::test_cached_result_is_expired ... ok
[INFO] [stdout] test cache::lru::tests::test_cache_key_generation ... ok
[INFO] [stdout] test cache::lru::tests::test_insert_by_code ... ok
[INFO] [stdout] test cli::interactive::tests::test_show_config_summary ... ok
[INFO] [stdout] test consensus::aggregator::tests::test_aggregate_pass ... ok
[INFO] [stdout] test consensus::aggregator::tests::test_calculate_min_score ... ok
[INFO] [stdout] test consensus::aggregator::tests::test_calculate_score ... ok
[INFO] [stdout] test consensus::aggregator::tests::test_consolidate_feedback_pass ... ok
[INFO] [stdout] test cli::commands::tests::test_version ... ok
[INFO] [stdout] test consensus::aggregator::tests::test_consolidate_feedback_block ... ok
[INFO] [stdout] test consensus::engine::tests::test_calculate_confidence_high ... ok
[INFO] [stdout] test consensus::engine::tests::test_can_retry ... ok
[INFO] [stdout] test consensus::engine::tests::test_calculate_confidence_low ... ok
[INFO] [stdout] test consensus::engine::tests::test_evaluate_block ... ok
[INFO] [stdout] test consensus::engine::tests::test_golden_rule_engine ... ok
[INFO] [stdout] test consensus::engine::tests::test_new_engine ... ok
[INFO] [stdout] test consensus::engine::tests::test_evaluate_pass ... ok
[INFO] [stdout] test consensus::engine::tests::test_weak_rule_engine ... ok
[INFO] [stdout] test consensus::rules::tests::test_create_rule ... ok
[INFO] [stdout] test consensus::rules::tests::test_golden_rule_all_pass ... ok
[INFO] [stdout] test consensus::rules::tests::test_golden_rule_low_score ... ok
[INFO] [stdout] test consensus::rules::tests::test_golden_rule_one_fail ... ok
[INFO] [stdout] test consensus::rules::tests::test_strong_rule_all_fail ... ok
[INFO] [stdout] test consensus::rules::tests::test_strong_rule_not_unanimous_revise ... ok
[INFO] [stdout] test consensus::rules::tests::test_strong_rule_not_unanimous_fail ... ok
[INFO] [stdout] test consensus::rules::tests::test_weak_rule_two_fail ... ok
[INFO] [stdout] test consensus::rules::tests::test_strong_rule_all_pass ... ok
[INFO] [stdout] test consensus::rules::tests::test_weak_rule_no_majority ... ok
[INFO] [stdout] test consensus::rules::tests::test_weak_rule_two_pass ... ok
[INFO] [stdout] test consensus::aggregator::tests::test_infer_severity ... ok
[INFO] [stdout] test cli::commands::tests::test_doctor ... ok
[INFO] [stdout] test cli::commands::tests::test_status ... ok
[INFO] [stdout] test consensus::aggregator::tests::test_extract_findings_common_issues ... ok
[INFO] [stdout] test executors::base::tests::test_build_prompt ... ok
[INFO] [stdout] test executors::base::tests::test_executor_response_into_vote ... ok
[INFO] [stdout] test executors::base::tests::test_parse_json_with_code_fence ... ok
[INFO] [stdout] test executors::base::tests::test_build_prompt_with_context ... ok
[INFO] [stdout] test executors::base::tests::test_parse_json_direct ... ok
[INFO] [stdout] test executors::codex::tests::test_analyze_text_response_pass ... ok
[INFO] [stdout] test executors::codex::tests::test_analyze_text_response_warn ... ok
[INFO] [stdout] test executors::codex::tests::test_analyze_text_response_fail ... ok
[INFO] [stdout] test executors::codex::tests::test_default_args ... ok
[INFO] [stdout] test executors::codex::tests::test_parse_codex_events_no_agent_message ... ok
[INFO] [stdout] test executors::codex::tests::test_parse_codex_events ... ok
[INFO] [stdout] test executors::base::tests::test_parse_json_no_valid_json ... ok
[INFO] [stdout] test executors::codex::tests::test_parse_response_invalid ... ok
[INFO] [stdout] test executors::base::tests::test_parse_json_with_multiple_braces ... ok
[INFO] [stdout] test executors::codex::tests::test_parse_response_valid ... ok
[INFO] [stdout] test executors::gemini::tests::test_analyze_text_extracts_issues ... ok
[INFO] [stdout] test executors::base::tests::test_parse_json_with_nested_json ... ok
[INFO] [stdout] test executors::gemini::tests::test_analyze_text_response_warn ... ok
[INFO] [stdout] test executors::codex::tests::test_specialization ... ok
[INFO] [stdout] test executors::gemini::tests::test_default_args ... ok
[INFO] [stdout] test executors::gemini::tests::test_parse_gemini_with_log_prefix ... ok
[INFO] [stdout] test executors::gemini::tests::test_analyze_text_response_fail ... ok
[INFO] [stdout] test executors::gemini::tests::test_parse_response_valid ... ok
[INFO] [stdout] test executors::gemini::tests::test_parse_gemini_wrapper_with_json_response ... ok
[INFO] [stdout] test executors::gemini::tests::test_specialization ... ok
[INFO] [stdout] test executors::qwen::tests::test_specialization ... ok
[INFO] [stdout] test hooks::builtin::tests::test_logging_hook_event ... ok
[INFO] [stdout] test executors::qwen::tests::test_parse_response_valid ... ok
[INFO] [stdout] test executors::gemini::tests::test_analyze_text_response_pass ... ok
[INFO] [stdout] test hooks::builtin::tests::test_logging_hook_execute ... ok
[INFO] [stdout] test executors::gemini::tests::test_parse_gemini_wrapper ... ok
[INFO] [stdout] test hooks::builtin::tests::test_logging_hook_name ... ok
[INFO] [stdout] test hooks::builtin::tests::test_metrics_hook_counts_evaluations ... ok
[INFO] [stdout] test hooks::builtin::tests::test_metrics_hook_average_score ... ok
[INFO] [stdout] test hooks::builtin::tests::test_metrics_hook_name ... ok
[INFO] [stdout] test hooks::builtin::tests::test_metrics_hook_success_rate ... ok
[INFO] [stdout] test hooks::builtin::tests::test_metrics_hook_event ... ok
[INFO] [stdout] test hooks::builtin::tests::test_metrics_hook_empty ... ok
[INFO] [stdout] test hooks::builtin::tests::test_metrics_struct ... ok
[INFO] [stdout] test hooks::tests::test_hook_registration ... ok
[INFO] [stdout] test hooks::tests::test_hook_system_with_defaults ... ok
[INFO] [stdout] test hooks::tests::test_on_consensus_hook ... ok
[INFO] [stdout] test hooks::tests::test_hook_system_new ... ok
[INFO] [stdout] test hooks::tests::test_multiple_hooks_chain ... ok
[INFO] [stdout] test mcp::protocol::tests::test_json_rpc_id_string ... ok
[INFO] [stdout] test hooks::tests::test_post_evaluate_hook ... ok
[INFO] [stdout] test hooks::tests::test_pre_evaluate_hook ... ok
[INFO] [stdout] test mcp::protocol::tests::test_json_rpc_request_serialize ... ok
[INFO] [stdout] test hooks::tests::test_on_block_hook ... ok
[INFO] [stdout] test mcp::protocol::tests::test_json_rpc_response_error ... ok
[INFO] [stdout] test mcp::protocol::tests::test_notification ... ok
[INFO] [stdout] test mcp::protocol::tests::test_json_rpc_error_codes ... ok
[INFO] [stdout] test mcp::protocol::tests::test_json_rpc_response_success ... ok
[INFO] [stdout] test mcp::protocol::tests::test_tool_result_error ... ok
[INFO] [stdout] test mcp::protocol::tests::test_json_rpc_id_number ... ok
[INFO] [stdout] test mcp::protocol::tests::test_json_rpc_request_deserialize ... ok
[INFO] [stdout] test mcp::protocol::tests::test_tool_description ... ok
[INFO] [stdout] test mcp::protocol::tests::test_tool_result_success ... ok
[INFO] [stdout] test hooks::tests::test_hook_context_event ... ok
[INFO] [stdout] test hooks::tests::test_hook_event_display ... ok
[INFO] [stdout] test mcp::protocol::tests::test_initialize_result_default ... ok
[INFO] [stdout] test mcp::tools::tests::test_confirm_params_deserialize ... ok
[INFO] [stdout] test mcp::tools::tests::test_list_tools ... ok
[INFO] [stdout] test mcp::tools::tests::test_review_code_params_deserialize ... ok
[INFO] [stdout] test mcp::transport::tests::test_notification_without_id ... ok
[INFO] [stdout] test mcp::transport::tests::test_invalid_json ... ok
[INFO] [stdout] test mcp::tools::tests::test_tool_description ... ok
[INFO] [stdout] test mcp::transport::tests::test_empty_input ... ok
[INFO] [stdout] test mcp::transport::tests::test_empty_line ... ok
[INFO] [stdout] test mcp::transport::tests::test_roundtrip ... ok
[INFO] [stdout] test mcp::transport::tests::test_multiple_messages ... ok
[INFO] [stdout] test mcp::transport::tests::test_output_format ... ok
[INFO] [stdout] test mcp::transport::tests::test_write_response ... ok
[INFO] [stdout] test mcp::server::tests::test_handle_initialize ... FAILED
[INFO] [stdout] test mcp::transport::tests::test_read_message ... ok
[INFO] [stdout] test mcp::server::tests::test_handle_unknown_method ... FAILED
[INFO] [stdout] test mcp::server::tests::test_handle_tools_call_status ... FAILED
[INFO] [stdout] test mcp::server::tests::test_handle_tools_list ... FAILED
[INFO] [stdout] test mcp::server::tests::test_handle_tools_call_confirm ... FAILED
[INFO] [stdout] test mcp::server::tests::test_handle_shutdown ... FAILED
[INFO] [stdout] test mcp::server::tests::test_handle_tools_call_invalid_params ... FAILED
[INFO] [stdout] test reasoning::export::tests::test_format_knowledge ... ok
[INFO] [stdout] test reasoning::patterns::tests::test_categorize_code_security ... ok
[INFO] [stdout] test reasoning::patterns::tests::test_categorize_code_concurrency ... ok
[INFO] [stdout] test reasoning::patterns::tests::test_compute_signature_different_code ... ok
[INFO] [stdout] test reasoning::patterns::tests::test_compute_signature_same_code ... ok
[INFO] [stdout] test reasoning::patterns::tests::test_detect_language_javascript ... ok
[INFO] [stdout] test reasoning::patterns::tests::test_detect_language_python ... ok
[INFO] [stdout] test reasoning::patterns::tests::test_detect_language_rust ... ok
[INFO] [stdout] test reasoning::patterns::tests::test_extract_keywords_logic ... ok
[INFO] [stdout] test reasoning::patterns::tests::test_extract_keywords_security ... ok
[INFO] [stdout] test reasoning::patterns::tests::test_normalize_code ... ok
[INFO] [stdout] test reasoning::patterns::tests::test_similarity_same_code ... ok
[INFO] [stdout] test reasoning::patterns::tests::test_similarity_similar_keywords ... ok
[INFO] [stdout] test reasoning::bank::tests::test_retrieve_empty ... ok
[INFO] [stdout] test reasoning::bank::tests::test_create_bank ... ok
[INFO] [stdout] test reasoning::export::tests::test_export_empty_bank ... ok
[INFO] [stdout] test reasoning::bank::tests::test_judge_creates_pattern ... ok
[INFO] [stdout] test reasoning::bank::tests::test_good_pattern_creation ... ok
[INFO] [stdout] test reasoning::export::tests::test_import_skip_existing ... ok
[INFO] [stdout] test reasoning::bank::tests::test_retrieve_after_judge ... ok
[INFO] [stdout] test reasoning::bank::tests::test_distill ... ok
[INFO] [stdout] test reasoning::export::tests::test_export_import_roundtrip ... ok
[INFO] [stdout] test reasoning::bank::tests::test_consolidate ... ok
[INFO] [stdout] 
[INFO] [stdout] failures:
[INFO] [stdout] 
[INFO] [stdout] ---- mcp::server::tests::test_handle_initialize stdout ----
[INFO] [stdout] 
[INFO] [stdout] thread 'mcp::server::tests::test_handle_initialize' (2307) panicked at src/mcp/server.rs:206:49:
[INFO] [stdout] called `Result::unwrap()` on an `Err` value: Io(Os { code: 30, kind: ReadOnlyFilesystem, message: "Read-only file system" })
[INFO] [stdout] stack backtrace:
[INFO] [stdout]    0:     0x55f80e8237a5 - <unknown>
[INFO] [stdout]    1:     0x55f80e7fbf8a - <unknown>
[INFO] [stdout]    2:     0x55f80e822e1b - <unknown>
[INFO] [stdout]    3:     0x55f80e82291f - <unknown>
[INFO] [stdout]    4:     0x55f80e82254a - <unknown>
[INFO] [stdout]    5:     0x55f80e8220b1 - <unknown>
[INFO] [stdout]    6:     0x55f80e84ae01 - <unknown>
[INFO] [stdout]    7:     0x55f80e84adb9 - <unknown>
[INFO] [stdout]    8:     0x55f80e84b2bc - <unknown>
[INFO] [stdout]    9:     0x55f80e7fbe1b - <unknown>
[INFO] [stdout]   10:     0x55f80e7ff521 - <unknown>
[INFO] [stdout]   11:     0x55f80e7a4055 - <unknown>
[INFO] [stdout]   12:     0x55f80e764022 - <unknown>
[INFO] [stdout]   13:     0x55f80e7de0c4 - <unknown>
[INFO] [stdout]   14:     0x55f80e86880b - <unknown>
[INFO] [stdout]   15:     0x55f80e8643d1 - <unknown>
[INFO] [stdout]   16:     0x55f80e863b1c - <unknown>
[INFO] [stdout]   17:     0x55f80e87df1c - <unknown>
[INFO] [stdout]   18:     0x55f80e84c7a9 - <unknown>
[INFO] [stdout]   19:     0x76e3cd30007a - <unknown>
[INFO] [stdout]   20:     0x76e3cd393534 - clone
[INFO] [stdout]   21:                0x0 - <unknown>
[INFO] [stdout] 
[INFO] [stdout] ---- mcp::server::tests::test_handle_unknown_method stdout ----
[INFO] [stdout] 
[INFO] [stdout] thread 'mcp::server::tests::test_handle_unknown_method' (2313) panicked at src/mcp/server.rs:286:49:
[INFO] [stdout] called `Result::unwrap()` on an `Err` value: Io(Os { code: 30, kind: ReadOnlyFilesystem, message: "Read-only file system" })
[INFO] [stdout] stack backtrace:
[INFO] [stdout]    0:     0x55f80e8237a5 - <unknown>
[INFO] [stdout]    1:     0x55f80e7fbf8a - <unknown>
[INFO] [stdout]    2:     0x55f80e822e1b - <unknown>
[INFO] [stdout]    3:     0x55f80e82291f - <unknown>
[INFO] [stdout]    4:     0x55f80e82254a - <unknown>
[INFO] [stdout]    5:     0x55f80e8220b1 - <unknown>
[INFO] [stdout]    6:     0x55f80e84ae01 - <unknown>
[INFO] [stdout]    7:     0x55f80e84adb9 - <unknown>
[INFO] [stdout]    8:     0x55f80e84b2bc - <unknown>
[INFO] [stdout]    9:     0x55f80e7fbe1b - <unknown>
[INFO] [stdout]   10:     0x55f80e7ff521 - <unknown>
[INFO] [stdout]   11:     0x55f80e7a4e31 - <unknown>
[INFO] [stdout]   12:     0x55f80e764022 - <unknown>
[INFO] [stdout]   13:     0x55f80e7de644 - <unknown>
[INFO] [stdout]   14:     0x55f80e86880b - <unknown>
[INFO] [stdout]   15:     0x55f80e8643d1 - <unknown>
[INFO] [stdout]   16:     0x55f80e863b1c - <unknown>
[INFO] [stdout]   17:     0x55f80e87df1c - <unknown>
[INFO] [stdout]   18:     0x55f80e84c7a9 - <unknown>
[INFO] [stdout]   19:     0x76e3cd30007a - <unknown>
[INFO] [stdout]   20:     0x76e3cd393534 - clone
[INFO] [stdout]   21:                0x0 - <unknown>
[INFO] [stdout] 
[INFO] [stdout] ---- mcp::server::tests::test_handle_tools_call_status stdout ----
[INFO] [stdout] 
[INFO] [stdout] thread 'mcp::server::tests::test_handle_tools_call_status' (2311) panicked at src/mcp/server.rs:242:49:
[INFO] [stdout] called `Result::unwrap()` on an `Err` value: Io(Os { code: 30, kind: ReadOnlyFilesystem, message: "Read-only file system" })
[INFO] [stdout] stack backtrace:
[INFO] [stdout]    0:     0x55f80e8237a5 - <unknown>
[INFO] [stdout]    1:     0x55f80e7fbf8a - <unknown>
[INFO] [stdout]    2:     0x55f80e822e1b - <unknown>
[INFO] [stdout]    3:     0x55f80e82291f - <unknown>
[INFO] [stdout]    4:     0x55f80e82254a - <unknown>
[INFO] [stdout]    5:     0x55f80e8220b1 - <unknown>
[INFO] [stdout]    6:     0x55f80e84ae01 - <unknown>
[INFO] [stdout]    7:     0x55f80e84adb9 - <unknown>
[INFO] [stdout]    8:     0x55f80e84b2bc - <unknown>
[INFO] [stdout]    9:     0x55f80e7fbe1b - <unknown>
[INFO] [stdout]   10:     0x55f80e7ff521 - <unknown>
[INFO] [stdout]   11:     0x55f80e7a54c6 - <unknown>
[INFO] [stdout]   12:     0x55f80e764022 - <unknown>
[INFO] [stdout]   13:     0x55f80e7de904 - <unknown>
[INFO] [stdout]   14:     0x55f80e86880b - <unknown>
[INFO] [stdout]   15:     0x55f80e8643d1 - <unknown>
[INFO] [stdout]   16:     0x55f80e863b1c - <unknown>
[INFO] [stdout]   17:     0x55f80e87df1c - <unknown>
[INFO] [stdout]   18:     0x55f80e84c7a9 - <unknown>
[INFO] [stdout]   19:     0x76e3cd30007a - <unknown>
[INFO] [stdout]   20:     0x76e3cd393534 - clone
[INFO] [stdout]   21:                0x0 - <unknown>
[INFO] [stdout] 
[INFO] [stdout] ---- mcp::server::tests::test_handle_tools_list stdout ----
[INFO] [stdout] 
[INFO] [stdout] thread 'mcp::server::tests::test_handle_tools_list' (2312) panicked at src/mcp/server.rs:222:49:
[INFO] [stdout] called `Result::unwrap()` on an `Err` value: Io(Os { code: 30, kind: ReadOnlyFilesystem, message: "Read-only file system" })
[INFO] [stdout] stack backtrace:
[INFO] [stdout]    0:     0x55f80e8237a5 - <unknown>
[INFO] [stdout]    1:     0x55f80e7fbf8a - <unknown>
[INFO] [stdout]    2:     0x55f80e822e1b - <unknown>
[INFO] [stdout]    3:     0x55f80e82291f - <unknown>
[INFO] [stdout]    4:     0x55f80e82254a - <unknown>
[INFO] [stdout]    5:     0x55f80e8220b1 - <unknown>
[INFO] [stdout]    6:     0x55f80e84ae01 - <unknown>
[INFO] [stdout]    7:     0x55f80e84adb9 - <unknown>
[INFO] [stdout]    8:     0x55f80e84b2bc - <unknown>
[INFO] [stdout]    9:     0x55f80e7fbe1b - <unknown>
[INFO] [stdout]   10:     0x55f80e7ff521 - <unknown>
[INFO] [stdout]   11:     0x55f80e7a49a8 - <unknown>
[INFO] [stdout]   12:     0x55f80e764022 - <unknown>
[INFO] [stdout]   13:     0x55f80e7de384 - <unknown>
[INFO] [stdout]   14:     0x55f80e86880b - <unknown>
[INFO] [stdout]   15:     0x55f80e8643d1 - <unknown>
[INFO] [stdout]   16:     0x55f80e863b1c - <unknown>
[INFO] [stdout]   17:     0x55f80e87df1c - <unknown>
[INFO] [stdout]   18:     0x55f80e84c7a9 - <unknown>
[INFO] [stdout]   19:     0x76e3cd30007a - <unknown>
[INFO] [stdout]   20:     0x76e3cd393534 - clone
[INFO] [stdout]   21:                0x0 - <unknown>
[INFO] [stdout] 
[INFO] [stdout] ---- mcp::server::tests::test_handle_tools_call_confirm stdout ----
[INFO] [stdout] 
[INFO] [stdout] thread 'mcp::server::tests::test_handle_tools_call_confirm' (2309) panicked at src/mcp/server.rs:265:49:
[INFO] [stdout] called `Result::unwrap()` on an `Err` value: Io(Os { code: 30, kind: ReadOnlyFilesystem, message: "Read-only file system" })
[INFO] [stdout] stack backtrace:
[INFO] [stdout]    0:     0x55f80e8237a5 - <unknown>
[INFO] [stdout]    1:     0x55f80e7fbf8a - <unknown>
[INFO] [stdout]    2:     0x55f80e822e1b - <unknown>
[INFO] [stdout]    3:     0x55f80e82291f - <unknown>
[INFO] [stdout]    4:     0x55f80e82254a - <unknown>
[INFO] [stdout]    5:     0x55f80e8220b1 - <unknown>
[INFO] [stdout]    6:     0x55f80e84ae01 - <unknown>
[INFO] [stdout]    7:     0x55f80e84adb9 - <unknown>
[INFO] [stdout]    8:     0x55f80e84b2bc - <unknown>
[INFO] [stdout]    9:     0x55f80e7fbe1b - <unknown>
[INFO] [stdout]   10:     0x55f80e7ff521 - <unknown>
[INFO] [stdout]   11:     0x55f80e7a5b62 - <unknown>
[INFO] [stdout]   12:     0x55f80e764022 - <unknown>
[INFO] [stderr] error: test failed, to rerun pass `--lib`
[INFO] [stdout]   13:     0x55f80e7debc4 - <unknown>
[INFO] [stdout]   14:     0x55f80e86880b - <unknown>
[INFO] [stdout]   15:     0x55f80e8643d1 - <unknown>
[INFO] [stdout]   16:     0x55f80e863b1c - <unknown>
[INFO] [stdout]   17:     0x55f80e87df1c - <unknown>
[INFO] [stdout]   18:     0x55f80e84c7a9 - <unknown>
[INFO] [stdout]   19:     0x76e3cd30007a - <unknown>
[INFO] [stdout]   20:     0x76e3cd393534 - clone
[INFO] [stdout]   21:                0x0 - <unknown>
[INFO] [stdout] 
[INFO] [stdout] ---- mcp::server::tests::test_handle_shutdown stdout ----
[INFO] [stdout] 
[INFO] [stdout] thread 'mcp::server::tests::test_handle_shutdown' (2308) panicked at src/mcp/server.rs:319:49:
[INFO] [stdout] called `Result::unwrap()` on an `Err` value: Io(Os { code: 30, kind: ReadOnlyFilesystem, message: "Read-only file system" })
[INFO] [stdout] stack backtrace:
[INFO] [stdout]    0:     0x55f80e8237a5 - <unknown>
[INFO] [stdout]    1:     0x55f80e7fbf8a - <unknown>
[INFO] [stdout]    2:     0x55f80e822e1b - <unknown>
[INFO] [stdout]    3:     0x55f80e82291f - <unknown>
[INFO] [stdout]    4:     0x55f80e82254a - <unknown>
[INFO] [stdout]    5:     0x55f80e8220b1 - <unknown>
[INFO] [stdout]    6:     0x55f80e84ae01 - <unknown>
[INFO] [stdout]    7:     0x55f80e84adb9 - <unknown>
[INFO] [stdout]    8:     0x55f80e84b2bc - <unknown>
[INFO] [stdout]    9:     0x55f80e7fbe1b - <unknown>
[INFO] [stdout]   10:     0x55f80e7ff521 - <unknown>
[INFO] [stdout]   11:     0x55f80e7a38f4 - <unknown>
[INFO] [stdout]   12:     0x55f80e764022 - <unknown>
[INFO] [stdout]   13:     0x55f80e7dde04 - <unknown>
[INFO] [stdout]   14:     0x55f80e86880b - <unknown>
[INFO] [stdout]   15:     0x55f80e8643d1 - <unknown>
[INFO] [stdout]   16:     0x55f80e863b1c - <unknown>
[INFO] [stdout]   17:     0x55f80e87df1c - <unknown>
[INFO] [stdout]   18:     0x55f80e84c7a9 - <unknown>
[INFO] [stdout]   19:     0x76e3cd30007a - <unknown>
[INFO] [stdout]   20:     0x76e3cd393534 - clone
[INFO] [stdout]   21:                0x0 - <unknown>
[INFO] [stdout] 
[INFO] [stdout] ---- mcp::server::tests::test_handle_tools_call_invalid_params stdout ----
[INFO] [stdout] 
[INFO] [stdout] thread 'mcp::server::tests::test_handle_tools_call_invalid_params' (2310) panicked at src/mcp/server.rs:299:49:
[INFO] [stdout] called `Result::unwrap()` on an `Err` value: Io(Os { code: 30, kind: ReadOnlyFilesystem, message: "Read-only file system" })
[INFO] [stdout] stack backtrace:
[INFO] [stdout]    0:     0x55f80e8237a5 - <unknown>
[INFO] [stdout]    1:     0x55f80e7fbf8a - <unknown>
[INFO] [stdout]    2:     0x55f80e822e1b - <unknown>
[INFO] [stdout]    3:     0x55f80e82291f - <unknown>
[INFO] [stdout]    4:     0x55f80e82254a - <unknown>
[INFO] [stdout]    5:     0x55f80e8220b1 - <unknown>
[INFO] [stdout]    6:     0x55f80e84ae01 - <unknown>
[INFO] [stdout]    7:     0x55f80e84adb9 - <unknown>
[INFO] [stdout]    8:     0x55f80e84b2bc - <unknown>
[INFO] [stdout]    9:     0x55f80e7fbe1b - <unknown>
[INFO] [stdout]   10:     0x55f80e7ff521 - <unknown>
[INFO] [stdout]   11:     0x55f80e7a6084 - <unknown>
[INFO] [stdout]   12:     0x55f80e764022 - <unknown>
[INFO] [stdout]   13:     0x55f80e7dee84 - <unknown>
[INFO] [stdout]   14:     0x55f80e86880b - <unknown>
[INFO] [stdout]   15:     0x55f80e8643d1 - <unknown>
[INFO] [stdout]   16:     0x55f80e863b1c - <unknown>
[INFO] [stdout]   17:     0x55f80e87df1c - <unknown>
[INFO] [stdout]   18:     0x55f80e84c7a9 - <unknown>
[INFO] [stdout]   19:     0x76e3cd30007a - <unknown>
[INFO] [stdout]   20:     0x76e3cd393534 - clone
[INFO] [stdout]   21:                0x0 - <unknown>
[INFO] [stdout] 
[INFO] [stdout] 
[INFO] [stdout] failures:
[INFO] [stdout]     mcp::server::tests::test_handle_initialize
[INFO] [stdout]     mcp::server::tests::test_handle_shutdown
[INFO] [stdout]     mcp::server::tests::test_handle_tools_call_confirm
[INFO] [stdout]     mcp::server::tests::test_handle_tools_call_invalid_params
[INFO] [stdout]     mcp::server::tests::test_handle_tools_call_status
[INFO] [stdout]     mcp::server::tests::test_handle_tools_list
[INFO] [stdout]     mcp::server::tests::test_handle_unknown_method
[INFO] [stdout] 
[INFO] [stdout] test result: FAILED. 138 passed; 7 failed; 0 ignored; 0 measured; 0 filtered out; finished in 0.19s
[INFO] [stdout] 
[INFO] running `Command { std: "docker" "inspect" "176308c6cb080b65af45d02026813ff7c2d96c9cc67eefe30fd855ef164fa89d", kill_on_drop: false }`
[INFO] running `Command { std: "docker" "rm" "-f" "176308c6cb080b65af45d02026813ff7c2d96c9cc67eefe30fd855ef164fa89d", kill_on_drop: false }`
[INFO] [stdout] 176308c6cb080b65af45d02026813ff7c2d96c9cc67eefe30fd855ef164fa89d
