[INFO] cloning repository https://github.com/Plain-labs/Nullius
[INFO] running `Command { std: "git" "-c" "credential.helper=" "-c" "credential.helper=/workspace/cargo-home/bin/git-credential-null" "clone" "--bare" "https://github.com/Plain-labs/Nullius" "/workspace/cache/git-repos/https%3A%2F%2Fgithub.com%2FPlain-labs%2FNullius", kill_on_drop: false }`
[INFO] [stderr] Cloning into bare repository '/workspace/cache/git-repos/https%3A%2F%2Fgithub.com%2FPlain-labs%2FNullius'...
[INFO] running `Command { std: "git" "rev-parse" "HEAD", kill_on_drop: false }`
[INFO] [stdout] 481446cb0d2ef2d44571f9f51c70a5b86173abf6
[INFO] testing Plain-labs/Nullius against 1.98.0-beta.8+cargoflags=--release for beta-release-1.99-2
[INFO] running `Command { std: "git" "clone" "/workspace/cache/git-repos/https%3A%2F%2Fgithub.com%2FPlain-labs%2FNullius" "/workspace/builds/worker-3-tc1/source", kill_on_drop: false }`
[INFO] [stderr] Cloning into '/workspace/builds/worker-3-tc1/source'...
[INFO] [stderr] done.
[INFO] [stderr] Updating files:  63% (552/867)
Updating files:  64% (555/867)
Updating files:  65% (564/867)
Updating files:  66% (573/867)
Updating files:  67% (581/867)
Updating files:  68% (590/867)
Updating files:  69% (599/867)
Updating files:  70% (607/867)
Updating files:  71% (616/867)
Updating files:  72% (625/867)
Updating files:  72% (628/867)
Updating files:  73% (633/867)
Updating files:  74% (642/867)
Updating files:  75% (651/867)
Updating files:  75% (658/867)
Updating files:  76% (659/867)
Updating files:  77% (668/867)
Updating files:  78% (677/867)
Updating files:  78% (682/867)
Updating files:  79% (685/867)
Updating files:  80% (694/867)
Updating files:  80% (696/867)
Updating files:  81% (703/867)
Updating files:  82% (711/867)
Updating files:  82% (716/867)
Updating files:  83% (720/867)
Updating files:  84% (729/867)
Updating files:  85% (737/867)
Updating files:  86% (746/867)
Updating files:  87% (755/867)
Updating files:  88% (763/867)
Updating files:  89% (772/867)
Updating files:  90% (781/867)
Updating files:  91% (789/867)
Updating files:  92% (798/867)
Updating files:  93% (807/867)
Updating files:  94% (815/867)
Updating files:  95% (824/867)
Updating files:  96% (833/867)
Updating files:  97% (841/867)
Updating files:  98% (850/867)
Updating files:  99% (859/867)
Updating files: 100% (867/867)
Updating files: 100% (867/867), done.
[INFO] started tweaking git repo https://github.com/Plain-labs/Nullius
[INFO] finished tweaking git repo https://github.com/Plain-labs/Nullius
[INFO] tweaked toml for git repo https://github.com/Plain-labs/Nullius written to /workspace/builds/worker-3-tc1/source/Cargo.toml
[INFO] validating manifest of git repo https://github.com/Plain-labs/Nullius on toolchain 1.98.0-beta.8
[INFO] running `Command { std: CARGO_HOME="/workspace/cargo-home" RUSTUP_HOME="/workspace/rustup-home" "/workspace/cargo-home/bin/cargo" "+1.98.0-beta.8" "metadata" "--manifest-path" "Cargo.toml" "--no-deps", kill_on_drop: false }`
[INFO] crate git repo https://github.com/Plain-labs/Nullius already has a lockfile, it will not be regenerated
[INFO] running `Command { std: CARGO_HOME="/workspace/cargo-home" RUSTUP_HOME="/workspace/rustup-home" "/workspace/cargo-home/bin/cargo" "+1.98.0-beta.8" "fetch" "--manifest-path" "Cargo.toml", kill_on_drop: false }`
[INFO] [stderr]  Downloading crates ...
[INFO] [stderr]   Downloaded soroban-sdk-macros v27.0.0
[INFO] [stderr]   Downloaded cc v1.2.67
[INFO] [stderr]   Downloaded soroban-builtin-sdk-macros v27.0.0
[INFO] [stderr]   Downloaded soroban-spec-rust v27.0.0
[INFO] [stderr]   Downloaded soroban-ledger-snapshot v27.0.0
[INFO] [stderr]   Downloaded soroban-spec v27.0.0
[INFO] [stderr]   Downloaded soroban-env-macros v27.0.0
[INFO] [stderr]   Downloaded soroban-env-common v27.0.0
[INFO] [stderr]   Downloaded soroban-sdk v27.0.0
[INFO] [stderr]   Downloaded soroban-env-host v27.0.0
[INFO] [stderr]   Downloaded soroban-env-guest v27.0.0
[INFO] [stderr]   Downloaded stellar-xdr v27.0.0
[INFO] [stderr]   Downloaded crate-git-revision v0.0.9
[INFO] [stderr]   Downloaded bytes-lit v0.0.6
[INFO] [stderr]   Downloaded ark-bls12-381 v0.5.0
[INFO] running `Command { std: "docker" "create" "-v" "/var/lib/crater-agent-workspace/builds/worker-3-tc1/source:/opt/rustwide/workdir:ro,Z" "-v" "/var/lib/crater-agent-workspace/builds/worker-3-tc1/target:/opt/rustwide/target:rw,Z" "-v" "/var/lib/crater-agent-workspace/cargo-home:/opt/rustwide/cargo-home:ro,Z" "-v" "/var/lib/crater-agent-workspace/rustup-home:/opt/rustwide/rustup-home:ro,Z" "-m" "1610612736" "--network" "none" "ghcr.io/rust-lang/crates-build-env/linux@sha256:8683fc1fc2eb5c9ac98e0d076ab094b2ffac7f99da555d2b6a2e27f346de2ec7" "sleep" "infinity", kill_on_drop: false }`
[INFO] [stdout] a71638e62619a7f7d27802c9aec3bebf75dea254471241f5d054c65f017bd72f
[INFO] running `Command { std: "docker" "start" "a71638e62619a7f7d27802c9aec3bebf75dea254471241f5d054c65f017bd72f", kill_on_drop: false }`
[INFO] running `Command { std: "docker" "inspect" "a71638e62619a7f7d27802c9aec3bebf75dea254471241f5d054c65f017bd72f", kill_on_drop: false }`
[INFO] running `Command { std: "docker" "exec" "-e" "SOURCE_DIR=/opt/rustwide/workdir" "-e" "CARGO_HOME=/opt/rustwide/cargo-home" "-e" "RUSTUP_HOME=/opt/rustwide/rustup-home" "-e" "CARGO_TARGET_DIR=/opt/rustwide/target" "-w" "/opt/rustwide/workdir" "--user" "0:0" "a71638e62619a7f7d27802c9aec3bebf75dea254471241f5d054c65f017bd72f" "/opt/rustwide/cargo-home/bin/cargo" "+1.98.0-beta.8" "metadata" "--no-deps" "--format-version=1", kill_on_drop: false }`
[INFO] running `Command { std: "docker" "inspect" "a71638e62619a7f7d27802c9aec3bebf75dea254471241f5d054c65f017bd72f", kill_on_drop: false }`
[INFO] running `Command { std: "docker" "exec" "-e" "SOURCE_DIR=/opt/rustwide/workdir" "-e" "CARGO_HOME=/opt/rustwide/cargo-home" "-e" "RUSTUP_HOME=/opt/rustwide/rustup-home" "-e" "CARGO_TARGET_DIR=/opt/rustwide/target" "-e" "CARGO_INCREMENTAL=0" "-e" "RUST_BACKTRACE=full" "-e" "RUSTFLAGS=--cap-lints=warn" "-e" "RUSTDOCFLAGS=--cap-lints=warn" "-w" "/opt/rustwide/workdir" "--user" "0:0" "a71638e62619a7f7d27802c9aec3bebf75dea254471241f5d054c65f017bd72f" "/opt/rustwide/cargo-home/bin/cargo" "+1.98.0-beta.8" "build" "--frozen" "--message-format=json" "--release", kill_on_drop: false }`
[INFO] [stderr]    Compiling proc-macro2 v1.0.106
[INFO] [stderr]    Compiling unicode-ident v1.0.24
[INFO] [stderr]    Compiling quote v1.0.46
[INFO] [stderr]    Compiling version_check v0.9.5
[INFO] [stderr]    Compiling zmij v1.0.23
[INFO] [stderr]    Compiling serde_core v1.0.228
[INFO] [stderr]    Compiling serde v1.0.228
[INFO] [stderr]    Compiling serde_json v1.0.150
[INFO] [stderr]    Compiling itoa v1.0.18
[INFO] [stderr]    Compiling memchr v2.8.3
[INFO] [stderr]    Compiling typenum v1.20.1
[INFO] [stderr]    Compiling cfg-if v1.0.4
[INFO] [stderr]    Compiling subtle v2.6.1
[INFO] [stderr]    Compiling autocfg v1.5.1
[INFO] [stderr]    Compiling libc v0.2.186
[INFO] [stderr]    Compiling const-oid v0.9.6
[INFO] [stderr]    Compiling strsim v0.11.1
[INFO] [stderr]    Compiling ident_case v1.0.1
[INFO] [stderr]    Compiling zerocopy v0.8.54
[INFO] [stderr]    Compiling semver v1.0.28
[INFO] [stderr]    Compiling schemars v0.8.22
[INFO] [stderr]    Compiling paste v1.0.15
[INFO] [stderr]    Compiling dyn-clone v1.0.20
[INFO] [stderr]    Compiling data-encoding v2.11.0
[INFO] [stderr]    Compiling generic-array v0.14.9
[INFO] [stderr]    Compiling cpufeatures v0.2.17
[INFO] [stderr]    Compiling escape-bytes v0.1.1
[INFO] [stderr]    Compiling ethnum v1.5.3
[INFO] [stderr]    Compiling num-traits v0.2.19
[INFO] [stderr]    Compiling ahash v0.8.12
[INFO] [stderr]    Compiling rustc_version v0.4.1
[INFO] [stderr]    Compiling either v1.16.0
[INFO] [stderr]    Compiling arrayvec v0.7.8
[INFO] [stderr]    Compiling base16ct v0.2.0
[INFO] [stderr]    Compiling itertools v0.13.0
[INFO] [stderr]    Compiling libm v0.2.16
[INFO] [stderr]    Compiling once_cell v1.21.4
[INFO] [stderr]    Compiling allocator-api2 v0.2.21
[INFO] [stderr]    Compiling hashbrown v0.17.1
[INFO] [stderr]    Compiling equivalent v1.0.2
[INFO] [stderr]    Compiling thiserror v1.0.69
[INFO] [stderr]    Compiling syn v2.0.119
[INFO] [stderr]    Compiling hashbrown v0.15.5
[INFO] [stderr]    Compiling curve25519-dalek v4.1.3
[INFO] [stderr]    Compiling prettyplease v0.2.37
[INFO] [stderr]    Compiling fnv v1.0.7
[INFO] [stderr]    Compiling indexmap-nostd v0.4.0
[INFO] [stderr]    Compiling downcast-rs v1.2.1
[INFO] [stderr]    Compiling num-integer v0.1.46
[INFO] [stderr]    Compiling wasmparser-nostd v0.100.2
[INFO] [stderr]    Compiling getrandom v0.2.17
[INFO] [stderr]    Compiling num-bigint v0.4.8
[INFO] [stderr]    Compiling indexmap v2.14.0
[INFO] [stderr]    Compiling rand_core v0.6.4
[INFO] [stderr]    Compiling byteorder v1.5.0
[INFO] [stderr]    Compiling ff v0.13.1
[INFO] [stderr]    Compiling crypto-common v0.1.6
[INFO] [stderr]    Compiling block-buffer v0.10.4
[INFO] [stderr]    Compiling group v0.13.0
[INFO] [stderr]    Compiling base64 v0.22.1
[INFO] [stderr]    Compiling hex v0.4.3
[INFO] [stderr]    Compiling digest v0.10.7
[INFO] [stderr]    Compiling sha2 v0.10.9
[INFO] [stderr]    Compiling wasmi_core v0.13.0
[INFO] [stderr]    Compiling smallvec v1.15.2
[INFO] [stderr]    Compiling spin v0.9.9
[INFO] [stderr]    Compiling wasmi_arena v0.4.1
[INFO] [stderr]    Compiling wasmparser v0.116.1
[INFO] [stderr]    Compiling heapless v0.8.0
[INFO] [stderr]    Compiling hash32 v0.3.1
[INFO] [stderr]    Compiling static_assertions v1.1.0
[INFO] [stderr]    Compiling keccak v0.1.6
[INFO] [stderr]    Compiling stable_deref_trait v1.2.1
[INFO] [stderr]    Compiling soroban-env-host v27.0.0
[INFO] [stderr]    Compiling heck v0.5.0
[INFO] [stderr]    Compiling hex-literal v0.4.1
[INFO] [stderr]    Compiling ppv-lite86 v0.2.21
[INFO] [stderr]    Compiling rand_chacha v0.3.1
[INFO] [stderr]    Compiling darling_core v0.23.0
[INFO] [stderr]    Compiling darling_core v0.20.11
[INFO] [stderr]    Compiling macro-string v0.1.4
[INFO] [stderr]    Compiling rand v0.8.7
[INFO] [stderr]    Compiling soroban-wasmi v0.31.1-soroban.20.0.1
[INFO] [stderr]    Compiling serde_derive v1.0.228
[INFO] [stderr]    Compiling zeroize_derive v1.5.0
[INFO] [stderr]    Compiling enum-ordinalize-derive v4.4.1
[INFO] [stderr]    Compiling cfg_eval v0.1.2
[INFO] [stderr]    Compiling ark-serialize-derive v0.5.0
[INFO] [stderr]    Compiling ark-ff-asm v0.5.0
[INFO] [stderr]    Compiling ark-ff-macros v0.5.0
[INFO] [stderr]    Compiling thiserror-impl v1.0.69
[INFO] [stderr]    Compiling num-derive v0.4.2
[INFO] [stderr]    Compiling curve25519-dalek-derive v0.1.1
[INFO] [stderr]    Compiling zeroize v1.9.0
[INFO] [stderr]    Compiling enum-ordinalize v4.4.1
[INFO] [stderr]    Compiling ark-std v0.5.0
[INFO] [stderr]    Compiling der v0.7.10
[INFO] [stderr]    Compiling educe v0.6.0
[INFO] [stderr]    Compiling soroban-builtin-sdk-macros v27.0.0
[INFO] [stderr]    Compiling visibility v0.1.1
[INFO] [stderr]    Compiling bytes-lit v0.0.6
[INFO] [stderr]    Compiling crypto-bigint v0.5.5
[INFO] [stderr]    Compiling ark-serialize v0.5.0
[INFO] [stderr]    Compiling signature v2.2.0
[INFO] [stderr]    Compiling hmac v0.12.1
[INFO] [stderr]    Compiling sha3 v0.10.9
[INFO] [stderr]    Compiling rfc6979 v0.4.0
[INFO] [stderr]    Compiling ed25519 v2.2.3
[INFO] [stderr]    Compiling darling_macro v0.20.11
[INFO] [stderr]    Compiling sec1 v0.7.3
[INFO] [stderr]    Compiling darling v0.20.11
[INFO] [stderr]    Compiling darling_macro v0.23.0
[INFO] [stderr]    Compiling ed25519-dalek v2.2.0
[INFO] [stderr]    Compiling elliptic-curve v0.13.8
[INFO] [stderr]    Compiling darling v0.23.0
[INFO] [stderr]    Compiling serde_with_macros v3.21.0
[INFO] [stderr]    Compiling ecdsa v0.16.9
[INFO] [stderr]    Compiling primeorder v0.13.6
[INFO] [stderr]    Compiling ark-ff v0.5.0
[INFO] [stderr]    Compiling crate-git-revision v0.0.6
[INFO] [stderr]    Compiling crate-git-revision v0.0.9
[INFO] [stderr]    Compiling p256 v0.13.2
[INFO] [stderr]    Compiling k256 v0.13.4
[INFO] [stderr]    Compiling stellar-strkey v0.0.13
[INFO] [stderr]    Compiling stellar-xdr v27.0.0
[INFO] [stderr]    Compiling soroban-env-common v27.0.0
[INFO] [stderr]    Compiling stellar-strkey v0.0.16
[INFO] [stderr]    Compiling soroban-sdk v27.0.0
[INFO] [stderr]    Compiling serde_with v3.21.0
[INFO] [stderr]    Compiling ark-poly v0.5.0
[INFO] [stderr]    Compiling ark-ec v0.5.0
[INFO] [stderr]    Compiling ark-bn254 v0.5.0
[INFO] [stderr]    Compiling ark-bls12-381 v0.5.0
[INFO] [stderr]    Compiling soroban-spec v27.0.0
[INFO] [stderr]    Compiling soroban-spec-rust v27.0.0
[INFO] [stderr]    Compiling soroban-env-macros v27.0.0
[INFO] [stderr]    Compiling soroban-sdk-macros v27.0.0
[INFO] [stderr]    Compiling reputation-registry v0.1.0 (/opt/rustwide/workdir/contracts/reputation_registry)
[INFO] [stderr]    Compiling groth16-verifier v0.1.0 (/opt/rustwide/workdir/contracts/groth16_verifier)
[INFO] [stderr]    Compiling payment-gate v0.1.0 (/opt/rustwide/workdir/contracts/payment_gate)
[INFO] [stderr]     Finished `release` profile [optimized] target(s) in 3m 06s
[INFO] running `Command { std: "docker" "inspect" "a71638e62619a7f7d27802c9aec3bebf75dea254471241f5d054c65f017bd72f", kill_on_drop: false }`
[INFO] running `Command { std: "docker" "exec" "-e" "SOURCE_DIR=/opt/rustwide/workdir" "-e" "CARGO_HOME=/opt/rustwide/cargo-home" "-e" "RUSTUP_HOME=/opt/rustwide/rustup-home" "-e" "CARGO_TARGET_DIR=/opt/rustwide/target" "-e" "CARGO_INCREMENTAL=0" "-e" "RUST_BACKTRACE=full" "-e" "RUSTFLAGS=--cap-lints=warn" "-e" "RUSTDOCFLAGS=--cap-lints=warn" "-w" "/opt/rustwide/workdir" "--user" "0:0" "a71638e62619a7f7d27802c9aec3bebf75dea254471241f5d054c65f017bd72f" "/opt/rustwide/cargo-home/bin/cargo" "+1.98.0-beta.8" "test" "--frozen" "--no-run" "--message-format=json" "--release", kill_on_drop: false }`
[INFO] [stderr]    Compiling cfg-if v1.0.4
[INFO] [stderr]    Compiling typenum v1.20.1
[INFO] [stderr]    Compiling subtle v2.6.1
[INFO] [stderr]    Compiling const-oid v0.9.6
[INFO] [stderr]    Compiling libc v0.2.186
[INFO] [stderr]    Compiling num-traits v0.2.19
[INFO] [stderr]    Compiling serde_core v1.0.228
[INFO] [stderr]    Compiling zerocopy v0.8.54
[INFO] [stderr]    Compiling zeroize v1.9.0
[INFO] [stderr]    Compiling cpufeatures v0.2.17
[INFO] [stderr]    Compiling arrayvec v0.7.8
[INFO] [stderr]    Compiling base16ct v0.2.0
[INFO] [stderr]    Compiling either v1.16.0
[INFO] [stderr]    Compiling zmij v1.0.23
[INFO] [stderr]    Compiling serde_json v1.0.150
[INFO] [stderr]    Compiling once_cell v1.21.4
[INFO] [stderr]    Compiling itoa v1.0.18
[INFO] [stderr]    Compiling memchr v2.8.3
[INFO] [stderr]    Compiling allocator-api2 v0.2.21
[INFO] [stderr]    Compiling itertools v0.13.0
[INFO] [stderr]    Compiling schemars v0.8.22
[INFO] [stderr]    Compiling data-encoding v2.11.0
[INFO] [stderr]    Compiling dyn-clone v1.0.20
[INFO] [stderr]    Compiling libm v0.2.16
[INFO] [stderr]    Compiling stellar-xdr v27.0.0
[INFO] [stderr]    Compiling der v0.7.10
[INFO] [stderr]    Compiling derive_arbitrary v1.3.2
[INFO] [stderr]    Compiling equivalent v1.0.2
[INFO] [stderr]    Compiling indexmap-nostd v0.4.0
[INFO] [stderr]    Compiling downcast-rs v1.2.1
[INFO] [stderr]    Compiling hashbrown v0.17.1
[INFO] [stderr]    Compiling soroban-env-common v27.0.0
[INFO] [stderr]    Compiling ethnum v1.5.3
[INFO] [stderr]    Compiling wasmi_arena v0.4.1
[INFO] [stderr]    Compiling wasmparser-nostd v0.100.2
[INFO] [stderr]    Compiling base64 v0.22.1
[INFO] [stderr]    Compiling hashbrown v0.15.5
[INFO] [stderr]    Compiling stellar-strkey v0.0.13
[INFO] [stderr]    Compiling arbitrary v1.3.2
[INFO] [stderr]    Compiling generic-array v0.14.9
[INFO] [stderr]    Compiling num-integer v0.1.46
[INFO] [stderr]    Compiling escape-bytes v0.1.1
[INFO] [stderr]    Compiling getrandom v0.2.17
[INFO] [stderr]    Compiling spin v0.9.9
[INFO] [stderr]    Compiling smallvec v1.15.2
[INFO] [stderr]    Compiling indexmap v2.14.0
[INFO] [stderr]    Compiling semver v1.0.28
[INFO] [stderr]    Compiling static_assertions v1.1.0
[INFO] [stderr]    Compiling byteorder v1.5.0
[INFO] [stderr]    Compiling keccak v0.1.6
[INFO] [stderr]    Compiling rand_core v0.6.4
[INFO] [stderr]    Compiling wasmi_core v0.13.0
[INFO] [stderr]    Compiling num-bigint v0.4.8
[INFO] [stderr]    Compiling soroban-env-host v27.0.0
[INFO] [stderr]    Compiling hash32 v0.3.1
[INFO] [stderr]    Compiling ff v0.13.1
[INFO] [stderr]    Compiling thiserror v1.0.69
[INFO] [stderr]    Compiling hex-literal v0.4.1
[INFO] [stderr]    Compiling dtor-proc-macro v0.0.6
[INFO] [stderr]    Compiling stable_deref_trait v1.2.1
[INFO] [stderr]    Compiling soroban-sdk v27.0.0
[INFO] [stderr]    Compiling heapless v0.8.0
[INFO] [stderr]    Compiling ctor-proc-macro v0.0.6
[INFO] [stderr]    Compiling soroban-sdk-macros v27.0.0
[INFO] [stderr]    Compiling group v0.13.0
[INFO] [stderr]    Compiling crypto-common v0.1.6
[INFO] [stderr]    Compiling block-buffer v0.10.4
[INFO] [stderr]    Compiling crypto-bigint v0.5.5
[INFO] [stderr]    Compiling sec1 v0.7.3
[INFO] [stderr]    Compiling dtor v0.1.1
[INFO] [stderr]    Compiling digest v0.10.7
[INFO] [stderr]    Compiling ctor v0.5.0
[INFO] [stderr]    Compiling wasmparser v0.116.1
[INFO] [stderr]    Compiling stellar-strkey v0.0.16
[INFO] [stderr]    Compiling signature v2.2.0
[INFO] [stderr]    Compiling sha2 v0.10.9
[INFO] [stderr]    Compiling hmac v0.12.1
[INFO] [stderr]    Compiling curve25519-dalek v4.1.3
[INFO] [stderr]    Compiling sha3 v0.10.9
[INFO] [stderr]    Compiling ed25519 v2.2.3
[INFO] [stderr]    Compiling rfc6979 v0.4.0
[INFO] [stderr]    Compiling ed25519-dalek v2.2.0
[INFO] [stderr]    Compiling elliptic-curve v0.13.8
[INFO] [stderr]    Compiling serde v1.0.228
[INFO] [stderr]    Compiling ecdsa v0.16.9
[INFO] [stderr]    Compiling primeorder v0.13.6
[INFO] [stderr]    Compiling hex v0.4.3
[INFO] [stderr]    Compiling p256 v0.13.2
[INFO] [stderr]    Compiling k256 v0.13.4
[INFO] [stderr]    Compiling soroban-wasmi v0.31.1-soroban.20.0.1
[INFO] [stderr]    Compiling ppv-lite86 v0.2.21
[INFO] [stderr]    Compiling ahash v0.8.12
[INFO] [stderr]    Compiling rand_chacha v0.3.1
[INFO] [stderr]    Compiling rand v0.8.7
[INFO] [stderr]    Compiling serde_with v3.21.0
[INFO] [stderr]    Compiling ark-std v0.5.0
[INFO] [stderr]    Compiling ark-serialize v0.5.0
[INFO] [stderr]    Compiling ark-ff v0.5.0
[INFO] [stderr]    Compiling ark-poly v0.5.0
[INFO] [stderr]    Compiling ark-ec v0.5.0
[INFO] [stderr]    Compiling ark-bn254 v0.5.0
[INFO] [stderr]    Compiling ark-bls12-381 v0.5.0
[INFO] [stderr]    Compiling soroban-ledger-snapshot v27.0.0
[INFO] [stderr]    Compiling payment-gate v0.1.0 (/opt/rustwide/workdir/contracts/payment_gate)
[INFO] [stderr]    Compiling groth16-verifier v0.1.0 (/opt/rustwide/workdir/contracts/groth16_verifier)
[INFO] [stderr]    Compiling reputation-registry v0.1.0 (/opt/rustwide/workdir/contracts/reputation_registry)
[INFO] [stderr]     Finished `release` profile [optimized] target(s) in 3m 53s
[INFO] running `Command { std: "docker" "inspect" "a71638e62619a7f7d27802c9aec3bebf75dea254471241f5d054c65f017bd72f", kill_on_drop: false }`
[INFO] running `Command { std: "docker" "exec" "-e" "SOURCE_DIR=/opt/rustwide/workdir" "-e" "CARGO_HOME=/opt/rustwide/cargo-home" "-e" "RUSTUP_HOME=/opt/rustwide/rustup-home" "-e" "CARGO_TARGET_DIR=/opt/rustwide/target" "-e" "CARGO_INCREMENTAL=0" "-e" "RUST_BACKTRACE=full" "-e" "RUSTFLAGS=--cap-lints=warn" "-e" "RUSTDOCFLAGS=--cap-lints=warn" "-w" "/opt/rustwide/workdir" "--user" "0:0" "a71638e62619a7f7d27802c9aec3bebf75dea254471241f5d054c65f017bd72f" "/opt/rustwide/cargo-home/bin/cargo" "+1.98.0-beta.8" "test" "--frozen" "--release", kill_on_drop: false }`
[INFO] [stderr]     Finished `release` profile [optimized] target(s) in 0.42s
[INFO] [stderr]      Running unittests src/lib.rs (/opt/rustwide/target/release/deps/groth16_verifier-357a84c9b9ee0618)
[INFO] [stdout] 
[INFO] [stdout] running 3 tests
[INFO] [stdout] test test::test_public_inputs_field_element_one_encoding ... ok
[INFO] [stdout] test test::test_verify_rejects_when_meets_threshold_is_not_one ... FAILED
[INFO] [stdout] test test::test_verify_rejects_zero_proof_meets_threshold_zero ... FAILED
[INFO] [stdout] 
[INFO] [stdout] failures:
[INFO] [stdout] 
[INFO] [stdout] ---- test::test_verify_rejects_when_meets_threshold_is_not_one stdout ----
[INFO] [stdout] Writing test snapshot file for test "test::test_verify_rejects_when_meets_threshold_is_not_one" to "test_snapshots/test/test_verify_rejects_when_meets_threshold_is_not_one.1.json".
[INFO] [stdout] 
[INFO] [stdout] thread 'test::test_verify_rejects_when_meets_threshold_is_not_one' (4253) panicked at /opt/rustwide/cargo-home/registry/src/index.crates.io-1949cf8c6b5b557f/soroban-sdk-27.0.0/src/env.rs:2001:32:
[INFO] [stdout] called `Result::unwrap()` on an `Err` value: Os { code: 30, kind: ReadOnlyFilesystem, message: "Read-only file system" }
[INFO] [stdout] stack backtrace:
[INFO] [stdout]    0:     0x654715fbeead - <unknown>
[INFO] [stdout]    1:     0x654715e49434 - <unknown>
[INFO] [stdout]    2:     0x654715fbe4db - <unknown>
[INFO] [stdout]    3:     0x654715fbe079 - <unknown>
[INFO] [stdout]    4:     0x654715fbdcfa - <unknown>
[INFO] [stdout]    5:     0x654715fbd882 - <unknown>
[INFO] [stdout]    6:     0x654715fe4261 - <unknown>
[INFO] [stdout]    7:     0x654715fe4219 - <unknown>
[INFO] [stdout]    8:     0x654715fe470c - <unknown>
[INFO] [stdout]    9:     0x654715e492cb - <unknown>
[INFO] [stdout]   10:     0x654715e4cb71 - <unknown>
[INFO] [stdout]   11:     0x654715f866e5 - <unknown>
[INFO] [stdout]   12:     0x654715e3d893 - <unknown>
[INFO] [stdout]   13:     0x654715e43134 - <unknown>
[INFO] [stdout]   14:     0x654715ffd4bb - <unknown>
[INFO] [stdout]   15:     0x654715ff9897 - <unknown>
[INFO] [stdout]   16:     0x654715ff935c - <unknown>
[INFO] [stdout]   17:     0x654716012adc - <unknown>
[INFO] [stdout]   18:     0x654715fe5762 - <unknown>
[INFO] [stdout]   19:     0x7017994f307a - <unknown>
[INFO] [stdout]   20:     0x701799586534 - clone
[INFO] [stdout]   21:                0x0 - <unknown>
[INFO] [stdout] 
[INFO] [stdout] ---- test::test_verify_rejects_zero_proof_meets_threshold_zero stdout ----
[INFO] [stdout] Writing test snapshot file for test "test::test_verify_rejects_zero_proof_meets_threshold_zero" to "test_snapshots/test/test_verify_rejects_zero_proof_meets_threshold_zero.1.json".
[INFO] [stdout] 
[INFO] [stdout] thread 'test::test_verify_rejects_zero_proof_meets_threshold_zero' (4254) panicked at /opt/rustwide/cargo-home/registry/src/index.crates.io-1949cf8c6b5b557f/soroban-sdk-27.0.0/src/env.rs:2001:32:
[INFO] [stdout] called `Result::unwrap()` on an `Err` value: Os { code: 30, kind: ReadOnlyFilesystem, message: "Read-only file system" }
[INFO] [stdout] stack backtrace:
[INFO] [stdout]    0:     0x654715fbeead - <unknown>
[INFO] [stdout]    1:     0x654715e49434 - <unknown>
[INFO] [stdout]    2:     0x654715fbe4db - <unknown>
[INFO] [stdout]    3:     0x654715fbe079 - <unknown>
[INFO] [stdout]    4:     0x654715fbdcfa - <unknown>
[INFO] [stdout]    5:     0x654715fbd882 - <unknown>
[INFO] [stdout]    6:     0x654715fe4261 - <unknown>
[INFO] [stdout]    7:     0x654715fe4219 - <unknown>
[INFO] [stdout]    8:     0x654715fe470c - <unknown>
[INFO] [stdout]    9:     0x654715e492cb - <unknown>
[INFO] [stdout]   10:     0x654715e4cb71 - <unknown>
[INFO] [stdout]   11:     0x654715f866e5 - <unknown>
[INFO] [stdout]   12:     0x654715e3d893 - <unknown>
[INFO] [stdout]   13:     0x654715e43440 - <unknown>
[INFO] [stdout]   14:     0x654715ffd4bb - <unknown>
[INFO] [stdout]   15:     0x654715ff9897 - <unknown>
[INFO] [stdout]   16:     0x654715ff935c - <unknown>
[INFO] [stdout]   17:     0x654716012adc - <unknown>
[INFO] [stdout]   18:     0x654715fe5762 - <unknown>
[INFO] [stdout]   19:     0x7017994f307a - <unknown>
[INFO] [stdout]   20:     0x701799586534 - clone
[INFO] [stdout]   21:                0x0 - <unknown>
[INFO] [stdout] 
[INFO] [stdout] 
[INFO] [stdout] failures:
[INFO] [stdout]     test::test_verify_rejects_when_meets_threshold_is_not_one
[INFO] [stdout]     test::test_verify_rejects_zero_proof_meets_threshold_zero
[INFO] [stdout] 
[INFO] [stdout] test result: FAILED. 1 passed; 2 failed; 0 ignored; 0 measured; 0 filtered out; finished in 0.00s
[INFO] [stdout] 
[INFO] [stderr] error: test failed, to rerun pass `-p groth16-verifier --lib`
[INFO] running `Command { std: "docker" "inspect" "a71638e62619a7f7d27802c9aec3bebf75dea254471241f5d054c65f017bd72f", kill_on_drop: false }`
[INFO] running `Command { std: "docker" "rm" "-f" "a71638e62619a7f7d27802c9aec3bebf75dea254471241f5d054c65f017bd72f", kill_on_drop: false }`
[INFO] [stdout] a71638e62619a7f7d27802c9aec3bebf75dea254471241f5d054c65f017bd72f
