[INFO] cloning repository https://github.com/PhasoraLabs/MeritPay
[INFO] running `Command { std: "git" "-c" "credential.helper=" "-c" "credential.helper=/workspace/cargo-home/bin/git-credential-null" "clone" "--bare" "https://github.com/PhasoraLabs/MeritPay" "/workspace/cache/git-repos/https%3A%2F%2Fgithub.com%2FPhasoraLabs%2FMeritPay", kill_on_drop: false }`
[INFO] [stderr] Cloning into bare repository '/workspace/cache/git-repos/https%3A%2F%2Fgithub.com%2FPhasoraLabs%2FMeritPay'...
[INFO] running `Command { std: "git" "rev-parse" "HEAD", kill_on_drop: false }`
[INFO] [stdout] 7bceea115cb8e78ac22f745aeeed563ff54719e2
[INFO] testing PhasoraLabs/MeritPay against 1.98.0-beta.8+cargoflags=--release for beta-release-1.99-2
[INFO] running `Command { std: "git" "clone" "/workspace/cache/git-repos/https%3A%2F%2Fgithub.com%2FPhasoraLabs%2FMeritPay" "/workspace/builds/worker-2-tc1/source", kill_on_drop: false }`
[INFO] [stderr] Cloning into '/workspace/builds/worker-2-tc1/source'...
[INFO] [stderr] done.
[INFO] started tweaking git repo https://github.com/PhasoraLabs/MeritPay
[INFO] finished tweaking git repo https://github.com/PhasoraLabs/MeritPay
[INFO] tweaked toml for git repo https://github.com/PhasoraLabs/MeritPay written to /workspace/builds/worker-2-tc1/source/Cargo.toml
[INFO] validating manifest of git repo https://github.com/PhasoraLabs/MeritPay on toolchain 1.98.0-beta.8
[INFO] running `Command { std: CARGO_HOME="/workspace/cargo-home" RUSTUP_HOME="/workspace/rustup-home" "/workspace/cargo-home/bin/cargo" "+1.98.0-beta.8" "metadata" "--manifest-path" "Cargo.toml" "--no-deps", kill_on_drop: false }`
[INFO] crate git repo https://github.com/PhasoraLabs/MeritPay already has a lockfile, it will not be regenerated
[INFO] running `Command { std: CARGO_HOME="/workspace/cargo-home" RUSTUP_HOME="/workspace/rustup-home" "/workspace/cargo-home/bin/cargo" "+1.98.0-beta.8" "fetch" "--manifest-path" "Cargo.toml", kill_on_drop: false }`
[INFO] running `Command { std: "docker" "create" "-v" "/var/lib/crater-agent-workspace/builds/worker-2-tc1/source:/opt/rustwide/workdir:ro,Z" "-v" "/var/lib/crater-agent-workspace/builds/worker-2-tc1/target:/opt/rustwide/target:rw,Z" "-v" "/var/lib/crater-agent-workspace/cargo-home:/opt/rustwide/cargo-home:ro,Z" "-v" "/var/lib/crater-agent-workspace/rustup-home:/opt/rustwide/rustup-home:ro,Z" "-m" "1610612736" "--network" "none" "ghcr.io/rust-lang/crates-build-env/linux@sha256:8683fc1fc2eb5c9ac98e0d076ab094b2ffac7f99da555d2b6a2e27f346de2ec7" "sleep" "infinity", kill_on_drop: false }`
[INFO] [stdout] 41ad4ed60d07b27ffc31773657a3e46ea53cfd4819235d2535d7c4dc70414301
[INFO] running `Command { std: "docker" "start" "41ad4ed60d07b27ffc31773657a3e46ea53cfd4819235d2535d7c4dc70414301", kill_on_drop: false }`
[INFO] running `Command { std: "docker" "inspect" "41ad4ed60d07b27ffc31773657a3e46ea53cfd4819235d2535d7c4dc70414301", kill_on_drop: false }`
[INFO] running `Command { std: "docker" "exec" "-e" "SOURCE_DIR=/opt/rustwide/workdir" "-e" "CARGO_HOME=/opt/rustwide/cargo-home" "-e" "RUSTUP_HOME=/opt/rustwide/rustup-home" "-e" "CARGO_TARGET_DIR=/opt/rustwide/target" "-w" "/opt/rustwide/workdir" "--user" "0:0" "41ad4ed60d07b27ffc31773657a3e46ea53cfd4819235d2535d7c4dc70414301" "/opt/rustwide/cargo-home/bin/cargo" "+1.98.0-beta.8" "metadata" "--no-deps" "--format-version=1", kill_on_drop: false }`
[INFO] running `Command { std: "docker" "inspect" "41ad4ed60d07b27ffc31773657a3e46ea53cfd4819235d2535d7c4dc70414301", kill_on_drop: false }`
[INFO] running `Command { std: "docker" "exec" "-e" "SOURCE_DIR=/opt/rustwide/workdir" "-e" "CARGO_HOME=/opt/rustwide/cargo-home" "-e" "RUSTUP_HOME=/opt/rustwide/rustup-home" "-e" "CARGO_TARGET_DIR=/opt/rustwide/target" "-e" "CARGO_INCREMENTAL=0" "-e" "RUST_BACKTRACE=full" "-e" "RUSTFLAGS=--cap-lints=warn" "-e" "RUSTDOCFLAGS=--cap-lints=warn" "-w" "/opt/rustwide/workdir" "--user" "0:0" "41ad4ed60d07b27ffc31773657a3e46ea53cfd4819235d2535d7c4dc70414301" "/opt/rustwide/cargo-home/bin/cargo" "+1.98.0-beta.8" "build" "--frozen" "--message-format=json" "--release", kill_on_drop: false }`
[INFO] [stderr]    Compiling proc-macro2 v1.0.106
[INFO] [stderr]    Compiling unicode-ident v1.0.24
[INFO] [stderr]    Compiling quote v1.0.45
[INFO] [stderr]    Compiling version_check v0.9.5
[INFO] [stderr]    Compiling zmij v1.0.21
[INFO] [stderr]    Compiling serde_core v1.0.228
[INFO] [stderr]    Compiling serde v1.0.228
[INFO] [stderr]    Compiling serde_json v1.0.150
[INFO] [stderr]    Compiling memchr v2.8.2
[INFO] [stderr]    Compiling itoa v1.0.18
[INFO] [stderr]    Compiling typenum v1.20.1
[INFO] [stderr]    Compiling cfg-if v1.0.4
[INFO] [stderr]    Compiling subtle v2.6.1
[INFO] [stderr]    Compiling libc v0.2.186
[INFO] [stderr]    Compiling autocfg v1.5.1
[INFO] [stderr]    Compiling generic-array v0.14.9
[INFO] [stderr]    Compiling const-oid v0.9.6
[INFO] [stderr]    Compiling strsim v0.11.1
[INFO] [stderr]    Compiling ident_case v1.0.1
[INFO] [stderr]    Compiling num-traits v0.2.19
[INFO] [stderr]    Compiling zerocopy v0.8.52
[INFO] [stderr]    Compiling syn v2.0.118
[INFO] [stderr]    Compiling semver v1.0.28
[INFO] [stderr]    Compiling schemars v0.8.22
[INFO] [stderr]    Compiling paste v1.0.15
[INFO] [stderr]    Compiling getrandom v0.2.17
[INFO] [stderr]    Compiling dyn-clone v1.0.20
[INFO] [stderr]    Compiling rand_core v0.6.4
[INFO] [stderr]    Compiling cpufeatures v0.2.17
[INFO] [stderr]    Compiling data-encoding v2.11.0
[INFO] [stderr]    Compiling num-integer v0.1.46
[INFO] [stderr]    Compiling ethnum v1.5.3
[INFO] [stderr]    Compiling num-bigint v0.4.6
[INFO] [stderr]    Compiling escape-bytes v0.1.1
[INFO] [stderr]    Compiling ff v0.13.1
[INFO] [stderr]    Compiling block-buffer v0.10.4
[INFO] [stderr]    Compiling crypto-common v0.1.6
[INFO] [stderr]    Compiling digest v0.10.7
[INFO] [stderr]    Compiling rustc_version v0.4.1
[INFO] [stderr]    Compiling sha2 v0.10.9
[INFO] [stderr]    Compiling ahash v0.8.12
[INFO] [stderr]    Compiling arrayvec v0.7.7
[INFO] [stderr]    Compiling base16ct v0.2.0
[INFO] [stderr]    Compiling either v1.16.0
[INFO] [stderr]    Compiling group v0.13.0
[INFO] [stderr]    Compiling allocator-api2 v0.2.21
[INFO] [stderr]    Compiling itertools v0.13.0
[INFO] [stderr]    Compiling libm v0.2.16
[INFO] [stderr]    Compiling once_cell v1.21.4
[INFO] [stderr]    Compiling hashbrown v0.15.5
[INFO] [stderr]    Compiling thiserror v1.0.69
[INFO] [stderr]    Compiling equivalent v1.0.2
[INFO] [stderr]    Compiling hashbrown v0.17.1
[INFO] [stderr]    Compiling curve25519-dalek v4.1.3
[INFO] [stderr]    Compiling downcast-rs v1.2.1
[INFO] [stderr]    Compiling prettyplease v0.2.37
[INFO] [stderr]    Compiling fnv v1.0.7
[INFO] [stderr]    Compiling indexmap-nostd v0.4.0
[INFO] [stderr]    Compiling darling_core v0.23.0
[INFO] [stderr]    Compiling indexmap v2.14.0
[INFO] [stderr]    Compiling wasmparser-nostd v0.100.2
[INFO] [stderr]    Compiling darling_core v0.20.11
[INFO] [stderr]    Compiling ppv-lite86 v0.2.21
[INFO] [stderr]    Compiling wasmparser v0.116.1
[INFO] [stderr]    Compiling wasmi_core v0.13.0
[INFO] [stderr]    Compiling rand_chacha v0.3.1
[INFO] [stderr]    Compiling rand v0.8.6
[INFO] [stderr]    Compiling serde_derive v1.0.228
[INFO] [stderr]    Compiling zeroize_derive v1.5.0
[INFO] [stderr]    Compiling cfg_eval v0.1.2
[INFO] [stderr]    Compiling enum-ordinalize-derive v4.3.2
[INFO] [stderr]    Compiling zeroize v1.9.0
[INFO] [stderr]    Compiling der v0.7.10
[INFO] [stderr]    Compiling enum-ordinalize v4.3.2
[INFO] [stderr]    Compiling ark-std v0.5.0
[INFO] [stderr]    Compiling ark-serialize-derive v0.5.0
[INFO] [stderr]    Compiling educe v0.6.0
[INFO] [stderr]    Compiling darling_macro v0.23.0
[INFO] [stderr]    Compiling ark-serialize v0.5.0
[INFO] [stderr]    Compiling darling v0.23.0
[INFO] [stderr]    Compiling serde_with_macros v3.21.0
[INFO] [stderr]    Compiling signature v2.2.0
[INFO] [stderr]    Compiling sec1 v0.7.3
[INFO] [stderr]    Compiling crypto-bigint v0.5.5
[INFO] [stderr]    Compiling ark-ff-macros v0.5.0
[INFO] [stderr]    Compiling ark-ff-asm v0.5.0
[INFO] [stderr]    Compiling hmac v0.12.1
[INFO] [stderr]    Compiling rfc6979 v0.4.0
[INFO] [stderr]    Compiling num-derive v0.4.2
[INFO] [stderr]    Compiling thiserror-impl v1.0.69
[INFO] [stderr]    Compiling curve25519-dalek-derive v0.1.1
[INFO] [stderr]    Compiling elliptic-curve v0.13.8
[INFO] [stderr]    Compiling spin v0.9.8
[INFO] [stderr]    Compiling ecdsa v0.16.9
[INFO] [stderr]    Compiling heapless v0.8.0
[INFO] [stderr]    Compiling ark-ff v0.5.0
[INFO] [stderr]    Compiling hex v0.4.3
[INFO] [stderr]    Compiling crate-git-revision v0.0.6
[INFO] [stderr]    Compiling wasmi_arena v0.4.1
[INFO] [stderr]    Compiling base64 v0.22.1
[INFO] [stderr]    Compiling stellar-strkey v0.0.13
[INFO] [stderr]    Compiling stellar-xdr v26.0.1
[INFO] [stderr]    Compiling soroban-env-common v26.1.3
[INFO] [stderr]    Compiling smallvec v1.15.2
[INFO] [stderr]    Compiling byteorder v1.5.0
[INFO] [stderr]    Compiling hash32 v0.3.1
[INFO] [stderr]    Compiling soroban-wasmi v0.31.1-soroban.20.0.1
[INFO] [stderr]    Compiling stellar-strkey v0.0.16
[INFO] [stderr]    Compiling primeorder v0.13.6
[INFO] [stderr]    Compiling serde_with v3.21.0
[INFO] [stderr]    Compiling ed25519 v2.2.3
[INFO] [stderr]    Compiling darling_macro v0.20.11
[INFO] [stderr]    Compiling soroban-env-host v26.1.3
[INFO] [stderr]    Compiling stable_deref_trait v1.2.1
[INFO] [stderr]    Compiling keccak v0.1.6
[INFO] [stderr]    Compiling static_assertions v1.1.0
[INFO] [stderr]    Compiling sha3 v0.10.9
[INFO] [stderr]    Compiling ed25519-dalek v2.2.0
[INFO] [stderr]    Compiling darling v0.20.11
[INFO] [stderr]    Compiling p256 v0.13.2
[INFO] [stderr]    Compiling soroban-sdk v26.1.0
[INFO] [stderr]    Compiling k256 v0.13.4
[INFO] [stderr]    Compiling soroban-builtin-sdk-macros v26.1.3
[INFO] [stderr]    Compiling macro-string v0.1.4
[INFO] [stderr]    Compiling hex-literal v0.4.1
[INFO] [stderr]    Compiling heck v0.5.0
[INFO] [stderr]    Compiling visibility v0.1.1
[INFO] [stderr]    Compiling bytes-lit v0.0.5
[INFO] [stderr]    Compiling ark-poly v0.5.0
[INFO] [stderr]    Compiling ark-ec v0.5.0
[INFO] [stderr]    Compiling ark-bn254 v0.5.0
[INFO] [stderr]    Compiling ark-bls12-381 v0.5.0
[INFO] [stderr]    Compiling soroban-spec v26.1.0
[INFO] [stderr]    Compiling soroban-spec-rust v26.1.0
[INFO] [stderr]    Compiling soroban-env-macros v26.1.3
[INFO] [stderr]    Compiling soroban-sdk-macros v26.1.0
[INFO] [stderr]    Compiling groth16-verifier v0.1.0 (/opt/rustwide/workdir/contracts/groth16_verifier)
[INFO] [stderr]    Compiling claim v0.1.0 (/opt/rustwide/workdir/contracts/claim)
[INFO] [stderr]    Compiling meritpay-payroll v0.1.0 (/opt/rustwide/workdir/contracts/payroll)
[INFO] [stdout] warning: unused import: `Address`
[INFO] [stdout]   --> contracts/claim/src/lib.rs:52:39
[INFO] [stdout]    |
[INFO] [stdout] 52 |     use soroban_sdk::{contractclient, Address, BytesN, Env};
[INFO] [stdout]    |                                       ^^^^^^^
[INFO] [stdout]    |
[INFO] [stdout]    = note: `#[warn(unused_imports)]` (part of `#[warn(unused)]`) on by default
[INFO] [stdout] 
[INFO] [stdout] 
[INFO] [stdout] warning: use of deprecated method `soroban_sdk::events::Events::publish`: use the #[contractevent] macro on a contract event type
[INFO] [stdout]    --> contracts/payroll/src/lib.rs:153:22
[INFO] [stdout]     |
[INFO] [stdout] 153 |         env.events().publish(
[INFO] [stdout]     |                      ^^^^^^^
[INFO] [stdout]     |
[INFO] [stdout]     = note: `#[warn(deprecated)]` on by default
[INFO] [stdout] 
[INFO] [stdout] 
[INFO] [stdout] warning: use of deprecated method `soroban_sdk::events::Events::publish`: use the #[contractevent] macro on a contract event type
[INFO] [stdout]    --> contracts/payroll/src/lib.rs:189:22
[INFO] [stdout]     |
[INFO] [stdout] 189 |         env.events().publish(
[INFO] [stdout]     |                      ^^^^^^^
[INFO] [stdout] 
[INFO] [stdout] 
[INFO] [stdout] warning: use of deprecated method `soroban_sdk::events::Events::publish`: use the #[contractevent] macro on a contract event type
[INFO] [stdout]    --> contracts/payroll/src/lib.rs:305:22
[INFO] [stdout]     |
[INFO] [stdout] 305 |         env.events().publish(
[INFO] [stdout]     |                      ^^^^^^^
[INFO] [stdout] 
[INFO] [stdout] 
[INFO] [stdout] warning: use of deprecated method `soroban_sdk::events::Events::publish`: use the #[contractevent] macro on a contract event type
[INFO] [stdout]   --> contracts/claim/src/lib.rs:89:22
[INFO] [stdout]    |
[INFO] [stdout] 89 |         env.events().publish(
[INFO] [stdout]    |                      ^^^^^^^
[INFO] [stdout]    |
[INFO] [stdout]    = note: `#[warn(deprecated)]` on by default
[INFO] [stdout] 
[INFO] [stdout] 
[INFO] [stdout] warning: use of deprecated method `soroban_sdk::events::Events::publish`: use the #[contractevent] macro on a contract event type
[INFO] [stdout]    --> contracts/payroll/src/lib.rs:388:22
[INFO] [stdout]     |
[INFO] [stdout] 388 |         env.events().publish(
[INFO] [stdout]     |                      ^^^^^^^
[INFO] [stdout] 
[INFO] [stdout] 
[INFO] [stdout] warning: use of deprecated method `soroban_sdk::events::Events::publish`: use the #[contractevent] macro on a contract event type
[INFO] [stdout]    --> contracts/payroll/src/lib.rs:418:22
[INFO] [stdout]     |
[INFO] [stdout] 418 |         env.events().publish(
[INFO] [stdout]     |                      ^^^^^^^
[INFO] [stdout] 
[INFO] [stdout] 
[INFO] [stdout] warning: use of deprecated method `soroban_sdk::events::Events::publish`: use the #[contractevent] macro on a contract event type
[INFO] [stdout]    --> contracts/claim/src/lib.rs:164:22
[INFO] [stdout]     |
[INFO] [stdout] 164 |         env.events().publish(
[INFO] [stdout]     |                      ^^^^^^^
[INFO] [stdout] 
[INFO] [stdout] 
[INFO] [stdout] warning: function `read_fr` is never used
[INFO] [stdout]   --> contracts/groth16_verifier/src/lib.rs:79:4
[INFO] [stdout]    |
[INFO] [stdout] 79 | fn read_fr(env: &Env, src: &Bytes, offset: u32) -> Bn254Fr {
[INFO] [stdout]    |    ^^^^^^^
[INFO] [stdout]    |
[INFO] [stdout]    = note: `#[warn(dead_code)]` (part of `#[warn(unused)]`) on by default
[INFO] [stdout] 
[INFO] [stdout] 
[INFO] [stdout] warning: trait `VerifierInterface` is never used
[INFO] [stdout]   --> contracts/claim/src/lib.rs:46:15
[INFO] [stdout]    |
[INFO] [stdout] 46 |     pub trait VerifierInterface {
[INFO] [stdout]    |               ^^^^^^^^^^^^^^^^^
[INFO] [stdout]    |
[INFO] [stdout]    = note: `#[warn(dead_code)]` (part of `#[warn(unused)]`) on by default
[INFO] [stdout] 
[INFO] [stdout] 
[INFO] [stdout] warning: trait `PayrollInterface` is never used
[INFO] [stdout]   --> contracts/claim/src/lib.rs:55:15
[INFO] [stdout]    |
[INFO] [stdout] 55 |     pub trait PayrollInterface {
[INFO] [stdout]    |               ^^^^^^^^^^^^^^^^
[INFO] [stdout] 
[INFO] [stdout] 
[INFO] [stdout] warning: trait `VerifierInterface` is never used
[INFO] [stdout]    --> contracts/payroll/src/lib.rs:102:15
[INFO] [stdout]     |
[INFO] [stdout] 102 |     pub trait VerifierInterface {
[INFO] [stdout]     |               ^^^^^^^^^^^^^^^^^
[INFO] [stdout]     |
[INFO] [stdout]     = note: `#[warn(dead_code)]` (part of `#[warn(unused)]`) on by default
[INFO] [stdout] 
[INFO] [stdout] 
[INFO] [stderr]     Finished `release` profile [optimized] target(s) in 3m 47s
[INFO] running `Command { std: "docker" "inspect" "41ad4ed60d07b27ffc31773657a3e46ea53cfd4819235d2535d7c4dc70414301", kill_on_drop: false }`
[INFO] running `Command { std: "docker" "exec" "-e" "SOURCE_DIR=/opt/rustwide/workdir" "-e" "CARGO_HOME=/opt/rustwide/cargo-home" "-e" "RUSTUP_HOME=/opt/rustwide/rustup-home" "-e" "CARGO_TARGET_DIR=/opt/rustwide/target" "-e" "CARGO_INCREMENTAL=0" "-e" "RUST_BACKTRACE=full" "-e" "RUSTFLAGS=--cap-lints=warn" "-e" "RUSTDOCFLAGS=--cap-lints=warn" "-w" "/opt/rustwide/workdir" "--user" "0:0" "41ad4ed60d07b27ffc31773657a3e46ea53cfd4819235d2535d7c4dc70414301" "/opt/rustwide/cargo-home/bin/cargo" "+1.98.0-beta.8" "test" "--frozen" "--no-run" "--message-format=json" "--release", kill_on_drop: false }`
[INFO] [stderr]    Compiling cfg-if v1.0.4
[INFO] [stderr]    Compiling typenum v1.20.1
[INFO] [stderr]    Compiling subtle v2.6.1
[INFO] [stderr]    Compiling const-oid v0.9.6
[INFO] [stderr]    Compiling zeroize v1.9.0
[INFO] [stderr]    Compiling libc v0.2.186
[INFO] [stderr]    Compiling num-traits v0.2.19
[INFO] [stderr]    Compiling zerocopy v0.8.52
[INFO] [stderr]    Compiling serde_core v1.0.228
[INFO] [stderr]    Compiling cpufeatures v0.2.17
[INFO] [stderr]    Compiling der v0.7.10
[INFO] [stderr]    Compiling arrayvec v0.7.7
[INFO] [stderr]    Compiling base16ct v0.2.0
[INFO] [stderr]    Compiling either v1.16.0
[INFO] [stderr]    Compiling zmij v1.0.21
[INFO] [stderr]    Compiling itertools v0.13.0
[INFO] [stderr]    Compiling serde_json v1.0.150
[INFO] [stderr]    Compiling memchr v2.8.2
[INFO] [stderr]    Compiling generic-array v0.14.9
[INFO] [stderr]    Compiling num-integer v0.1.46
[INFO] [stderr]    Compiling getrandom v0.2.17
[INFO] [stderr]    Compiling rand_core v0.6.4
[INFO] [stderr]    Compiling num-bigint v0.4.6
[INFO] [stderr]    Compiling allocator-api2 v0.2.21
[INFO] [stderr]    Compiling crypto-common v0.1.6
[INFO] [stderr]    Compiling block-buffer v0.10.4
[INFO] [stderr]    Compiling ff v0.13.1
[INFO] [stderr]    Compiling digest v0.10.7
[INFO] [stderr]    Compiling sha2 v0.10.9
[INFO] [stderr]    Compiling group v0.13.0
[INFO] [stderr]    Compiling signature v2.2.0
[INFO] [stderr]    Compiling crypto-bigint v0.5.5
[INFO] [stderr]    Compiling sec1 v0.7.3
[INFO] [stderr]    Compiling once_cell v1.21.4
[INFO] [stderr]    Compiling itoa v1.0.18
[INFO] [stderr]    Compiling hashbrown v0.15.5
[INFO] [stderr]    Compiling hmac v0.12.1
[INFO] [stderr]    Compiling schemars v0.8.22
[INFO] [stderr]    Compiling data-encoding v2.11.0
[INFO] [stderr]    Compiling dyn-clone v1.0.20
[INFO] [stderr]    Compiling rfc6979 v0.4.0
[INFO] [stderr]    Compiling libm v0.2.16
[INFO] [stderr]    Compiling stellar-xdr v26.0.1
[INFO] [stderr]    Compiling derive_arbitrary v1.3.2
[INFO] [stderr]    Compiling downcast-rs v1.2.1
[INFO] [stderr]    Compiling equivalent v1.0.2
[INFO] [stderr]    Compiling indexmap-nostd v0.4.0
[INFO] [stderr]    Compiling elliptic-curve v0.13.8
[INFO] [stderr]    Compiling serde v1.0.228
[INFO] [stderr]    Compiling hashbrown v0.17.1
[INFO] [stderr]    Compiling wasmi_core v0.13.0
[INFO] [stderr]    Compiling ecdsa v0.16.9
[INFO] [stderr]    Compiling arbitrary v1.3.2
[INFO] [stderr]    Compiling hex v0.4.3
[INFO] [stderr]    Compiling wasmparser-nostd v0.100.2
[INFO] [stderr]    Compiling stellar-strkey v0.0.13
[INFO] [stderr]    Compiling soroban-env-common v26.1.3
[INFO] [stderr]    Compiling escape-bytes v0.1.1
[INFO] [stderr]    Compiling indexmap v2.14.0
[INFO] [stderr]    Compiling base64 v0.22.1
[INFO] [stderr]    Compiling ethnum v1.5.3
[INFO] [stderr]    Compiling smallvec v1.15.2
[INFO] [stderr]    Compiling wasmi_arena v0.4.1
[INFO] [stderr]    Compiling semver v1.0.28
[INFO] [stderr]    Compiling spin v0.9.8
[INFO] [stderr]    Compiling ppv-lite86 v0.2.21
[INFO] [stderr]    Compiling ahash v0.8.12
[INFO] [stderr]    Compiling curve25519-dalek v4.1.3
[INFO] [stderr]    Compiling primeorder v0.13.6
[INFO] [stderr]    Compiling wasmparser v0.116.1
[INFO] [stderr]    Compiling ed25519 v2.2.3
[INFO] [stderr]    Compiling rand_chacha v0.3.1
[INFO] [stderr]    Compiling static_assertions v1.1.0
[INFO] [stderr]    Compiling soroban-env-host v26.1.3
[INFO] [stderr]    Compiling byteorder v1.5.0
[INFO] [stderr]    Compiling keccak v0.1.6
[INFO] [stderr]    Compiling p256 v0.13.2
[INFO] [stderr]    Compiling rand v0.8.6
[INFO] [stderr]    Compiling sha3 v0.10.9
[INFO] [stderr]    Compiling hash32 v0.3.1
[INFO] [stderr]    Compiling k256 v0.13.4
[INFO] [stderr]    Compiling serde_with v3.21.0
[INFO] [stderr]    Compiling thiserror v1.0.69
[INFO] [stderr]    Compiling stable_deref_trait v1.2.1
[INFO] [stderr]    Compiling hex-literal v0.4.1
[INFO] [stderr]    Compiling dtor-proc-macro v0.0.6
[INFO] [stderr]    Compiling ark-std v0.5.0
[INFO] [stderr]    Compiling ed25519-dalek v2.2.0
[INFO] [stderr]    Compiling ark-serialize v0.5.0
[INFO] [stderr]    Compiling dtor v0.1.1
[INFO] [stderr]    Compiling ark-ff v0.5.0
[INFO] [stderr]    Compiling heapless v0.8.0
[INFO] [stderr]    Compiling soroban-sdk v26.1.0
[INFO] [stderr]    Compiling ctor-proc-macro v0.0.6
[INFO] [stderr]    Compiling soroban-sdk-macros v26.1.0
[INFO] [stderr]    Compiling ctor v0.5.0
[INFO] [stderr]    Compiling stellar-strkey v0.0.16
[INFO] [stderr]    Compiling soroban-wasmi v0.31.1-soroban.20.0.1
[INFO] [stderr]    Compiling ark-poly v0.5.0
[INFO] [stderr]    Compiling ark-ec v0.5.0
[INFO] [stderr]    Compiling ark-bls12-381 v0.5.0
[INFO] [stderr]    Compiling ark-bn254 v0.5.0
[INFO] [stderr]    Compiling soroban-ledger-snapshot v26.1.0
[INFO] [stderr]    Compiling groth16-verifier v0.1.0 (/opt/rustwide/workdir/contracts/groth16_verifier)
[INFO] [stderr]    Compiling claim v0.1.0 (/opt/rustwide/workdir/contracts/claim)
[INFO] [stderr]    Compiling meritpay-payroll v0.1.0 (/opt/rustwide/workdir/contracts/payroll)
[INFO] [stdout] warning: unused import: `Address`
[INFO] [stdout]   --> contracts/claim/src/lib.rs:52:39
[INFO] [stdout]    |
[INFO] [stdout] 52 |     use soroban_sdk::{contractclient, Address, BytesN, Env};
[INFO] [stdout]    |                                       ^^^^^^^
[INFO] [stdout]    |
[INFO] [stdout]    = note: `#[warn(unused_imports)]` (part of `#[warn(unused)]`) on by default
[INFO] [stdout] 
[INFO] [stdout] 
[INFO] [stdout] warning: use of deprecated method `soroban_sdk::events::Events::publish`: use the #[contractevent] macro on a contract event type
[INFO] [stdout]    --> contracts/payroll/src/lib.rs:153:22
[INFO] [stdout]     |
[INFO] [stdout] 153 |         env.events().publish(
[INFO] [stdout]     |                      ^^^^^^^
[INFO] [stdout]     |
[INFO] [stdout]     = note: `#[warn(deprecated)]` on by default
[INFO] [stdout] 
[INFO] [stdout] 
[INFO] [stdout] warning: use of deprecated method `soroban_sdk::events::Events::publish`: use the #[contractevent] macro on a contract event type
[INFO] [stdout]    --> contracts/payroll/src/lib.rs:189:22
[INFO] [stdout]     |
[INFO] [stdout] 189 |         env.events().publish(
[INFO] [stdout]     |                      ^^^^^^^
[INFO] [stdout] 
[INFO] [stdout] 
[INFO] [stdout] warning: use of deprecated method `soroban_sdk::events::Events::publish`: use the #[contractevent] macro on a contract event type
[INFO] [stdout]    --> contracts/payroll/src/lib.rs:305:22
[INFO] [stdout]     |
[INFO] [stdout] 305 |         env.events().publish(
[INFO] [stdout]     |                      ^^^^^^^
[INFO] [stdout] 
[INFO] [stdout] 
[INFO] [stdout] warning: use of deprecated method `soroban_sdk::events::Events::publish`: use the #[contractevent] macro on a contract event type
[INFO] [stdout]    --> contracts/payroll/src/lib.rs:388:22
[INFO] [stdout]     |
[INFO] [stdout] 388 |         env.events().publish(
[INFO] [stdout]     |                      ^^^^^^^
[INFO] [stdout] 
[INFO] [stdout] 
[INFO] [stdout] warning: use of deprecated method `soroban_sdk::events::Events::publish`: use the #[contractevent] macro on a contract event type
[INFO] [stdout]   --> contracts/claim/src/lib.rs:89:22
[INFO] [stdout]    |
[INFO] [stdout] 89 |         env.events().publish(
[INFO] [stdout]    |                      ^^^^^^^
[INFO] [stdout]    |
[INFO] [stdout]    = note: `#[warn(deprecated)]` on by default
[INFO] [stdout] 
[INFO] [stdout] 
[INFO] [stdout] warning: use of deprecated method `soroban_sdk::events::Events::publish`: use the #[contractevent] macro on a contract event type
[INFO] [stdout]    --> contracts/payroll/src/lib.rs:418:22
[INFO] [stdout]     |
[INFO] [stdout] 418 |         env.events().publish(
[INFO] [stdout]     |                      ^^^^^^^
[INFO] [stdout] 
[INFO] [stdout] 
[INFO] [stdout] warning: use of deprecated method `soroban_sdk::events::Events::publish`: use the #[contractevent] macro on a contract event type
[INFO] [stdout]    --> contracts/claim/src/lib.rs:164:22
[INFO] [stdout]     |
[INFO] [stdout] 164 |         env.events().publish(
[INFO] [stdout]     |                      ^^^^^^^
[INFO] [stdout] 
[INFO] [stdout] 
[INFO] [stdout] warning: function `read_fr` is never used
[INFO] [stdout]   --> contracts/groth16_verifier/src/lib.rs:79:4
[INFO] [stdout]    |
[INFO] [stdout] 79 | fn read_fr(env: &Env, src: &Bytes, offset: u32) -> Bn254Fr {
[INFO] [stdout]    |    ^^^^^^^
[INFO] [stdout]    |
[INFO] [stdout]    = note: `#[warn(dead_code)]` (part of `#[warn(unused)]`) on by default
[INFO] [stdout] 
[INFO] [stdout] 
[INFO] [stdout] warning: unused variable: `admin`
[INFO] [stdout]    --> contracts/payroll/src/lib.rs:517:14
[INFO] [stdout]     |
[INFO] [stdout] 517 |         let (admin, payroll_id, _xlm_id, _claim_id) = setup_ok(&env);
[INFO] [stdout]     |              ^^^^^ help: if this is intentional, prefix it with an underscore: `_admin`
[INFO] [stdout]     |
[INFO] [stdout]     = note: `#[warn(unused_variables)]` (part of `#[warn(unused)]`) on by default
[INFO] [stdout] 
[INFO] [stdout] 
[INFO] [stdout] warning: trait `VerifierInterface` is never used
[INFO] [stdout]   --> contracts/claim/src/lib.rs:46:15
[INFO] [stdout]    |
[INFO] [stdout] 46 |     pub trait VerifierInterface {
[INFO] [stdout]    |               ^^^^^^^^^^^^^^^^^
[INFO] [stdout]    |
[INFO] [stdout]    = note: `#[warn(dead_code)]` (part of `#[warn(unused)]`) on by default
[INFO] [stdout] 
[INFO] [stdout] 
[INFO] [stdout] warning: trait `PayrollInterface` is never used
[INFO] [stdout]   --> contracts/claim/src/lib.rs:55:15
[INFO] [stdout]    |
[INFO] [stdout] 55 |     pub trait PayrollInterface {
[INFO] [stdout]    |               ^^^^^^^^^^^^^^^^
[INFO] [stdout] 
[INFO] [stdout] 
[INFO] [stdout] warning: trait `VerifierInterface` is never used
[INFO] [stdout]    --> contracts/payroll/src/lib.rs:102:15
[INFO] [stdout]     |
[INFO] [stdout] 102 |     pub trait VerifierInterface {
[INFO] [stdout]     |               ^^^^^^^^^^^^^^^^^
[INFO] [stdout]     |
[INFO] [stdout]     = note: `#[warn(dead_code)]` (part of `#[warn(unused)]`) on by default
[INFO] [stdout] 
[INFO] [stdout] 
[INFO] [stderr]     Finished `release` profile [optimized] target(s) in 4m 45s
[INFO] running `Command { std: "docker" "inspect" "41ad4ed60d07b27ffc31773657a3e46ea53cfd4819235d2535d7c4dc70414301", kill_on_drop: false }`
[INFO] running `Command { std: "docker" "exec" "-e" "SOURCE_DIR=/opt/rustwide/workdir" "-e" "CARGO_HOME=/opt/rustwide/cargo-home" "-e" "RUSTUP_HOME=/opt/rustwide/rustup-home" "-e" "CARGO_TARGET_DIR=/opt/rustwide/target" "-e" "CARGO_INCREMENTAL=0" "-e" "RUST_BACKTRACE=full" "-e" "RUSTFLAGS=--cap-lints=warn" "-e" "RUSTDOCFLAGS=--cap-lints=warn" "-w" "/opt/rustwide/workdir" "--user" "0:0" "41ad4ed60d07b27ffc31773657a3e46ea53cfd4819235d2535d7c4dc70414301" "/opt/rustwide/cargo-home/bin/cargo" "+1.98.0-beta.8" "test" "--frozen" "--release", kill_on_drop: false }`
[INFO] [stderr] warning: unused import: `Address`
[INFO] [stdout] 
[INFO] [stderr]   --> contracts/claim/src/lib.rs:52:39
[INFO] [stdout] running 1 test
[INFO] [stderr]    |
[INFO] [stdout] test tests::test_claim_payout_happy_path ... FAILED
[INFO] [stderr] 52 |     use soroban_sdk::{contractclient, Address, BytesN, Env};
[INFO] [stdout] 
[INFO] [stderr]    |                                       ^^^^^^^
[INFO] [stdout] failures:
[INFO] [stderr]    |
[INFO] [stdout] 
[INFO] [stderr]    = note: `#[warn(unused_imports)]` (part of `#[warn(unused)]`) on by default
[INFO] [stdout] ---- tests::test_claim_payout_happy_path stdout ----
[INFO] [stderr] 
[INFO] [stdout] Writing test snapshot file for test "tests::test_claim_payout_happy_path" to "test_snapshots/tests/test_claim_payout_happy_path.1.json".
[INFO] [stderr] warning: use of deprecated method `soroban_sdk::events::Events::publish`: use the #[contractevent] macro on a contract event type
[INFO] [stdout] 
[INFO] [stderr]   --> contracts/claim/src/lib.rs:89:22
[INFO] [stdout] thread 'tests::test_claim_payout_happy_path' (3726) panicked at /opt/rustwide/cargo-home/registry/src/index.crates.io-1949cf8c6b5b557f/soroban-sdk-26.1.0/src/env.rs:1991:32:
[INFO] [stderr]    |
[INFO] [stdout] called `Result::unwrap()` on an `Err` value: Os { code: 30, kind: ReadOnlyFilesystem, message: "Read-only file system" }
[INFO] [stderr] 89 |         env.events().publish(
[INFO] [stdout] stack backtrace:
[INFO] [stderr]    |                      ^^^^^^^
[INFO] [stdout]    0:     0x61dcda757fed - <unknown>
[INFO] [stderr]    |
[INFO] [stdout]    1:     0x61dcda5e5484 - <unknown>
[INFO] [stderr]    = note: `#[warn(deprecated)]` on by default
[INFO] [stdout]    2:     0x61dcda75761b - <unknown>
[INFO] [stderr] 
[INFO] [stdout]    3:     0x61dcda7571b9 - <unknown>
[INFO] [stderr] warning: use of deprecated method `soroban_sdk::events::Events::publish`: use the #[contractevent] macro on a contract event type
[INFO] [stdout]    4:     0x61dcda756e3a - <unknown>
[INFO] [stderr]    --> contracts/claim/src/lib.rs:164:22
[INFO] [stdout]    5:     0x61dcda7569c2 - <unknown>
[INFO] [stderr]     |
[INFO] [stdout]    6:     0x61dcda77d3a1 - <unknown>
[INFO] [stderr] 164 |         env.events().publish(
[INFO] [stdout]    7:     0x61dcda77d359 - <unknown>
[INFO] [stderr]     |                      ^^^^^^^
[INFO] [stdout]    8:     0x61dcda77d84c - <unknown>
[INFO] [stderr] 
[INFO] [stdout]    9:     0x61dcda5e531b - <unknown>
[INFO] [stderr] warning: trait `VerifierInterface` is never used
[INFO] [stdout]   10:     0x61dcda5e8a71 - <unknown>
[INFO] [stderr]   --> contracts/claim/src/lib.rs:46:15
[INFO] [stdout]   11:     0x61dcda7204ec - <unknown>
[INFO] [stderr]    |
[INFO] [stdout]   12:     0x61dcda5d697a - <unknown>
[INFO] [stderr] 46 |     pub trait VerifierInterface {
[INFO] [stdout]   13:     0x61dcda5de090 - <unknown>
[INFO] [stderr]    |               ^^^^^^^^^^^^^^^^^
[INFO] [stdout]   14:     0x61dcda79632b - <unknown>
[INFO] [stderr]    |
[INFO] [stdout]   15:     0x61dcda792707 - <unknown>
[INFO] [stderr]    = note: `#[warn(dead_code)]` (part of `#[warn(unused)]`) on by default
[INFO] [stdout]   16:     0x61dcda7921cc - <unknown>
[INFO] [stderr] 
[INFO] [stdout]   17:     0x61dcda7ab94c - <unknown>
[INFO] [stderr] warning: trait `PayrollInterface` is never used
[INFO] [stdout]   18:     0x61dcda77e8a2 - <unknown>
[INFO] [stderr]   --> contracts/claim/src/lib.rs:55:15
[INFO] [stdout]   19:     0x728962e0a07a - <unknown>
[INFO] [stderr]    |
[INFO] [stdout]   20:     0x728962e9d534 - clone
[INFO] [stderr] 55 |     pub trait PayrollInterface {
[INFO] [stdout]   21:                0x0 - <unknown>
[INFO] [stderr]    |               ^^^^^^^^^^^^^^^^
[INFO] [stdout] 
[INFO] [stderr] 
[INFO] [stdout] 
[INFO] [stderr] warning: function `read_fr` is never used
[INFO] [stdout] failures:
[INFO] [stderr]   --> contracts/groth16_verifier/src/lib.rs:79:4
[INFO] [stdout]     tests::test_claim_payout_happy_path
[INFO] [stderr]    |
[INFO] [stdout] 
[INFO] [stderr] 79 | fn read_fr(env: &Env, src: &Bytes, offset: u32) -> Bn254Fr {
[INFO] [stdout] test result: FAILED. 0 passed; 1 failed; 0 ignored; 0 measured; 0 filtered out; finished in 0.00s
[INFO] [stderr]    |    ^^^^^^^
[INFO] [stdout] 
[INFO] [stderr]    |
[INFO] [stderr]    = note: `#[warn(dead_code)]` (part of `#[warn(unused)]`) on by default
[INFO] [stderr] 
[INFO] [stderr] warning: use of deprecated method `soroban_sdk::events::Events::publish`: use the #[contractevent] macro on a contract event type
[INFO] [stderr]    --> contracts/payroll/src/lib.rs:153:22
[INFO] [stderr]     |
[INFO] [stderr] 153 |         env.events().publish(
[INFO] [stderr]     |                      ^^^^^^^
[INFO] [stderr]     |
[INFO] [stderr]     = note: `#[warn(deprecated)]` on by default
[INFO] [stderr] 
[INFO] [stderr] warning: use of deprecated method `soroban_sdk::events::Events::publish`: use the #[contractevent] macro on a contract event type
[INFO] [stderr]    --> contracts/payroll/src/lib.rs:189:22
[INFO] [stderr]     |
[INFO] [stderr] 189 |         env.events().publish(
[INFO] [stderr]     |                      ^^^^^^^
[INFO] [stderr] 
[INFO] [stderr] warning: use of deprecated method `soroban_sdk::events::Events::publish`: use the #[contractevent] macro on a contract event type
[INFO] [stderr]    --> contracts/payroll/src/lib.rs:305:22
[INFO] [stderr]     |
[INFO] [stderr] 305 |         env.events().publish(
[INFO] [stderr]     |                      ^^^^^^^
[INFO] [stderr] 
[INFO] [stderr] warning: use of deprecated method `soroban_sdk::events::Events::publish`: use the #[contractevent] macro on a contract event type
[INFO] [stderr]    --> contracts/payroll/src/lib.rs:388:22
[INFO] [stderr]     |
[INFO] [stderr] 388 |         env.events().publish(
[INFO] [stderr]     |                      ^^^^^^^
[INFO] [stderr] 
[INFO] [stderr] warning: use of deprecated method `soroban_sdk::events::Events::publish`: use the #[contractevent] macro on a contract event type
[INFO] [stderr]    --> contracts/payroll/src/lib.rs:418:22
[INFO] [stderr]     |
[INFO] [stderr] 418 |         env.events().publish(
[INFO] [stderr]     |                      ^^^^^^^
[INFO] [stderr] 
[INFO] [stderr] warning: unused variable: `admin`
[INFO] [stderr]    --> contracts/payroll/src/lib.rs:517:14
[INFO] [stderr]     |
[INFO] [stderr] 517 |         let (admin, payroll_id, _xlm_id, _claim_id) = setup_ok(&env);
[INFO] [stderr]     |              ^^^^^ help: if this is intentional, prefix it with an underscore: `_admin`
[INFO] [stderr]     |
[INFO] [stderr]     = note: `#[warn(unused_variables)]` (part of `#[warn(unused)]`) on by default
[INFO] [stderr] 
[INFO] [stderr] warning: trait `VerifierInterface` is never used
[INFO] [stderr]    --> contracts/payroll/src/lib.rs:102:15
[INFO] [stderr]     |
[INFO] [stderr] 102 |     pub trait VerifierInterface {
[INFO] [stderr]     |               ^^^^^^^^^^^^^^^^^
[INFO] [stderr]     |
[INFO] [stderr]     = note: `#[warn(dead_code)]` (part of `#[warn(unused)]`) on by default
[INFO] [stderr] 
[INFO] [stderr] warning: `claim` (lib test) generated 5 warnings (run `cargo fix --lib -p claim --tests` to apply 1 suggestion)
[INFO] [stderr] warning: `groth16-verifier` (lib test) generated 1 warning
[INFO] [stderr] warning: `meritpay-payroll` (lib test) generated 7 warnings (run `cargo fix --lib -p meritpay-payroll --tests` to apply 1 suggestion)
[INFO] [stderr]     Finished `release` profile [optimized] target(s) in 0.44s
[INFO] [stderr]      Running unittests src/lib.rs (/opt/rustwide/target/release/deps/claim-5a2b6ff1b4a04c6b)
[INFO] [stderr] error: test failed, to rerun pass `-p claim --lib`
[INFO] running `Command { std: "docker" "inspect" "41ad4ed60d07b27ffc31773657a3e46ea53cfd4819235d2535d7c4dc70414301", kill_on_drop: false }`
[INFO] running `Command { std: "docker" "rm" "-f" "41ad4ed60d07b27ffc31773657a3e46ea53cfd4819235d2535d7c4dc70414301", kill_on_drop: false }`
[INFO] [stdout] 41ad4ed60d07b27ffc31773657a3e46ea53cfd4819235d2535d7c4dc70414301
