[INFO] cloning repository https://github.com/NDilanka/quarry
[INFO] running `Command { std: "git" "-c" "credential.helper=" "-c" "credential.helper=/workspace/cargo-home/bin/git-credential-null" "clone" "--bare" "https://github.com/NDilanka/quarry" "/workspace/cache/git-repos/https%3A%2F%2Fgithub.com%2FNDilanka%2Fquarry", kill_on_drop: false }`
[INFO] [stderr] Cloning into bare repository '/workspace/cache/git-repos/https%3A%2F%2Fgithub.com%2FNDilanka%2Fquarry'...
[INFO] running `Command { std: "git" "rev-parse" "HEAD", kill_on_drop: false }`
[INFO] [stdout] 5056083eb15b5a1527f68dcd8e1e86aff37903fd
[INFO] testing NDilanka/quarry against 1.98.0-beta.8+cargoflags=--release for beta-release-1.99-2
[INFO] running `Command { std: "git" "clone" "/workspace/cache/git-repos/https%3A%2F%2Fgithub.com%2FNDilanka%2Fquarry" "/workspace/builds/worker-5-tc1/source", kill_on_drop: false }`
[INFO] [stderr] Cloning into '/workspace/builds/worker-5-tc1/source'...
[INFO] [stderr] done.
[INFO] started tweaking git repo https://github.com/NDilanka/quarry
[INFO] finished tweaking git repo https://github.com/NDilanka/quarry
[INFO] tweaked toml for git repo https://github.com/NDilanka/quarry written to /workspace/builds/worker-5-tc1/source/Cargo.toml
[INFO] validating manifest of git repo https://github.com/NDilanka/quarry on toolchain 1.98.0-beta.8
[INFO] running `Command { std: CARGO_HOME="/workspace/cargo-home" RUSTUP_HOME="/workspace/rustup-home" "/workspace/cargo-home/bin/cargo" "+1.98.0-beta.8" "metadata" "--manifest-path" "Cargo.toml" "--no-deps", kill_on_drop: false }`
[INFO] crate git repo https://github.com/NDilanka/quarry already has a lockfile, it will not be regenerated
[INFO] running `Command { std: CARGO_HOME="/workspace/cargo-home" RUSTUP_HOME="/workspace/rustup-home" "/workspace/cargo-home/bin/cargo" "+1.98.0-beta.8" "fetch" "--manifest-path" "Cargo.toml", kill_on_drop: false }`
[INFO] [stderr]     Updating crates.io index
[INFO] [stderr]  Downloading crates ...
[INFO] [stderr]   Downloaded ulid v1.2.1
[INFO] [stderr]   Downloaded futures-task v0.3.33
[INFO] [stderr]   Downloaded futures-core v0.3.33
[INFO] [stderr]   Downloaded fallible-streaming-iterator v0.1.9
[INFO] [stderr]   Downloaded kqueue-sys v1.1.2
[INFO] [stderr]   Downloaded file-id v0.2.3
[INFO] [stderr]   Downloaded monostate-impl v0.1.18
[INFO] [stderr]   Downloaded macro_rules_attribute-proc_macro v0.2.3
[INFO] [stderr]   Downloaded monostate v0.1.18
[INFO] [stderr]   Downloaded pastey v0.1.1
[INFO] [stderr]   Downloaded macro_rules_attribute v0.2.3
[INFO] [stderr]   Downloaded castaway v0.2.4
[INFO] [stderr]   Downloaded rawpointer v0.2.1
[INFO] [stderr]   Downloaded equator v0.4.2
[INFO] [stderr]   Downloaded noop_proc_macro v0.3.0
[INFO] [stderr]   Downloaded maybe-rayon v0.1.1
[INFO] [stderr]   Downloaded interpolate_name v0.2.4
[INFO] [stderr]   Downloaded aligned v0.4.3
[INFO] [stderr]   Downloaded as-slice v0.2.1
[INFO] [stderr]   Downloaded reborrow v0.5.5
[INFO] [stderr]   Downloaded equator-macro v0.4.2
[INFO] [stderr]   Downloaded y4m v0.8.0
[INFO] [stderr]   Downloaded loop9 v0.1.5
[INFO] [stderr]   Downloaded futures-sink v0.3.33
[INFO] [stderr]   Downloaded futures-macro v0.3.33
[INFO] [stderr]   Downloaded aligned-vec v0.6.4
[INFO] [stderr]   Downloaded profiling-procmacros v1.0.18
[INFO] [stderr]   Downloaded pulp-wasm-simd-flag v0.1.1
[INFO] [stderr]   Downloaded inotify-sys v0.1.8
[INFO] [stderr]   Downloaded notify-types v1.0.1
[INFO] [stderr]   Downloaded system-configuration v0.7.0
[INFO] [stderr]   Downloaded futures-channel v0.3.33
[INFO] [stderr]   Downloaded futures-io v0.3.33
[INFO] [stderr]   Downloaded socks v0.3.4
[INFO] [stderr]   Downloaded simd_helpers v0.1.0
[INFO] [stderr]   Downloaded lebe v0.5.3
[INFO] [stderr]   Downloaded bit_field v0.10.3
[INFO] [stderr]   Downloaded rayon-cond v0.4.0
[INFO] [stderr]   Downloaded windows-registry v0.6.1
[INFO] [stderr]   Downloaded futures-util v0.3.33
[INFO] [stderr]   Downloaded fallible-iterator v0.3.0
[INFO] [stderr]   Downloaded either v1.17.0
[INFO] [stderr]   Downloaded v_frame v0.3.9
[INFO] [stderr]   Downloaded arg_enum_proc_macro v0.3.4
[INFO] [stderr]   Downloaded thiserror-impl v2.0.19
[INFO] [stderr]   Downloaded crossbeam-deque v0.8.7
[INFO] [stderr]   Downloaded dary_heap v0.3.9
[INFO] [stderr]   Downloaded avif-serialize v0.8.9
[INFO] [stderr]   Downloaded thiserror v2.0.19
[INFO] [stderr]   Downloaded hashlink v0.9.1
[INFO] [stderr]   Downloaded kqueue v1.2.0
[INFO] [stderr]   Downloaded http-body-util v0.1.4
[INFO] [stderr]   Downloaded onig v6.5.3
[INFO] [stderr]   Downloaded pastey v0.2.3
[INFO] [stderr]   Downloaded native-tls v0.2.18
[INFO] [stderr]   Downloaded ravif v0.13.0
[INFO] [stderr]   Downloaded imgref v1.12.2
[INFO] [stderr]   Downloaded number_prefix v0.4.0
[INFO] [stderr]   Downloaded notify-debouncer-full v0.4.0
[INFO] [stderr]   Downloaded arrayvec v0.7.8
[INFO] [stderr]   Downloaded zune-inflate v0.2.54
[INFO] [stderr]   Downloaded libredox v0.1.19
[INFO] [stderr]   Downloaded zmij v1.0.23
[INFO] [stderr]   Downloaded notify v7.0.0
[INFO] [stderr]   Downloaded av1-grain v0.2.5
[INFO] [stderr]   Downloaded ort-sys v2.0.0-rc.9
[INFO] [stderr]   Downloaded built v0.8.1
[INFO] [stderr]   Downloaded no_std_io2 v0.9.4
[INFO] [stderr]   Downloaded matrixmultiply v0.3.11
[INFO] [stderr]   Downloaded bitstream-io v4.10.0
[INFO] [stderr]   Downloaded hf-hub v0.4.3
[INFO] [stderr]   Downloaded bytemuck v1.25.2
[INFO] [stderr]   Downloaded serde_yaml_ng v0.10.0
[INFO] [stderr]   Downloaded qoi v0.4.1
[INFO] [stderr]   Downloaded rand v0.8.7
[INFO] [stderr]   Downloaded unicode_categories v0.1.1
[INFO] [stderr]   Downloaded unicode-normalization-alignments v0.1.12
[INFO] [stderr]   Downloaded compact_str v0.9.1
[INFO] [stderr]   Downloaded openssl-sys v0.9.117
[INFO] [stderr]   Downloaded ort v2.0.0-rc.9
[INFO] [stderr]   Downloaded indicatif v0.17.11
[INFO] [stderr]   Downloaded rand v0.9.5
[INFO] [stderr]   Downloaded zerocopy-derive v0.8.55
[INFO] [stderr]   Downloaded cc v1.4.0
[INFO] [stderr]   Downloaded mio v1.2.2
[INFO] [stderr]   Downloaded ureq v2.12.1
[INFO] [stderr]   Downloaded libfuzzer-sys v0.4.13
[INFO] [stderr]   Downloaded num-bigint v0.4.8
[INFO] [stderr]   Downloaded raw-cpuid v11.6.0
[INFO] [stderr]   Downloaded pulp v0.22.3
[INFO] [stderr]   Downloaded blake3 v1.8.5
[INFO] [stderr]   Downloaded rusqlite v0.32.1
[INFO] [stderr]   Downloaded regex v1.13.1
[INFO] [stderr]   Downloaded esaxx-rs v0.1.10
[INFO] [stderr]   Downloaded portable-atomic v1.14.0
[INFO] [stderr]   Downloaded hyper v1.11.0
[INFO] [stderr]   Downloaded tokenizers v0.21.4
[INFO] [stderr]   Downloaded aho-corasick v1.1.5
[INFO] [stderr]   Downloaded webpki-roots v1.0.9
[INFO] [stderr]   Downloaded zerocopy v0.8.55
[INFO] [stderr]   Downloaded exr v1.74.2
[INFO] [stderr]   Downloaded ndarray v0.16.1
[INFO] [stderr]   Downloaded syn v3.0.3
[INFO] [stderr]   Downloaded openssl v0.10.81
[INFO] [stderr]   Downloaded fastembed v4.9.1
[INFO] [stderr]   Downloaded av-scenechange v0.14.1
[INFO] [stderr]   Downloaded spm_precompiled v0.1.4
[INFO] [stderr]   Downloaded regex-automata v0.4.16
[INFO] [stderr]   Downloaded onig_sys v69.9.3
[INFO] [stderr]   Downloaded pxfm v0.1.30
[INFO] [stderr]   Downloaded rav1e v0.8.1
[INFO] running `Command { std: "docker" "create" "-v" "/var/lib/crater-agent-workspace/builds/worker-5-tc1/source:/opt/rustwide/workdir:ro,Z" "-v" "/var/lib/crater-agent-workspace/builds/worker-5-tc1/target:/opt/rustwide/target:rw,Z" "-v" "/var/lib/crater-agent-workspace/cargo-home:/opt/rustwide/cargo-home:ro,Z" "-v" "/var/lib/crater-agent-workspace/rustup-home:/opt/rustwide/rustup-home:ro,Z" "-m" "1610612736" "--network" "none" "ghcr.io/rust-lang/crates-build-env/linux@sha256:8683fc1fc2eb5c9ac98e0d076ab094b2ffac7f99da555d2b6a2e27f346de2ec7" "sleep" "infinity", kill_on_drop: false }`
[INFO] [stdout] 542e6f0e6c9a4f71e8ffbafd43fbdff5a5e0fbca999e546f74c832c368c01c60
[INFO] running `Command { std: "docker" "start" "542e6f0e6c9a4f71e8ffbafd43fbdff5a5e0fbca999e546f74c832c368c01c60", kill_on_drop: false }`
[INFO] running `Command { std: "docker" "inspect" "542e6f0e6c9a4f71e8ffbafd43fbdff5a5e0fbca999e546f74c832c368c01c60", kill_on_drop: false }`
[INFO] running `Command { std: "docker" "exec" "-e" "SOURCE_DIR=/opt/rustwide/workdir" "-e" "CARGO_HOME=/opt/rustwide/cargo-home" "-e" "RUSTUP_HOME=/opt/rustwide/rustup-home" "-e" "CARGO_TARGET_DIR=/opt/rustwide/target" "-w" "/opt/rustwide/workdir" "--user" "0:0" "542e6f0e6c9a4f71e8ffbafd43fbdff5a5e0fbca999e546f74c832c368c01c60" "/opt/rustwide/cargo-home/bin/cargo" "+1.98.0-beta.8" "metadata" "--no-deps" "--format-version=1", kill_on_drop: false }`
[INFO] running `Command { std: "docker" "inspect" "542e6f0e6c9a4f71e8ffbafd43fbdff5a5e0fbca999e546f74c832c368c01c60", kill_on_drop: false }`
[INFO] running `Command { std: "docker" "exec" "-e" "SOURCE_DIR=/opt/rustwide/workdir" "-e" "CARGO_HOME=/opt/rustwide/cargo-home" "-e" "RUSTUP_HOME=/opt/rustwide/rustup-home" "-e" "CARGO_TARGET_DIR=/opt/rustwide/target" "-e" "CARGO_INCREMENTAL=0" "-e" "RUST_BACKTRACE=full" "-e" "RUSTFLAGS=--cap-lints=warn" "-e" "RUSTDOCFLAGS=--cap-lints=warn" "-w" "/opt/rustwide/workdir" "--user" "0:0" "542e6f0e6c9a4f71e8ffbafd43fbdff5a5e0fbca999e546f74c832c368c01c60" "/opt/rustwide/cargo-home/bin/cargo" "+1.98.0-beta.8" "build" "--frozen" "--message-format=json" "--release", kill_on_drop: false }`
[INFO] [stderr]    Compiling cfg-if v1.0.4
[INFO] [stderr]    Compiling libc v0.2.189
[INFO] [stderr]    Compiling zerocopy v0.8.55
[INFO] [stderr]    Compiling proc-macro2 v1.0.107
[INFO] [stderr]    Compiling unicode-ident v1.0.24
[INFO] [stderr]    Compiling quote v1.0.47
[INFO] [stderr]    Compiling shlex v2.0.1
[INFO] [stderr]    Compiling find-msvc-tools v0.1.9
[INFO] [stderr]    Compiling getrandom v0.3.4
[INFO] [stderr]    Compiling serde_core v1.0.229
[INFO] [stderr]    Compiling version_check v0.9.5
[INFO] [stderr]    Compiling inotify-sys v0.1.8
[INFO] [stderr]    Compiling vcpkg v0.2.15
[INFO] [stderr]    Compiling cc v1.4.0
[INFO] [stderr]    Compiling ahash v0.8.12
[INFO] [stderr]    Compiling once_cell v1.21.4
[INFO] [stderr]    Compiling serde v1.0.229
[INFO] [stderr]    Compiling pkg-config v0.3.33
[INFO] [stderr]    Compiling syn v3.0.3
[INFO] [stderr]    Compiling autocfg v1.5.1
[INFO] [stderr]    Compiling instant v0.1.13
[INFO] [stderr]    Compiling num-traits v0.2.19
[INFO] [stderr]    Compiling same-file v1.0.6
[INFO] [stderr]    Compiling log v0.4.33
[INFO] [stderr]    Compiling bitflags v1.3.2
[INFO] [stderr]    Compiling zmij v1.0.23
[INFO] [stderr]    Compiling walkdir v2.5.0
[INFO] [stderr]    Compiling notify-types v1.0.1
[INFO] [stderr]    Compiling thiserror v2.0.19
[INFO] [stderr]    Compiling itoa v1.0.18
[INFO] [stderr]    Compiling serde_json v1.0.151
[INFO] [stderr]    Compiling equivalent v1.0.2
[INFO] [stderr]    Compiling hashbrown v0.17.1
[INFO] [stderr]    Compiling getrandom v0.2.17
[INFO] [stderr]    Compiling libsqlite3-sys v0.30.1
[INFO] [stderr]    Compiling rand_core v0.9.5
[INFO] [stderr]    Compiling rand_core v0.6.4
[INFO] [stderr]    Compiling blake3 v1.8.5
[INFO] [stderr]    Compiling inotify v0.10.2
[INFO] [stderr]    Compiling filetime v0.2.29
[INFO] [stderr]    Compiling mio v1.2.2
[INFO] [stderr]    Compiling indexmap v2.14.0
[INFO] [stderr]    Compiling fallible-streaming-iterator v0.1.9
[INFO] [stderr]    Compiling notify v7.0.0
[INFO] [stderr]    Compiling bitflags v2.13.1
[INFO] [stderr]    Compiling fallible-iterator v0.3.0
[INFO] [stderr]    Compiling cpufeatures v0.3.0
[INFO] [stderr]    Compiling file-id v0.2.3
[INFO] [stderr]    Compiling ryu v1.0.23
[INFO] [stderr]    Compiling iana-time-zone v0.1.65
[INFO] [stderr]    Compiling arrayvec v0.7.8
[INFO] [stderr]    Compiling unsafe-libyaml v0.2.11
[INFO] [stderr]    Compiling smallvec v1.15.2
[INFO] [stderr]    Compiling arrayref v0.3.9
[INFO] [stderr]    Compiling constant_time_eq v0.4.2
[INFO] [stderr]    Compiling memchr v2.8.3
[INFO] [stderr]    Compiling notify-debouncer-full v0.4.0
[INFO] [stderr]    Compiling serde_derive v1.0.229
[INFO] [stderr]    Compiling thiserror-impl v2.0.19
[INFO] [stderr]    Compiling ppv-lite86 v0.2.21
[INFO] [stderr]    Compiling hashbrown v0.14.5
[INFO] [stderr]    Compiling rand_chacha v0.9.0
[INFO] [stderr]    Compiling rand_chacha v0.3.1
[INFO] [stderr]    Compiling rand v0.8.7
[INFO] [stderr]    Compiling rand v0.9.5
[INFO] [stderr]    Compiling hashlink v0.9.1
[INFO] [stderr]    Compiling ulid v1.2.1
[INFO] [stderr]    Compiling chrono v0.4.45
[INFO] [stderr]    Compiling serde_yaml_ng v0.10.0
[INFO] [stderr]    Compiling rusqlite v0.32.1
[INFO] [stderr]    Compiling quarry-core v0.1.6 (/opt/rustwide/workdir/core)
[INFO] [stderr]     Finished `release` profile [optimized] target(s) in 1m 35s
[INFO] running `Command { std: "docker" "inspect" "542e6f0e6c9a4f71e8ffbafd43fbdff5a5e0fbca999e546f74c832c368c01c60", kill_on_drop: false }`
[INFO] running `Command { std: "docker" "exec" "-e" "SOURCE_DIR=/opt/rustwide/workdir" "-e" "CARGO_HOME=/opt/rustwide/cargo-home" "-e" "RUSTUP_HOME=/opt/rustwide/rustup-home" "-e" "CARGO_TARGET_DIR=/opt/rustwide/target" "-e" "CARGO_INCREMENTAL=0" "-e" "RUST_BACKTRACE=full" "-e" "RUSTFLAGS=--cap-lints=warn" "-e" "RUSTDOCFLAGS=--cap-lints=warn" "-w" "/opt/rustwide/workdir" "--user" "0:0" "542e6f0e6c9a4f71e8ffbafd43fbdff5a5e0fbca999e546f74c832c368c01c60" "/opt/rustwide/cargo-home/bin/cargo" "+1.98.0-beta.8" "test" "--frozen" "--no-run" "--message-format=json" "--release", kill_on_drop: false }`
[INFO] [stderr]    Compiling cfg-if v1.0.4
[INFO] [stderr]    Compiling libc v0.2.189
[INFO] [stderr]    Compiling zerocopy v0.8.55
[INFO] [stderr]    Compiling once_cell v1.21.4
[INFO] [stderr]    Compiling serde_core v1.0.229
[INFO] [stderr]    Compiling same-file v1.0.6
[INFO] [stderr]    Compiling bitflags v2.13.1
[INFO] [stderr]    Compiling bitflags v1.3.2
[INFO] [stderr]    Compiling instant v0.1.13
[INFO] [stderr]    Compiling log v0.4.33
[INFO] [stderr]    Compiling notify-types v1.0.1
[INFO] [stderr]    Compiling walkdir v2.5.0
[INFO] [stderr]    Compiling itoa v1.0.18
[INFO] [stderr]    Compiling hashbrown v0.17.1
[INFO] [stderr]    Compiling equivalent v1.0.2
[INFO] [stderr]    Compiling rustix v1.1.4
[INFO] [stderr]    Compiling getrandom v0.4.3
[INFO] [stderr]    Compiling libsqlite3-sys v0.30.1
[INFO] [stderr]    Compiling num-traits v0.2.19
[INFO] [stderr]    Compiling zmij v1.0.23
[INFO] [stderr]    Compiling fallible-iterator v0.3.0
[INFO] [stderr]    Compiling cpufeatures v0.3.0
[INFO] [stderr]    Compiling ryu v1.0.23
[INFO] [stderr]    Compiling memchr v2.8.3
[INFO] [stderr]    Compiling iana-time-zone v0.1.65
[INFO] [stderr]    Compiling constant_time_eq v0.4.2
[INFO] [stderr]    Compiling indexmap v2.14.0
[INFO] [stderr]    Compiling smallvec v1.15.2
[INFO] [stderr]    Compiling file-id v0.2.3
[INFO] [stderr]    Compiling getrandom v0.3.4
[INFO] [stderr]    Compiling getrandom v0.2.17
[INFO] [stderr]    Compiling inotify-sys v0.1.8
[INFO] [stderr]    Compiling inotify v0.10.2
[INFO] [stderr]    Compiling filetime v0.2.29
[INFO] [stderr]    Compiling rand_core v0.9.5
[INFO] [stderr]    Compiling rand_core v0.6.4
[INFO] [stderr]    Compiling mio v1.2.2
[INFO] [stderr]    Compiling linux-raw-sys v0.12.1
[INFO] [stderr]    Compiling arrayvec v0.7.8
[INFO] [stderr]    Compiling notify v7.0.0
[INFO] [stderr]    Compiling unsafe-libyaml v0.2.11
[INFO] [stderr]    Compiling fallible-streaming-iterator v0.1.9
[INFO] [stderr]    Compiling arrayref v0.3.9
[INFO] [stderr]    Compiling blake3 v1.8.5
[INFO] [stderr]    Compiling thiserror v2.0.19
[INFO] [stderr]    Compiling fastrand v2.5.0
[INFO] [stderr]    Compiling notify-debouncer-full v0.4.0
[INFO] [stderr]    Compiling serde v1.0.229
[INFO] [stderr]    Compiling serde_json v1.0.151
[INFO] [stderr]    Compiling serde_yaml_ng v0.10.0
[INFO] [stderr]    Compiling chrono v0.4.45
[INFO] [stderr]    Compiling tempfile v3.27.0
[INFO] [stderr]    Compiling ppv-lite86 v0.2.21
[INFO] [stderr]    Compiling ahash v0.8.12
[INFO] [stderr]    Compiling hashbrown v0.14.5
[INFO] [stderr]    Compiling rand_chacha v0.9.0
[INFO] [stderr]    Compiling rand_chacha v0.3.1
[INFO] [stderr]    Compiling rand v0.9.5
[INFO] [stderr]    Compiling rand v0.8.7
[INFO] [stderr]    Compiling hashlink v0.9.1
[INFO] [stderr]    Compiling rusqlite v0.32.1
[INFO] [stderr]    Compiling ulid v1.2.1
[INFO] [stderr]    Compiling quarry-core v0.1.6 (/opt/rustwide/workdir/core)
[INFO] [stderr]     Finished `release` profile [optimized] target(s) in 3m 02s
[INFO] running `Command { std: "docker" "inspect" "542e6f0e6c9a4f71e8ffbafd43fbdff5a5e0fbca999e546f74c832c368c01c60", kill_on_drop: false }`
[INFO] running `Command { std: "docker" "exec" "-e" "SOURCE_DIR=/opt/rustwide/workdir" "-e" "CARGO_HOME=/opt/rustwide/cargo-home" "-e" "RUSTUP_HOME=/opt/rustwide/rustup-home" "-e" "CARGO_TARGET_DIR=/opt/rustwide/target" "-e" "CARGO_INCREMENTAL=0" "-e" "RUST_BACKTRACE=full" "-e" "RUSTFLAGS=--cap-lints=warn" "-e" "RUSTDOCFLAGS=--cap-lints=warn" "-w" "/opt/rustwide/workdir" "--user" "0:0" "542e6f0e6c9a4f71e8ffbafd43fbdff5a5e0fbca999e546f74c832c368c01c60" "/opt/rustwide/cargo-home/bin/cargo" "+1.98.0-beta.8" "test" "--frozen" "--release", kill_on_drop: false }`
[INFO] [stderr]     Finished `release` profile [optimized] target(s) in 0.23s
[INFO] [stderr]      Running unittests src/lib.rs (/opt/rustwide/target/release/deps/quarry_core-f3e407c9fbf33c24)
[INFO] [stdout] 
[INFO] [stdout] running 0 tests
[INFO] [stdout] 
[INFO] [stdout] test result: ok. 0 passed; 0 failed; 0 ignored; 0 measured; 0 filtered out; finished in 0.00s
[INFO] [stdout] 
[INFO] [stderr]      Running tests/config_test.rs (/opt/rustwide/target/release/deps/config_test-08a8dad38e91e937)
[INFO] [stdout] 
[INFO] [stdout] running 13 tests
[INFO] [stdout] test default_settings_safety_defaults_are_false ... ok
[INFO] [stdout] test default_settings_vault_path_none_and_active_section_inbox ... ok
[INFO] [stdout] test app_data_dir_honours_override_and_creates_directory ... FAILED
[INFO] [stdout] test index_path_same_for_same_directory_two_spellings ... FAILED
[INFO] [stdout] test index_path_differs_for_different_vaults ... FAILED
[INFO] [stdout] test default_hotkeys_use_physical_codes_not_characters ... ok
[INFO] [stdout] test load_settings_subset_of_keys_fills_rest_from_defaults ... FAILED
[INFO] [stdout] test load_settings_corrupt_file_backs_up_and_returns_defaults ... FAILED
[INFO] [stdout] test index_path_parent_directory_is_created ... FAILED
[INFO] [stdout] test load_settings_missing_file_returns_defaults_without_writing ... FAILED
[INFO] [stdout] test load_settings_unknown_extra_key_still_succeeds ... FAILED
[INFO] [stdout] test save_then_load_round_trips_non_default_settings ... FAILED
[INFO] [stdout] test settings_path_is_inside_app_data_and_named_settings_json ... FAILED
[INFO] [stdout] 
[INFO] [stdout] failures:
[INFO] [stdout] 
[INFO] [stdout] ---- app_data_dir_honours_override_and_creates_directory stdout ----
[INFO] [stdout] 
[INFO] [stdout] thread 'app_data_dir_honours_override_and_creates_directory' (1953) panicked at core/tests/config_test.rs:74:10:
[INFO] [stdout] called `Result::unwrap()` on an `Err` value: Custom { kind: ReadOnlyFilesystem, error: PathError { path: "/opt/rustwide/workdir/core/quarry-config-sajpGY", err: Os { code: 30, kind: ReadOnlyFilesystem, message: "Read-only file system" } } }
[INFO] [stdout] stack backtrace:
[INFO] [stdout]    0:     0x643b629aa2c5 - <unknown>
[INFO] [stdout]    1:     0x643b62984654 - <unknown>
[INFO] [stdout]    2:     0x643b629a99eb - <unknown>
[INFO] [stdout]    3:     0x643b629a95e9 - <unknown>
[INFO] [stdout]    4:     0x643b629a926a - <unknown>
[INFO] [stdout]    5:     0x643b629a8dd2 - <unknown>
[INFO] [stdout]    6:     0x643b629cfc51 - <unknown>
[INFO] [stdout]    7:     0x643b629cfc09 - <unknown>
[INFO] [stdout]    8:     0x643b629d00fc - <unknown>
[INFO] [stdout]    9:     0x643b629844eb - <unknown>
[INFO] [stdout]   10:     0x643b629878e1 - <unknown>
[INFO] [stdout]   11:     0x643b6297ba21 - <unknown>
[INFO] [stdout]   12:     0x643b62980531 - <unknown>
[INFO] [stdout]   13:     0x643b629e7d2b - <unknown>
[INFO] [stdout]   14:     0x643b629e3ff2 - <unknown>
[INFO] [stderr] error: test failed, to rerun pass `--test config_test`
[INFO] [stdout]   15:     0x643b629e3a7c - <unknown>
[INFO] [stdout]   16:     0x643b629fda2c - <unknown>
[INFO] [stdout]   17:     0x643b629d1112 - <unknown>
[INFO] [stdout]   18:     0x7c8b2ad2207a - <unknown>
[INFO] [stdout]   19:     0x7c8b2adb5534 - clone
[INFO] [stdout]   20:                0x0 - <unknown>
[INFO] [stdout] 
[INFO] [stdout] ---- index_path_same_for_same_directory_two_spellings stdout ----
[INFO] [stdout] 
[INFO] [stdout] thread 'index_path_same_for_same_directory_two_spellings' (1959) panicked at core/tests/config_test.rs:74:10:
[INFO] [stdout] called `Result::unwrap()` on an `Err` value: Custom { kind: ReadOnlyFilesystem, error: PathError { path: "/opt/rustwide/workdir/core/quarry-config-FQJW27", err: Os { code: 30, kind: ReadOnlyFilesystem, message: "Read-only file system" } } }
[INFO] [stdout] stack backtrace:
[INFO] [stdout]    0:     0x643b629aa2c5 - <unknown>
[INFO] [stdout]    1:     0x643b62984654 - <unknown>
[INFO] [stdout]    2:     0x643b629a99eb - <unknown>
[INFO] [stdout]    3:     0x643b629a95e9 - <unknown>
[INFO] [stdout]    4:     0x643b629a926a - <unknown>
[INFO] [stdout]    5:     0x643b629a8dd2 - <unknown>
[INFO] [stdout]    6:     0x643b629cfc51 - <unknown>
[INFO] [stdout]    7:     0x643b629cfc09 - <unknown>
[INFO] [stdout]    8:     0x643b629d00fc - <unknown>
[INFO] [stdout]    9:     0x643b629844eb - <unknown>
[INFO] [stdout]   10:     0x643b629878e1 - <unknown>
[INFO] [stdout]   11:     0x643b6297ba21 - <unknown>
[INFO] [stdout]   12:     0x643b6297ff51 - <unknown>
[INFO] [stdout]   13:     0x643b629e7d2b - <unknown>
[INFO] [stdout]   14:     0x643b629e3ff2 - <unknown>
[INFO] [stdout]   15:     0x643b629e3a7c - <unknown>
[INFO] [stdout]   16:     0x643b629fda2c - <unknown>
[INFO] [stdout]   17:     0x643b629d1112 - <unknown>
[INFO] [stdout]   18:     0x7c8b2ad2207a - <unknown>
[INFO] [stdout]   19:     0x7c8b2adb5534 - clone
[INFO] [stdout]   20:                0x0 - <unknown>
[INFO] [stdout] 
[INFO] [stdout] ---- index_path_differs_for_different_vaults stdout ----
[INFO] [stdout] 
[INFO] [stdout] thread 'index_path_differs_for_different_vaults' (1957) panicked at core/tests/config_test.rs:74:10:
[INFO] [stdout] called `Result::unwrap()` on an `Err` value: Custom { kind: ReadOnlyFilesystem, error: PathError { path: "/opt/rustwide/workdir/core/quarry-config-dTH4e1", err: Os { code: 30, kind: ReadOnlyFilesystem, message: "Read-only file system" } } }
[INFO] [stdout] stack backtrace:
[INFO] [stdout]    0:     0x643b629aa2c5 - <unknown>
[INFO] [stdout]    1:     0x643b62984654 - <unknown>
[INFO] [stdout]    2:     0x643b629a99eb - <unknown>
[INFO] [stdout]    3:     0x643b629a95e9 - <unknown>
[INFO] [stdout]    4:     0x643b629a926a - <unknown>
[INFO] [stdout]    5:     0x643b629a8dd2 - <unknown>
[INFO] [stdout]    6:     0x643b629cfc51 - <unknown>
[INFO] [stdout]    7:     0x643b629cfc09 - <unknown>
[INFO] [stdout]    8:     0x643b629d00fc - <unknown>
[INFO] [stdout]    9:     0x643b629844eb - <unknown>
[INFO] [stdout]   10:     0x643b629878e1 - <unknown>
[INFO] [stdout]   11:     0x643b6297ba21 - <unknown>
[INFO] [stdout]   12:     0x643b6297e7d5 - <unknown>
[INFO] [stdout]   13:     0x643b629e7d2b - <unknown>
[INFO] [stdout]   14:     0x643b629e3ff2 - <unknown>
[INFO] [stdout]   15:     0x643b629e3a7c - <unknown>
[INFO] [stdout]   16:     0x643b629fda2c - <unknown>
[INFO] [stdout]   17:     0x643b629d1112 - <unknown>
[INFO] [stdout]   18:     0x7c8b2ad2207a - <unknown>
[INFO] [stdout]   19:     0x7c8b2adb5534 - clone
[INFO] [stdout]   20:                0x0 - <unknown>
[INFO] [stdout] 
[INFO] [stdout] ---- load_settings_subset_of_keys_fills_rest_from_defaults stdout ----
[INFO] [stdout] 
[INFO] [stdout] thread 'load_settings_subset_of_keys_fills_rest_from_defaults' (1962) panicked at core/tests/config_test.rs:74:10:
[INFO] [stdout] called `Result::unwrap()` on an `Err` value: Custom { kind: ReadOnlyFilesystem, error: PathError { path: "/opt/rustwide/workdir/core/quarry-config-8JMqWq", err: Os { code: 30, kind: ReadOnlyFilesystem, message: "Read-only file system" } } }
[INFO] [stdout] stack backtrace:
[INFO] [stdout]    0:     0x643b629aa2c5 - <unknown>
[INFO] [stdout]    1:     0x643b62984654 - <unknown>
[INFO] [stdout]    2:     0x643b629a99eb - <unknown>
[INFO] [stdout]    3:     0x643b629a95e9 - <unknown>
[INFO] [stdout]    4:     0x643b629a926a - <unknown>
[INFO] [stdout]    5:     0x643b629a8dd2 - <unknown>
[INFO] [stdout]    6:     0x643b629cfc51 - <unknown>
[INFO] [stdout]    7:     0x643b629cfc09 - <unknown>
[INFO] [stdout]    8:     0x643b629d00fc - <unknown>
[INFO] [stdout]    9:     0x643b629844eb - <unknown>
[INFO] [stdout]   10:     0x643b629878e1 - <unknown>
[INFO] [stdout]   11:     0x643b6297ba21 - <unknown>
[INFO] [stdout]   12:     0x643b629807c5 - <unknown>
[INFO] [stdout]   13:     0x643b629e7d2b - <unknown>
[INFO] [stdout]   14:     0x643b629e3ff2 - <unknown>
[INFO] [stdout]   15:     0x643b629e3a7c - <unknown>
[INFO] [stdout]   16:     0x643b629fda2c - <unknown>
[INFO] [stdout]   17:     0x643b629d1112 - <unknown>
[INFO] [stdout]   18:     0x7c8b2ad2207a - <unknown>
[INFO] [stdout]   19:     0x7c8b2adb5534 - clone
[INFO] [stdout]   20:                0x0 - <unknown>
[INFO] [stdout] 
[INFO] [stdout] ---- load_settings_corrupt_file_backs_up_and_returns_defaults stdout ----
[INFO] [stdout] 
[INFO] [stdout] thread 'load_settings_corrupt_file_backs_up_and_returns_defaults' (1960) panicked at core/tests/config_test.rs:74:10:
[INFO] [stdout] called `Result::unwrap()` on an `Err` value: Custom { kind: ReadOnlyFilesystem, error: PathError { path: "/opt/rustwide/workdir/core/quarry-config-zNJhPk", err: Os { code: 30, kind: ReadOnlyFilesystem, message: "Read-only file system" } } }
[INFO] [stdout] stack backtrace:
[INFO] [stdout]    0:     0x643b629aa2c5 - <unknown>
[INFO] [stdout]    1:     0x643b62984654 - <unknown>
[INFO] [stdout]    2:     0x643b629a99eb - <unknown>
[INFO] [stdout]    3:     0x643b629a95e9 - <unknown>
[INFO] [stdout]    4:     0x643b629a926a - <unknown>
[INFO] [stdout]    5:     0x643b629a8dd2 - <unknown>
[INFO] [stdout]    6:     0x643b629cfc51 - <unknown>
[INFO] [stdout]    7:     0x643b629cfc09 - <unknown>
[INFO] [stdout]    8:     0x643b629d00fc - <unknown>
[INFO] [stdout]    9:     0x643b629844eb - <unknown>
[INFO] [stdout]   10:     0x643b629878e1 - <unknown>
[INFO] [stdout]   11:     0x643b6297ba21 - <unknown>
[INFO] [stdout]   12:     0x643b62980b9a - <unknown>
[INFO] [stdout]   13:     0x643b629e7d2b - <unknown>
[INFO] [stdout]   14:     0x643b629e3ff2 - <unknown>
[INFO] [stdout]   15:     0x643b629e3a7c - <unknown>
[INFO] [stdout]   16:     0x643b629fda2c - <unknown>
[INFO] [stdout]   17:     0x643b629d1112 - <unknown>
[INFO] [stdout]   18:     0x7c8b2ad2207a - <unknown>
[INFO] [stdout]   19:     0x7c8b2adb5534 - clone
[INFO] [stdout]   20:                0x0 - <unknown>
[INFO] [stdout] 
[INFO] [stdout] ---- index_path_parent_directory_is_created stdout ----
[INFO] [stdout] 
[INFO] [stdout] thread 'index_path_parent_directory_is_created' (1958) panicked at core/tests/config_test.rs:74:10:
[INFO] [stdout] called `Result::unwrap()` on an `Err` value: Custom { kind: ReadOnlyFilesystem, error: PathError { path: "/opt/rustwide/workdir/core/quarry-config-qUcgAx", err: Os { code: 30, kind: ReadOnlyFilesystem, message: "Read-only file system" } } }
[INFO] [stdout] stack backtrace:
[INFO] [stdout]    0:     0x643b629aa2c5 - <unknown>
[INFO] [stdout]    1:     0x643b62984654 - <unknown>
[INFO] [stdout]    2:     0x643b629a99eb - <unknown>
[INFO] [stdout]    3:     0x643b629a95e9 - <unknown>
[INFO] [stdout]    4:     0x643b629a926a - <unknown>
[INFO] [stdout]    5:     0x643b629a8dd2 - <unknown>
[INFO] [stdout]    6:     0x643b629cfc51 - <unknown>
[INFO] [stdout]    7:     0x643b629cfc09 - <unknown>
[INFO] [stdout]    8:     0x643b629d00fc - <unknown>
[INFO] [stdout]    9:     0x643b629844eb - <unknown>
[INFO] [stdout]   10:     0x643b629878e1 - <unknown>
[INFO] [stdout]   11:     0x643b6297ba21 - <unknown>
[INFO] [stdout]   12:     0x643b6297e54b - <unknown>
[INFO] [stdout]   13:     0x643b629e7d2b - <unknown>
[INFO] [stdout]   14:     0x643b629e3ff2 - <unknown>
[INFO] [stdout]   15:     0x643b629e3a7c - <unknown>
[INFO] [stdout]   16:     0x643b629fda2c - <unknown>
[INFO] [stdout]   17:     0x643b629d1112 - <unknown>
[INFO] [stdout]   18:     0x7c8b2ad2207a - <unknown>
[INFO] [stdout]   19:     0x7c8b2adb5534 - clone
[INFO] [stdout]   20:                0x0 - <unknown>
[INFO] [stdout] 
[INFO] [stdout] ---- load_settings_missing_file_returns_defaults_without_writing stdout ----
[INFO] [stdout] 
[INFO] [stdout] thread 'load_settings_missing_file_returns_defaults_without_writing' (1961) panicked at core/tests/config_test.rs:74:10:
[INFO] [stdout] called `Result::unwrap()` on an `Err` value: Custom { kind: ReadOnlyFilesystem, error: PathError { path: "/opt/rustwide/workdir/core/quarry-config-tdYn0S", err: Os { code: 30, kind: ReadOnlyFilesystem, message: "Read-only file system" } } }
[INFO] [stdout] stack backtrace:
[INFO] [stdout]    0:     0x643b629aa2c5 - <unknown>
[INFO] [stdout]    1:     0x643b62984654 - <unknown>
[INFO] [stdout]    2:     0x643b629a99eb - <unknown>
[INFO] [stdout]    3:     0x643b629a95e9 - <unknown>
[INFO] [stdout]    4:     0x643b629a926a - <unknown>
[INFO] [stdout]    5:     0x643b629a8dd2 - <unknown>
[INFO] [stdout]    6:     0x643b629cfc51 - <unknown>
[INFO] [stdout]    7:     0x643b629cfc09 - <unknown>
[INFO] [stdout]    8:     0x643b629d00fc - <unknown>
[INFO] [stdout]    9:     0x643b629844eb - <unknown>
[INFO] [stdout]   10:     0x643b629878e1 - <unknown>
[INFO] [stdout]   11:     0x643b6297ba21 - <unknown>
[INFO] [stdout]   12:     0x643b6298142a - <unknown>
[INFO] [stdout]   13:     0x643b629e7d2b - <unknown>
[INFO] [stdout]   14:     0x643b629e3ff2 - <unknown>
[INFO] [stdout]   15:     0x643b629e3a7c - <unknown>
[INFO] [stdout]   16:     0x643b629fda2c - <unknown>
[INFO] [stdout]   17:     0x643b629d1112 - <unknown>
[INFO] [stdout]   18:     0x7c8b2ad2207a - <unknown>
[INFO] [stdout]   19:     0x7c8b2adb5534 - clone
[INFO] [stdout]   20:                0x0 - <unknown>
[INFO] [stdout] 
[INFO] [stdout] ---- load_settings_unknown_extra_key_still_succeeds stdout ----
[INFO] [stdout] 
[INFO] [stdout] thread 'load_settings_unknown_extra_key_still_succeeds' (1963) panicked at core/tests/config_test.rs:74:10:
[INFO] [stdout] called `Result::unwrap()` on an `Err` value: Custom { kind: ReadOnlyFilesystem, error: PathError { path: "/opt/rustwide/workdir/core/quarry-config-woDZra", err: Os { code: 30, kind: ReadOnlyFilesystem, message: "Read-only file system" } } }
[INFO] [stdout] stack backtrace:
[INFO] [stdout]    0:     0x643b629aa2c5 - <unknown>
[INFO] [stdout]    1:     0x643b62984654 - <unknown>
[INFO] [stdout]    2:     0x643b629a99eb - <unknown>
[INFO] [stdout]    3:     0x643b629a95e9 - <unknown>
[INFO] [stdout]    4:     0x643b629a926a - <unknown>
[INFO] [stdout]    5:     0x643b629a8dd2 - <unknown>
[INFO] [stdout]    6:     0x643b629cfc51 - <unknown>
[INFO] [stdout]    7:     0x643b629cfc09 - <unknown>
[INFO] [stdout]    8:     0x643b629d00fc - <unknown>
[INFO] [stdout]    9:     0x643b629844eb - <unknown>
[INFO] [stdout]   10:     0x643b629878e1 - <unknown>
[INFO] [stdout]   11:     0x643b6297ba21 - <unknown>
[INFO] [stdout]   12:     0x643b6297eb7b - <unknown>
[INFO] [stdout]   13:     0x643b629e7d2b - <unknown>
[INFO] [stdout]   14:     0x643b629e3ff2 - <unknown>
[INFO] [stdout]   15:     0x643b629e3a7c - <unknown>
[INFO] [stdout]   16:     0x643b629fda2c - <unknown>
[INFO] [stdout]   17:     0x643b629d1112 - <unknown>
[INFO] [stdout]   18:     0x7c8b2ad2207a - <unknown>
[INFO] [stdout]   19:     0x7c8b2adb5534 - clone
[INFO] [stdout]   20:                0x0 - <unknown>
[INFO] [stdout] 
[INFO] [stdout] ---- save_then_load_round_trips_non_default_settings stdout ----
[INFO] [stdout] 
[INFO] [stdout] thread 'save_then_load_round_trips_non_default_settings' (1964) panicked at core/tests/config_test.rs:74:10:
[INFO] [stdout] called `Result::unwrap()` on an `Err` value: Custom { kind: ReadOnlyFilesystem, error: PathError { path: "/opt/rustwide/workdir/core/quarry-config-Gb5IWD", err: Os { code: 30, kind: ReadOnlyFilesystem, message: "Read-only file system" } } }
[INFO] [stdout] stack backtrace:
[INFO] [stdout]    0:     0x643b629aa2c5 - <unknown>
[INFO] [stdout]    1:     0x643b62984654 - <unknown>
[INFO] [stdout]    2:     0x643b629a99eb - <unknown>
[INFO] [stdout]    3:     0x643b629a95e9 - <unknown>
[INFO] [stdout]    4:     0x643b629a926a - <unknown>
[INFO] [stdout]    5:     0x643b629a8dd2 - <unknown>
[INFO] [stdout]    6:     0x643b629cfc51 - <unknown>
[INFO] [stdout]    7:     0x643b629cfc09 - <unknown>
[INFO] [stdout]    8:     0x643b629d00fc - <unknown>
[INFO] [stdout]    9:     0x643b629844eb - <unknown>
[INFO] [stdout]   10:     0x643b629878e1 - <unknown>
[INFO] [stdout]   11:     0x643b6297ba21 - <unknown>
[INFO] [stdout]   12:     0x643b6297eee8 - <unknown>
[INFO] [stdout]   13:     0x643b629e7d2b - <unknown>
[INFO] [stdout]   14:     0x643b629e3ff2 - <unknown>
[INFO] [stdout]   15:     0x643b629e3a7c - <unknown>
[INFO] [stdout]   16:     0x643b629fda2c - <unknown>
[INFO] [stdout]   17:     0x643b629d1112 - <unknown>
[INFO] [stdout]   18:     0x7c8b2ad2207a - <unknown>
[INFO] [stdout]   19:     0x7c8b2adb5534 - clone
[INFO] [stdout]   20:                0x0 - <unknown>
[INFO] [stdout] 
[INFO] [stdout] ---- settings_path_is_inside_app_data_and_named_settings_json stdout ----
[INFO] [stdout] 
[INFO] [stdout] thread 'settings_path_is_inside_app_data_and_named_settings_json' (1965) panicked at core/tests/config_test.rs:74:10:
[INFO] [stdout] called `Result::unwrap()` on an `Err` value: Custom { kind: ReadOnlyFilesystem, error: PathError { path: "/opt/rustwide/workdir/core/quarry-config-1yuJLJ", err: Os { code: 30, kind: ReadOnlyFilesystem, message: "Read-only file system" } } }
[INFO] [stdout] stack backtrace:
[INFO] [stdout]    0:     0x643b629aa2c5 - <unknown>
[INFO] [stdout]    1:     0x643b62984654 - <unknown>
[INFO] [stdout]    2:     0x643b629a99eb - <unknown>
[INFO] [stdout]    3:     0x643b629a95e9 - <unknown>
[INFO] [stdout]    4:     0x643b629a926a - <unknown>
[INFO] [stdout]    5:     0x643b629a8dd2 - <unknown>
[INFO] [stdout]    6:     0x643b629cfc51 - <unknown>
[INFO] [stdout]    7:     0x643b629cfc09 - <unknown>
[INFO] [stdout]    8:     0x643b629d00fc - <unknown>
[INFO] [stdout]    9:     0x643b629844eb - <unknown>
[INFO] [stdout]   10:     0x643b629878e1 - <unknown>
[INFO] [stdout]   11:     0x643b6297ba21 - <unknown>
[INFO] [stdout]   12:     0x643b62980fe3 - <unknown>
[INFO] [stdout]   13:     0x643b629e7d2b - <unknown>
[INFO] [stdout]   14:     0x643b629e3ff2 - <unknown>
[INFO] [stdout]   15:     0x643b629e3a7c - <unknown>
[INFO] [stdout]   16:     0x643b629fda2c - <unknown>
[INFO] [stdout]   17:     0x643b629d1112 - <unknown>
[INFO] [stdout]   18:     0x7c8b2ad2207a - <unknown>
[INFO] [stdout]   19:     0x7c8b2adb5534 - clone
[INFO] [stdout]   20:                0x0 - <unknown>
[INFO] [stdout] 
[INFO] [stdout] 
[INFO] [stdout] failures:
[INFO] [stdout]     app_data_dir_honours_override_and_creates_directory
[INFO] [stdout]     index_path_differs_for_different_vaults
[INFO] [stdout]     index_path_parent_directory_is_created
[INFO] [stdout]     index_path_same_for_same_directory_two_spellings
[INFO] [stdout]     load_settings_corrupt_file_backs_up_and_returns_defaults
[INFO] [stdout]     load_settings_missing_file_returns_defaults_without_writing
[INFO] [stdout]     load_settings_subset_of_keys_fills_rest_from_defaults
[INFO] [stdout]     load_settings_unknown_extra_key_still_succeeds
[INFO] [stdout]     save_then_load_round_trips_non_default_settings
[INFO] [stdout]     settings_path_is_inside_app_data_and_named_settings_json
[INFO] [stdout] 
[INFO] [stdout] test result: FAILED. 3 passed; 10 failed; 0 ignored; 0 measured; 0 filtered out; finished in 0.00s
[INFO] [stdout] 
[INFO] running `Command { std: "docker" "inspect" "542e6f0e6c9a4f71e8ffbafd43fbdff5a5e0fbca999e546f74c832c368c01c60", kill_on_drop: false }`
[INFO] running `Command { std: "docker" "rm" "-f" "542e6f0e6c9a4f71e8ffbafd43fbdff5a5e0fbca999e546f74c832c368c01c60", kill_on_drop: false }`
[INFO] [stdout] 542e6f0e6c9a4f71e8ffbafd43fbdff5a5e0fbca999e546f74c832c368c01c60
