[INFO] cloning repository https://github.com/CarlTornberg/Psstake
[INFO] running `Command { std: "git" "-c" "credential.helper=" "-c" "credential.helper=/workspace/cargo-home/bin/git-credential-null" "clone" "--bare" "https://github.com/CarlTornberg/Psstake" "/workspace/cache/git-repos/https%3A%2F%2Fgithub.com%2FCarlTornberg%2FPsstake", kill_on_drop: false }`
[INFO] [stderr] Cloning into bare repository '/workspace/cache/git-repos/https%3A%2F%2Fgithub.com%2FCarlTornberg%2FPsstake'...
[INFO] running `Command { std: "git" "rev-parse" "HEAD", kill_on_drop: false }`
[INFO] [stdout] 17fe1bf834d0c3ec4483d17732c36697b45014fd
[INFO] testing CarlTornberg/Psstake against 1.98.0-beta.8+cargoflags=--release for beta-release-1.99-2
[INFO] running `Command { std: "git" "clone" "/workspace/cache/git-repos/https%3A%2F%2Fgithub.com%2FCarlTornberg%2FPsstake" "/workspace/builds/worker-2-tc1/source", kill_on_drop: false }`
[INFO] [stderr] Cloning into '/workspace/builds/worker-2-tc1/source'...
[INFO] [stderr] done.
[INFO] started tweaking git repo https://github.com/CarlTornberg/Psstake
[INFO] finished tweaking git repo https://github.com/CarlTornberg/Psstake
[INFO] tweaked toml for git repo https://github.com/CarlTornberg/Psstake written to /workspace/builds/worker-2-tc1/source/Cargo.toml
[INFO] validating manifest of git repo https://github.com/CarlTornberg/Psstake on toolchain 1.98.0-beta.8
[INFO] running `Command { std: CARGO_HOME="/workspace/cargo-home" RUSTUP_HOME="/workspace/rustup-home" "/workspace/cargo-home/bin/cargo" "+1.98.0-beta.8" "metadata" "--manifest-path" "Cargo.toml" "--no-deps", kill_on_drop: false }`
[INFO] crate git repo https://github.com/CarlTornberg/Psstake already has a lockfile, it will not be regenerated
[INFO] running `Command { std: CARGO_HOME="/workspace/cargo-home" RUSTUP_HOME="/workspace/rustup-home" "/workspace/cargo-home/bin/cargo" "+1.98.0-beta.8" "fetch" "--manifest-path" "Cargo.toml", kill_on_drop: false }`
[INFO] [stderr] warning: Cargo.toml: unused manifest key: lib.feature
[INFO] [stderr] warning: Cargo.toml: unused manifest key: package.no-entrypoint
[INFO] [stderr] warning: Cargo.toml: unused manifest key: package.test-sbf
[INFO] [stderr] warning: `pinocchio-template` (manifest) generated 3 warnings
[INFO] [stderr]     Updating crates.io index
[INFO] [stderr]  Downloading crates ...
[INFO] [stderr]   Downloaded solana-hash v4.0.1
[INFO] [stderr]   Downloaded solana-address v2.0.0
[INFO] [stderr]   Downloaded borsh-derive v1.6.0
[INFO] [stderr]   Downloaded solana-atomic-u64 v3.0.0
[INFO] [stderr]   Downloaded solana-program-pack v3.0.0
[INFO] [stderr]   Downloaded solana-msg v3.0.0
[INFO] [stderr]   Downloaded solana-sdk-macro v3.0.0
[INFO] [stderr]   Downloaded borsh v1.6.0
[INFO] [stderr]   Downloaded solana-program-option v3.0.0
[INFO] [stderr]   Downloaded solana-transaction-error v3.0.0
[INFO] [stderr]   Downloaded solana-instruction-error v2.1.0
[INFO] [stderr]   Downloaded find-msvc-tools v0.1.8
[INFO] [stderr]   Downloaded solana-instruction v3.1.0
[INFO] [stderr]   Downloaded solana-signature v3.1.0
[INFO] [stderr]   Downloaded solana-shred-version v3.0.0
[INFO] [stderr]   Downloaded solana-hard-forks v3.0.0
[INFO] [stderr]   Downloaded solana-serde-varint v3.0.0
[INFO] [stderr]   Downloaded solana-short-vec v3.1.0
[INFO] [stderr]   Downloaded toml_parser v1.0.6+spec-1.1.0
[INFO] [stderr]   Downloaded solana-message v3.0.1
[INFO] [stderr]   Downloaded solana-pubkey v4.0.0
[INFO] [stderr]   Downloaded solana-slot-hashes v3.0.0
[INFO] [stderr]   Downloaded solana-epoch-rewards v3.0.0
[INFO] [stderr]   Downloaded solana-program-error v3.0.0
[INFO] [stderr]   Downloaded solana-account-info v3.1.0
[INFO] [stderr]   Downloaded solana-fee-calculator v3.0.0
[INFO] [stderr]   Downloaded solana-stable-layout v3.0.0
[INFO] [stderr]   Downloaded solana-serialize-utils v3.1.0
[INFO] [stderr]   Downloaded solana-transaction v3.0.2
[INFO] [stderr]   Downloaded solana-clock v3.0.0
[INFO] [stderr]   Downloaded solana-secp256k1-recover v3.1.0
[INFO] [stderr]   Downloaded solana-nonce v3.0.0
[INFO] [stderr]   Downloaded solana-address-lookup-table-interface v3.0.1
[INFO] [stderr]   Downloaded solana-epoch-stake v3.0.0
[INFO] [stderr]   Downloaded solana-borsh v3.0.0
[INFO] [stderr]   Downloaded solana-program-log v1.1.0
[INFO] [stderr]   Downloaded solana-system-interface v3.0.0
[INFO] [stderr]   Downloaded solana-keypair v3.1.0
[INFO] [stderr]   Downloaded solana-account v3.3.0
[INFO] [stderr]   Downloaded solana-program-log-macro v1.0.0
[INFO] [stderr]   Downloaded solana-account-view v1.0.0
[INFO] [stderr]   Downloaded solana-instruction-view v1.0.0
[INFO] [stderr]   Downloaded solana-svm-type-overrides v3.1.6
[INFO] [stderr]   Downloaded solana-svm-log-collector v3.1.6
[INFO] [stderr]   Downloaded solana-svm-transaction v3.1.6
[INFO] [stderr]   Downloaded solana-svm-timings v3.1.6
[INFO] [stderr]   Downloaded solana-svm-callback v3.1.6
[INFO] [stderr]   Downloaded solana-inflation v3.0.0
[INFO] [stderr]   Downloaded enum-iterator-derive v1.5.0
[INFO] [stderr]   Downloaded solana-svm-feature-set v3.1.6
[INFO] [stderr]   Downloaded solana-precompile-error v3.0.0
[INFO] [stderr]   Downloaded enum-iterator v1.5.0
[INFO] [stderr]   Downloaded solana-svm-measure v3.1.6
[INFO] [stderr]   Downloaded solana-loader-v3-interface v6.1.0
[INFO] [stderr]   Downloaded solana-bincode v3.1.0
[INFO] [stderr]   Downloaded solana-poseidon v3.1.6
[INFO] [stderr]   Downloaded solana-transaction-context v3.1.6
[INFO] [stderr]   Downloaded eager v0.1.0
[INFO] [stderr]   Downloaded ark-bn254 v0.5.0
[INFO] [stderr]   Downloaded solana-loader-v4-interface v3.1.0
[INFO] [stderr]   Downloaded solana-nonce-account v3.0.0
[INFO] [stderr]   Downloaded solana-fee v3.1.6
[INFO] [stderr]   Downloaded ark-serialize-derive v0.5.0
[INFO] [stderr]   Downloaded solana-system-program v3.1.6
[INFO] [stderr]   Downloaded pinocchio v0.10.1
[INFO] [stderr]   Downloaded solana-compute-budget-instruction v3.1.6
[INFO] [stderr]   Downloaded solana-compute-budget v3.1.6
[INFO] [stderr]   Downloaded solana-builtins-default-costs v3.1.6
[INFO] [stderr]   Downloaded solana-curve25519 v3.1.6
[INFO] [stderr]   Downloaded solana-loader-v4-program v3.1.6
[INFO] [stderr]   Downloaded agave-feature-set v3.1.6
[INFO] [stderr]   Downloaded solana-bn254 v3.2.1
[INFO] [stderr]   Downloaded solana-compute-budget-program v3.1.6
[INFO] [stderr]   Downloaded agave-reserved-account-keys v3.1.6
[INFO] [stderr]   Downloaded solana-bpf-loader-program v3.1.6
[INFO] [stderr]   Downloaded zerocopy-derive v0.8.33
[INFO] [stderr]   Downloaded cc v1.2.53
[INFO] [stderr]   Downloaded agave-syscalls v3.1.6
[INFO] [stderr]   Downloaded ark-ec v0.5.0
[INFO] [stderr]   Downloaded solana-builtins v3.1.6
[INFO] [stderr]   Downloaded solana-zk-token-proof-program v3.1.6
[INFO] [stderr]   Downloaded zmij v1.0.14
[INFO] [stderr]   Downloaded solana-zk-elgamal-proof-program v3.1.6
[INFO] [stderr]   Downloaded solana-program-runtime v3.1.6
[INFO] [stderr]   Downloaded ark-poly v0.5.0
[INFO] [stderr]   Downloaded solana-vote-program v3.1.6
[INFO] [stderr]   Downloaded zerocopy v0.8.33
[INFO] [stderr]   Downloaded light-poseidon v0.4.0
[INFO] [stderr]   Downloaded litesvm v0.9.1
[INFO] [stderr]   Downloaded solana-zk-token-sdk v3.1.6
[INFO] running `Command { std: "docker" "create" "-v" "/var/lib/crater-agent-workspace/builds/worker-2-tc1/source:/opt/rustwide/workdir:ro,Z" "-v" "/var/lib/crater-agent-workspace/builds/worker-2-tc1/target:/opt/rustwide/target:rw,Z" "-v" "/var/lib/crater-agent-workspace/cargo-home:/opt/rustwide/cargo-home:ro,Z" "-v" "/var/lib/crater-agent-workspace/rustup-home:/opt/rustwide/rustup-home:ro,Z" "-m" "1610612736" "--network" "none" "ghcr.io/rust-lang/crates-build-env/linux@sha256:8683fc1fc2eb5c9ac98e0d076ab094b2ffac7f99da555d2b6a2e27f346de2ec7" "sleep" "infinity", kill_on_drop: false }`
[INFO] [stdout] 2f41fefc8b0b3472338e6af16ec17b5cb2d1edc5afaaebc2b27ac8a732e4fc3a
[INFO] running `Command { std: "docker" "start" "2f41fefc8b0b3472338e6af16ec17b5cb2d1edc5afaaebc2b27ac8a732e4fc3a", kill_on_drop: false }`
[INFO] running `Command { std: "docker" "inspect" "2f41fefc8b0b3472338e6af16ec17b5cb2d1edc5afaaebc2b27ac8a732e4fc3a", kill_on_drop: false }`
[INFO] running `Command { std: "docker" "exec" "-e" "SOURCE_DIR=/opt/rustwide/workdir" "-e" "CARGO_HOME=/opt/rustwide/cargo-home" "-e" "RUSTUP_HOME=/opt/rustwide/rustup-home" "-e" "CARGO_TARGET_DIR=/opt/rustwide/target" "-w" "/opt/rustwide/workdir" "--user" "0:0" "2f41fefc8b0b3472338e6af16ec17b5cb2d1edc5afaaebc2b27ac8a732e4fc3a" "/opt/rustwide/cargo-home/bin/cargo" "+1.98.0-beta.8" "metadata" "--no-deps" "--format-version=1", kill_on_drop: false }`
[INFO] running `Command { std: "docker" "inspect" "2f41fefc8b0b3472338e6af16ec17b5cb2d1edc5afaaebc2b27ac8a732e4fc3a", kill_on_drop: false }`
[INFO] running `Command { std: "docker" "exec" "-e" "SOURCE_DIR=/opt/rustwide/workdir" "-e" "CARGO_HOME=/opt/rustwide/cargo-home" "-e" "RUSTUP_HOME=/opt/rustwide/rustup-home" "-e" "CARGO_TARGET_DIR=/opt/rustwide/target" "-e" "CARGO_INCREMENTAL=0" "-e" "RUST_BACKTRACE=full" "-e" "RUSTFLAGS=--cap-lints=warn" "-e" "RUSTDOCFLAGS=--cap-lints=warn" "-w" "/opt/rustwide/workdir" "--user" "0:0" "2f41fefc8b0b3472338e6af16ec17b5cb2d1edc5afaaebc2b27ac8a732e4fc3a" "/opt/rustwide/cargo-home/bin/cargo" "+1.98.0-beta.8" "build" "--frozen" "--message-format=json" "--release", kill_on_drop: false }`
[INFO] [stderr] warning: Cargo.toml: unused manifest key: lib.feature
[INFO] [stderr] warning: Cargo.toml: unused manifest key: package.no-entrypoint
[INFO] [stderr] warning: Cargo.toml: unused manifest key: package.test-sbf
[INFO] [stderr] warning: `pinocchio-template` (manifest) generated 3 warnings
[INFO] [stderr]    Compiling five8_core v1.0.0
[INFO] [stderr]    Compiling proc-macro2 v1.0.105
[INFO] [stderr]    Compiling quote v1.0.43
[INFO] [stderr]    Compiling memchr v2.7.6
[INFO] [stderr]    Compiling regex-syntax v0.8.8
[INFO] [stderr]    Compiling solana-program-error v3.0.0
[INFO] [stderr]    Compiling five8 v1.0.0
[INFO] [stderr]    Compiling five8_const v1.0.0
[INFO] [stderr]    Compiling solana-address v2.0.0
[INFO] [stderr]    Compiling solana-account-view v1.0.0
[INFO] [stderr]    Compiling solana-instruction-view v1.0.0
[INFO] [stderr]    Compiling pinocchio v0.10.1
[INFO] [stderr]    Compiling aho-corasick v1.1.4
[INFO] [stderr]    Compiling syn v2.0.114
[INFO] [stderr]    Compiling regex-automata v0.4.13
[INFO] [stderr]    Compiling regex v1.12.2
[INFO] [stderr]    Compiling solana-program-log-macro v1.0.0
[INFO] [stderr]    Compiling solana-program-log v1.1.0
[INFO] [stderr]    Compiling pinocchio-template v0.1.0 (/opt/rustwide/workdir)
[INFO] [stderr]     Finished `release` profile [optimized] target(s) in 11.34s
[INFO] running `Command { std: "docker" "inspect" "2f41fefc8b0b3472338e6af16ec17b5cb2d1edc5afaaebc2b27ac8a732e4fc3a", kill_on_drop: false }`
[INFO] running `Command { std: "docker" "exec" "-e" "SOURCE_DIR=/opt/rustwide/workdir" "-e" "CARGO_HOME=/opt/rustwide/cargo-home" "-e" "RUSTUP_HOME=/opt/rustwide/rustup-home" "-e" "CARGO_TARGET_DIR=/opt/rustwide/target" "-e" "CARGO_INCREMENTAL=0" "-e" "RUST_BACKTRACE=full" "-e" "RUSTFLAGS=--cap-lints=warn" "-e" "RUSTDOCFLAGS=--cap-lints=warn" "-w" "/opt/rustwide/workdir" "--user" "0:0" "2f41fefc8b0b3472338e6af16ec17b5cb2d1edc5afaaebc2b27ac8a732e4fc3a" "/opt/rustwide/cargo-home/bin/cargo" "+1.98.0-beta.8" "test" "--frozen" "--no-run" "--message-format=json" "--release", kill_on_drop: false }`
[INFO] [stderr] warning: Cargo.toml: unused manifest key: lib.feature
[INFO] [stderr] warning: Cargo.toml: unused manifest key: package.no-entrypoint
[INFO] [stderr] warning: Cargo.toml: unused manifest key: package.test-sbf
[INFO] [stderr] warning: `pinocchio-template` (manifest) generated 3 warnings
[INFO] [stderr]    Compiling proc-macro2 v1.0.105
[INFO] [stderr]    Compiling libc v0.2.180
[INFO] [stderr]    Compiling typenum v1.19.0
[INFO] [stderr]    Compiling subtle v2.6.1
[INFO] [stderr]    Compiling const-oid v0.9.6
[INFO] [stderr]    Compiling zerocopy v0.8.33
[INFO] [stderr]    Compiling serde v1.0.228
[INFO] [stderr]    Compiling hashbrown v0.16.1
[INFO] [stderr]    Compiling winnow v0.7.14
[INFO] [stderr]    Compiling generic-array v0.14.7
[INFO] [stderr]    Compiling cpufeatures v0.2.17
[INFO] [stderr]    Compiling toml_datetime v0.7.5+spec-1.1.0
[INFO] [stderr]    Compiling cfg_aliases v0.2.1
[INFO] [stderr]    Compiling once_cell v1.21.3
[INFO] [stderr]    Compiling semver v1.0.27
[INFO] [stderr]    Compiling solana-sanitize v3.0.1
[INFO] [stderr]    Compiling num-traits v0.2.19
[INFO] [stderr]    Compiling borsh v1.6.0
[INFO] [stderr]    Compiling solana-atomic-u64 v3.0.0
[INFO] [stderr]    Compiling bs58 v0.5.1
[INFO] [stderr]    Compiling arrayvec v0.7.6
[INFO] [stderr]    Compiling thiserror v2.0.17
[INFO] [stderr]    Compiling feature-probe v0.1.1
[INFO] [stderr]    Compiling find-msvc-tools v0.1.8
[INFO] [stderr]    Compiling five8_core v0.1.2
[INFO] [stderr]    Compiling solana-program-memory v3.1.0
[INFO] [stderr]    Compiling shlex v1.3.0
[INFO] [stderr]    Compiling rustc_version v0.4.1
[INFO] [stderr]    Compiling five8 v0.2.1
[INFO] [stderr]    Compiling arrayref v0.3.9
[INFO] [stderr]    Compiling bv v0.11.1
[INFO] [stderr]    Compiling constant_time_eq v0.4.2
[INFO] [stderr]    Compiling solana-define-syscall v4.0.1
[INFO] [stderr]    Compiling solana-short-vec v3.1.0
[INFO] [stderr]    Compiling cc v1.2.53
[INFO] [stderr]    Compiling solana-msg v3.0.0
[INFO] [stderr]    Compiling serde_bytes v0.11.19
[INFO] [stderr]    Compiling syn v1.0.109
[INFO] [stderr]    Compiling memchr v2.7.6
[INFO] [stderr]    Compiling bitflags v2.10.0
[INFO] [stderr]    Compiling curve25519-dalek v4.1.3
[INFO] [stderr]    Compiling num-bigint v0.2.6
[INFO] [stderr]    Compiling num-rational v0.2.4
[INFO] [stderr]    Compiling num-complex v0.2.4
[INFO] [stderr]    Compiling crunchy v0.2.4
[INFO] [stderr]    Compiling void v1.0.2
[INFO] [stderr]    Compiling keccak v0.1.5
[INFO] [stderr]    Compiling quote v1.0.43
[INFO] [stderr]    Compiling unreachable v1.0.0
[INFO] [stderr]    Compiling ascii v0.9.3
[INFO] [stderr]    Compiling solana-svm-feature-set v3.1.6
[INFO] [stderr]    Compiling hash32 v0.3.1
[INFO] [stderr]    Compiling itertools v0.12.1
[INFO] [stderr]    Compiling combine v3.8.1
[INFO] [stderr]    Compiling rustc-demangle v0.1.27
[INFO] [stderr]    Compiling syn v2.0.114
[INFO] [stderr]    Compiling indexmap v2.13.0
[INFO] [stderr]    Compiling eager v0.1.0
[INFO] [stderr]    Compiling opaque-debug v0.3.1
[INFO] [stderr]    Compiling solana-svm-log-collector v3.1.6
[INFO] [stderr]    Compiling itertools v0.13.0
[INFO] [stderr]    Compiling getrandom v0.2.17
[INFO] [stderr]    Compiling num-integer v0.1.46
[INFO] [stderr]    Compiling getrandom v0.3.4
[INFO] [stderr]    Compiling rand_core v0.6.4
[INFO] [stderr]    Compiling num-bigint v0.4.6
[INFO] [stderr]    Compiling num-iter v0.1.45
[INFO] [stderr]    Compiling solana-precompile-error v3.0.0
[INFO] [stderr]    Compiling ff v0.13.1
[INFO] [stderr]    Compiling derivation-path v0.2.0
[INFO] [stderr]    Compiling solana-svm-measure v3.1.6
[INFO] [stderr]    Compiling base16ct v0.2.0
[INFO] [stderr]    Compiling blake3 v1.8.3
[INFO] [stderr]    Compiling qstring v0.7.2
[INFO] [stderr]    Compiling hashbrown v0.15.5
[INFO] [stderr]    Compiling group v0.13.0
[INFO] [stderr]    Compiling digest v0.9.0
[INFO] [stderr]    Compiling uriparse v0.6.4
[INFO] [stderr]    Compiling toml_parser v1.0.6+spec-1.1.0
[INFO] [stderr]    Compiling itertools v0.10.5
[INFO] [stderr]    Compiling getrandom v0.1.16
[INFO] [stderr]    Compiling ppv-lite86 v0.2.21
[INFO] [stderr]    Compiling ahash v0.8.12
[INFO] [stderr]    Compiling libsecp256k1-core v0.2.2
[INFO] [stderr]    Compiling hashbrown v0.13.2
[INFO] [stderr]    Compiling fnv v1.0.7
[INFO] [stderr]    Compiling toml_edit v0.23.10+spec-1.0.0
[INFO] [stderr]    Compiling rand_core v0.5.1
[INFO] [stderr]    Compiling rand_chacha v0.3.1
[INFO] [stderr]    Compiling solana-packet v3.0.0
[INFO] [stderr]    Compiling rand v0.8.5
[INFO] [stderr]    Compiling rand_chacha v0.2.2
[INFO] [stderr]    Compiling num v0.2.1
[INFO] [stderr]    Compiling percentage v0.1.0
[INFO] [stderr]    Compiling proc-macro-crate v3.4.0
[INFO] [stderr]    Compiling libsecp256k1-gen-genmult v0.2.1
[INFO] [stderr]    Compiling solana-derivation-path v3.0.0
[INFO] [stderr]    Compiling libsecp256k1-gen-ecmult v0.2.1
[INFO] [stderr]    Compiling solana-big-mod-exp v3.0.0
[INFO] [stderr]    Compiling libsecp256k1 v0.6.0
[INFO] [stderr]    Compiling solana-seed-derivable v3.0.0
[INFO] [stderr]    Compiling zmij v1.0.14
[INFO] [stderr]    Compiling rand v0.7.3
[INFO] [stderr]    Compiling base64 v0.12.3
[INFO] [stderr]    Compiling memoffset v0.9.1
[INFO] [stderr]    Compiling solana-program-option v3.0.0
[INFO] [stderr]    Compiling solana-native-token v3.0.0
[INFO] [stderr]    Compiling ark-std v0.5.0
[INFO] [stderr]    Compiling ark-std v0.4.0
[INFO] [stderr]    Compiling solana-svm-type-overrides v3.1.6
[INFO] [stderr]    Compiling siphasher v0.3.11
[INFO] [stderr]    Compiling serde_json v1.0.149
[INFO] [stderr]    Compiling solana-hard-forks v3.0.0
[INFO] [stderr]    Compiling itertools v0.14.0
[INFO] [stderr]    Compiling ansi_term v0.12.1
[INFO] [stderr]    Compiling solana-time-utils v3.0.0
[INFO] [stderr]    Compiling darling_core v0.21.3
[INFO] [stderr]    Compiling zeroize_derive v1.4.3
[INFO] [stderr]    Compiling serde_derive v1.0.228
[INFO] [stderr]    Compiling borsh-derive v1.6.0
[INFO] [stderr]    Compiling bytemuck_derive v1.10.2
[INFO] [stderr]    Compiling curve25519-dalek-derive v0.1.1
[INFO] [stderr]    Compiling solana-sdk-macro v3.0.0
[INFO] [stderr]    Compiling thiserror-impl v2.0.17
[INFO] [stderr]    Compiling enum-ordinalize-derive v4.3.2
[INFO] [stderr]    Compiling enum-iterator-derive v1.5.0
[INFO] [stderr]    Compiling ark-serialize-derive v0.5.0
[INFO] [stderr]    Compiling ark-ff-asm v0.5.0
[INFO] [stderr]    Compiling ark-serialize-derive v0.4.2
[INFO] [stderr]    Compiling ark-ff-macros v0.5.0
[INFO] [stderr]    Compiling zeroize v1.8.2
[INFO] [stderr]    Compiling enum-ordinalize v4.3.2
[INFO] [stderr]    Compiling ark-ff-asm v0.4.2
[INFO] [stderr]    Compiling educe v0.6.0
[INFO] [stderr]    Compiling derivative v2.2.0
[INFO] [stderr]    Compiling ark-ff-macros v0.4.2
[INFO] [stderr]    Compiling num-derive v0.4.2
[INFO] [stderr]    Compiling der v0.7.10
[INFO] [stderr]    Compiling thiserror-impl v1.0.69
[INFO] [stderr]    Compiling merlin v3.0.0
[INFO] [stderr]    Compiling cfg_eval v0.1.2
[INFO] [stderr]    Compiling enum-iterator v1.5.0
[INFO] [stderr]    Compiling qualifier_attr v0.2.2
[INFO] [stderr]    Compiling num_enum_derive v0.7.5
[INFO] [stderr]    Compiling solana-program-log-macro v1.0.0
[INFO] [stderr]    Compiling bytemuck v1.24.0
[INFO] [stderr]    Compiling solana-sbpf v0.13.1
[INFO] [stderr]    Compiling crypto-common v0.1.7
[INFO] [stderr]    Compiling block-buffer v0.10.4
[INFO] [stderr]    Compiling crypto-bigint v0.5.5
[INFO] [stderr]    Compiling inout v0.1.4
[INFO] [stderr]    Compiling digest v0.10.7
[INFO] [stderr]    Compiling block-buffer v0.9.0
[INFO] [stderr]    Compiling universal-hash v0.5.1
[INFO] [stderr]    Compiling cipher v0.4.4
[INFO] [stderr]    Compiling polyval v0.6.2
[INFO] [stderr]    Compiling sha2 v0.9.9
[INFO] [stderr]    Compiling sha2 v0.10.9
[INFO] [stderr]    Compiling signature v2.2.0
[INFO] [stderr]    Compiling ed25519 v2.2.3
[INFO] [stderr]    Compiling hmac v0.12.1
[INFO] [stderr]    Compiling sha3 v0.10.8
[INFO] [stderr]    Compiling spki v0.7.3
[INFO] [stderr]    Compiling ark-serialize v0.5.0
[INFO] [stderr]    Compiling pkcs8 v0.10.2
[INFO] [stderr]    Compiling sec1 v0.7.3
[INFO] [stderr]    Compiling ark-serialize v0.4.2
[INFO] [stderr]    Compiling rfc6979 v0.4.0
[INFO] [stderr]    Compiling pbkdf2 v0.11.0
[INFO] [stderr]    Compiling thiserror v1.0.69
[INFO] [stderr]    Compiling ark-ff v0.4.2
[INFO] [stderr]    Compiling solana-seed-phrase v3.0.0
[INFO] [stderr]    Compiling ctr v0.9.2
[INFO] [stderr]    Compiling aes v0.8.4
[INFO] [stderr]    Compiling aead v0.5.2
[INFO] [stderr]    Compiling num_enum v0.7.5
[INFO] [stderr]    Compiling solana-program-log v1.1.0
[INFO] [stderr]    Compiling solana-borsh v3.0.0
[INFO] [stderr]    Compiling aes-gcm-siv v0.11.1
[INFO] [stderr]    Compiling ark-ff v0.5.0
[INFO] [stderr]    Compiling darling_macro v0.21.3
[INFO] [stderr]    Compiling elliptic-curve v0.13.8
[INFO] [stderr]    Compiling darling v0.21.3
[INFO] [stderr]    Compiling serde_with_macros v3.16.1
[INFO] [stderr]    Compiling ecdsa v0.16.9
[INFO] [stderr]    Compiling k256 v0.13.4
[INFO] [stderr]    Compiling solana-hash v4.0.1
[INFO] [stderr]    Compiling solana-program-error v3.0.0
[INFO] [stderr]    Compiling bincode v1.3.3
[INFO] [stderr]    Compiling serde-big-array v0.5.1
[INFO] [stderr]    Compiling solana-fee-calculator v3.0.0
[INFO] [stderr]    Compiling solana-fee-structure v3.0.0
[INFO] [stderr]    Compiling solana-instruction-error v2.1.0
[INFO] [stderr]    Compiling solana-serde-varint v3.0.0
[INFO] [stderr]    Compiling serde_with v3.16.1
[INFO] [stderr]    Compiling solana-program-pack v3.0.0
[INFO] [stderr]    Compiling solana-inflation v3.0.0
[INFO] [stderr]    Compiling solana-sha256-hasher v3.1.0
[INFO] [stderr]    Compiling solana-hash v3.1.0
[INFO] [stderr]    Compiling solana-keccak-hasher v3.1.0
[INFO] [stderr]    Compiling solana-blake3-hasher v3.1.0
[INFO] [stderr]    Compiling solana-epoch-info v3.1.0
[INFO] [stderr]    Compiling solana-transaction-error v3.0.0
[INFO] [stderr]    Compiling solana-serde v3.0.0
[INFO] [stderr]    Compiling solana-shred-version v3.0.0
[INFO] [stderr]    Compiling solana-bincode v3.1.0
[INFO] [stderr]    Compiling solana-secp256k1-recover v3.1.0
[INFO] [stderr]    Compiling solana-address v2.0.0
[INFO] [stderr]    Compiling ed25519-dalek v2.2.0
[INFO] [stderr]    Compiling solana-curve25519 v3.1.6
[INFO] [stderr]    Compiling solana-signature v3.1.0
[INFO] [stderr]    Compiling ed25519-dalek-bip32 v0.3.0
[INFO] [stderr]    Compiling solana-sdk-ids v3.1.0
[INFO] [stderr]    Compiling solana-address v1.1.0
[INFO] [stderr]    Compiling solana-pubkey v4.0.0
[INFO] [stderr]    Compiling solana-pubkey v3.0.0
[INFO] [stderr]    Compiling solana-instruction v3.1.0
[INFO] [stderr]    Compiling solana-sysvar-id v3.1.0
[INFO] [stderr]    Compiling solana-account-info v3.1.0
[INFO] [stderr]    Compiling solana-signer v3.0.0
[INFO] [stderr]    Compiling solana-serialize-utils v3.1.0
[INFO] [stderr]    Compiling solana-epoch-schedule v3.0.0
[INFO] [stderr]    Compiling solana-clock v3.0.0
[INFO] [stderr]    Compiling solana-slot-hashes v3.0.0
[INFO] [stderr]    Compiling solana-rent v3.1.0
[INFO] [stderr]    Compiling solana-program-entrypoint v3.1.1
[INFO] [stderr]    Compiling solana-last-restart-slot v3.0.0
[INFO] [stderr]    Compiling solana-slot-history v3.0.0
[INFO] [stderr]    Compiling solana-epoch-rewards v3.0.0
[INFO] [stderr]    Compiling solana-system-interface v2.0.0
[INFO] [stderr]    Compiling solana-message v3.0.1
[INFO] [stderr]    Compiling solana-cpi v3.1.0
[INFO] [stderr]    Compiling solana-instructions-sysvar v3.0.0
[INFO] [stderr]    Compiling solana-stable-layout v3.0.0
[INFO] [stderr]    Compiling solana-loader-v3-interface v6.1.0
[INFO] [stderr]    Compiling solana-svm-timings v3.1.6
[INFO] [stderr]    Compiling solana-sysvar v3.1.1
[INFO] [stderr]    Compiling agave-feature-set v3.1.6
[INFO] [stderr]    Compiling solana-nonce v3.0.0
[INFO] [stderr]    Compiling solana-keypair v3.1.0
[INFO] [stderr]    Compiling solana-loader-v4-interface v3.1.0
[INFO] [stderr]    Compiling solana-vote-interface v4.0.4
[INFO] [stderr]    Compiling solana-address-lookup-table-interface v3.0.1
[INFO] [stderr]    Compiling solana-account-view v1.0.0
[INFO] [stderr]    Compiling solana-compute-budget-interface v3.0.0
[INFO] [stderr]    Compiling solana-epoch-stake v3.0.0
[INFO] [stderr]    Compiling solana-presigner v3.0.0
[INFO] [stderr]    Compiling solana-instruction-view v1.0.0
[INFO] [stderr]    Compiling solana-offchain-message v3.0.0
[INFO] [stderr]    Compiling solana-account v3.3.0
[INFO] [stderr]    Compiling solana-stake-interface v2.0.2
[INFO] [stderr]    Compiling solana-zk-sdk v4.0.0
[INFO] [stderr]    Compiling solana-zk-token-sdk v3.1.6
[INFO] [stderr]    Compiling pinocchio v0.10.1
[INFO] [stderr]    Compiling solana-system-interface v3.0.0
[INFO] [stderr]    Compiling solana-epoch-rewards-hasher v3.1.0
[INFO] [stderr]    Compiling spl-token-interface v2.0.0
[INFO] [stderr]    Compiling solana-svm-callback v3.1.6
[INFO] [stderr]    Compiling solana-transaction-context v3.1.6
[INFO] [stderr]    Compiling solana-nonce-account v3.0.0
[INFO] [stderr]    Compiling solana-transaction v3.0.2
[INFO] [stderr]    Compiling solana-example-mocks v3.0.0
[INFO] [stderr]    Compiling solana-program v3.0.0
[INFO] [stderr]    Compiling agave-reserved-account-keys v3.1.6
[INFO] [stderr]    Compiling solana-svm-transaction v3.1.6
[INFO] [stderr]    Compiling solana-sdk v3.0.0
[INFO] [stderr]    Compiling spl-associated-token-account-interface v2.0.0
[INFO] [stderr]    Compiling pinocchio-template v0.1.0 (/opt/rustwide/workdir)
[INFO] [stderr]    Compiling solana-program-runtime v3.1.6
[INFO] [stderr]    Compiling solana-fee v3.1.6
[INFO] [stderr]    Compiling solana-compute-budget-program v3.1.6
[INFO] [stderr]    Compiling solana-vote-program v3.1.6
[INFO] [stderr]    Compiling solana-system-program v3.1.6
[INFO] [stderr]    Compiling solana-compute-budget v3.1.6
[INFO] [stderr]    Compiling ark-poly v0.4.2
[INFO] [stderr]    Compiling ark-poly v0.5.0
[INFO] [stderr]    Compiling solana-zk-token-proof-program v3.1.6
[INFO] [stderr]    Compiling ark-ec v0.4.2
[INFO] [stderr]    Compiling solana-zk-elgamal-proof-program v3.1.6
[INFO] [stderr]    Compiling ark-ec v0.5.0
[INFO] [stderr]    Compiling ark-bn254 v0.4.0
[INFO] [stderr]    Compiling light-poseidon v0.2.0
[INFO] [stderr]    Compiling ark-bn254 v0.5.0
[INFO] [stderr]    Compiling light-poseidon v0.4.0
[INFO] [stderr]    Compiling solana-bn254 v3.2.1
[INFO] [stderr]    Compiling solana-poseidon v3.1.6
[INFO] [stderr]    Compiling agave-syscalls v3.1.6
[INFO] [stderr]    Compiling solana-bpf-loader-program v3.1.6
[INFO] [stderr]    Compiling solana-loader-v4-program v3.1.6
[INFO] [stderr]    Compiling solana-builtins-default-costs v3.1.6
[INFO] [stderr]    Compiling solana-builtins v3.1.6
[INFO] [stderr]    Compiling solana-compute-budget-instruction v3.1.6
[INFO] [stderr]    Compiling litesvm v0.9.1
[INFO] [stderr]     Finished `release` profile [optimized] target(s) in 3m 11s
[INFO] running `Command { std: "docker" "inspect" "2f41fefc8b0b3472338e6af16ec17b5cb2d1edc5afaaebc2b27ac8a732e4fc3a", kill_on_drop: false }`
[INFO] running `Command { std: "docker" "exec" "-e" "SOURCE_DIR=/opt/rustwide/workdir" "-e" "CARGO_HOME=/opt/rustwide/cargo-home" "-e" "RUSTUP_HOME=/opt/rustwide/rustup-home" "-e" "CARGO_TARGET_DIR=/opt/rustwide/target" "-e" "CARGO_INCREMENTAL=0" "-e" "RUST_BACKTRACE=full" "-e" "RUSTFLAGS=--cap-lints=warn" "-e" "RUSTDOCFLAGS=--cap-lints=warn" "-w" "/opt/rustwide/workdir" "--user" "0:0" "2f41fefc8b0b3472338e6af16ec17b5cb2d1edc5afaaebc2b27ac8a732e4fc3a" "/opt/rustwide/cargo-home/bin/cargo" "+1.98.0-beta.8" "test" "--frozen" "--release", kill_on_drop: false }`
[INFO] [stderr] warning: Cargo.toml: unused manifest key: lib.feature
[INFO] [stderr] warning: Cargo.toml: unused manifest key: package.no-entrypoint
[INFO] [stderr] warning: Cargo.toml: unused manifest key: package.test-sbf
[INFO] [stderr] warning: `pinocchio-template` (manifest) generated 3 warnings
[INFO] [stderr]     Finished `release` profile [optimized] target(s) in 0.62s
[INFO] [stderr]      Running unittests src/lib.rs (/opt/rustwide/target/release/deps/pinocchio_template-f8192ac8a7365cf2)
[INFO] [stdout] 
[INFO] [stdout] running 1 test
[INFO] [stdout] test test_id ... ok
[INFO] [stdout] 
[INFO] [stdout] test result: ok. 1 passed; 0 failed; 0 ignored; 0 measured; 0 filtered out; finished in 0.00s
[INFO] [stdout] 
[INFO] [stderr]      Running tests/tests.rs (/opt/rustwide/target/release/deps/tests-33e9fe75034be9c7)
[INFO] [stdout] 
[INFO] [stdout] running 1 test
[INFO] [stdout] test setup_svm ... FAILED
[INFO] [stdout] 
[INFO] [stdout] failures:
[INFO] [stdout] 
[INFO] [stdout] ---- setup_svm stdout ----
[INFO] [stdout] 
[INFO] [stdout] thread 'setup_svm' (5470) panicked at tests/common/mod.rs:12:9:
[INFO] [stdout] Could not add pinocchio_template.so program: No such file or directory (os error 2)
[INFO] [stdout] stack backtrace:
[INFO] [stdout]    0:     0x5f590dc4d6a1 - <<std[97b98282bc616a66]::sys::backtrace::BacktraceLock>::print::DisplayBacktrace as core[832e9a552fc17241]::fmt::Display>::fmt
[INFO] [stdout]    1:     0x5f590dc6264a - core[832e9a552fc17241]::fmt::write
[INFO] [stdout]    2:     0x5f590dc51b5c - <alloc[3ecab9f82c41dc7d]::vec::Vec<u8> as std[97b98282bc616a66]::io::Write>::write_fmt
[INFO] [stdout]    3:     0x5f590dc2b8f6 - std[97b98282bc616a66]::panicking::default_hook::{closure#0}
[INFO] [stdout]    4:     0x5f590dc45589 - std[97b98282bc616a66]::panicking::default_hook
[INFO] [stdout]    5:     0x5f590d81f330 - test[39766f3d73431624]::test_main_inner::<test[39766f3d73431624]::test_main_static::{closure#0}>::{closure#0}
[INFO] [stdout]    6:     0x5f590dc45742 - std[97b98282bc616a66]::panicking::panic_with_hook
[INFO] [stdout]    7:     0x5f590dc2b9a2 - std[97b98282bc616a66]::panicking::panic_handler::{closure#0}
[INFO] [stdout]    8:     0x5f590dc23169 - std[97b98282bc616a66]::sys::backtrace::__rust_end_short_backtrace::<std[97b98282bc616a66]::panicking::panic_handler::{closure#0}, !>
[INFO] [stdout]    9:     0x5f590dc2c59d - __rustc[e3d8617bb01b7f69]::rust_begin_unwind
[INFO] [stdout]   10:     0x5f590dc62dac - core[832e9a552fc17241]::panicking::panic_fmt
[INFO] [stdout]   11:     0x5f590d812416 - <tests[380a679498b56205]::setup_svm::{closure#0} as core[832e9a552fc17241]::ops::function::FnOnce<()>>::call_once
[INFO] [stdout]   12:     0x5f590d81266b - test[39766f3d73431624]::__rust_begin_short_backtrace::<core[832e9a552fc17241]::result::Result<(), alloc[3ecab9f82c41dc7d]::string::String>, fn() -> core[832e9a552fc17241]::result::Result<(), alloc[3ecab9f82c41dc7d]::string::String>>
[INFO] [stdout]   13:     0x5f590d81fcb5 - test[39766f3d73431624]::run_test::{closure#0}
[INFO] [stdout]   14:     0x5f590d81a764 - std[97b98282bc616a66]::sys::backtrace::__rust_begin_short_backtrace::<test[39766f3d73431624]::run_test::{closure#1}, ()>
[INFO] [stdout]   15:     0x5f590d822e02 - <std[97b98282bc616a66]::thread::lifecycle::spawn_unchecked<test[39766f3d73431624]::run_test::{closure#1}, ()>::{closure#1} as core[832e9a552fc17241]::ops::function::FnOnce<()>>::call_once::{shim:vtable#0}
[INFO] [stdout]   16:     0x5f590dc4cc0f - <std[97b98282bc616a66]::sys::thread::unix::Thread>::new::thread_start
[INFO] [stdout]   17:     0x72b4a92a807a - <unknown>
[INFO] [stdout]   18:     0x72b4a933b534 - clone
[INFO] [stdout]   19:                0x0 - <unknown>
[INFO] [stdout] 
[INFO] [stdout] 
[INFO] [stdout] failures:
[INFO] [stdout]     setup_svm
[INFO] [stdout] 
[INFO] [stdout] test result: FAILED. 0 passed; 1 failed; 0 ignored; 0 measured; 0 filtered out; finished in 0.07s
[INFO] [stdout] 
[INFO] [stderr] error: test failed, to rerun pass `--test tests`
[INFO] running `Command { std: "docker" "inspect" "2f41fefc8b0b3472338e6af16ec17b5cb2d1edc5afaaebc2b27ac8a732e4fc3a", kill_on_drop: false }`
[INFO] running `Command { std: "docker" "rm" "-f" "2f41fefc8b0b3472338e6af16ec17b5cb2d1edc5afaaebc2b27ac8a732e4fc3a", kill_on_drop: false }`
[INFO] [stdout] 2f41fefc8b0b3472338e6af16ec17b5cb2d1edc5afaaebc2b27ac8a732e4fc3a
