[INFO] cloning repository https://github.com/Anonymous-Grants/anonvote-contracts
[INFO] running `Command { std: "git" "-c" "credential.helper=" "-c" "credential.helper=/workspace/cargo-home/bin/git-credential-null" "clone" "--bare" "https://github.com/Anonymous-Grants/anonvote-contracts" "/workspace/cache/git-repos/https%3A%2F%2Fgithub.com%2FAnonymous-Grants%2Fanonvote-contracts", kill_on_drop: false }`
[INFO] [stderr] Cloning into bare repository '/workspace/cache/git-repos/https%3A%2F%2Fgithub.com%2FAnonymous-Grants%2Fanonvote-contracts'...
[INFO] running `Command { std: "git" "rev-parse" "HEAD", kill_on_drop: false }`
[INFO] [stdout] fffb0f731016228ccca021ba7a52b2114e0681a9
[INFO] testing Anonymous-Grants/anonvote-contracts against 1.98.0-beta.8+cargoflags=--release for beta-release-1.99-2
[INFO] running `Command { std: "git" "clone" "/workspace/cache/git-repos/https%3A%2F%2Fgithub.com%2FAnonymous-Grants%2Fanonvote-contracts" "/workspace/builds/worker-2-tc1/source", kill_on_drop: false }`
[INFO] [stderr] Cloning into '/workspace/builds/worker-2-tc1/source'...
[INFO] [stderr] done.
[INFO] started tweaking git repo https://github.com/Anonymous-Grants/anonvote-contracts
[INFO] finished tweaking git repo https://github.com/Anonymous-Grants/anonvote-contracts
[INFO] tweaked toml for git repo https://github.com/Anonymous-Grants/anonvote-contracts written to /workspace/builds/worker-2-tc1/source/Cargo.toml
[INFO] validating manifest of git repo https://github.com/Anonymous-Grants/anonvote-contracts on toolchain 1.98.0-beta.8
[INFO] running `Command { std: CARGO_HOME="/workspace/cargo-home" RUSTUP_HOME="/workspace/rustup-home" "/workspace/cargo-home/bin/cargo" "+1.98.0-beta.8" "metadata" "--manifest-path" "Cargo.toml" "--no-deps", kill_on_drop: false }`
[INFO] crate git repo https://github.com/Anonymous-Grants/anonvote-contracts already has a lockfile, it will not be regenerated
[INFO] running `Command { std: CARGO_HOME="/workspace/cargo-home" RUSTUP_HOME="/workspace/rustup-home" "/workspace/cargo-home/bin/cargo" "+1.98.0-beta.8" "fetch" "--manifest-path" "Cargo.toml", kill_on_drop: false }`
[INFO] [stderr]     Blocking waiting for file lock on package cache
[INFO] [stderr]     Updating crates.io index
[INFO] [stderr]     Blocking waiting for file lock on package cache
[INFO] [stderr]  Downloading crates ...
[INFO] [stderr]   Downloaded visibility v0.1.1
[INFO] [stderr]   Downloaded stellar-strkey v0.0.16
[INFO] [stderr]   Downloaded crate-git-revision v0.0.6
[INFO] [stderr]   Downloaded indexmap-nostd v0.4.0
[INFO] [stderr]   Downloaded data-encoding v2.11.1
[INFO] [stderr]   Downloaded soroban-sdk v27.0.6
[INFO] [stderr]   Downloaded arbitrary v1.3.2
[INFO] [stderr]   Downloaded ref-cast-impl v1.0.26
[INFO] [stderr]   Downloaded soroban-builtin-sdk-macros v27.0.1
[INFO] [stderr]   Downloaded soroban-spec-rust v27.0.6
[INFO] [stderr]   Downloaded soroban-spec v27.0.6
[INFO] [stderr]   Downloaded soroban-env-macros v27.0.1
[INFO] [stderr]   Downloaded hex-literal v0.4.1
[INFO] [stderr]   Downloaded enum-ordinalize v4.4.2
[INFO] [stderr]   Downloaded enum-ordinalize-derive v4.4.2
[INFO] [stderr]   Downloaded jiff-static v0.2.35
[INFO] [stderr]   Downloaded android_system_properties v0.1.6
[INFO] [stderr]   Downloaded dtor v0.1.1
[INFO] [stderr]   Downloaded derive_arbitrary v1.3.2
[INFO] [stderr]   Downloaded cfg_eval v0.1.2
[INFO] [stderr]   Downloaded ark-bn254 v0.5.0
[INFO] [stderr]   Downloaded jiff-tzdb-platform v0.1.3
[INFO] [stderr]   Downloaded wasmi_arena v0.4.1
[INFO] [stderr]   Downloaded dtor-proc-macro v0.0.6
[INFO] [stderr]   Downloaded stellar-strkey v0.0.13
[INFO] [stderr]   Downloaded ctor v0.5.0
[INFO] [stderr]   Downloaded bytes-lit v0.0.6
[INFO] [stderr]   Downloaded macro-string v0.1.4
[INFO] [stderr]   Downloaded escape-bytes v0.1.1
[INFO] [stderr]   Downloaded soroban-env-guest v27.0.1
[INFO] [stderr]   Downloaded ctor-proc-macro v0.0.6
[INFO] [stderr]   Downloaded crate-git-revision v0.0.9
[INFO] [stderr]   Downloaded ref-cast v1.0.26
[INFO] [stderr]   Downloaded soroban-ledger-snapshot v27.0.6
[INFO] [stderr]   Downloaded serde_with_macros v3.22.0
[INFO] [stderr]   Downloaded soroban-sdk-macros v27.0.6
[INFO] [stderr]   Downloaded wasmi_core v0.13.0
[INFO] [stderr]   Downloaded defmt v1.1.1
[INFO] [stderr]   Downloaded defmt-macros v1.1.1
[INFO] [stderr]   Downloaded hybrid-array v0.4.14
[INFO] [stderr]   Downloaded soroban-env-common v27.0.1
[INFO] [stderr]   Downloaded schemars v0.8.22
[INFO] [stderr]   Downloaded jiff-tzdb v0.1.8
[INFO] [stderr]   Downloaded rand v0.8.7
[INFO] [stderr]   Downloaded ethnum v1.5.3
[INFO] [stderr]   Downloaded schemars v1.2.2
[INFO] [stderr]   Downloaded cc v1.4.3
[INFO] [stderr]   Downloaded wasmparser-nostd v0.100.2
[INFO] [stderr]   Downloaded soroban-wasmi v0.31.1-soroban.20.0.1
[INFO] [stderr]   Downloaded jiff-core v0.1.0
[INFO] [stderr]   Downloaded wasmparser v0.116.1
[INFO] [stderr]   Downloaded soroban-poseidon v27.0.0
[INFO] [stderr]   Downloaded portable-atomic v1.15.0
[INFO] [stderr]   Downloaded serde_with v3.22.0
[INFO] [stderr]   Downloaded time v0.3.55
[INFO] [stderr]   Downloaded curve25519-dalek v5.0.0
[INFO] [stderr]   Downloaded soroban-env-host v27.0.1
[INFO] [stderr]   Downloaded jiff v0.2.35
[INFO] [stderr]   Downloaded sha3 v0.10.9
[INFO] [stderr]   Downloaded stellar-xdr v27.0.0
[INFO] running `Command { std: "docker" "create" "-v" "/var/lib/crater-agent-workspace/builds/worker-2-tc1/source:/opt/rustwide/workdir:ro,Z" "-v" "/var/lib/crater-agent-workspace/builds/worker-2-tc1/target:/opt/rustwide/target:rw,Z" "-v" "/var/lib/crater-agent-workspace/cargo-home:/opt/rustwide/cargo-home:ro,Z" "-v" "/var/lib/crater-agent-workspace/rustup-home:/opt/rustwide/rustup-home:ro,Z" "-m" "1610612736" "--network" "none" "ghcr.io/rust-lang/crates-build-env/linux@sha256:8683fc1fc2eb5c9ac98e0d076ab094b2ffac7f99da555d2b6a2e27f346de2ec7" "sleep" "infinity", kill_on_drop: false }`
[INFO] [stdout] 6e0540c76fe7d27749aa3ba8a8acc58a4b60cd49cc56930dd4a701cc3f2107fe
[INFO] running `Command { std: "docker" "start" "6e0540c76fe7d27749aa3ba8a8acc58a4b60cd49cc56930dd4a701cc3f2107fe", kill_on_drop: false }`
[INFO] running `Command { std: "docker" "inspect" "6e0540c76fe7d27749aa3ba8a8acc58a4b60cd49cc56930dd4a701cc3f2107fe", kill_on_drop: false }`
[INFO] running `Command { std: "docker" "exec" "-e" "SOURCE_DIR=/opt/rustwide/workdir" "-e" "CARGO_HOME=/opt/rustwide/cargo-home" "-e" "RUSTUP_HOME=/opt/rustwide/rustup-home" "-e" "CARGO_TARGET_DIR=/opt/rustwide/target" "-w" "/opt/rustwide/workdir" "--user" "0:0" "6e0540c76fe7d27749aa3ba8a8acc58a4b60cd49cc56930dd4a701cc3f2107fe" "/opt/rustwide/cargo-home/bin/cargo" "+1.98.0-beta.8" "metadata" "--no-deps" "--format-version=1", kill_on_drop: false }`
[INFO] running `Command { std: "docker" "inspect" "6e0540c76fe7d27749aa3ba8a8acc58a4b60cd49cc56930dd4a701cc3f2107fe", kill_on_drop: false }`
[INFO] running `Command { std: "docker" "exec" "-e" "SOURCE_DIR=/opt/rustwide/workdir" "-e" "CARGO_HOME=/opt/rustwide/cargo-home" "-e" "RUSTUP_HOME=/opt/rustwide/rustup-home" "-e" "CARGO_TARGET_DIR=/opt/rustwide/target" "-e" "CARGO_INCREMENTAL=0" "-e" "RUST_BACKTRACE=full" "-e" "RUSTFLAGS=--cap-lints=warn" "-e" "RUSTDOCFLAGS=--cap-lints=warn" "-w" "/opt/rustwide/workdir" "--user" "0:0" "6e0540c76fe7d27749aa3ba8a8acc58a4b60cd49cc56930dd4a701cc3f2107fe" "/opt/rustwide/cargo-home/bin/cargo" "+1.98.0-beta.8" "build" "--frozen" "--message-format=json" "--release", kill_on_drop: false }`
[INFO] [stderr]    Compiling proc-macro2 v1.0.107
[INFO] [stderr]    Compiling quote v1.0.47
[INFO] [stderr]    Compiling unicode-ident v1.0.24
[INFO] [stderr]    Compiling version_check v0.9.5
[INFO] [stderr]    Compiling zmij v1.0.23
[INFO] [stderr]    Compiling serde_core v1.0.229
[INFO] [stderr]    Compiling serde v1.0.229
[INFO] [stderr]    Compiling serde_json v1.0.151
[INFO] [stderr]    Compiling typenum v1.20.1
[INFO] [stderr]    Compiling memchr v2.8.3
[INFO] [stderr]    Compiling itoa v1.0.18
[INFO] [stderr]    Compiling cfg-if v1.0.4
[INFO] [stderr]    Compiling subtle v2.6.1
[INFO] [stderr]    Compiling libc v0.2.189
[INFO] [stderr]    Compiling autocfg v1.5.1
[INFO] [stderr]    Compiling const-oid v0.9.6
[INFO] [stderr]    Compiling ident_case v1.0.1
[INFO] [stderr]    Compiling strsim v0.11.1
[INFO] [stderr]    Compiling semver v1.0.28
[INFO] [stderr]    Compiling zerocopy v0.8.56
[INFO] [stderr]    Compiling schemars v0.8.22
[INFO] [stderr]    Compiling paste v1.0.15
[INFO] [stderr]    Compiling dyn-clone v1.0.20
[INFO] [stderr]    Compiling data-encoding v2.11.1
[INFO] [stderr]    Compiling cpufeatures v0.2.17
[INFO] [stderr]    Compiling generic-array v0.14.7
[INFO] [stderr]    Compiling rustc_version v0.4.1
[INFO] [stderr]    Compiling num-traits v0.2.19
[INFO] [stderr]    Compiling ethnum v1.5.3
[INFO] [stderr]    Compiling escape-bytes v0.1.1
[INFO] [stderr]    Compiling ahash v0.8.12
[INFO] [stderr]    Compiling base16ct v0.2.0
[INFO] [stderr]    Compiling either v1.17.0
[INFO] [stderr]    Compiling arrayvec v0.7.8
[INFO] [stderr]    Compiling itertools v0.13.0
[INFO] [stderr]    Compiling allocator-api2 v0.2.21
[INFO] [stderr]    Compiling libm v0.2.16
[INFO] [stderr]    Compiling once_cell v1.21.4
[INFO] [stderr]    Compiling hybrid-array v0.4.14
[INFO] [stderr]    Compiling syn v2.0.119
[INFO] [stderr]    Compiling syn v3.0.3
[INFO] [stderr]    Compiling equivalent v1.0.2
[INFO] [stderr]    Compiling thiserror v1.0.69
[INFO] [stderr]    Compiling hashbrown v0.17.1
[INFO] [stderr]    Compiling hashbrown v0.15.5
[INFO] [stderr]    Compiling getrandom v0.2.17
[INFO] [stderr]    Compiling curve25519-dalek v4.1.3
[INFO] [stderr]    Compiling indexmap-nostd v0.4.0
[INFO] [stderr]    Compiling rand_core v0.6.4
[INFO] [stderr]    Compiling num-integer v0.1.47
[INFO] [stderr]    Compiling fnv v1.0.7
[INFO] [stderr]    Compiling prettyplease v0.2.37
[INFO] [stderr]    Compiling ff v0.13.1
[INFO] [stderr]    Compiling downcast-rs v1.2.1
[INFO] [stderr]    Compiling num-bigint v0.4.8
[INFO] [stderr]    Compiling crypto-common v0.2.2
[INFO] [stderr]    Compiling group v0.13.0
[INFO] [stderr]    Compiling block-buffer v0.12.1
[INFO] [stderr]    Compiling block-buffer v0.10.4
[INFO] [stderr]    Compiling crypto-common v0.1.7
[INFO] [stderr]    Compiling indexmap v2.14.0
[INFO] [stderr]    Compiling digest v0.10.7
[INFO] [stderr]    Compiling wasmparser-nostd v0.100.2
[INFO] [stderr]    Compiling sha2 v0.10.9
[INFO] [stderr]    Compiling curve25519-dalek v5.0.0
[INFO] [stderr]    Compiling wasmi_arena v0.4.1
[INFO] [stderr]    Compiling wasmi_core v0.13.0
[INFO] [stderr]    Compiling base64 v0.22.1
[INFO] [stderr]    Compiling spin v0.9.9
[INFO] [stderr]    Compiling heapless v0.8.0
[INFO] [stderr]    Compiling hex v0.4.3
[INFO] [stderr]    Compiling smallvec v1.15.2
[INFO] [stderr]    Compiling wasmparser v0.116.1
[INFO] [stderr]    Compiling byteorder v1.5.0
[INFO] [stderr]    Compiling digest v0.11.3
[INFO] [stderr]    Compiling hash32 v0.3.1
[INFO] [stderr]    Compiling static_assertions v1.1.0
[INFO] [stderr]    Compiling cpufeatures v0.3.0
[INFO] [stderr]    Compiling soroban-env-host v27.0.1
[INFO] [stderr]    Compiling keccak v0.1.6
[INFO] [stderr]    Compiling stable_deref_trait v1.2.1
[INFO] [stderr]    Compiling hex-literal v0.4.1
[INFO] [stderr]    Compiling heck v0.5.0
[INFO] [stderr]    Compiling serde_derive v1.0.229
[INFO] [stderr]    Compiling enum-ordinalize-derive v4.4.2
[INFO] [stderr]    Compiling enum-ordinalize v4.4.2
[INFO] [stderr]    Compiling ppv-lite86 v0.2.21
[INFO] [stderr]    Compiling rand_chacha v0.3.1
[INFO] [stderr]    Compiling darling_core v0.23.0
[INFO] [stderr]    Compiling darling_core v0.20.11
[INFO] [stderr]    Compiling macro-string v0.1.4
[INFO] [stderr]    Compiling rand v0.8.7
[INFO] [stderr]    Compiling zeroize_derive v1.5.0
[INFO] [stderr]    Compiling cfg_eval v0.1.2
[INFO] [stderr]    Compiling ark-serialize-derive v0.5.0
[INFO] [stderr]    Compiling ark-ff-asm v0.5.0
[INFO] [stderr]    Compiling ark-ff-macros v0.5.0
[INFO] [stderr]    Compiling educe v0.6.0
[INFO] [stderr]    Compiling thiserror-impl v1.0.69
[INFO] [stderr]    Compiling num-derive v0.4.2
[INFO] [stderr]    Compiling ark-std v0.5.0
[INFO] [stderr]    Compiling curve25519-dalek-derive v0.1.1
[INFO] [stderr]    Compiling zeroize v1.9.0
[INFO] [stderr]    Compiling soroban-builtin-sdk-macros v27.0.1
[INFO] [stderr]    Compiling bytes-lit v0.0.6
[INFO] [stderr]    Compiling visibility v0.1.1
[INFO] [stderr]    Compiling der v0.7.10
[INFO] [stderr]    Compiling soroban-wasmi v0.31.1-soroban.20.0.1
[INFO] [stderr]    Compiling crypto-bigint v0.5.5
[INFO] [stderr]    Compiling sec1 v0.7.3
[INFO] [stderr]    Compiling signature v2.2.0
[INFO] [stderr]    Compiling ark-serialize v0.5.0
[INFO] [stderr]    Compiling hmac v0.12.1
[INFO] [stderr]    Compiling rfc6979 v0.4.0
[INFO] [stderr]    Compiling ed25519 v2.2.3
[INFO] [stderr]    Compiling crate-git-revision v0.0.6
[INFO] [stderr]    Compiling crate-git-revision v0.0.9
[INFO] [stderr]    Compiling stellar-strkey v0.0.13
[INFO] [stderr]    Compiling stellar-xdr v27.0.0
[INFO] [stderr]    Compiling soroban-env-common v27.0.1
[INFO] [stderr]    Compiling darling_macro v0.23.0
[INFO] [stderr]    Compiling darling v0.23.0
[INFO] [stderr]    Compiling darling_macro v0.20.11
[INFO] [stderr]    Compiling stellar-strkey v0.0.16
[INFO] [stderr]    Compiling serde_with_macros v3.22.0
[INFO] [stderr]    Compiling soroban-sdk v27.0.6
[INFO] [stderr]    Compiling ark-ff v0.5.0
[INFO] [stderr]    Compiling sha3 v0.10.9
[INFO] [stderr]    Compiling elliptic-curve v0.13.8
[INFO] [stderr]    Compiling darling v0.20.11
[INFO] [stderr]    Compiling ecdsa v0.16.9
[INFO] [stderr]    Compiling primeorder v0.13.6
[INFO] [stderr]    Compiling serde_with v3.22.0
[INFO] [stderr]    Compiling ed25519-dalek v2.2.0
[INFO] [stderr]    Compiling p256 v0.13.2
[INFO] [stderr]    Compiling k256 v0.13.4
[INFO] [stderr]    Compiling ark-poly v0.5.0
[INFO] [stderr]    Compiling ark-ec v0.5.0
[INFO] [stderr]    Compiling ark-bn254 v0.5.0
[INFO] [stderr]    Compiling ark-bls12-381 v0.5.0
[INFO] [stderr]    Compiling soroban-spec v27.0.6
[INFO] [stderr]    Compiling soroban-spec-rust v27.0.6
[INFO] [stderr]    Compiling soroban-env-macros v27.0.1
[INFO] [stderr]    Compiling soroban-sdk-macros v27.0.6
[INFO] [stderr]    Compiling soroban-poseidon v27.0.0
[INFO] [stderr]    Compiling anonvote v0.1.0 (/opt/rustwide/workdir/contracts/anonvote)
[INFO] [stderr]     Finished `release` profile [optimized] target(s) in 2m 32s
[INFO] running `Command { std: "docker" "inspect" "6e0540c76fe7d27749aa3ba8a8acc58a4b60cd49cc56930dd4a701cc3f2107fe", kill_on_drop: false }`
[INFO] running `Command { std: "docker" "exec" "-e" "SOURCE_DIR=/opt/rustwide/workdir" "-e" "CARGO_HOME=/opt/rustwide/cargo-home" "-e" "RUSTUP_HOME=/opt/rustwide/rustup-home" "-e" "CARGO_TARGET_DIR=/opt/rustwide/target" "-e" "CARGO_INCREMENTAL=0" "-e" "RUST_BACKTRACE=full" "-e" "RUSTFLAGS=--cap-lints=warn" "-e" "RUSTDOCFLAGS=--cap-lints=warn" "-w" "/opt/rustwide/workdir" "--user" "0:0" "6e0540c76fe7d27749aa3ba8a8acc58a4b60cd49cc56930dd4a701cc3f2107fe" "/opt/rustwide/cargo-home/bin/cargo" "+1.98.0-beta.8" "test" "--frozen" "--no-run" "--message-format=json" "--release", kill_on_drop: false }`
[INFO] [stderr]    Compiling typenum v1.20.1
[INFO] [stderr]    Compiling cfg-if v1.0.4
[INFO] [stderr]    Compiling subtle v2.6.1
[INFO] [stderr]    Compiling const-oid v0.9.6
[INFO] [stderr]    Compiling libc v0.2.189
[INFO] [stderr]    Compiling num-traits v0.2.19
[INFO] [stderr]    Compiling zerocopy v0.8.56
[INFO] [stderr]    Compiling serde_core v1.0.229
[INFO] [stderr]    Compiling zeroize v1.9.0
[INFO] [stderr]    Compiling cpufeatures v0.2.17
[INFO] [stderr]    Compiling either v1.17.0
[INFO] [stderr]    Compiling base16ct v0.2.0
[INFO] [stderr]    Compiling arrayvec v0.7.8
[INFO] [stderr]    Compiling zmij v1.0.23
[INFO] [stderr]    Compiling serde_json v1.0.151
[INFO] [stderr]    Compiling itoa v1.0.18
[INFO] [stderr]    Compiling memchr v2.8.3
[INFO] [stderr]    Compiling allocator-api2 v0.2.21
[INFO] [stderr]    Compiling once_cell v1.21.4
[INFO] [stderr]    Compiling schemars v0.8.22
[INFO] [stderr]    Compiling data-encoding v2.11.1
[INFO] [stderr]    Compiling dyn-clone v1.0.20
[INFO] [stderr]    Compiling libm v0.2.16
[INFO] [stderr]    Compiling der v0.7.10
[INFO] [stderr]    Compiling stellar-xdr v27.0.0
[INFO] [stderr]    Compiling derive_arbitrary v1.3.2
[INFO] [stderr]    Compiling hashbrown v0.17.1
[INFO] [stderr]    Compiling downcast-rs v1.2.1
[INFO] [stderr]    Compiling equivalent v1.0.2
[INFO] [stderr]    Compiling indexmap-nostd v0.4.0
[INFO] [stderr]    Compiling soroban-env-common v27.0.1
[INFO] [stderr]    Compiling ethnum v1.5.3
[INFO] [stderr]    Compiling itertools v0.13.0
[INFO] [stderr]    Compiling wasmparser-nostd v0.100.2
[INFO] [stderr]    Compiling smallvec v1.15.2
[INFO] [stderr]    Compiling hashbrown v0.15.5
[INFO] [stderr]    Compiling wasmi_arena v0.4.1
[INFO] [stderr]    Compiling stellar-strkey v0.0.13
[INFO] [stderr]    Compiling getrandom v0.2.17
[INFO] [stderr]    Compiling num-integer v0.1.47
[INFO] [stderr]    Compiling arbitrary v1.3.2
[INFO] [stderr]    Compiling rand_core v0.6.4
[INFO] [stderr]    Compiling base64 v0.22.1
[INFO] [stderr]    Compiling semver v1.0.28
[INFO] [stderr]    Compiling indexmap v2.14.0
[INFO] [stderr]    Compiling escape-bytes v0.1.1
[INFO] [stderr]    Compiling ff v0.13.1
[INFO] [stderr]    Compiling num-bigint v0.4.8
[INFO] [stderr]    Compiling group v0.13.0
[INFO] [stderr]    Compiling spin v0.9.9
[INFO] [stderr]    Compiling keccak v0.1.6
[INFO] [stderr]    Compiling static_assertions v1.1.0
[INFO] [stderr]    Compiling byteorder v1.5.0
[INFO] [stderr]    Compiling soroban-env-host v27.0.1
[INFO] [stderr]    Compiling cpufeatures v0.3.0
[INFO] [stderr]    Compiling hash32 v0.3.1
[INFO] [stderr]    Compiling wasmi_core v0.13.0
[INFO] [stderr]    Compiling thiserror v1.0.69
[INFO] [stderr]    Compiling stable_deref_trait v1.2.1
[INFO] [stderr]    Compiling hex-literal v0.4.1
[INFO] [stderr]    Compiling dtor-proc-macro v0.0.6
[INFO] [stderr]    Compiling heapless v0.8.0
[INFO] [stderr]    Compiling soroban-sdk v27.0.6
[INFO] [stderr]    Compiling generic-array v0.14.7
[INFO] [stderr]    Compiling hybrid-array v0.4.14
[INFO] [stderr]    Compiling ctor-proc-macro v0.0.6
[INFO] [stderr]    Compiling wasmparser v0.116.1
[INFO] [stderr]    Compiling soroban-sdk-macros v27.0.6
[INFO] [stderr]    Compiling dtor v0.1.1
[INFO] [stderr]    Compiling ctor v0.5.0
[INFO] [stderr]    Compiling stellar-strkey v0.0.16
[INFO] [stderr]    Compiling block-buffer v0.12.1
[INFO] [stderr]    Compiling crypto-common v0.2.2
[INFO] [stderr]    Compiling block-buffer v0.10.4
[INFO] [stderr]    Compiling crypto-common v0.1.7
[INFO] [stderr]    Compiling sec1 v0.7.3
[INFO] [stderr]    Compiling crypto-bigint v0.5.5
[INFO] [stderr]    Compiling digest v0.10.7
[INFO] [stderr]    Compiling sha2 v0.10.9
[INFO] [stderr]    Compiling signature v2.2.0
[INFO] [stderr]    Compiling hmac v0.12.1
[INFO] [stderr]    Compiling curve25519-dalek v4.1.3
[INFO] [stderr]    Compiling sha3 v0.10.9
[INFO] [stderr]    Compiling digest v0.11.3
[INFO] [stderr]    Compiling ed25519 v2.2.3
[INFO] [stderr]    Compiling rfc6979 v0.4.0
[INFO] [stderr]    Compiling curve25519-dalek v5.0.0
[INFO] [stderr]    Compiling serde v1.0.229
[INFO] [stderr]    Compiling ed25519-dalek v2.2.0
[INFO] [stderr]    Compiling elliptic-curve v0.13.8
[INFO] [stderr]    Compiling hex v0.4.3
[INFO] [stderr]    Compiling ecdsa v0.16.9
[INFO] [stderr]    Compiling primeorder v0.13.6
[INFO] [stderr]    Compiling soroban-wasmi v0.31.1-soroban.20.0.1
[INFO] [stderr]    Compiling p256 v0.13.2
[INFO] [stderr]    Compiling k256 v0.13.4
[INFO] [stderr]    Compiling ppv-lite86 v0.2.21
[INFO] [stderr]    Compiling ahash v0.8.12
[INFO] [stderr]    Compiling rand_chacha v0.3.1
[INFO] [stderr]    Compiling serde_with v3.22.0
[INFO] [stderr]    Compiling rand v0.8.7
[INFO] [stderr]    Compiling ark-std v0.5.0
[INFO] [stderr]    Compiling ark-serialize v0.5.0
[INFO] [stderr]    Compiling ark-ff v0.5.0
[INFO] [stderr]    Compiling ark-poly v0.5.0
[INFO] [stderr]    Compiling ark-ec v0.5.0
[INFO] [stderr]    Compiling ark-bn254 v0.5.0
[INFO] [stderr]    Compiling ark-bls12-381 v0.5.0
[INFO] [stderr]    Compiling soroban-ledger-snapshot v27.0.6
[INFO] [stderr]    Compiling soroban-poseidon v27.0.0
[INFO] [stderr]    Compiling anonvote v0.1.0 (/opt/rustwide/workdir/contracts/anonvote)
[INFO] [stderr]     Finished `release` profile [optimized] target(s) in 4m 04s
[INFO] running `Command { std: "docker" "inspect" "6e0540c76fe7d27749aa3ba8a8acc58a4b60cd49cc56930dd4a701cc3f2107fe", kill_on_drop: false }`
[INFO] running `Command { std: "docker" "exec" "-e" "SOURCE_DIR=/opt/rustwide/workdir" "-e" "CARGO_HOME=/opt/rustwide/cargo-home" "-e" "RUSTUP_HOME=/opt/rustwide/rustup-home" "-e" "CARGO_TARGET_DIR=/opt/rustwide/target" "-e" "CARGO_INCREMENTAL=0" "-e" "RUST_BACKTRACE=full" "-e" "RUSTFLAGS=--cap-lints=warn" "-e" "RUSTDOCFLAGS=--cap-lints=warn" "-w" "/opt/rustwide/workdir" "--user" "0:0" "6e0540c76fe7d27749aa3ba8a8acc58a4b60cd49cc56930dd4a701cc3f2107fe" "/opt/rustwide/cargo-home/bin/cargo" "+1.98.0-beta.8" "test" "--frozen" "--release", kill_on_drop: false }`
[INFO] [stderr]     Finished `release` profile [optimized] target(s) in 0.44s
[INFO] [stderr]      Running unittests src/lib.rs (/opt/rustwide/target/release/deps/anonvote-1b50abf56067faa1)
[INFO] [stdout] 
[INFO] [stdout] running 13 tests
[INFO] [stdout] test test::rounds_are_independent_and_permissionless_to_create ... FAILED
[INFO] [stdout] test test::register_requires_eligibility ... FAILED
[INFO] [stdout] test test::registration_closes_once_voting_opens ... FAILED
[INFO] [stdout] test test::only_the_round_admin_can_finalize ... FAILED
[INFO] [stdout] test test::vote_before_voting_opens_is_rejected ... FAILED
[INFO] [stdout] test test::a_proof_built_for_the_wrong_round_is_rejected ... FAILED
[INFO] [stdout] test test::double_registration_is_rejected ... FAILED
[INFO] [stdout] test test::register_adds_voter_to_the_anonymity_set ... FAILED
[INFO] [stdout] test test::valid_vote_is_accepted_and_updates_the_tally ... FAILED
[INFO] [stdout] test test::double_voting_with_the_same_nullifier_is_rejected ... FAILED
[INFO] [stdout] test test::invalid_choice_is_rejected ... FAILED
[INFO] [stdout] test test::finalize_round_freezes_the_tally_and_closes_voting ... FAILED
[INFO] [stdout] test test::tally_is_correct_across_many_voters_and_choices ... FAILED
[INFO] [stdout] 
[INFO] [stdout] failures:
[INFO] [stdout] 
[INFO] [stdout] ---- test::rounds_are_independent_and_permissionless_to_create stdout ----
[INFO] [stdout] Writing test snapshot file for test "test::rounds_are_independent_and_permissionless_to_create" to "test_snapshots/test/rounds_are_independent_and_permissionless_to_create.1.json".
[INFO] [stdout] 
[INFO] [stdout] thread 'test::rounds_are_independent_and_permissionless_to_create' (4372) panicked at /opt/rustwide/cargo-home/registry/src/index.crates.io-1949cf8c6b5b557f/soroban-sdk-27.0.6/src/env.rs:2100:32:
[INFO] [stdout] called `Result::unwrap()` on an `Err` value: Os { code: 30, kind: ReadOnlyFilesystem, message: "Read-only file system" }
[INFO] [stdout] stack backtrace:
[INFO] [stdout]    0:     0x5c38ab0429ad - <unknown>
[INFO] [stdout]    1:     0x5c38aaea3ac4 - <unknown>
[INFO] [stdout]    2:     0x5c38ab041fdb - <unknown>
[INFO] [stdout]    3:     0x5c38ab041b79 - <unknown>
[INFO] [stdout]    4:     0x5c38ab0417fa - <unknown>
[INFO] [stdout]    5:     0x5c38ab041382 - <unknown>
[INFO] [stdout]    6:     0x5c38ab067d61 - <unknown>
[INFO] [stdout]    7:     0x5c38ab067d19 - <unknown>
[INFO] [stdout]    8:     0x5c38ab06820c - <unknown>
[INFO] [stdout]    9:     0x5c38aaea395b - <unknown>
[INFO] [stdout]   10:     0x5c38aaea7201 - <unknown>
[INFO] [stdout]   11:     0x5c38ab00972f - <unknown>
[INFO] [stdout]   12:     0x5c38aae88664 - <unknown>
[INFO] [stdout]   13:     0x5c38aae9d1b4 - <unknown>
[INFO] [stdout]   14:     0x5c38ab08100b - <unknown>
[INFO] [stdout]   15:     0x5c38ab07d3e7 - <unknown>
[INFO] [stdout]   16:     0x5c38ab07ceac - <unknown>
[INFO] [stdout]   17:     0x5c38ab09662c - <unknown>
[INFO] [stdout]   18:     0x5c38ab069262 - <unknown>
[INFO] [stdout]   19:     0x76789bd5307a - <unknown>
[INFO] [stdout]   20:     0x76789bde6534 - clone
[INFO] [stdout]   21:                0x0 - <unknown>
[INFO] [stdout] 
[INFO] [stdout] ---- test::register_requires_eligibility stdout ----
[INFO] [stdout] Writing test snapshot file for test "test::register_requires_eligibility" to "test_snapshots/test/register_requires_eligibility.1.json".
[INFO] [stdout] 
[INFO] [stdout] thread 'test::register_requires_eligibility' (4370) panicked at /opt/rustwide/cargo-home/registry/src/index.crates.io-1949cf8c6b5b557f/soroban-sdk-27.0.6/src/env.rs:2100:32:
[INFO] [stdout] called `Result::unwrap()` on an `Err` value: Os { code: 30, kind: ReadOnlyFilesystem, message: "Read-only file system" }
[INFO] [stdout] stack backtrace:
[INFO] [stdout]    0:     0x5c38ab0429ad - <unknown>
[INFO] [stdout]    1:     0x5c38aaea3ac4 - <unknown>
[INFO] [stdout]    2:     0x5c38ab041fdb - <unknown>
[INFO] [stdout]    3:     0x5c38ab041b79 - <unknown>
[INFO] [stdout]    4:     0x5c38ab0417fa - <unknown>
[INFO] [stdout]    5:     0x5c38ab041382 - <unknown>
[INFO] [stdout]    6:     0x5c38ab067d61 - <unknown>
[INFO] [stdout]    7:     0x5c38ab067d19 - <unknown>
[INFO] [stdout]    8:     0x5c38ab06820c - <unknown>
[INFO] [stdout]    9:     0x5c38aaea395b - <unknown>
[INFO] [stdout]   10:     0x5c38aaea7201 - <unknown>
[INFO] [stdout]   11:     0x5c38ab00972f - <unknown>
[INFO] [stdout]   12:     0x5c38aae88664 - <unknown>
[INFO] [stdout]   13:     0x5c38aae99f4a - <unknown>
[INFO] [stdout]   14:     0x5c38ab08100b - <unknown>
[INFO] [stdout]   15:     0x5c38ab07d3e7 - <unknown>
[INFO] [stdout]   16:     0x5c38ab07ceac - <unknown>
[INFO] [stdout]   17:     0x5c38ab09662c - <unknown>
[INFO] [stdout]   18:     0x5c38ab069262 - <unknown>
[INFO] [stdout]   19:     0x76789bd5307a - <unknown>
[INFO] [stdout]   20:     0x76789bde6534 - clone
[INFO] [stdout]   21:                0x0 - <unknown>
[INFO] [stdout] 
[INFO] [stdout] ---- test::registration_closes_once_voting_opens stdout ----
[INFO] [stdout] Writing test snapshot file for test "test::registration_closes_once_voting_opens" to "test_snapshots/test/registration_closes_once_voting_opens.1.json".
[INFO] [stdout] 
[INFO] [stdout] thread 'test::registration_closes_once_voting_opens' (4371) panicked at /opt/rustwide/cargo-home/registry/src/index.crates.io-1949cf8c6b5b557f/soroban-sdk-27.0.6/src/env.rs:2100:32:
[INFO] [stdout] called `Result::unwrap()` on an `Err` value: Os { code: 30, kind: ReadOnlyFilesystem, message: "Read-only file system" }
[INFO] [stdout] stack backtrace:
[INFO] [stdout]    0:     0x5c38ab0429ad - <unknown>
[INFO] [stdout]    1:     0x5c38aaea3ac4 - <unknown>
[INFO] [stdout]    2:     0x5c38ab041fdb - <unknown>
[INFO] [stdout]    3:     0x5c38ab041b79 - <unknown>
[INFO] [stdout]    4:     0x5c38ab0417fa - <unknown>
[INFO] [stdout]    5:     0x5c38ab041382 - <unknown>
[INFO] [stdout]    6:     0x5c38ab067d61 - <unknown>
[INFO] [stdout]    7:     0x5c38ab067d19 - <unknown>
[INFO] [stdout]    8:     0x5c38ab06820c - <unknown>
[INFO] [stdout]    9:     0x5c38aaea395b - <unknown>
[INFO] [stdout]   10:     0x5c38aaea7201 - <unknown>
[INFO] [stdout]   11:     0x5c38ab00972f - <unknown>
[INFO] [stdout]   12:     0x5c38aae88664 - <unknown>
[INFO] [stdout]   13:     0x5c38aae9ac06 - <unknown>
[INFO] [stdout]   14:     0x5c38ab08100b - <unknown>
[INFO] [stdout]   15:     0x5c38ab07d3e7 - <unknown>
[INFO] [stdout]   16:     0x5c38ab07ceac - <unknown>
[INFO] [stdout]   17:     0x5c38ab09662c - <unknown>
[INFO] [stdout]   18:     0x5c38ab069262 - <unknown>
[INFO] [stdout]   19:     0x76789bd5307a - <unknown>
[INFO] [stdout]   20:     0x76789bde6534 - clone
[INFO] [stdout]   21:                0x0 - <unknown>
[INFO] [stdout] 
[INFO] [stdout] ---- test::only_the_round_admin_can_finalize stdout ----
[INFO] [stdout] Writing test snapshot file for test "test::only_the_round_admin_can_finalize" to "test_snapshots/test/only_the_round_admin_can_finalize.1.json".
[INFO] [stdout] 
[INFO] [stdout] thread 'test::only_the_round_admin_can_finalize' (4368) panicked at /opt/rustwide/cargo-home/registry/src/index.crates.io-1949cf8c6b5b557f/soroban-sdk-27.0.6/src/env.rs:2100:32:
[INFO] [stdout] called `Result::unwrap()` on an `Err` value: Os { code: 30, kind: ReadOnlyFilesystem, message: "Read-only file system" }
[INFO] [stdout] stack backtrace:
[INFO] [stdout]    0:     0x5c38ab0429ad - <unknown>
[INFO] [stdout]    1:     0x5c38aaea3ac4 - <unknown>
[INFO] [stdout]    2:     0x5c38ab041fdb - <unknown>
[INFO] [stdout]    3:     0x5c38ab041b79 - <unknown>
[INFO] [stdout]    4:     0x5c38ab0417fa - <unknown>
[INFO] [stdout]    5:     0x5c38ab041382 - <unknown>
[INFO] [stdout]    6:     0x5c38ab067d61 - <unknown>
[INFO] [stdout]    7:     0x5c38ab067d19 - <unknown>
[INFO] [stdout]    8:     0x5c38ab06820c - <unknown>
[INFO] [stdout]    9:     0x5c38aaea395b - <unknown>
[INFO] [stdout]   10:     0x5c38aaea7201 - <unknown>
[INFO] [stdout]   11:     0x5c38ab00972f - <unknown>
[INFO] [stdout]   12:     0x5c38aae88664 - <unknown>
[INFO] [stdout]   13:     0x5c38aae9a569 - <unknown>
[INFO] [stdout]   14:     0x5c38ab08100b - <unknown>
[INFO] [stdout]   15:     0x5c38ab07d3e7 - <unknown>
[INFO] [stdout]   16:     0x5c38ab07ceac - <unknown>
[INFO] [stdout]   17:     0x5c38ab09662c - <unknown>
[INFO] [stdout]   18:     0x5c38ab069262 - <unknown>
[INFO] [stdout]   19:     0x76789bd5307a - <unknown>
[INFO] [stdout]   20:     0x76789bde6534 - clone
[INFO] [stdout]   21:                0x0 - <unknown>
[INFO] [stdout] 
[INFO] [stdout] ---- test::vote_before_voting_opens_is_rejected stdout ----
[INFO] [stdout] Writing test snapshot file for test "test::vote_before_voting_opens_is_rejected" to "test_snapshots/test/vote_before_voting_opens_is_rejected.1.json".
[INFO] [stdout] 
[INFO] [stdout] thread 'test::vote_before_voting_opens_is_rejected' (4375) panicked at /opt/rustwide/cargo-home/registry/src/index.crates.io-1949cf8c6b5b557f/soroban-sdk-27.0.6/src/env.rs:2100:32:
[INFO] [stdout] called `Result::unwrap()` on an `Err` value: Os { code: 30, kind: ReadOnlyFilesystem, message: "Read-only file system" }
[INFO] [stdout] stack backtrace:
[INFO] [stdout]    0:     0x5c38ab0429ad - <unknown>
[INFO] [stdout]    1:     0x5c38aaea3ac4 - <unknown>
[INFO] [stdout]    2:     0x5c38ab041fdb - <unknown>
[INFO] [stdout]    3:     0x5c38ab041b79 - <unknown>
[INFO] [stdout]    4:     0x5c38ab0417fa - <unknown>
[INFO] [stdout]    5:     0x5c38ab041382 - <unknown>
[INFO] [stdout]    6:     0x5c38ab067d61 - <unknown>
[INFO] [stdout]    7:     0x5c38ab067d19 - <unknown>
[INFO] [stdout]    8:     0x5c38ab06820c - <unknown>
[INFO] [stdout]    9:     0x5c38aaea395b - <unknown>
[INFO] [stdout]   10:     0x5c38aaea7201 - <unknown>
[INFO] [stdout]   11:     0x5c38ab00972f - <unknown>
[INFO] [stdout]   12:     0x5c38aae88664 - <unknown>
[INFO] [stdout]   13:     0x5c38aae9a91c - <unknown>
[INFO] [stdout]   14:     0x5c38ab08100b - <unknown>
[INFO] [stdout]   15:     0x5c38ab07d3e7 - <unknown>
[INFO] [stdout]   16:     0x5c38ab07ceac - <unknown>
[INFO] [stdout]   17:     0x5c38ab09662c - <unknown>
[INFO] [stdout]   18:     0x5c38ab069262 - <unknown>
[INFO] [stdout]   19:     0x76789bd5307a - <unknown>
[INFO] [stdout]   20:     0x76789bde6534 - clone
[INFO] [stdout]   21:                0x0 - <unknown>
[INFO] [stdout] 
[INFO] [stdout] ---- test::a_proof_built_for_the_wrong_round_is_rejected stdout ----
[INFO] [stdout] Writing test snapshot file for test "test::a_proof_built_for_the_wrong_round_is_rejected" to "test_snapshots/test/a_proof_built_for_the_wrong_round_is_rejected.1.json".
[INFO] [stdout] 
[INFO] [stdout] thread 'test::a_proof_built_for_the_wrong_round_is_rejected' (4363) panicked at /opt/rustwide/cargo-home/registry/src/index.crates.io-1949cf8c6b5b557f/soroban-sdk-27.0.6/src/env.rs:2100:32:
[INFO] [stdout] called `Result::unwrap()` on an `Err` value: Os { code: 30, kind: ReadOnlyFilesystem, message: "Read-only file system" }
[INFO] [stdout] stack backtrace:
[INFO] [stdout]    0:     0x5c38ab0429ad - <unknown>
[INFO] [stdout]    1:     0x5c38aaea3ac4 - <unknown>
[INFO] [stdout]    2:     0x5c38ab041fdb - <unknown>
[INFO] [stdout]    3:     0x5c38ab041b79 - <unknown>
[INFO] [stdout]    4:     0x5c38ab0417fa - <unknown>
[INFO] [stdout]    5:     0x5c38ab041382 - <unknown>
[INFO] [stdout]    6:     0x5c38ab067d61 - <unknown>
[INFO] [stdout]    7:     0x5c38ab067d19 - <unknown>
[INFO] [stdout]    8:     0x5c38ab06820c - <unknown>
[INFO] [stdout]    9:     0x5c38aaea395b - <unknown>
[INFO] [stdout]   10:     0x5c38aaea7201 - <unknown>
[INFO] [stdout]   11:     0x5c38ab00972f - <unknown>
[INFO] [stdout]   12:     0x5c38aae88664 - <unknown>
[INFO] [stdout]   13:     0x5c38aae9ba46 - <unknown>
[INFO] [stdout]   14:     0x5c38ab08100b - <unknown>
[INFO] [stdout]   15:     0x5c38ab07d3e7 - <unknown>
[INFO] [stdout]   16:     0x5c38ab07ceac - <unknown>
[INFO] [stdout]   17:     0x5c38ab09662c - <unknown>
[INFO] [stdout]   18:     0x5c38ab069262 - <unknown>
[INFO] [stdout]   19:     0x76789bd5307a - <unknown>
[INFO] [stdout]   20:     0x76789bde6534 - clone
[INFO] [stdout]   21:                0x0 - <unknown>
[INFO] [stdout] 
[INFO] [stdout] ---- test::double_registration_is_rejected stdout ----
[INFO] [stdout] Writing test snapshot file for test "test::double_registration_is_rejected" to "test_snapshots/test/double_registration_is_rejected.1.json".
[INFO] [stdout] 
[INFO] [stdout] thread 'test::double_registration_is_rejected' (4364) panicked at /opt/rustwide/cargo-home/registry/src/index.crates.io-1949cf8c6b5b557f/soroban-sdk-27.0.6/src/env.rs:2100:32:
[INFO] [stdout] called `Result::unwrap()` on an `Err` value: Os { code: 30, kind: ReadOnlyFilesystem, message: "Read-only file system" }
[INFO] [stdout] stack backtrace:
[INFO] [stdout]    0:     0x5c38ab0429ad - <unknown>
[INFO] [stdout]    1:     0x5c38aaea3ac4 - <unknown>
[INFO] [stdout]    2:     0x5c38ab041fdb - <unknown>
[INFO] [stdout]    3:     0x5c38ab041b79 - <unknown>
[INFO] [stdout]    4:     0x5c38ab0417fa - <unknown>
[INFO] [stdout]    5:     0x5c38ab041382 - <unknown>
[INFO] [stdout]    6:     0x5c38ab067d61 - <unknown>
[INFO] [stdout]    7:     0x5c38ab067d19 - <unknown>
[INFO] [stdout]    8:     0x5c38ab06820c - <unknown>
[INFO] [stdout]    9:     0x5c38aaea395b - <unknown>
[INFO] [stdout]   10:     0x5c38aaea7201 - <unknown>
[INFO] [stdout]   11:     0x5c38ab00972f - <unknown>
[INFO] [stdout]   12:     0x5c38aae88664 - <unknown>
[INFO] [stdout]   13:     0x5c38aae9a202 - <unknown>
[INFO] [stdout]   14:     0x5c38ab08100b - <unknown>
[INFO] [stdout]   15:     0x5c38ab07d3e7 - <unknown>
[INFO] [stdout]   16:     0x5c38ab07ceac - <unknown>
[INFO] [stdout]   17:     0x5c38ab09662c - <unknown>
[INFO] [stdout]   18:     0x5c38ab069262 - <unknown>
[INFO] [stdout]   19:     0x76789bd5307a - <unknown>
[INFO] [stdout]   20:     0x76789bde6534 - clone
[INFO] [stdout]   21:                0x0 - <unknown>
[INFO] [stdout] 
[INFO] [stdout] ---- test::register_adds_voter_to_the_anonymity_set stdout ----
[INFO] [stdout] Writing test snapshot file for test "test::register_adds_voter_to_the_anonymity_set" to "test_snapshots/test/register_adds_voter_to_the_anonymity_set.1.json".
[INFO] [stdout] 
[INFO] [stdout] thread 'test::register_adds_voter_to_the_anonymity_set' (4369) panicked at /opt/rustwide/cargo-home/registry/src/index.crates.io-1949cf8c6b5b557f/soroban-sdk-27.0.6/src/env.rs:2100:32:
[INFO] [stdout] called `Result::unwrap()` on an `Err` value: Os { code: 30, kind: ReadOnlyFilesystem, message: "Read-only file system" }
[INFO] [stdout] stack backtrace:
[INFO] [stdout]    0:     0x5c38ab0429ad - <unknown>
[INFO] [stdout]    1:     0x5c38aaea3ac4 - <unknown>
[INFO] [stdout]    2:     0x5c38ab041fdb - <unknown>
[INFO] [stdout]    3:     0x5c38ab041b79 - <unknown>
[INFO] [stdout]    4:     0x5c38ab0417fa - <unknown>
[INFO] [stdout]    5:     0x5c38ab041382 - <unknown>
[INFO] [stdout]    6:     0x5c38ab067d61 - <unknown>
[INFO] [stdout]    7:     0x5c38ab067d19 - <unknown>
[INFO] [stdout]    8:     0x5c38ab06820c - <unknown>
[INFO] [stdout]    9:     0x5c38aaea395b - <unknown>
[INFO] [stdout]   10:     0x5c38aaea7201 - <unknown>
[INFO] [stdout]   11:     0x5c38ab00972f - <unknown>
[INFO] [stdout]   12:     0x5c38aae88664 - <unknown>
[INFO] [stdout]   13:     0x5c38aae9b026 - <unknown>
[INFO] [stdout]   14:     0x5c38ab08100b - <unknown>
[INFO] [stdout]   15:     0x5c38ab07d3e7 - <unknown>
[INFO] [stdout]   16:     0x5c38ab07ceac - <unknown>
[INFO] [stdout]   17:     0x5c38ab09662c - <unknown>
[INFO] [stdout]   18:     0x5c38ab069262 - <unknown>
[INFO] [stdout]   19:     0x76789bd5307a - <unknown>
[INFO] [stdout]   20:     0x76789bde6534 - clone
[INFO] [stdout]   21:                0x0 - <unknown>
[INFO] [stdout] 
[INFO] [stdout] ---- test::valid_vote_is_accepted_and_updates_the_tally stdout ----
[INFO] [stdout] Writing test snapshot file for test "test::valid_vote_is_accepted_and_updates_the_tally" to "test_snapshots/test/valid_vote_is_accepted_and_updates_the_tally.1.json".
[INFO] [stdout] 
[INFO] [stdout] thread 'test::valid_vote_is_accepted_and_updates_the_tally' (4374) panicked at /opt/rustwide/cargo-home/registry/src/index.crates.io-1949cf8c6b5b557f/soroban-sdk-27.0.6/src/env.rs:2100:32:
[INFO] [stdout] called `Result::unwrap()` on an `Err` value: Os { code: 30, kind: ReadOnlyFilesystem, message: "Read-only file system" }
[INFO] [stdout] stack backtrace:
[INFO] [stdout]    0:     0x5c38ab0429ad - <unknown>
[INFO] [stdout]    1:     0x5c38aaea3ac4 - <unknown>
[INFO] [stdout]    2:     0x5c38ab041fdb - <unknown>
[INFO] [stdout]    3:     0x5c38ab041b79 - <unknown>
[INFO] [stdout]    4:     0x5c38ab0417fa - <unknown>
[INFO] [stdout]    5:     0x5c38ab041382 - <unknown>
[INFO] [stdout]    6:     0x5c38ab067d61 - <unknown>
[INFO] [stdout]    7:     0x5c38ab067d19 - <unknown>
[INFO] [stdout]    8:     0x5c38ab06820c - <unknown>
[INFO] [stdout]    9:     0x5c38aaea395b - <unknown>
[INFO] [stdout]   10:     0x5c38aaea7201 - <unknown>
[INFO] [stdout]   11:     0x5c38ab00972f - <unknown>
[INFO] [stdout]   12:     0x5c38aae88664 - <unknown>
[INFO] [stdout]   13:     0x5c38aae9b5a5 - <unknown>
[INFO] [stdout]   14:     0x5c38ab08100b - <unknown>
[INFO] [stdout]   15:     0x5c38ab07d3e7 - <unknown>
[INFO] [stdout]   16:     0x5c38ab07ceac - <unknown>
[INFO] [stdout]   17:     0x5c38ab09662c - <unknown>
[INFO] [stdout]   18:     0x5c38ab069262 - <unknown>
[INFO] [stdout]   19:     0x76789bd5307a - <unknown>
[INFO] [stdout]   20:     0x76789bde6534 - clone
[INFO] [stdout]   21:                0x0 - <unknown>
[INFO] [stdout] 
[INFO] [stdout] ---- test::double_voting_with_the_same_nullifier_is_rejected stdout ----
[INFO] [stdout] Writing test snapshot file for test "test::double_voting_with_the_same_nullifier_is_rejected" to "test_snapshots/test/double_voting_with_the_same_nullifier_is_rejected.1.json".
[INFO] [stdout] 
[INFO] [stdout] thread 'test::double_voting_with_the_same_nullifier_is_rejected' (4365) panicked at /opt/rustwide/cargo-home/registry/src/index.crates.io-1949cf8c6b5b557f/soroban-sdk-27.0.6/src/env.rs:2100:32:
[INFO] [stdout] called `Result::unwrap()` on an `Err` value: Os { code: 30, kind: ReadOnlyFilesystem, message: "Read-only file system" }
[INFO] [stdout] stack backtrace:
[INFO] [stdout]    0:     0x5c38ab0429ad - <unknown>
[INFO] [stdout]    1:     0x5c38aaea3ac4 - <unknown>
[INFO] [stdout]    2:     0x5c38ab041fdb - <unknown>
[INFO] [stdout]    3:     0x5c38ab041b79 - <unknown>
[INFO] [stdout]    4:     0x5c38ab0417fa - <unknown>
[INFO] [stdout]    5:     0x5c38ab041382 - <unknown>
[INFO] [stdout]    6:     0x5c38ab067d61 - <unknown>
[INFO] [stdout]    7:     0x5c38ab067d19 - <unknown>
[INFO] [stdout]    8:     0x5c38ab06820c - <unknown>
[INFO] [stdout]    9:     0x5c38aaea395b - <unknown>
[INFO] [stdout]   10:     0x5c38aaea7201 - <unknown>
[INFO] [stdout]   11:     0x5c38ab00972f - <unknown>
[INFO] [stdout]   12:     0x5c38aae88664 - <unknown>
[INFO] [stdout]   13:     0x5c38aae9c4a9 - <unknown>
[INFO] [stdout]   14:     0x5c38ab08100b - <unknown>
[INFO] [stdout]   15:     0x5c38ab07d3e7 - <unknown>
[INFO] [stdout]   16:     0x5c38ab07ceac - <unknown>
[INFO] [stdout]   17:     0x5c38ab09662c - <unknown>
[INFO] [stdout]   18:     0x5c38ab069262 - <unknown>
[INFO] [stdout]   19:     0x76789bd5307a - <unknown>
[INFO] [stdout]   20:     0x76789bde6534 - clone
[INFO] [stdout]   21:                0x0 - <unknown>
[INFO] [stdout] 
[INFO] [stdout] ---- test::invalid_choice_is_rejected stdout ----
[INFO] [stdout] Writing test snapshot file for test "test::invalid_choice_is_rejected" to "test_snapshots/test/invalid_choice_is_rejected.1.json".
[INFO] [stdout] 
[INFO] [stdout] thread 'test::invalid_choice_is_rejected' (4367) panicked at /opt/rustwide/cargo-home/registry/src/index.crates.io-1949cf8c6b5b557f/soroban-sdk-27.0.6/src/env.rs:2100:32:
[INFO] [stdout] called `Result::unwrap()` on an `Err` value: Os { code: 30, kind: ReadOnlyFilesystem, message: "Read-only file system" }
[INFO] [stdout] stack backtrace:
[INFO] [stdout]    0:     0x5c38ab0429ad - <unknown>
[INFO] [stdout]    1:     0x5c38aaea3ac4 - <unknown>
[INFO] [stdout]    2:     0x5c38ab041fdb - <unknown>
[INFO] [stdout]    3:     0x5c38ab041b79 - <unknown>
[INFO] [stdout]    4:     0x5c38ab0417fa - <unknown>
[INFO] [stdout]    5:     0x5c38ab041382 - <unknown>
[INFO] [stdout]    6:     0x5c38ab067d61 - <unknown>
[INFO] [stdout]    7:     0x5c38ab067d19 - <unknown>
[INFO] [stdout]    8:     0x5c38ab06820c - <unknown>
[INFO] [stdout]    9:     0x5c38aaea395b - <unknown>
[INFO] [stdout]   10:     0x5c38aaea7201 - <unknown>
[INFO] [stdout]   11:     0x5c38ab00972f - <unknown>
[INFO] [stdout]   12:     0x5c38aae88664 - <unknown>
[INFO] [stdout]   13:     0x5c38aae99c85 - <unknown>
[INFO] [stdout]   14:     0x5c38ab08100b - <unknown>
[INFO] [stdout]   15:     0x5c38ab07d3e7 - <unknown>
[INFO] [stdout]   16:     0x5c38ab07ceac - <unknown>
[INFO] [stdout]   17:     0x5c38ab09662c - <unknown>
[INFO] [stdout]   18:     0x5c38ab069262 - <unknown>
[INFO] [stdout]   19:     0x76789bd5307a - <unknown>
[INFO] [stdout]   20:     0x76789bde6534 - clone
[INFO] [stdout]   21:                0x0 - <unknown>
[INFO] [stdout] 
[INFO] [stdout] ---- test::finalize_round_freezes_the_tally_and_closes_voting stdout ----
[INFO] [stdout] Writing test snapshot file for test "test::finalize_round_freezes_the_tally_and_closes_voting" to "test_snapshots/test/finalize_round_freezes_the_tally_and_closes_voting.1.json".
[INFO] [stdout] 
[INFO] [stdout] thread 'test::finalize_round_freezes_the_tally_and_closes_voting' (4366) panicked at /opt/rustwide/cargo-home/registry/src/index.crates.io-1949cf8c6b5b557f/soroban-sdk-27.0.6/src/env.rs:2100:32:
[INFO] [stdout] called `Result::unwrap()` on an `Err` value: Os { code: 30, kind: ReadOnlyFilesystem, message: "Read-only file system" }
[INFO] [stdout] stack backtrace:
[INFO] [stdout]    0:     0x5c38ab0429ad - <unknown>
[INFO] [stdout]    1:     0x5c38aaea3ac4 - <unknown>
[INFO] [stdout]    2:     0x5c38ab041fdb - <unknown>
[INFO] [stdout]    3:     0x5c38ab041b79 - <unknown>
[INFO] [stdout]    4:     0x5c38ab0417fa - <unknown>
[INFO] [stdout]    5:     0x5c38ab041382 - <unknown>
[INFO] [stdout]    6:     0x5c38ab067d61 - <unknown>
[INFO] [stdout]    7:     0x5c38ab067d19 - <unknown>
[INFO] [stdout]    8:     0x5c38ab06820c - <unknown>
[INFO] [stdout]    9:     0x5c38aaea395b - <unknown>
[INFO] [stdout]   10:     0x5c38aaea7201 - <unknown>
[INFO] [stdout]   11:     0x5c38ab00972f - <unknown>
[INFO] [stdout]   12:     0x5c38aae88664 - <unknown>
[INFO] [stdout]   13:     0x5c38aae9ccc1 - <unknown>
[INFO] [stdout]   14:     0x5c38ab08100b - <unknown>
[INFO] [stdout]   15:     0x5c38ab07d3e7 - <unknown>
[INFO] [stdout]   16:     0x5c38ab07ceac - <unknown>
[INFO] [stdout]   17:     0x5c38ab09662c - <unknown>
[INFO] [stdout]   18:     0x5c38ab069262 - <unknown>
[INFO] [stdout]   19:     0x76789bd5307a - <unknown>
[INFO] [stdout]   20:     0x76789bde6534 - clone
[INFO] [stdout]   21:                0x0 - <unknown>
[INFO] [stdout] 
[INFO] [stdout] ---- test::tally_is_correct_across_many_voters_and_choices stdout ----
[INFO] [stdout] Writing test snapshot file for test "test::tally_is_correct_across_many_voters_and_choices" to "test_snapshots/test/tally_is_correct_across_many_voters_and_choices.1.json".
[INFO] [stdout] 
[INFO] [stdout] thread 'test::tally_is_correct_across_many_voters_and_choices' (4373) panicked at /opt/rustwide/cargo-home/registry/src/index.crates.io-1949cf8c6b5b557f/soroban-sdk-27.0.6/src/env.rs:2100:32:
[INFO] [stdout] called `Result::unwrap()` on an `Err` value: Os { code: 30, kind: ReadOnlyFilesystem, message: "Read-only file system" }
[INFO] [stdout] stack backtrace:
[INFO] [stdout]    0:     0x5c38ab0429ad - <unknown>
[INFO] [stdout]    1:     0x5c38aaea3ac4 - <unknown>
[INFO] [stdout]    2:     0x5c38ab041fdb - <unknown>
[INFO] [stdout]    3:     0x5c38ab041b79 - <unknown>
[INFO] [stdout]    4:     0x5c38ab0417fa - <unknown>
[INFO] [stdout]    5:     0x5c38ab041382 - <unknown>
[INFO] [stdout]    6:     0x5c38ab067d61 - <unknown>
[INFO] [stdout]    7:     0x5c38ab067d19 - <unknown>
[INFO] [stdout]    8:     0x5c38ab06820c - <unknown>
[INFO] [stdout]    9:     0x5c38aaea395b - <unknown>
[INFO] [stdout]   10:     0x5c38aaea7201 - <unknown>
[INFO] [stdout]   11:     0x5c38ab00972f - <unknown>
[INFO] [stdout]   12:     0x5c38aae88664 - <unknown>
[INFO] [stdout]   13:     0x5c38aae9bec8 - <unknown>
[INFO] [stdout]   14:     0x5c38ab08100b - <unknown>
[INFO] [stdout]   15:     0x5c38ab07d3e7 - <unknown>
[INFO] [stdout]   16:     0x5c38ab07ceac - <unknown>
[INFO] [stdout]   17:     0x5c38ab09662c - <unknown>
[INFO] [stdout]   18:     0x5c38ab069262 - <unknown>
[INFO] [stdout]   19:     0x76789bd5307a - <unknown>
[INFO] [stdout]   20:     0x76789bde6534 - clone
[INFO] [stdout]   21:                0x0 - <unknown>
[INFO] [stdout] 
[INFO] [stdout] 
[INFO] [stdout] failures:
[INFO] [stdout]     test::a_proof_built_for_the_wrong_round_is_rejected
[INFO] [stdout]     test::double_registration_is_rejected
[INFO] [stdout]     test::double_voting_with_the_same_nullifier_is_rejected
[INFO] [stdout]     test::finalize_round_freezes_the_tally_and_closes_voting
[INFO] [stdout]     test::invalid_choice_is_rejected
[INFO] [stdout]     test::only_the_round_admin_can_finalize
[INFO] [stdout]     test::register_adds_voter_to_the_anonymity_set
[INFO] [stdout]     test::register_requires_eligibility
[INFO] [stdout]     test::registration_closes_once_voting_opens
[INFO] [stdout]     test::rounds_are_independent_and_permissionless_to_create
[INFO] [stdout]     test::tally_is_correct_across_many_voters_and_choices
[INFO] [stdout]     test::valid_vote_is_accepted_and_updates_the_tally
[INFO] [stdout]     test::vote_before_voting_opens_is_rejected
[INFO] [stdout] 
[INFO] [stdout] test result: FAILED. 0 passed; 13 failed; 0 ignored; 0 measured; 0 filtered out; finished in 0.18s
[INFO] [stdout] 
[INFO] [stderr] error: test failed, to rerun pass `--lib`
[INFO] running `Command { std: "docker" "inspect" "6e0540c76fe7d27749aa3ba8a8acc58a4b60cd49cc56930dd4a701cc3f2107fe", kill_on_drop: false }`
[INFO] running `Command { std: "docker" "rm" "-f" "6e0540c76fe7d27749aa3ba8a8acc58a4b60cd49cc56930dd4a701cc3f2107fe", kill_on_drop: false }`
[INFO] [stdout] 6e0540c76fe7d27749aa3ba8a8acc58a4b60cd49cc56930dd4a701cc3f2107fe
