[INFO] fetching crate wh40kdc 1.3.3...
[INFO] testing wh40kdc-1.3.3 against 1.99.0-beta.1+cargoflags=--release for beta-release-1.99-2
[INFO] extracting crate wh40kdc 1.3.3 into /workspace/builds/worker-3-tc2/source
[INFO] started tweaking crates.io crate wh40kdc 1.3.3
[INFO] finished tweaking crates.io crate wh40kdc 1.3.3
[INFO] tweaked toml for crates.io crate wh40kdc 1.3.3 written to /workspace/builds/worker-3-tc2/source/Cargo.toml
[INFO] validating manifest of crates.io crate wh40kdc 1.3.3 on toolchain 1.99.0-beta.1
[INFO] running `Command { std: CARGO_HOME="/workspace/cargo-home" RUSTUP_HOME="/workspace/rustup-home" "/workspace/cargo-home/bin/cargo" "+1.99.0-beta.1" "metadata" "--manifest-path" "Cargo.toml" "--no-deps", kill_on_drop: false }`
[INFO] crate crates.io crate wh40kdc 1.3.3 already has a lockfile, it will not be regenerated
[INFO] running `Command { std: CARGO_HOME="/workspace/cargo-home" RUSTUP_HOME="/workspace/rustup-home" "/workspace/cargo-home/bin/cargo" "+1.99.0-beta.1" "fetch" "--manifest-path" "Cargo.toml", kill_on_drop: false }`
[INFO] [stderr]     Blocking waiting for file lock on package cache
[INFO] [stderr]     Updating crates.io index
[INFO] [stderr]     Blocking waiting for file lock on package cache
[INFO] [stderr]  Downloading crates ...
[INFO] [stderr]   Downloaded unicode-normalization v0.1.25
[INFO] [stderr]   Downloaded uuid-simd v0.8.0
[INFO] [stderr]   Downloaded wasm-bindgen-futures v0.4.75
[INFO] [stderr]   Downloaded outref v0.5.2
[INFO] [stderr]   Downloaded borrow-or-share v0.2.4
[INFO] [stderr]   Downloaded wasm-bindgen-shared v0.2.125
[INFO] [stderr]   Downloaded wasm-bindgen-macro v0.2.125
[INFO] [stderr]   Downloaded num-cmp v0.1.0
[INFO] [stderr]   Downloaded email_address v0.2.9
[INFO] [stderr]   Downloaded vsimd v0.8.0
[INFO] [stderr]   Downloaded data-encoding v2.11.0
[INFO] [stderr]   Downloaded bytecount v0.6.9
[INFO] [stderr]   Downloaded unicode-general-category v1.1.0
[INFO] [stderr]   Downloaded rustls-pki-types v1.14.1
[INFO] [stderr]   Downloaded fluent-uri v0.4.1
[INFO] [stderr]   Downloaded referencing v0.46.5
[INFO] [stderr]   Downloaded socket2 v0.6.4
[INFO] [stderr]   Downloaded micromap v0.3.0
[INFO] [stderr]   Downloaded wasm-bindgen v0.2.125
[INFO] [stderr]   Downloaded wasm-bindgen-macro-support v0.2.125
[INFO] [stderr]   Downloaded mio v1.2.1
[INFO] [stderr]   Downloaded fraction v0.15.4
[INFO] [stderr]   Downloaded js-sys v0.3.102
[INFO] [stderr]   Downloaded webpki-root-certs v1.0.7
[INFO] [stderr]   Downloaded hyper v1.10.1
[INFO] [stderr]   Downloaded serde_json v1.0.150
[INFO] [stderr]   Downloaded fancy-regex v0.18.0
[INFO] [stderr]   Downloaded h2 v0.4.14
[INFO] [stderr]   Downloaded jsonschema v0.46.5
[INFO] [stderr]   Downloaded aws-lc-rs v1.17.0
[INFO] [stderr]   Downloaded regress v0.10.5
[INFO] [stderr]   Downloaded rustls v0.23.40
[INFO] [stderr]   Downloaded web-sys v0.3.102
[INFO] [stderr]   Downloaded tokio v1.52.3
[INFO] [stderr]   Downloaded aws-lc-sys v0.41.0
[INFO] running `Command { std: "docker" "create" "-v" "/var/lib/crater-agent-workspace/builds/worker-3-tc2/source:/opt/rustwide/workdir:ro,Z" "-v" "/var/lib/crater-agent-workspace/builds/worker-3-tc2/target:/opt/rustwide/target:rw,Z" "-v" "/var/lib/crater-agent-workspace/cargo-home:/opt/rustwide/cargo-home:ro,Z" "-v" "/var/lib/crater-agent-workspace/rustup-home:/opt/rustwide/rustup-home:ro,Z" "-m" "1610612736" "--network" "none" "ghcr.io/rust-lang/crates-build-env/linux@sha256:8683fc1fc2eb5c9ac98e0d076ab094b2ffac7f99da555d2b6a2e27f346de2ec7" "sleep" "infinity", kill_on_drop: false }`
[INFO] [stdout] 29ce31a612d69068333ba5ed4358ba2bfb652dc76a681af2bc900ca081fb9043
[INFO] running `Command { std: "docker" "start" "29ce31a612d69068333ba5ed4358ba2bfb652dc76a681af2bc900ca081fb9043", kill_on_drop: false }`
[INFO] running `Command { std: "docker" "inspect" "29ce31a612d69068333ba5ed4358ba2bfb652dc76a681af2bc900ca081fb9043", kill_on_drop: false }`
[INFO] running `Command { std: "docker" "exec" "-e" "SOURCE_DIR=/opt/rustwide/workdir" "-e" "CARGO_HOME=/opt/rustwide/cargo-home" "-e" "RUSTUP_HOME=/opt/rustwide/rustup-home" "-e" "CARGO_TARGET_DIR=/opt/rustwide/target" "-w" "/opt/rustwide/workdir" "--user" "0:0" "29ce31a612d69068333ba5ed4358ba2bfb652dc76a681af2bc900ca081fb9043" "/opt/rustwide/cargo-home/bin/cargo" "+1.99.0-beta.1" "metadata" "--no-deps" "--format-version=1", kill_on_drop: false }`
[INFO] running `Command { std: "docker" "inspect" "29ce31a612d69068333ba5ed4358ba2bfb652dc76a681af2bc900ca081fb9043", kill_on_drop: false }`
[INFO] running `Command { std: "docker" "exec" "-e" "SOURCE_DIR=/opt/rustwide/workdir" "-e" "CARGO_HOME=/opt/rustwide/cargo-home" "-e" "RUSTUP_HOME=/opt/rustwide/rustup-home" "-e" "CARGO_TARGET_DIR=/opt/rustwide/target" "-e" "CARGO_INCREMENTAL=0" "-e" "RUST_BACKTRACE=full" "-e" "RUSTFLAGS=--cap-lints=warn" "-e" "RUSTDOCFLAGS=--cap-lints=warn" "-w" "/opt/rustwide/workdir" "--user" "0:0" "29ce31a612d69068333ba5ed4358ba2bfb652dc76a681af2bc900ca081fb9043" "/opt/rustwide/cargo-home/bin/cargo" "+1.99.0-beta.1" "build" "--frozen" "--message-format=json" "--release", kill_on_drop: false }`
[INFO] [stderr]    Compiling proc-macro2 v1.0.106
[INFO] [stderr]    Compiling quote v1.0.45
[INFO] [stderr]    Compiling serde_core v1.0.228
[INFO] [stderr]    Compiling equivalent v1.0.2
[INFO] [stderr]    Compiling autocfg v1.5.1
[INFO] [stderr]    Compiling serde v1.0.228
[INFO] [stderr]    Compiling crc32fast v1.5.0
[INFO] [stderr]    Compiling cfg-if v1.0.4
[INFO] [stderr]    Compiling regex-syntax v0.8.11
[INFO] [stderr]    Compiling memchr v2.8.2
[INFO] [stderr]    Compiling tinyvec_macros v0.1.1
[INFO] [stderr]    Compiling simd-adler32 v0.3.9
[INFO] [stderr]    Compiling serde_json v1.0.150
[INFO] [stderr]    Compiling foldhash v0.2.0
[INFO] [stderr]    Compiling hashbrown v0.17.1
[INFO] [stderr]    Compiling num-traits v0.2.19
[INFO] [stderr]    Compiling adler2 v2.0.1
[INFO] [stderr]    Compiling miniz_oxide v0.8.9
[INFO] [stderr]    Compiling indexmap v2.14.0
[INFO] [stderr]    Compiling syn v2.0.117
[INFO] [stderr]    Compiling hashbrown v0.16.1
[INFO] [stderr]    Compiling tinyvec v1.11.0
[INFO] [stderr]    Compiling iana-time-zone v0.1.65
[INFO] [stderr]    Compiling unicode-normalization v0.1.25
[INFO] [stderr]    Compiling flate2 v1.1.9
[INFO] [stderr]    Compiling once_cell v1.21.4
[INFO] [stderr]    Compiling regress v0.10.5
[INFO] [stderr]    Compiling regex-automata v0.4.14
[INFO] [stderr]    Compiling base64 v0.22.1
[INFO] [stderr]    Compiling serde_derive v1.0.228
[INFO] [stderr]    Compiling regex v1.12.4
[INFO] [stderr]    Compiling chrono v0.4.45
[INFO] [stderr]    Compiling wh40kdc v1.3.3 (/opt/rustwide/workdir)
[INFO] [stderr]     Finished `release` profile [optimized] target(s) in 3m 11s
[INFO] running `Command { std: "docker" "inspect" "29ce31a612d69068333ba5ed4358ba2bfb652dc76a681af2bc900ca081fb9043", kill_on_drop: false }`
[INFO] running `Command { std: "docker" "exec" "-e" "SOURCE_DIR=/opt/rustwide/workdir" "-e" "CARGO_HOME=/opt/rustwide/cargo-home" "-e" "RUSTUP_HOME=/opt/rustwide/rustup-home" "-e" "CARGO_TARGET_DIR=/opt/rustwide/target" "-e" "CARGO_INCREMENTAL=0" "-e" "RUST_BACKTRACE=full" "-e" "RUSTFLAGS=--cap-lints=warn" "-e" "RUSTDOCFLAGS=--cap-lints=warn" "-w" "/opt/rustwide/workdir" "--user" "0:0" "29ce31a612d69068333ba5ed4358ba2bfb652dc76a681af2bc900ca081fb9043" "/opt/rustwide/cargo-home/bin/cargo" "+1.99.0-beta.1" "test" "--frozen" "--no-run" "--message-format=json" "--release", kill_on_drop: false }`
[INFO] [stderr]    Compiling libc v0.2.186
[INFO] [stderr]    Compiling stable_deref_trait v1.2.1
[INFO] [stderr]    Compiling shlex v2.0.1
[INFO] [stderr]    Compiling find-msvc-tools v0.1.9
[INFO] [stderr]    Compiling memchr v2.8.2
[INFO] [stderr]    Compiling bytes v1.11.1
[INFO] [stderr]    Compiling pin-project-lite v0.2.17
[INFO] [stderr]    Compiling syn v2.0.117
[INFO] [stderr]    Compiling dunce v1.0.5
[INFO] [stderr]    Compiling futures-core v0.3.32
[INFO] [stderr]    Compiling fs_extra v1.3.0
[INFO] [stderr]    Compiling smallvec v1.15.2
[INFO] [stderr]    Compiling num-traits v0.2.19
[INFO] [stderr]    Compiling serde_core v1.0.228
[INFO] [stderr]    Compiling futures-sink v0.3.32
[INFO] [stderr]    Compiling serde v1.0.228
[INFO] [stderr]    Compiling writeable v0.6.3
[INFO] [stderr]    Compiling zeroize v1.9.0
[INFO] [stderr]    Compiling litemap v0.8.2
[INFO] [stderr]    Compiling aws-lc-rs v1.17.0
[INFO] [stderr]    Compiling http v1.4.2
[INFO] [stderr]    Compiling socket2 v0.6.4
[INFO] [stderr]    Compiling mio v1.2.1
[INFO] [stderr]    Compiling utf8_iter v1.0.4
[INFO] [stderr]    Compiling icu_properties_data v2.2.0
[INFO] [stderr]    Compiling jobserver v0.1.34
[INFO] [stderr]    Compiling slab v0.4.12
[INFO] [stderr]    Compiling icu_normalizer_data v2.2.0
[INFO] [stderr]    Compiling cc v1.2.64
[INFO] [stderr]    Compiling rustls-pki-types v1.14.1
[INFO] [stderr]    Compiling tokio v1.52.3
[INFO] [stderr]    Compiling percent-encoding v2.3.2
[INFO] [stderr]    Compiling http-body v1.0.1
[INFO] [stderr]    Compiling tracing-core v0.1.36
[INFO] [stderr]    Compiling futures-io v0.3.32
[INFO] [stderr]    Compiling httparse v1.10.1
[INFO] [stderr]    Compiling rustls v0.23.40
[INFO] [stderr]    Compiling futures-task v0.3.32
[INFO] [stderr]    Compiling cmake v0.1.58
[INFO] [stderr]    Compiling untrusted v0.9.0
[INFO] [stderr]    Compiling synstructure v0.13.2
[INFO] [stderr]    Compiling tracing v0.1.44
[INFO] [stderr]    Compiling aws-lc-sys v0.41.0
[INFO] [stderr]    Compiling futures-util v0.3.32
[INFO] [stderr]    Compiling num-integer v0.1.46
[INFO] [stderr]    Compiling tower-service v0.3.3
[INFO] [stderr]    Compiling try-lock v0.2.5
[INFO] [stderr]    Compiling subtle v2.6.1
[INFO] [stderr]    Compiling want v0.3.1
[INFO] [stderr]    Compiling aho-corasick v1.1.4
[INFO] [stderr]    Compiling futures-channel v0.3.32
[INFO] [stderr]    Compiling zerofrom-derive v0.1.7
[INFO] [stderr]    Compiling yoke-derive v0.8.2
[INFO] [stderr]    Compiling zerovec-derive v0.11.3
[INFO] [stderr]    Compiling displaydoc v0.2.6
[INFO] [stderr]    Compiling zerofrom v0.1.8
[INFO] [stderr]    Compiling serde_derive v1.0.228
[INFO] [stderr]    Compiling yoke v0.8.3
[INFO] [stderr]    Compiling zerocopy v0.8.52
[INFO] [stderr]    Compiling zerotrie v0.2.4
[INFO] [stderr]    Compiling parking_lot_core v0.9.12
[INFO] [stderr]    Compiling regex-syntax v0.8.11
[INFO] [stderr]    Compiling zerovec v0.11.6
[INFO] [stderr]    Compiling version_check v0.9.5
[INFO] [stderr]    Compiling ref-cast v1.0.25
[INFO] [stderr]    Compiling getrandom v0.3.4
[INFO] [stderr]    Compiling ahash v0.8.12
[INFO] [stderr]    Compiling tinystr v0.8.3
[INFO] [stderr]    Compiling potential_utf v0.1.5
[INFO] [stderr]    Compiling icu_collections v2.2.0
[INFO] [stderr]    Compiling icu_locale_core v2.2.0
[INFO] [stderr]    Compiling tokio-util v0.7.18
[INFO] [stderr]    Compiling icu_provider v2.2.0
[INFO] [stderr]    Compiling icu_properties v2.2.0
[INFO] [stderr]    Compiling icu_normalizer v2.2.0
[INFO] [stderr]    Compiling h2 v0.4.14
[INFO] [stderr]    Compiling idna_adapter v1.2.2
[INFO] [stderr]    Compiling regex-automata v0.4.14
[INFO] [stderr]    Compiling idna v1.1.0
[INFO] [stderr]    Compiling ref-cast-impl v1.0.25
[INFO] [stderr]    Compiling num-bigint v0.4.6
[INFO] [stderr]    Compiling serde_json v1.0.150
[INFO] [stderr]    Compiling form_urlencoded v1.2.2
[INFO] [stderr]    Compiling sync_wrapper v1.0.2
[INFO] [stderr]    Compiling openssl-probe v0.2.1
[INFO] [stderr]    Compiling tower-layer v0.3.3
[INFO] [stderr]    Compiling hyper v1.10.1
[INFO] [stderr]    Compiling ipnet v2.12.0
[INFO] [stderr]    Compiling lock_api v0.4.14
[INFO] [stderr]    Compiling hyper-util v0.1.20
[INFO] [stderr]    Compiling num-rational v0.4.2
[INFO] [stderr]    Compiling tower v0.5.3
[INFO] [stderr]    Compiling rustls-native-certs v0.8.4
[INFO] [stderr]    Compiling url v2.5.8
[INFO] [stderr]    Compiling num-iter v0.1.45
[INFO] [stderr]    Compiling num-complex v0.4.6
[INFO] [stderr]    Compiling bit-vec v0.8.0
[INFO] [stderr]    Compiling log v0.4.32
[INFO] [stderr]    Compiling unicode-general-category v1.1.0
[INFO] [stderr]    Compiling borrow-or-share v0.2.4
[INFO] [stderr]    Compiling bitflags v2.13.0
[INFO] [stderr]    Compiling tower-http v0.6.11
[INFO] [stderr]    Compiling num v0.4.3
[INFO] [stderr]    Compiling fluent-uri v0.4.1
[INFO] [stderr]    Compiling bit-set v0.8.0
[INFO] [stderr]    Compiling parking_lot v0.12.5
[INFO] [stderr]    Compiling regex v1.12.4
[INFO] [stderr]    Compiling http-body-util v0.1.3
[INFO] [stderr]    Compiling micromap v0.3.0
[INFO] [stderr]    Compiling lazy_static v1.5.0
[INFO] [stderr]    Compiling vsimd v0.8.0
[INFO] [stderr]    Compiling outref v0.5.2
[INFO] [stderr]    Compiling fraction v0.15.4
[INFO] [stderr]    Compiling chrono v0.4.45
[INFO] [stderr]    Compiling uuid-simd v0.8.0
[INFO] [stderr]    Compiling fancy-regex v0.18.0
[INFO] [stderr]    Compiling email_address v0.2.9
[INFO] [stderr]    Compiling regress v0.10.5
[INFO] [stderr]    Compiling num-cmp v0.1.0
[INFO] [stderr]    Compiling data-encoding v2.11.0
[INFO] [stderr]    Compiling bytecount v0.6.9
[INFO] [stderr]    Compiling referencing v0.46.5
[INFO] [stderr]    Compiling wh40kdc v1.3.3 (/opt/rustwide/workdir)
[INFO] [stderr]    Compiling rustls-webpki v0.103.13
[INFO] [stderr]    Compiling tokio-rustls v0.26.4
[INFO] [stderr]    Compiling rustls-platform-verifier v0.7.0
[INFO] [stderr]    Compiling hyper-rustls v0.27.9
[INFO] [stderr]    Compiling reqwest v0.13.4
[INFO] [stderr]    Compiling jsonschema v0.46.5
[INFO] [stderr]     Finished `release` profile [optimized] target(s) in 7m 56s
[INFO] running `Command { std: "docker" "inspect" "29ce31a612d69068333ba5ed4358ba2bfb652dc76a681af2bc900ca081fb9043", kill_on_drop: false }`
[INFO] running `Command { std: "docker" "exec" "-e" "SOURCE_DIR=/opt/rustwide/workdir" "-e" "CARGO_HOME=/opt/rustwide/cargo-home" "-e" "RUSTUP_HOME=/opt/rustwide/rustup-home" "-e" "CARGO_TARGET_DIR=/opt/rustwide/target" "-e" "CARGO_INCREMENTAL=0" "-e" "RUST_BACKTRACE=full" "-e" "RUSTFLAGS=--cap-lints=warn" "-e" "RUSTDOCFLAGS=--cap-lints=warn" "-w" "/opt/rustwide/workdir" "--user" "0:0" "29ce31a612d69068333ba5ed4358ba2bfb652dc76a681af2bc900ca081fb9043" "/opt/rustwide/cargo-home/bin/cargo" "+1.99.0-beta.1" "test" "--frozen" "--release", kill_on_drop: false }`
[INFO] [stderr]     Finished `release` profile [optimized] target(s) in 0.28s
[INFO] [stderr]      Running unittests src/lib.rs (/opt/rustwide/target/release/deps/wh40kdc-4c89d64dc1b3935b)
[INFO] [stdout] 
[INFO] [stdout] running 85 tests
[INFO] [stdout] test cruncher::engine::tests::parses_bare_numbers ... ok
[INFO] [stdout] test cruncher::engine::tests::parses_dice_notation ... ok
[INFO] [stdout] test cruncher::engine::tests::wound_thresholds_follow_the_table ... ok
[INFO] [stdout] test cruncher::from_keyword::tests::leader_model_ability_grant_requires_resolved_beneficiary ... ok
[INFO] [stdout] test cruncher::from_keyword::tests::persistent_designation_requires_retained_selection_state ... ok
[INFO] [stdout] test data::battle_sizes::tests::caps_match_the_reference ... ok
[INFO] [stdout] test cruncher::from_keyword::tests::rules_bundle_walks_every_effect_step ... ok
[INFO] [stdout] test data::loadout::tests::maximal_loadout_applies_every_swap_at_cap_plus_addon ... ok
[INFO] [stdout] test data::loadout::tests::validate_flags_swap_conflict ... ok
[INFO] [stdout] test data::loadout::tests::single_weapon_flat_budget_caps_bounds_and_maximal ... ok
[INFO] [stdout] test data::normalize::tests::collapses_whitespace_and_hyphens ... ok
[INFO] [stdout] test data::normalize::tests::distinct_names_stay_distinct ... ok
[INFO] [stdout] test data::normalize::tests::removes_quote_variants ... ok
[INFO] [stdout] test data::normalize::tests::strips_diacritics ... ok
[INFO] [stdout] test cruncher::engine::tests::unparseable_stat_is_error ... ok
[INFO] [stdout] test import::decode::tests::decodes_bare_base64_segment ... ok
[INFO] [stdout] test import::decode::tests::decodes_full_url ... ok
[INFO] [stdout] test import::decode::tests::decodes_raw_json ... ok
[INFO] [stdout] test import::decode::tests::rejects_empty ... ok
[INFO] [stdout] test import::decode::tests::rejects_non_payload ... ok
[INFO] [stdout] test import::gw::tests::detects_gw_text_but_not_wtc ... ok
[INFO] [stdout] test import::gw::tests::parses_header_and_units ... ok
[INFO] [stdout] test import::gw_headerless::tests::detects_only_headerless_bullet_text ... ok
[INFO] [stdout] test import::gw_headerless::tests::parses_gw_app_export ... ok
[INFO] [stdout] test import::gw_headerless::tests::parses_gw_v2_attached_format ... ok
[INFO] [stdout] test import::gw_headerless::tests::parses_md_fixture_model_count ... ok
[INFO] [stdout] test import::gw_headerless::tests::parses_nr_text_dialect ... ok
[INFO] [stdout] test import::gw_headerless::tests::recovers_unframed_event_preamble_without_phantom_unit ... ok
[INFO] [stdout] test import::listforge_text::tests::aggregates_squad_wide_wargear_from_child_and_leaf_bullets ... ok
[INFO] [stdout] test import::listforge_text::tests::attached_bodyguard_is_a_plain_unit_with_a_null_attachment ... ok
[INFO] [stdout] test import::listforge_text::tests::attached_leader_is_a_character_linked_to_its_bodyguard ... ok
[INFO] [stdout] test import::listforge_text::tests::attached_units_skips_the_marker_and_emits_leader_and_bodyguard ... ok
[INFO] [stdout] test import::listforge_text::tests::attachment_state_resets_when_a_normal_section_follows ... ok
[INFO] [stdout] test import::listforge_text::tests::captures_units_in_declaration_order ... ok
[INFO] [stdout] test import::listforge_text::tests::consumes_nested_model_selections_once_without_making_accessories_model_gear ... ok
[INFO] [stdout] test import::listforge_text::tests::derives_model_counts_from_bulleted_model_groups ... ok
[INFO] [stdout] test import::listforge_text::tests::flags_characters_from_epic_hero_and_character_sections ... ok
[INFO] [stdout] test import::listforge_text::tests::keeps_single_detachment_four_segment_header_as_one ... ok
[INFO] [stdout] test import::listforge_text::tests::legacy_three_segment_header_has_no_disposition ... ok
[INFO] [stdout] test import::listforge_text::tests::parses_disposition_and_comma_splits_the_detachment_tail ... ok
[INFO] [stdout] test import::listforge_text::tests::reads_enhancement_annotation_without_claiming_points ... ok
[INFO] [stdout] test import::listforge_text::tests::reads_header_from_the_first_line ... ok
[INFO] [stdout] test import::listforge_text::tests::recognises_the_listforge_text_export ... ok
[INFO] [stdout] test import::listforge_text::tests::rejects_non_string_payloads_and_other_text_formats ... ok
[INFO] [stdout] test import::listforge_text::tests::requires_bullets_and_refuses_wtc_with_bodies ... ok
[INFO] [stdout] test import::listforge_text::tests::sums_total_computed_from_unit_points ... ok
[INFO] [stdout] test import::newrecruit_simple::tests::matches_exports_that_omit_the_army_roster_line_but_carry_sections ... ok
[INFO] [stdout] test import::newrecruit_simple::tests::matches_simple_text_only ... ok
[INFO] [stdout] test import::newrecruit_simple::tests::parses_name_faction_limit_and_units ... ok
[INFO] [stdout] test import::newrecruit_simple::tests::parses_points_brackets_with_comma_separated_faction_resources ... ok
[INFO] [stdout] test import::newrecruit_simple::tests::treats_a_unit_line_directly_after_configuration_as_ending_that_section ... ok
[INFO] [stdout] test import::newrecruit_text::tests::classify_inline_enhancement ... ok
[INFO] [stdout] test import::newrecruit_text::tests::classify_nx_prefix ... ok
[INFO] [stdout] test import::newrecruit_text::tests::classify_warlord_and_character ... ok
[INFO] [stdout] test import::newrecruit_text::tests::infer_battle_size_buckets ... ok
[INFO] [stdout] test import::newrecruit_text::tests::points_from_variants ... ok
[INFO] [stdout] test import::newrecruit_text::tests::split_wargear ... ok
[INFO] [stdout] test import::newrecruit_text::tests::strip_paren ... ok
[INFO] [stdout] test import::newrecruit_wtc::tests::header_captures_force_disposition ... ok
[INFO] [stdout] test import::newrecruit_wtc::tests::header_without_disposition_is_explicit_null ... ok
[INFO] [stdout] test scoring::tests::caps_grand_total_at_100 ... ok
[INFO] [stdout] test data::loadout::tests::option_cap_floors_a_ratio ... ok
[INFO] [stdout] test data::pricing::tests::range_priced_tier_venatari ... ok
[INFO] [stdout] test data::pricing::tests::tier_missing_below_smallest_band_tier ... ok
[INFO] [stdout] test scoring::tests::caps_tactical_at_five_and_fixed_at_vp_max ... ok
[INFO] [stdout] test data::loadout::tests::base_loadout_berzerkers_at_10_is_the_legal_default ... ok
[INFO] [stdout] test data::pricing::tests::unbanded_unit_ignores_ordinal ... ok
[INFO] [stdout] test scoring::tests::player_game_round_trips_through_json ... ok
[INFO] [stdout] test data::loadout::tests::validate_flags_over_cap_and_accepts_base ... ok
[INFO] [stdout] test scoring::tests::cumulative_and_independent_sum ... ok
[INFO] [stdout] test scoring::tests::exclusive_group_takes_highest ... ok
[INFO] [stdout] test scoring::tests::primary_event_clamps_to_round_cap ... ok
[INFO] [stdout] test scoring::tests::score_award_flat_and_per ... ok
[INFO] [stdout] test data::pricing::tests::ordinal_bands_we_chaos_terminators ... ok
[INFO] [stdout] test scoring::tests::score_secondary_logs_and_discards_and_remove_undoes ... ok
[INFO] [stdout] test scoring::tests::score_secondary_logs_the_clamped_amount ... ok
[INFO] [stdout] test scoring::tests::secondary_caps_clamp_round_and_game_totals ... ok
[INFO] [stdout] test scoring::tests::set_primary_respects_round_and_game_caps ... ok
[INFO] [stdout] test scoring::tests::wtc_bands ... ok
[INFO] [stdout] test terrain::keystone_tests::empty_when_no_keystones ... ok
[INFO] [stdout] test terrain::keystone_tests::propagates_resolver_errors ... ok
[INFO] [stdout] test terrain::keystone_tests::rejects_face_axis_mismatch ... ok
[INFO] [stdout] test terrain::keystone_tests::rejects_vertex_index_out_of_range ... ok
[INFO] [stdout] test translate::tests::condition_phrases ... ok
[INFO] [stdout] test translate::tests::trigger_phrases ... ok
[INFO] [stdout] 
[INFO] [stdout] test result: ok. 85 passed; 0 failed; 0 ignored; 0 measured; 0 filtered out; finished in 0.40s
[INFO] [stdout] 
[INFO] [stderr]      Running unittests src/bin/wh40kdc-runner.rs (/opt/rustwide/target/release/deps/wh40kdc_runner-93aa4aa3701308a7)
[INFO] [stdout] 
[INFO] [stdout] running 1 test
[INFO] [stdout] test self_tests::spec_version_loads ... FAILED
[INFO] [stdout] 
[INFO] [stdout] failures:
[INFO] [stdout] 
[INFO] [stdout] ---- self_tests::spec_version_loads stdout ----
[INFO] [stdout] 
[INFO] [stdout] thread 'self_tests::spec_version_loads' (4288) panicked at src/bin/wh40kdc-runner.rs:56:5:
[INFO] [stdout] could not locate conformance/SPEC_VERSION
[INFO] [stdout] stack backtrace:
[INFO] [stdout]    0:     0x574747036c91 - <<std[104cf6e2632825ea]::sys::backtrace::BacktraceLock>::print::DisplayBacktrace as core[7c831bd917ebf35f]::fmt::Display>::fmt
[INFO] [stdout]    1:     0x57474704aeda - core[7c831bd917ebf35f]::fmt::write
[INFO] [stdout]    2:     0x57474703b12c - <alloc[2fdc3f7464fcf288]::vec::Vec<u8> as core[7c831bd917ebf35f]::io::write::Write>::write_fmt
[INFO] [stdout]    3:     0x574747012cf6 - std[104cf6e2632825ea]::panicking::default_hook::{closure#0}
[INFO] [stdout]    4:     0x57474702f039 - std[104cf6e2632825ea]::panicking::default_hook
[INFO] [stdout]    5:     0x574746fcad90 - test[73009c9f9aebf890]::test_main_inner::<test[73009c9f9aebf890]::test_main_static::{closure#0}>::{closure#0}
[INFO] [stdout]    6:     0x57474702f1f2 - std[104cf6e2632825ea]::panicking::panic_with_hook
[INFO] [stdout]    7:     0x574747012dd4 - std[104cf6e2632825ea]::panicking::panic_handler::{closure#0}
[INFO] [stdout]    8:     0x57474700b1f9 - std[104cf6e2632825ea]::sys::backtrace::__rust_end_short_backtrace::<std[104cf6e2632825ea]::panicking::panic_handler::{closure#0}, !>
[INFO] [stdout]    9:     0x57474701399d - __rustc[b0d56fa5b193ad05]::rust_begin_unwind
[INFO] [stdout]   10:     0x57474704b60c - core[7c831bd917ebf35f]::panicking::panic_fmt
[INFO] [stdout]   11:     0x574746fbdf8e - <wh40kdc_runner[79e91d25b187a828]::self_tests::spec_version_loads::{closure#0} as core[7c831bd917ebf35f]::ops::function::FnOnce<()>>::call_once
[INFO] [stdout]   12:     0x574746fbe07b - test[73009c9f9aebf890]::__rust_begin_short_backtrace::<core[7c831bd917ebf35f]::result::Result<(), alloc[2fdc3f7464fcf288]::string::String>, fn() -> core[7c831bd917ebf35f]::result::Result<(), alloc[2fdc3f7464fcf288]::string::String>>
[INFO] [stdout]   13:     0x574746fcb6e5 - test[73009c9f9aebf890]::run_test::{closure#0}
[INFO] [stdout]   14:     0x574746fc4aa4 - std[104cf6e2632825ea]::sys::backtrace::__rust_begin_short_backtrace::<test[73009c9f9aebf890]::run_test::{closure#1}, ()>
[INFO] [stdout]   15:     0x574746fce842 - <std[104cf6e2632825ea]::thread::lifecycle::spawn_unchecked<test[73009c9f9aebf890]::run_test::{closure#1}, ()>::{closure#1} as core[7c831bd917ebf35f]::ops::function::FnOnce<()>>::call_once::{shim:vtable#0}
[INFO] [stdout]   16:     0x5747470361f9 - <std[104cf6e2632825ea]::sys::thread::unix::Thread>::new::thread_start
[INFO] [stdout]   17:     0x75f1fb19507a - <unknown>
[INFO] [stdout]   18:     0x75f1fb228534 - clone
[INFO] [stdout]   19:                0x0 - <unknown>
[INFO] [stdout] 
[INFO] [stdout] 
[INFO] [stdout] failures:
[INFO] [stdout]     self_tests::spec_version_loads
[INFO] [stdout] 
[INFO] [stdout] test result: FAILED. 0 passed; 1 failed; 0 ignored; 0 measured; 0 filtered out; finished in 0.01s
[INFO] [stdout] 
[INFO] [stderr] error: test failed, to rerun pass `--bin wh40kdc-runner`
[INFO] running `Command { std: "docker" "inspect" "29ce31a612d69068333ba5ed4358ba2bfb652dc76a681af2bc900ca081fb9043", kill_on_drop: false }`
[INFO] running `Command { std: "docker" "rm" "-f" "29ce31a612d69068333ba5ed4358ba2bfb652dc76a681af2bc900ca081fb9043", kill_on_drop: false }`
[INFO] [stdout] 29ce31a612d69068333ba5ed4358ba2bfb652dc76a681af2bc900ca081fb9043
