[INFO] fetching crate rss-gen 0.0.11...
[INFO] testing rss-gen-0.0.11 against 1.99.0-beta.1+cargoflags=--release for beta-release-1.99-2
[INFO] extracting crate rss-gen 0.0.11 into /workspace/builds/worker-5-tc2/source
[INFO] started tweaking crates.io crate rss-gen 0.0.11
[INFO] removed 0 missing examples
[INFO] removed 0 missing tests
[INFO] finished tweaking crates.io crate rss-gen 0.0.11
[INFO] tweaked toml for crates.io crate rss-gen 0.0.11 written to /workspace/builds/worker-5-tc2/source/Cargo.toml
[INFO] validating manifest of crates.io crate rss-gen 0.0.11 on toolchain 1.99.0-beta.1
[INFO] running `Command { std: CARGO_HOME="/workspace/cargo-home" RUSTUP_HOME="/workspace/rustup-home" "/workspace/cargo-home/bin/cargo" "+1.99.0-beta.1" "metadata" "--manifest-path" "Cargo.toml" "--no-deps", kill_on_drop: false }`
[INFO] crate crates.io crate rss-gen 0.0.11 already has a lockfile, it will not be regenerated
[INFO] running `Command { std: CARGO_HOME="/workspace/cargo-home" RUSTUP_HOME="/workspace/rustup-home" "/workspace/cargo-home/bin/cargo" "+1.99.0-beta.1" "fetch" "--manifest-path" "Cargo.toml", kill_on_drop: false }`
[INFO] running `Command { std: "docker" "create" "-v" "/var/lib/crater-agent-workspace/builds/worker-5-tc2/source:/opt/rustwide/workdir:ro,Z" "-v" "/var/lib/crater-agent-workspace/builds/worker-5-tc2/target:/opt/rustwide/target:rw,Z" "-v" "/var/lib/crater-agent-workspace/cargo-home:/opt/rustwide/cargo-home:ro,Z" "-v" "/var/lib/crater-agent-workspace/rustup-home:/opt/rustwide/rustup-home:ro,Z" "-m" "1610612736" "--network" "none" "ghcr.io/rust-lang/crates-build-env/linux@sha256:8683fc1fc2eb5c9ac98e0d076ab094b2ffac7f99da555d2b6a2e27f346de2ec7" "sleep" "infinity", kill_on_drop: false }`
[INFO] [stdout] f37fe597ee4dd8edf002aeffe3343accf431662b8635c12a89c88ca46946f841
[INFO] running `Command { std: "docker" "start" "f37fe597ee4dd8edf002aeffe3343accf431662b8635c12a89c88ca46946f841", kill_on_drop: false }`
[INFO] running `Command { std: "docker" "inspect" "f37fe597ee4dd8edf002aeffe3343accf431662b8635c12a89c88ca46946f841", kill_on_drop: false }`
[INFO] running `Command { std: "docker" "exec" "-e" "SOURCE_DIR=/opt/rustwide/workdir" "-e" "CARGO_HOME=/opt/rustwide/cargo-home" "-e" "RUSTUP_HOME=/opt/rustwide/rustup-home" "-e" "CARGO_TARGET_DIR=/opt/rustwide/target" "-w" "/opt/rustwide/workdir" "--user" "0:0" "f37fe597ee4dd8edf002aeffe3343accf431662b8635c12a89c88ca46946f841" "/opt/rustwide/cargo-home/bin/cargo" "+1.99.0-beta.1" "metadata" "--no-deps" "--format-version=1", kill_on_drop: false }`
[INFO] running `Command { std: "docker" "inspect" "f37fe597ee4dd8edf002aeffe3343accf431662b8635c12a89c88ca46946f841", kill_on_drop: false }`
[INFO] running `Command { std: "docker" "exec" "-e" "SOURCE_DIR=/opt/rustwide/workdir" "-e" "CARGO_HOME=/opt/rustwide/cargo-home" "-e" "RUSTUP_HOME=/opt/rustwide/rustup-home" "-e" "CARGO_TARGET_DIR=/opt/rustwide/target" "-e" "CARGO_INCREMENTAL=0" "-e" "RUST_BACKTRACE=full" "-e" "RUSTFLAGS=--cap-lints=warn" "-e" "RUSTDOCFLAGS=--cap-lints=warn" "-w" "/opt/rustwide/workdir" "--user" "0:0" "f37fe597ee4dd8edf002aeffe3343accf431662b8635c12a89c88ca46946f841" "/opt/rustwide/cargo-home/bin/cargo" "+1.99.0-beta.1" "build" "--frozen" "--message-format=json" "--release", kill_on_drop: false }`
[INFO] [stderr]    Compiling stable_deref_trait v1.2.1
[INFO] [stderr]    Compiling litemap v0.8.2
[INFO] [stderr]    Compiling writeable v0.6.3
[INFO] [stderr]    Compiling utf8_iter v1.0.4
[INFO] [stderr]    Compiling icu_normalizer_data v2.2.0
[INFO] [stderr]    Compiling icu_properties_data v2.2.0
[INFO] [stderr]    Compiling serde_core v1.0.229
[INFO] [stderr]    Compiling smallvec v1.15.2
[INFO] [stderr]    Compiling serde v1.0.229
[INFO] [stderr]    Compiling thiserror v2.0.19
[INFO] [stderr]    Compiling time-core v0.1.9
[INFO] [stderr]    Compiling percent-encoding v2.3.2
[INFO] [stderr]    Compiling num-conv v0.2.2
[INFO] [stderr]    Compiling rss-gen v0.0.11 (/opt/rustwide/workdir)
[INFO] [stderr]    Compiling memchr v2.8.2
[INFO] [stderr]    Compiling syn v2.0.118
[INFO] [stderr]    Compiling syn v3.0.3
[INFO] [stderr]    Compiling form_urlencoded v1.2.2
[INFO] [stderr]    Compiling powerfmt v0.2.0
[INFO] [stderr]    Compiling deranged v0.5.8
[INFO] [stderr]    Compiling log v0.4.33
[INFO] [stderr]    Compiling time-macros v0.2.32
[INFO] [stderr]    Compiling time v0.3.55
[INFO] [stderr]    Compiling serde_derive v1.0.229
[INFO] [stderr]    Compiling thiserror-impl v2.0.19
[INFO] [stderr]    Compiling synstructure v0.13.2
[INFO] [stderr]    Compiling zerovec-derive v0.11.3
[INFO] [stderr]    Compiling displaydoc v0.2.6
[INFO] [stderr]    Compiling zerofrom-derive v0.1.7
[INFO] [stderr]    Compiling yoke-derive v0.8.2
[INFO] [stderr]    Compiling zerofrom v0.1.8
[INFO] [stderr]    Compiling yoke v0.8.3
[INFO] [stderr]    Compiling zerovec v0.11.6
[INFO] [stderr]    Compiling zerotrie v0.2.4
[INFO] [stderr]    Compiling tinystr v0.8.3
[INFO] [stderr]    Compiling potential_utf v0.1.5
[INFO] [stderr]    Compiling icu_collections v2.2.0
[INFO] [stderr]    Compiling icu_locale_core v2.2.0
[INFO] [stderr]    Compiling icu_provider v2.2.0
[INFO] [stderr]    Compiling icu_normalizer v2.2.0
[INFO] [stderr]    Compiling icu_properties v2.2.0
[INFO] [stderr]    Compiling quick-xml v0.41.0
[INFO] [stderr]    Compiling idna_adapter v1.2.2
[INFO] [stderr]    Compiling idna v1.1.0
[INFO] [stderr]    Compiling url v2.5.8
[INFO] [stderr]     Finished `release` profile [optimized] target(s) in 25.54s
[INFO] running `Command { std: "docker" "inspect" "f37fe597ee4dd8edf002aeffe3343accf431662b8635c12a89c88ca46946f841", kill_on_drop: false }`
[INFO] running `Command { std: "docker" "exec" "-e" "SOURCE_DIR=/opt/rustwide/workdir" "-e" "CARGO_HOME=/opt/rustwide/cargo-home" "-e" "RUSTUP_HOME=/opt/rustwide/rustup-home" "-e" "CARGO_TARGET_DIR=/opt/rustwide/target" "-e" "CARGO_INCREMENTAL=0" "-e" "RUST_BACKTRACE=full" "-e" "RUSTFLAGS=--cap-lints=warn" "-e" "RUSTDOCFLAGS=--cap-lints=warn" "-w" "/opt/rustwide/workdir" "--user" "0:0" "f37fe597ee4dd8edf002aeffe3343accf431662b8635c12a89c88ca46946f841" "/opt/rustwide/cargo-home/bin/cargo" "+1.99.0-beta.1" "test" "--frozen" "--no-run" "--message-format=json" "--release", kill_on_drop: false }`
[INFO] [stderr]    Compiling syn v2.0.118
[INFO] [stderr]    Compiling stable_deref_trait v1.2.1
[INFO] [stderr]    Compiling memchr v2.8.2
[INFO] [stderr]    Compiling zerocopy v0.8.52
[INFO] [stderr]    Compiling serde_core v1.0.229
[INFO] [stderr]    Compiling writeable v0.6.3
[INFO] [stderr]    Compiling litemap v0.8.2
[INFO] [stderr]    Compiling getrandom v0.4.3
[INFO] [stderr]    Compiling utf8_iter v1.0.4
[INFO] [stderr]    Compiling serde v1.0.229
[INFO] [stderr]    Compiling crossbeam-utils v0.8.21
[INFO] [stderr]    Compiling crossbeam-epoch v0.9.20
[INFO] [stderr]    Compiling rand_core v0.10.1
[INFO] [stderr]    Compiling icu_normalizer_data v2.2.0
[INFO] [stderr]    Compiling icu_properties_data v2.2.0
[INFO] [stderr]    Compiling num-traits v0.2.19
[INFO] [stderr]    Compiling smallvec v1.15.2
[INFO] [stderr]    Compiling cc v1.2.65
[INFO] [stderr]    Compiling log v0.4.33
[INFO] [stderr]    Compiling either v1.16.0
[INFO] [stderr]    Compiling rayon-core v1.13.0
[INFO] [stderr]    Compiling percent-encoding v2.3.2
[INFO] [stderr]    Compiling plotters-backend v0.3.7
[INFO] [stderr]    Compiling ciborium-io v0.2.2
[INFO] [stderr]    Compiling clap_builder v4.6.0
[INFO] [stderr]    Compiling tokio v1.52.3
[INFO] [stderr]    Compiling futures-core v0.3.32
[INFO] [stderr]    Compiling form_urlencoded v1.2.2
[INFO] [stderr]    Compiling tempfile v3.27.0
[INFO] [stderr]    Compiling deranged v0.5.8
[INFO] [stderr]    Compiling time-core v0.1.9
[INFO] [stderr]    Compiling cast v0.3.0
[INFO] [stderr]    Compiling itertools v0.13.0
[INFO] [stderr]    Compiling plotters-svg v0.3.7
[INFO] [stderr]    Compiling powerfmt v0.2.0
[INFO] [stderr]    Compiling same-file v1.0.6
[INFO] [stderr]    Compiling num-conv v0.2.2
[INFO] [stderr]    Compiling walkdir v2.5.0
[INFO] [stderr]    Compiling rand v0.10.1
[INFO] [stderr]    Compiling thiserror v2.0.19
[INFO] [stderr]    Compiling aho-corasick v1.1.4
[INFO] [stderr]    Compiling rusty-fork v0.3.1
[INFO] [stderr]    Compiling page_size v0.6.0
[INFO] [stderr]    Compiling anes v0.1.6
[INFO] [stderr]    Compiling oorandom v11.1.5
[INFO] [stderr]    Compiling lazy_static v1.5.0
[INFO] [stderr]    Compiling plotters v0.3.7
[INFO] [stderr]    Compiling crossbeam-deque v0.8.6
[INFO] [stderr]    Compiling alloca v0.4.0
[INFO] [stderr]    Compiling time v0.3.55
[INFO] [stderr]    Compiling rayon v1.12.0
[INFO] [stderr]    Compiling regex-automata v0.4.14
[INFO] [stderr]    Compiling criterion-plot v0.8.2
[INFO] [stderr]    Compiling tokio-stream v0.1.18
[INFO] [stderr]    Compiling clap v4.6.1
[INFO] [stderr]    Compiling serde_json v1.0.150
[INFO] [stderr]    Compiling tokio-test v0.4.5
[INFO] [stderr]    Compiling quick-xml v0.41.0
[INFO] [stderr]    Compiling synstructure v0.13.2
[INFO] [stderr]    Compiling zerofrom-derive v0.1.7
[INFO] [stderr]    Compiling yoke-derive v0.8.2
[INFO] [stderr]    Compiling zerovec-derive v0.11.3
[INFO] [stderr]    Compiling displaydoc v0.2.6
[INFO] [stderr]    Compiling zerocopy-derive v0.8.52
[INFO] [stderr]    Compiling derive_arbitrary v1.4.2
[INFO] [stderr]    Compiling quickcheck_macros v1.2.0
[INFO] [stderr]    Compiling tinytemplate v1.2.1
[INFO] [stderr]    Compiling arbitrary v1.4.2
[INFO] [stderr]    Compiling zerofrom v0.1.8
[INFO] [stderr]    Compiling yoke v0.8.3
[INFO] [stderr]    Compiling zerovec v0.11.6
[INFO] [stderr]    Compiling zerotrie v0.2.4
[INFO] [stderr]    Compiling regex v1.12.4
[INFO] [stderr]    Compiling tinystr v0.8.3
[INFO] [stderr]    Compiling potential_utf v0.1.5
[INFO] [stderr]    Compiling env_filter v1.0.1
[INFO] [stderr]    Compiling icu_locale_core v2.2.0
[INFO] [stderr]    Compiling icu_collections v2.2.0
[INFO] [stderr]    Compiling env_logger v0.11.10
[INFO] [stderr]    Compiling quickcheck v1.1.0
[INFO] [stderr]    Compiling icu_provider v2.2.0
[INFO] [stderr]    Compiling icu_normalizer v2.2.0
[INFO] [stderr]    Compiling icu_properties v2.2.0
[INFO] [stderr]    Compiling idna_adapter v1.2.2
[INFO] [stderr]    Compiling idna v1.1.0
[INFO] [stderr]    Compiling half v2.7.1
[INFO] [stderr]    Compiling ppv-lite86 v0.2.21
[INFO] [stderr]    Compiling ciborium-ll v0.2.2
[INFO] [stderr]    Compiling ciborium v0.2.2
[INFO] [stderr]    Compiling url v2.5.8
[INFO] [stderr]    Compiling rand_chacha v0.9.0
[INFO] [stderr]    Compiling proptest v1.11.0
[INFO] [stderr]    Compiling criterion v0.8.2
[INFO] [stderr]    Compiling rss-gen v0.0.11 (/opt/rustwide/workdir)
[INFO] [stderr]     Finished `release` profile [optimized] target(s) in 2m 23s
[INFO] running `Command { std: "docker" "inspect" "f37fe597ee4dd8edf002aeffe3343accf431662b8635c12a89c88ca46946f841", kill_on_drop: false }`
[INFO] running `Command { std: "docker" "exec" "-e" "SOURCE_DIR=/opt/rustwide/workdir" "-e" "CARGO_HOME=/opt/rustwide/cargo-home" "-e" "RUSTUP_HOME=/opt/rustwide/rustup-home" "-e" "CARGO_TARGET_DIR=/opt/rustwide/target" "-e" "CARGO_INCREMENTAL=0" "-e" "RUST_BACKTRACE=full" "-e" "RUSTFLAGS=--cap-lints=warn" "-e" "RUSTDOCFLAGS=--cap-lints=warn" "-w" "/opt/rustwide/workdir" "--user" "0:0" "f37fe597ee4dd8edf002aeffe3343accf431662b8635c12a89c88ca46946f841" "/opt/rustwide/cargo-home/bin/cargo" "+1.99.0-beta.1" "test" "--frozen" "--release", kill_on_drop: false }`
[INFO] [stderr]     Finished `release` profile [optimized] target(s) in 0.24s
[INFO] [stderr]      Running unittests src/lib.rs (/opt/rustwide/target/release/deps/rss_gen-3db14001947e67a4)
[INFO] [stdout] 
[INFO] [stdout] running 184 tests
[INFO] [stdout] test atom::tests::detect_treats_feed_without_atom_namespace_as_unknown ... ok
[INFO] [stdout] test atom::tests::entry_inherits_feed_author_requirement ... ok
[INFO] [stdout] test atom::tests::detect_feed_format_classifies_correctly ... ok
[INFO] [stdout] test atom::tests::entry_validate_uses_unindexed_prefix ... ok
[INFO] [stdout] test atom::tests::generate_entry_with_enclosure_emits_rel_enclosure ... ok
[INFO] [stdout] test atom::tests::generate_entry_with_html_content_sets_type_html ... ok
[INFO] [stdout] test atom::tests::generate_feed_with_language_sets_xml_lang ... ok
[INFO] [stdout] test atom::tests::generate_feed_with_self_link_emits_rel_self ... ok
[INFO] [stdout] test atom::tests::generate_minimal_feed_emits_required_elements ... ok
[INFO] [stdout] test atom::tests::round_trip_detect_after_generate ... ok
[INFO] [stdout] test atom::tests::special_characters_are_escaped_in_text_payloads ... ok
[INFO] [stdout] test atom::tests::validate_rejects_non_rfc3339_updated ... ok
[INFO] [stdout] test data::tests::test_add_item ... ok
[INFO] [stdout] test data::tests::test_clear_items ... ok
[INFO] [stdout] test data::tests::test_parse_date_invalid ... ok
[INFO] [stdout] test data::tests::test_parse_date_iso8601 ... ok
[INFO] [stdout] test data::tests::test_remove_item ... ok
[INFO] [stdout] test data::tests::test_parse_date ... ok
[INFO] [stdout] test data::tests::test_remove_item_not_found ... ok
[INFO] [stdout] test data::tests::test_rss_data_empty ... ok
[INFO] [stdout] test data::tests::test_rss_data_new ... ok
[INFO] [stdout] test atom::tests::validate_rejects_missing_required_fields ... ok
[INFO] [stdout] test data::tests::test_rss_data_set_with_enum ... ok
[INFO] [stdout] test data::tests::test_rss_item_empty ... ok
[INFO] [stdout] test data::tests::test_rss_data_setters ... ok
[INFO] [stdout] test data::tests::test_rss_item_validate ... ok
[INFO] [stdout] test data::tests::test_rss_data_validate_invalid_pub_date ... ok
[INFO] [stdout] test data::tests::test_rss_version ... ok
[INFO] [stdout] test data::tests::test_rss_data_version_setter ... ok
[INFO] [stdout] test data::tests::test_rss_item_pub_date_parsed_valid ... ok
[INFO] [stdout] test data::tests::test_sanitize_input ... ok
[INFO] [stdout] test data::tests::test_rss_version_display ... ok
[INFO] [stdout] test data::tests::test_set_image ... ok
[INFO] [stdout] test data::tests::test_rss_data_set_methods ... ok
[INFO] [stdout] test data::tests::test_rss_item_set_empty_field ... ok
[INFO] [stdout] test data::tests::test_rss_item_set_with_enum ... ok
[INFO] [stdout] test data::tests::test_rss_item_pub_date_parsed_invalid ... ok
[INFO] [stdout] test data::tests::test_rss_data_to_hash_map ... ok
[INFO] [stdout] test data::tests::test_rss_item_validate_invalid_link ... ok
[INFO] [stdout] test data::tests::test_set_image_empty ... ok
[INFO] [stdout] test data::tests::test_rss_item_builder_all_fields ... ok
[INFO] [stdout] test data::tests::test_rss_item_accepts_relative_link ... ok
[INFO] [stdout] test data::tests::test_set_item_field_all_variants ... ok
[INFO] [stdout] test data::tests::test_to_hash_map ... ok
[INFO] [stdout] test data::tests::test_rss_data_still_rejects_relative_link ... ok
[INFO] [stdout] test data::tests::test_set_item_field_empty_items ... ok
[INFO] [stdout] test data::tests::test_rss_data_validate ... ok
[INFO] [stdout] test data::tests::test_rss_feed_parsing ... ok
[INFO] [stdout] test data::tests::test_rss_version_from_str ... ok
[INFO] [stdout] test data::tests::test_validate_link_field_accepts_absolute_and_relative ... ok
[INFO] [stdout] test data::tests::test_validate_link_field_rejects_whitespace_and_control ... ok
[INFO] [stdout] test data::tests::test_validate_size_ok ... ok
[INFO] [stdout] test error::tests::test_custom_error ... ok
[INFO] [stdout] test error::tests::test_custom_error_http_status ... ok
[INFO] [stdout] test error::tests::test_date_parse_error ... ok
[INFO] [stdout] test error::tests::test_date_sort_error ... ok
[INFO] [stdout] test error::tests::test_date_sort_error_constructor ... ok
[INFO] [stdout] test error::tests::test_error_downcast ... ok
[INFO] [stdout] test error::tests::test_error_is_send_and_sync ... ok
[INFO] [stdout] test error::tests::test_error_source ... ok
[INFO] [stdout] test error::tests::test_error_log ... ok
[INFO] [stdout] test error::tests::test_invalid_input_error ... ok
[INFO] [stdout] test error::tests::test_invalid_url_error ... ok
[INFO] [stdout] test error::tests::test_io_error ... ok
[INFO] [stdout] test data::tests::test_validate_url ... ok
[INFO] [stdout] test error::tests::test_missing_field_with_str ... ok
[INFO] [stdout] test error::tests::test_missing_field_error ... ok
[INFO] [stdout] test error::tests::test_missing_field_with_string ... ok
[INFO] [stdout] test error::tests::test_to_http_status ... ok
[INFO] [stdout] test error::tests::test_rss_error_display ... ok
[INFO] [stdout] test error::tests::test_unknown_element_error ... ok
[INFO] [stdout] test error::tests::test_utf8_error ... ok
[INFO] [stdout] test error::tests::test_validation_error ... ok
[INFO] [stdout] test error::tests::test_validation_error_field_is_accessible ... ok
[INFO] [stdout] test error::tests::test_xml_write_error ... ok
[INFO] [stdout] test error::tests::test_validation_errors ... ok
[INFO] [stdout] test data::tests::test_validate_size_exceeds_max ... ok
[INFO] [stdout] test generator::tests::test_generate_rss_2_0_without_atom_link ... ok
[INFO] [stdout] test generator::tests::test_generate_rss_different_versions ... ok
[INFO] [stdout] test generator::tests::test_generate_rss_2_0_without_image ... ok
[INFO] [stdout] test generator::tests::test_generate_rss_2_0_with_image ... ok
[INFO] [stdout] test generator::tests::test_generate_rss_empty_fields ... ok
[INFO] [stdout] test generator::tests::test_generate_rss_2_0_with_atom_link ... ok
[INFO] [stdout] test generator::tests::test_generate_rss_full ... ok
[INFO] [stdout] test generator::tests::test_generate_rss_invalid_xml_characters ... ok
[INFO] [stdout] test generator::tests::test_generate_rss_long_content ... ok
[INFO] [stdout] test generator::tests::test_generate_rss_multiple_items ... ok
[INFO] [stdout] test generator::tests::test_generate_rss_minimal ... ok
[INFO] [stdout] test generator::tests::test_sanitize_content_control_chars ... ok
[INFO] [stdout] test generator::tests::test_generate_rss_with_author ... ok
[INFO] [stdout] test generator::tests::test_generate_rss_special_characters ... ok
[INFO] [stdout] test macros::tests::test_macro_generate_rss ... ok
[INFO] [stdout] test generator::tests::test_sanitize_content_mixed_escaped_and_raw ... ok
[INFO] [stdout] test generator::tests::test_sanitize_content ... ok
[INFO] [stdout] test macros::tests::test_macro_generate_rss_valid_data ... ok
[INFO] [stdout] test macros::tests::test_macro_metadata_option_empty_metadata ... ok
[INFO] [stdout] test macros::tests::test_macro_metadata_option_existing_key ... ok
[INFO] [stdout] test macros::tests::test_macro_generate_rss_missing_fields ... ok
[INFO] [stdout] test generator::tests::test_sanitize_content_idempotent ... ok
[INFO] [stdout] test macros::tests::test_macro_metadata_option_missing_key ... ok
[INFO] [stdout] test parser::tests::test_cdata_event_channel_elements ... ok
[INFO] [stdout] test macros::tests::test_macro_set_rss_data_fields ... ok
[INFO] [stdout] test parser::tests::test_parse_channel_category ... ok
[INFO] [stdout] test parser::tests::test_parse_channel_copyright ... ok
[INFO] [stdout] test parser::tests::test_parse_channel_docs ... ok
[INFO] [stdout] test parser::tests::test_parse_channel_generator ... ok
[INFO] [stdout] test parser::tests::test_parse_channel_items_non_rss_1_0 ... ok
[INFO] [stdout] test parser::tests::test_parse_channel_items_rss_1_0 ... ok
[INFO] [stdout] test parser::tests::test_parse_channel_last_build_date ... ok
[INFO] [stdout] test parser::tests::test_parse_channel_language ... ok
[INFO] [stdout] test parser::tests::test_parse_channel_managing_editor ... ok
[INFO] [stdout] test parser::tests::test_parse_channel_pub_date ... ok
[INFO] [stdout] test parser::tests::test_parse_channel_rdf_li_rss_1_0 ... ok
[INFO] [stdout] test parser::tests::test_parse_channel_rdf_li_non_rss_1_0 ... ok
[INFO] [stdout] test parser::tests::test_parse_channel_rdf_seq_non_rss_1_0 ... ok
[INFO] [stdout] test parser::tests::test_parse_channel_rdf_seq_rss_1_0 ... ok
[INFO] [stdout] test parser::tests::test_parse_channel_ttl ... ok
[INFO] [stdout] test parser::tests::test_parse_channel_unknown_element ... ok
[INFO] [stdout] test parser::tests::test_parse_channel_webmaster ... ok
[INFO] [stdout] test parser::tests::test_parse_element_with_attributes ... ok
[INFO] [stdout] test parser::tests::test_parse_item_author ... ok
[INFO] [stdout] test parser::tests::test_parse_item_category ... ok
[INFO] [stdout] test parser::tests::test_parse_item_comments ... ok
[INFO] [stdout] test parser::tests::test_parse_item_enclosure_with_attributes ... ok
[INFO] [stdout] test parser::tests::test_parse_item_enclosure_without_attributes ... ok
[INFO] [stdout] test parser::tests::test_parse_item_guid ... ok
[INFO] [stdout] test parser::tests::test_parse_item_pub_date ... ok
[INFO] [stdout] test parser::tests::test_parse_item_source ... ok
[INFO] [stdout] test parser::tests::test_parse_rss_1_0 ... ok
[INFO] [stdout] test parser::tests::test_parse_rss_2_0 ... ok
[INFO] [stdout] test parser::tests::test_parse_rss_malformed_xml ... ok
[INFO] [stdout] test parser::tests::test_parse_rss_with_all_channel_fields ... ok
[INFO] [stdout] test parser::tests::test_parse_rss_with_cdata ... ok
[INFO] [stdout] test parser::tests::test_parse_rss_with_cdata_in_item ... ok
[INFO] [stdout] test parser::tests::test_parser_config_no_custom_handlers ... ok
[INFO] [stdout] test parser::tests::test_parse_rss_with_image ... ok
[INFO] [stdout] test parser::tests::test_parser_config_with_custom_handler ... ok
[INFO] [stdout] test parser::tests::test_process_cdata_event_in_channel ... ok
[INFO] [stdout] test parser::tests::test_process_cdata_event_in_item ... ok
[INFO] [stdout] test parser::tests::test_process_start_event_non_empty_name ... ok
[INFO] [stdout] test parser::tests::test_process_start_event_unknown_element_outside_context ... ok
[INFO] [stdout] test parser::tests::test_process_text_event ... ok
[INFO] [stdout] test parser::tests::test_process_text_event_in_channel ... ok
[INFO] [stdout] test parser::tests::test_process_text_event_in_item ... ok
[INFO] [stdout] test parser::tests::test_process_text_event_with_escaped_entities ... ok
[INFO] [stdout] test parser::tests::test_process_text_event_with_failing_custom_handler ... ok
[INFO] [stdout] test parser::tests::test_process_cdata_event ... ok
[INFO] [stdout] test tests::test_max_general_length ... ok
[INFO] [stdout] test parser::tests::test_parse_rss_with_cdata_in_image ... ok
[INFO] [stdout] test tests::test_quick_rss ... ok
[INFO] [stdout] test tests::test_quick_rss_http ... ok
[INFO] [stdout] test tests::test_quick_rss_https ... ok
[INFO] [stdout] test parser::tests::test_process_text_event_with_custom_handler ... ok
[INFO] [stdout] test tests::test_quick_rss_invalid_input ... ok
[INFO] [stdout] test tests::test_quick_rss_max_title_length ... ok
[INFO] [stdout] test tests::test_version_constant ... ok
[INFO] [stdout] test parser::tests::test_process_start_event_empty_name ... ok
[INFO] [stdout] test validator::tests::test_invalid_rss_feed ... ok
[INFO] [stdout] test validator::tests::test_parse_date_accepts_iso8601 ... ok
[INFO] [stdout] test validator::tests::test_parse_date_invalid ... ok
[INFO] [stdout] test validator::tests::test_parse_date_accepts_numeric_timezone_offset ... ok
[INFO] [stdout] test tests::test_quick_rss_max_link_length ... ok
[INFO] [stdout] test validator::tests::test_valid_rss_feed ... ok
[INFO] [stdout] test validator::tests::test_parse_date_no_longer_requires_gmt_suffix ... ok
[INFO] [stdout] test validator::tests::test_validate_atom_link ... ok
[INFO] [stdout] test validator::tests::test_validate_items_with_invalid_item ... ok
[INFO] [stdout] test validator::tests::test_validate_rss_data ... ok
[INFO] [stdout] test validator::tests::test_validate_rss_feed_convenience_function_invalid ... ok
[INFO] [stdout] test tests::test_quick_rss_max_description_length ... ok
[INFO] [stdout] test validator::tests::test_validate_structure_allows_empty_item_link ... ok
[INFO] [stdout] test validator::tests::test_validate_structure_with_invalid_item_link ... ok
[INFO] [stdout] test validator::tests::test_validate_structure_allows_relative_item_link ... ok
[INFO] [stdout] test validator::tests::test_validate_dates_with_invalid_item_date ... ok
[INFO] [stdout] test validator::tests::test_validate_url_exceeds_max_length ... ok
[INFO] [stdout] test validator::tests::test_validate_url_invalid ... ok
[INFO] [stdout] test validator::tests::test_validate_structure_with_urls ... ok
[INFO] [stdout] test validator::tests::test_validate_version_specific_rss1_0 ... ok
[INFO] [stdout] test validator::tests::test_validate_version_specific_older_versions ... ok
[INFO] [stdout] test validator::tests::test_validate_version_specific_rss2_0 ... ok
[INFO] [stdout] test validator::tests::test_validate_url_valid ... ok
[INFO] [stdout] test validator::tests::test_validate_guids ... ok
[INFO] [stdout] test validator::tests::test_parse_date_valid ... ok
[INFO] [stdout] test validator::tests::test_validate_rss_feed_convenience_function ... ok
[INFO] [stdout] test tests::test_rss_data_validate_size ... ok
[INFO] [stdout] 
[INFO] [stdout] test result: ok. 184 passed; 0 failed; 0 ignored; 0 measured; 0 filtered out; finished in 0.02s
[INFO] [stdout] 
[INFO] [stderr]      Running tests/property_tests.rs (/opt/rustwide/target/release/deps/property_tests-c5df8a0236ab55d1)
[INFO] [stdout] 
[INFO] [stdout] running 16 tests
[INFO] [stdout] test regression_tests::test_empty_string_validation_regression ... ok
[INFO] [stdout] test property_tests::test_rss_version_string_roundtrip ... ok
[INFO] [stdout] test property_tests::test_date_parsing_no_panic ... ok
[INFO] [stdout] test property_tests::test_url_validation_consistency ... ok
[INFO] [stdout] test property_tests::test_url_validation_no_panic ... ok
[INFO] [stdout] test property_tests::test_sanitize_content_idempotent ... ok
[INFO] [stdout] test regression_tests::test_special_character_sanitization_regression ... ok
[INFO] [stdout] test regression_tests::test_url_protocol_validation_regression ... ok
[INFO] [stdout] test regression_tests::test_max_length_validation_regression ... ok
[INFO] [stdout] test regression_tests::test_item_removal_edge_cases_regression ... ok
[INFO] [stdout] test property_tests::test_rss_generation_no_panic ... ok
[INFO] [stdout] test property_tests::test_rss_generation_deterministic ... ok
[INFO] [stdout] test property_tests::test_validation_consistency ... ok
[INFO] [stdout] test property_tests::test_clear_items_mathematical_property ... ok
[INFO] [stdout] test property_tests::test_validation_no_panic ... ok
[INFO] [stdout] test property_tests::test_item_operations_consistency ... ok
[INFO] [stdout] 
[INFO] [stdout] test result: ok. 16 passed; 0 failed; 0 ignored; 0 measured; 0 filtered out; finished in 3.97s
[INFO] [stdout] 
[INFO] [stderr]    Doc-tests rss_gen
[INFO] [stdout] 
[INFO] [stdout] running 18 tests
[INFO] [stdout] test src/lib.rs - (line 331) ... FAILED
[INFO] [stdout] test src/lib.rs - atom (line 45) ... FAILED
[INFO] [stdout] test src/lib.rs - (line 170) ... FAILED
[INFO] [stdout] test src/lib.rs - (line 91) ... FAILED
[INFO] [stdout] test src/atom.rs - atom::detect_feed_format (line 91) ... FAILED
[INFO] [stdout] test src/lib.rs - (line 200) ... FAILED
[INFO] [stdout] test src/macros.rs - macros::macro_metadata_option (line 268) ... FAILED
[INFO] [stdout] test src/lib.rs - (line 297) ... FAILED
[INFO] [stdout] test src/lib.rs - (line 267) ... FAILED
[INFO] [stdout] test src/lib.rs - (line 126) ... FAILED
[INFO] [stdout] test src/macros.rs - macros::macro_metadata_option (line 243) ... ok
[INFO] [stdout] test src/macros.rs - macros::macro_set_rss_data_fields (line 187) ... ok
[INFO] [stdout] test src/generator.rs - generator::generate_rss (line 99) ... ok
[INFO] [stdout] test src/lib.rs - quick_rss (line 77) ... ok
[INFO] [stdout] test src/lib.rs - (line 363) ... ok
[INFO] [stdout] test src/lib.rs - parser (line 49) ... ok
[INFO] [stdout] test src/macros.rs - macros::macro_write_element (line 149) ... ok
[INFO] [stdout] test src/lib.rs - (line 235) ... ok
[INFO] [stdout] 
[INFO] [stdout] failures:
[INFO] [stdout] 
[INFO] [stdout] ---- src/lib.rs - (line 331) stdout ----
[INFO] [stdout] Couldn't compile the test.
[INFO] [stdout] ---- src/lib.rs - atom (line 45) stdout ----
[INFO] [stdout] Couldn't compile the test.
[INFO] [stdout] ---- src/lib.rs - (line 170) stdout ----
[INFO] [stdout] Couldn't compile the test.
[INFO] [stdout] ---- src/lib.rs - (line 91) stdout ----
[INFO] [stdout] Couldn't compile the test.
[INFO] [stdout] ---- src/atom.rs - atom::detect_feed_format (line 91) stdout ----
[INFO] [stdout] Couldn't compile the test.
[INFO] [stdout] ---- src/lib.rs - (line 200) stdout ----
[INFO] [stdout] Couldn't compile the test.
[INFO] [stdout] ---- src/macros.rs - macros::macro_metadata_option (line 268) stdout ----
[INFO] [stdout] Couldn't compile the test.
[INFO] [stdout] ---- src/lib.rs - (line 297) stdout ----
[INFO] [stdout] Couldn't compile the test.
[INFO] [stdout] ---- src/lib.rs - (line 267) stdout ----
[INFO] [stdout] Couldn't compile the test.
[INFO] [stdout] ---- src/lib.rs - (line 126) stdout ----
[INFO] [stdout] Couldn't compile the test.
[INFO] [stdout] 
[INFO] [stdout] failures:
[INFO] [stdout]     src/atom.rs - atom::detect_feed_format (line 91)
[INFO] [stdout]     src/lib.rs - (line 126)
[INFO] [stdout]     src/lib.rs - (line 170)
[INFO] [stdout]     src/lib.rs - (line 200)
[INFO] [stdout]     src/lib.rs - (line 267)
[INFO] [stdout]     src/lib.rs - (line 297)
[INFO] [stdout]     src/lib.rs - (line 331)
[INFO] [stdout]     src/lib.rs - (line 91)
[INFO] [stdout]     src/lib.rs - atom (line 45)
[INFO] [stdout]     src/macros.rs - macros::macro_metadata_option (line 268)
[INFO] [stdout] 
[INFO] [stdout] test result: FAILED. 8 passed; 10 failed; 0 ignored; 0 measured; 0 filtered out; finished in 19.78s
[INFO] [stdout] 
[INFO] [stderr] error: doctest failed, to rerun pass `--doc`
[INFO] running `Command { std: "docker" "inspect" "f37fe597ee4dd8edf002aeffe3343accf431662b8635c12a89c88ca46946f841", kill_on_drop: false }`
[INFO] running `Command { std: "docker" "rm" "-f" "f37fe597ee4dd8edf002aeffe3343accf431662b8635c12a89c88ca46946f841", kill_on_drop: false }`
[INFO] [stdout] f37fe597ee4dd8edf002aeffe3343accf431662b8635c12a89c88ca46946f841
