[INFO] fetching crate rpytest-daemon 0.1.2...
[INFO] testing rpytest-daemon-0.1.2 against 1.99.0-beta.1+cargoflags=--release for beta-release-1.99-2
[INFO] extracting crate rpytest-daemon 0.1.2 into /workspace/builds/worker-2-tc2/source
[INFO] started tweaking crates.io crate rpytest-daemon 0.1.2
[INFO] finished tweaking crates.io crate rpytest-daemon 0.1.2
[INFO] tweaked toml for crates.io crate rpytest-daemon 0.1.2 written to /workspace/builds/worker-2-tc2/source/Cargo.toml
[INFO] validating manifest of crates.io crate rpytest-daemon 0.1.2 on toolchain 1.99.0-beta.1
[INFO] running `Command { std: CARGO_HOME="/workspace/cargo-home" RUSTUP_HOME="/workspace/rustup-home" "/workspace/cargo-home/bin/cargo" "+1.99.0-beta.1" "metadata" "--manifest-path" "Cargo.toml" "--no-deps", kill_on_drop: false }`
[INFO] crate crates.io crate rpytest-daemon 0.1.2 already has a lockfile, it will not be regenerated
[INFO] running `Command { std: CARGO_HOME="/workspace/cargo-home" RUSTUP_HOME="/workspace/rustup-home" "/workspace/cargo-home/bin/cargo" "+1.99.0-beta.1" "fetch" "--manifest-path" "Cargo.toml", kill_on_drop: false }`
[INFO] running `Command { std: "docker" "create" "-v" "/var/lib/crater-agent-workspace/builds/worker-2-tc2/source:/opt/rustwide/workdir:ro,Z" "-v" "/var/lib/crater-agent-workspace/builds/worker-2-tc2/target:/opt/rustwide/target:rw,Z" "-v" "/var/lib/crater-agent-workspace/cargo-home:/opt/rustwide/cargo-home:ro,Z" "-v" "/var/lib/crater-agent-workspace/rustup-home:/opt/rustwide/rustup-home:ro,Z" "-m" "1610612736" "--network" "none" "ghcr.io/rust-lang/crates-build-env/linux@sha256:8683fc1fc2eb5c9ac98e0d076ab094b2ffac7f99da555d2b6a2e27f346de2ec7" "sleep" "infinity", kill_on_drop: false }`
[INFO] [stdout] fca58f968e44589433815d75c535b1c7c6ff825ce78fdfed6c44e739eeb79e0f
[INFO] running `Command { std: "docker" "start" "fca58f968e44589433815d75c535b1c7c6ff825ce78fdfed6c44e739eeb79e0f", kill_on_drop: false }`
[INFO] running `Command { std: "docker" "inspect" "fca58f968e44589433815d75c535b1c7c6ff825ce78fdfed6c44e739eeb79e0f", kill_on_drop: false }`
[INFO] running `Command { std: "docker" "exec" "-e" "SOURCE_DIR=/opt/rustwide/workdir" "-e" "CARGO_HOME=/opt/rustwide/cargo-home" "-e" "RUSTUP_HOME=/opt/rustwide/rustup-home" "-e" "CARGO_TARGET_DIR=/opt/rustwide/target" "-w" "/opt/rustwide/workdir" "--user" "0:0" "fca58f968e44589433815d75c535b1c7c6ff825ce78fdfed6c44e739eeb79e0f" "/opt/rustwide/cargo-home/bin/cargo" "+1.99.0-beta.1" "metadata" "--no-deps" "--format-version=1", kill_on_drop: false }`
[INFO] running `Command { std: "docker" "inspect" "fca58f968e44589433815d75c535b1c7c6ff825ce78fdfed6c44e739eeb79e0f", kill_on_drop: false }`
[INFO] running `Command { std: "docker" "exec" "-e" "SOURCE_DIR=/opt/rustwide/workdir" "-e" "CARGO_HOME=/opt/rustwide/cargo-home" "-e" "RUSTUP_HOME=/opt/rustwide/rustup-home" "-e" "CARGO_TARGET_DIR=/opt/rustwide/target" "-e" "CARGO_INCREMENTAL=0" "-e" "RUST_BACKTRACE=full" "-e" "RUSTFLAGS=--cap-lints=warn" "-e" "RUSTDOCFLAGS=--cap-lints=warn" "-w" "/opt/rustwide/workdir" "--user" "0:0" "fca58f968e44589433815d75c535b1c7c6ff825ce78fdfed6c44e739eeb79e0f" "/opt/rustwide/cargo-home/bin/cargo" "+1.99.0-beta.1" "build" "--frozen" "--message-format=json" "--release", kill_on_drop: false }`
[INFO] [stderr]    Compiling libc v0.2.186
[INFO] [stderr]    Compiling zerocopy v0.8.48
[INFO] [stderr]    Compiling cc v1.2.61
[INFO] [stderr]    Compiling libm v0.2.16
[INFO] [stderr]    Compiling itertools v0.11.0
[INFO] [stderr]    Compiling syn v2.0.117
[INFO] [stderr]    Compiling pyo3-build-config v0.22.6
[INFO] [stderr]    Compiling instant v0.1.13
[INFO] [stderr]    Compiling malachite-nz v0.4.22
[INFO] [stderr]    Compiling crossbeam-epoch v0.9.18
[INFO] [stderr]    Compiling unicode-width v0.2.2
[INFO] [stderr]    Compiling parking_lot_core v0.8.6
[INFO] [stderr]    Compiling crunchy v0.2.4
[INFO] [stderr]    Compiling tiny-keccak v2.0.2
[INFO] [stderr]    Compiling siphasher v1.0.3
[INFO] [stderr]    Compiling futures-sink v0.3.32
[INFO] [stderr]    Compiling event-listener v5.4.1
[INFO] [stderr]    Compiling futures-channel v0.3.32
[INFO] [stderr]    Compiling rmp v0.8.15
[INFO] [stderr]    Compiling getopts v0.2.24
[INFO] [stderr]    Compiling phf_shared v0.11.3
[INFO] [stderr]    Compiling num-integer v0.1.46
[INFO] [stderr]    Compiling rustpython-parser-vendored v0.4.0
[INFO] [stderr]    Compiling event-listener-strategy v0.5.4
[INFO] [stderr]    Compiling phf v0.11.3
[INFO] [stderr]    Compiling crossbeam-deque v0.8.6
[INFO] [stderr]    Compiling digest v0.10.7
[INFO] [stderr]    Compiling async-channel v2.5.0
[INFO] [stderr]    Compiling unic-emoji-char v0.9.0
[INFO] [stderr]    Compiling unic-ucd-ident v0.9.0
[INFO] [stderr]    Compiling rayon-core v1.13.0
[INFO] [stderr]    Compiling sha2 v0.10.9
[INFO] [stderr]    Compiling notify-types v1.0.1
[INFO] [stderr]    Compiling unindent v0.2.4
[INFO] [stderr]    Compiling lalrpop-util v0.20.2
[INFO] [stderr]    Compiling indoc v2.0.7
[INFO] [stderr]    Compiling cmake v0.1.58
[INFO] [stderr]    Compiling humantime v2.3.0
[INFO] [stderr]    Compiling getrandom v0.2.17
[INFO] [stderr]    Compiling rand_core v0.6.4
[INFO] [stderr]    Compiling rayon v1.12.0
[INFO] [stderr]    Compiling nng-sys v1.4.0-rc.0
[INFO] [stderr]    Compiling libmimalloc-sys v0.1.47
[INFO] [stderr]    Compiling pyo3-ffi v0.22.6
[INFO] [stderr]    Compiling pyo3-macros-backend v0.22.6
[INFO] [stderr]    Compiling pyo3 v0.22.6
[INFO] [stderr]    Compiling rpytest-daemon v0.1.2 (/opt/rustwide/workdir)
[INFO] [stdout] warning: unused import: `std::process::Command`
[INFO] [stdout]  --> build.rs:7:5
[INFO] [stdout]   |
[INFO] [stdout] 7 | use std::process::Command;
[INFO] [stdout]   |     ^^^^^^^^^^^^^^^^^^^^^
[INFO] [stdout]   |
[INFO] [stdout]   = note: `#[warn(unused_imports)]` (part of `#[warn(unused)]`) on by default
[INFO] [stdout] 
[INFO] [stdout] 
[INFO] [stderr]    Compiling parking_lot_core v0.9.12
[INFO] [stderr]    Compiling errno v0.3.14
[INFO] [stderr]    Compiling mio v1.2.0
[INFO] [stderr]    Compiling socket2 v0.6.3
[INFO] [stderr]    Compiling fs2 v0.4.3
[INFO] [stderr]    Compiling inotify-sys v0.1.5
[INFO] [stderr]    Compiling getrandom v0.4.2
[INFO] [stderr]    Compiling dirs-sys v0.4.1
[INFO] [stderr]    Compiling inotify v0.10.2
[INFO] [stderr]    Compiling signal-hook-registry v1.4.8
[INFO] [stderr]    Compiling nix v0.31.2
[INFO] [stderr]    Compiling parking_lot v0.12.5
[INFO] [stderr]    Compiling parking_lot v0.11.2
[INFO] [stderr]    Compiling filetime v0.2.27
[INFO] [stderr]    Compiling dirs v5.0.1
[INFO] [stderr]    Compiling notify v7.0.0
[INFO] [stderr]    Compiling sled v0.34.7
[INFO] [stderr]    Compiling uuid v1.23.1
[INFO] [stderr]    Compiling num_cpus v1.17.0
[INFO] [stderr]    Compiling ctrlc v3.5.2
[INFO] [stderr]    Compiling ppv-lite86 v0.2.21
[INFO] [stderr]    Compiling serde_derive v1.0.228
[INFO] [stderr]    Compiling tracing-attributes v0.1.31
[INFO] [stderr]    Compiling derive_more-impl v1.0.0
[INFO] [stderr]    Compiling futures-macro v0.3.32
[INFO] [stderr]    Compiling tokio-macros v2.7.0
[INFO] [stderr]    Compiling is-macro v0.3.7
[INFO] [stderr]    Compiling thiserror-impl v2.0.18
[INFO] [stderr]    Compiling async-trait v0.1.89
[INFO] [stderr]    Compiling clap_derive v4.6.1
[INFO] [stderr]    Compiling thiserror-impl v1.0.69
[INFO] [stderr]    Compiling rand_chacha v0.3.1
[INFO] [stderr]    Compiling rand v0.8.6
[INFO] [stderr]    Compiling rustpython-parser-core v0.4.0
[INFO] [stderr]    Compiling ahash v0.8.12
[INFO] [stderr]    Compiling tokio v1.52.2
[INFO] [stderr]    Compiling hashbrown v0.14.5
[INFO] [stderr]    Compiling futures-util v0.3.32
[INFO] [stderr]    Compiling phf_generator v0.11.3
[INFO] [stderr]    Compiling thiserror v2.0.18
[INFO] [stderr]    Compiling thiserror v1.0.69
[INFO] [stderr]    Compiling tracing v0.1.44
[INFO] [stderr]    Compiling phf_codegen v0.11.3
[INFO] [stderr]    Compiling unicode_names2_generator v1.3.0
[INFO] [stderr]    Compiling rustpython-parser v0.4.0
[INFO] [stderr]    Compiling malachite-base v0.4.22
[INFO] [stderr]    Compiling clap v4.6.1
[INFO] [stderr]    Compiling unicode_names2 v1.3.0
[INFO] [stderr]    Compiling derive_more v1.0.0
[INFO] [stderr]    Compiling mimalloc v0.1.50
[INFO] [stderr]    Compiling pyo3-macros v0.22.6
[INFO] [stderr]    Compiling serde v1.0.228
[INFO] [stderr]    Compiling rmp-serde v1.3.1
[INFO] [stderr]    Compiling tracing-serde v0.2.0
[INFO] [stderr]    Compiling tracing-subscriber v0.3.23
[INFO] [stderr]    Compiling futures-executor v0.3.32
[INFO] [stderr]    Compiling rpytest-core v0.1.2
[INFO] [stderr]    Compiling futures v0.3.32
[INFO] [stderr]    Compiling nng v1.0.1
[INFO] [stderr]    Compiling sha256 v1.6.0
[INFO] [stderr]    Compiling rpytest-ipc v0.1.2
[INFO] [stderr]    Compiling async-nng v0.2.0
[INFO] [stderr]    Compiling malachite-q v0.4.22
[INFO] [stderr]    Compiling malachite v0.4.22
[INFO] [stderr]    Compiling malachite-bigint v0.2.3
[INFO] [stderr]    Compiling rustpython-ast v0.4.0
[INFO] [stdout] warning: unused import: `warn`
[INFO] [stdout]   --> src/executor.rs:22:35
[INFO] [stdout]    |
[INFO] [stdout] 22 | use tracing::{debug, error, info, warn};
[INFO] [stdout]    |                                   ^^^^
[INFO] [stdout]    |
[INFO] [stdout]    = note: `#[warn(unused_imports)]` (part of `#[warn(unused)]`) on by default
[INFO] [stdout] 
[INFO] [stdout] 
[INFO] [stdout] warning: unused import: `error`
[INFO] [stdout]   --> src/pool.rs:16:22
[INFO] [stdout]    |
[INFO] [stdout] 16 | use tracing::{debug, error, info, warn};
[INFO] [stdout]    |                      ^^^^^
[INFO] [stdout] 
[INFO] [stdout] 
[INFO] [stdout] warning: unused import: `uuid::Uuid`
[INFO] [stdout]   --> src/server.rs:23:5
[INFO] [stdout]    |
[INFO] [stdout] 23 | use uuid::Uuid;
[INFO] [stdout]    |     ^^^^^^^^^^
[INFO] [stdout] 
[INFO] [stdout] 
[INFO] [stdout] warning: associated function `check_is_flaky` is never used
[INFO] [stdout]    --> src/flakiness.rs:246:8
[INFO] [stdout]     |
[INFO] [stdout] 128 | impl FlakinessTracker {
[INFO] [stdout]     | --------------------- associated function in this implementation
[INFO] [stdout] ...
[INFO] [stdout] 246 |     fn check_is_flaky(record: &FlakinessRecord) -> bool {
[INFO] [stdout]     |        ^^^^^^^^^^^^^^
[INFO] [stdout]     |
[INFO] [stdout]     = note: `#[warn(dead_code)]` (part of `#[warn(unused)]`) on by default
[INFO] [stdout] 
[INFO] [stdout] 
[INFO] [stdout] warning: variant `Ping` is never constructed
[INFO] [stdout]    --> src/pool.rs:135:5
[INFO] [stdout]     |
[INFO] [stdout] 131 | enum WorkerRequest {
[INFO] [stdout]     |      ------------- variant in this enum
[INFO] [stdout] ...
[INFO] [stdout] 135 |     Ping,
[INFO] [stdout]     |     ^^^^
[INFO] [stdout]     |
[INFO] [stdout]     = note: `WorkerRequest` has a derived impl for the trait `Debug`, but this is intentionally ignored during dead code analysis
[INFO] [stdout] 
[INFO] [stdout] 
[INFO] [stdout] warning: field `exit_code` is never read
[INFO] [stdout]    --> src/pool.rs:145:5
[INFO] [stdout]     |
[INFO] [stdout] 142 | struct WorkerResponse {
[INFO] [stdout]     |        -------------- field in this struct
[INFO] [stdout] ...
[INFO] [stdout] 145 |     exit_code: i32,
[INFO] [stdout]     |     ^^^^^^^^^
[INFO] [stdout]     |
[INFO] [stdout]     = note: `WorkerResponse` has a derived impl for the trait `Debug`, but this is intentionally ignored during dead code analysis
[INFO] [stdout] 
[INFO] [stdout] 
[INFO] [stdout] warning: hiding a lifetime that's elided elsewhere is confusing
[INFO] [stdout]    --> src/embedded.rs:518:39
[INFO] [stdout]     |
[INFO] [stdout] 518 |     fn get_or_create_plugin_class(py: Python) -> Result<Bound<'_, PyAny>> {
[INFO] [stdout]     |                                       ^^^^^^                  ^^ the same lifetime is elided here
[INFO] [stdout]     |                                       |
[INFO] [stdout]     |                                       the lifetime is hidden here
[INFO] [stdout]     |
[INFO] [stdout]     = help: the same lifetime is referred to in inconsistent ways, making the signature confusing
[INFO] [stdout]     = note: `#[warn(mismatched_lifetime_syntaxes)]` on by default
[INFO] [stdout] help: consistently use `'_`
[INFO] [stdout]     |
[INFO] [stdout] 518 |     fn get_or_create_plugin_class(py: Python<'_>) -> Result<Bound<'_, PyAny>> {
[INFO] [stdout]     |                                             ++++
[INFO] [stdout] 
[INFO] [stdout] 
[INFO] [stderr]     Finished `release` profile [optimized] target(s) in 30.73s
[INFO] [stderr] warning: the following packages contain code that will be rejected by a future version of Rust: nix v0.31.2
[INFO] [stderr] note: to see what the problems were, use the option `--future-incompat-report`, or run `cargo report future-incompatibilities --id 3`
[INFO] running `Command { std: "docker" "inspect" "fca58f968e44589433815d75c535b1c7c6ff825ce78fdfed6c44e739eeb79e0f", kill_on_drop: false }`
[INFO] running `Command { std: "docker" "exec" "-e" "SOURCE_DIR=/opt/rustwide/workdir" "-e" "CARGO_HOME=/opt/rustwide/cargo-home" "-e" "RUSTUP_HOME=/opt/rustwide/rustup-home" "-e" "CARGO_TARGET_DIR=/opt/rustwide/target" "-e" "CARGO_INCREMENTAL=0" "-e" "RUST_BACKTRACE=full" "-e" "RUSTFLAGS=--cap-lints=warn" "-e" "RUSTDOCFLAGS=--cap-lints=warn" "-w" "/opt/rustwide/workdir" "--user" "0:0" "fca58f968e44589433815d75c535b1c7c6ff825ce78fdfed6c44e739eeb79e0f" "/opt/rustwide/cargo-home/bin/cargo" "+1.99.0-beta.1" "test" "--frozen" "--no-run" "--message-format=json" "--release", kill_on_drop: false }`
[INFO] [stderr]    Compiling itertools v0.11.0
[INFO] [stderr]    Compiling rustix v1.1.4
[INFO] [stderr]    Compiling nix v0.31.2
[INFO] [stdout] warning: unused import: `std::process::Command`
[INFO] [stdout]  --> build.rs:7:5
[INFO] [stdout]   |
[INFO] [stdout] 7 | use std::process::Command;
[INFO] [stdout]   |     ^^^^^^^^^^^^^^^^^^^^^
[INFO] [stdout]   |
[INFO] [stdout]   = note: `#[warn(unused_imports)]` (part of `#[warn(unused)]`) on by default
[INFO] [stdout] 
[INFO] [stdout] 
[INFO] [stderr]    Compiling rayon v1.12.0
[INFO] [stderr]    Compiling fastrand v2.4.1
[INFO] [stderr]    Compiling env_home v0.1.0
[INFO] [stderr]    Compiling assert_matches v1.5.0
[INFO] [stderr]    Compiling ctrlc v3.5.2
[INFO] [stderr]    Compiling malachite-base v0.4.22
[INFO] [stderr]    Compiling tempfile v3.27.0
[INFO] [stderr]    Compiling which v7.0.3
[INFO] [stderr]    Compiling malachite-nz v0.4.22
[INFO] [stderr]    Compiling malachite-q v0.4.22
[INFO] [stderr]    Compiling malachite v0.4.22
[INFO] [stderr]    Compiling malachite-bigint v0.2.3
[INFO] [stderr]    Compiling rustpython-ast v0.4.0
[INFO] [stderr]    Compiling rustpython-parser v0.4.0
[INFO] [stderr]    Compiling rpytest-daemon v0.1.2 (/opt/rustwide/workdir)
[INFO] [stdout] warning: unused import: `warn`
[INFO] [stdout]   --> src/executor.rs:22:35
[INFO] [stdout]    |
[INFO] [stdout] 22 | use tracing::{debug, error, info, warn};
[INFO] [stdout]    |                                   ^^^^
[INFO] [stdout]    |
[INFO] [stdout]    = note: `#[warn(unused_imports)]` (part of `#[warn(unused)]`) on by default
[INFO] [stdout] 
[INFO] [stdout] 
[INFO] [stdout] warning: unused import: `error`
[INFO] [stdout]   --> src/pool.rs:16:22
[INFO] [stdout]    |
[INFO] [stdout] 16 | use tracing::{debug, error, info, warn};
[INFO] [stdout]    |                      ^^^^^
[INFO] [stdout] 
[INFO] [stdout] 
[INFO] [stdout] warning: unused import: `uuid::Uuid`
[INFO] [stdout]   --> src/server.rs:23:5
[INFO] [stdout]    |
[INFO] [stdout] 23 | use uuid::Uuid;
[INFO] [stdout]    |     ^^^^^^^^^^
[INFO] [stdout] 
[INFO] [stdout] 
[INFO] [stdout] warning: associated function `check_is_flaky` is never used
[INFO] [stdout]    --> src/flakiness.rs:246:8
[INFO] [stdout]     |
[INFO] [stdout] 128 | impl FlakinessTracker {
[INFO] [stdout]     | --------------------- associated function in this implementation
[INFO] [stdout] ...
[INFO] [stdout] 246 |     fn check_is_flaky(record: &FlakinessRecord) -> bool {
[INFO] [stdout]     |        ^^^^^^^^^^^^^^
[INFO] [stdout]     |
[INFO] [stdout]     = note: `#[warn(dead_code)]` (part of `#[warn(unused)]`) on by default
[INFO] [stdout] 
[INFO] [stdout] 
[INFO] [stdout] warning: variant `Ping` is never constructed
[INFO] [stdout]    --> src/pool.rs:135:5
[INFO] [stdout]     |
[INFO] [stdout] 131 | enum WorkerRequest {
[INFO] [stdout]     |      ------------- variant in this enum
[INFO] [stdout] ...
[INFO] [stdout] 135 |     Ping,
[INFO] [stdout]     |     ^^^^
[INFO] [stdout]     |
[INFO] [stdout]     = note: `WorkerRequest` has a derived impl for the trait `Debug`, but this is intentionally ignored during dead code analysis
[INFO] [stdout] 
[INFO] [stdout] 
[INFO] [stdout] warning: field `exit_code` is never read
[INFO] [stdout]    --> src/pool.rs:145:5
[INFO] [stdout]     |
[INFO] [stdout] 142 | struct WorkerResponse {
[INFO] [stdout]     |        -------------- field in this struct
[INFO] [stdout] ...
[INFO] [stdout] 145 |     exit_code: i32,
[INFO] [stdout]     |     ^^^^^^^^^
[INFO] [stdout]     |
[INFO] [stdout]     = note: `WorkerResponse` has a derived impl for the trait `Debug`, but this is intentionally ignored during dead code analysis
[INFO] [stdout] 
[INFO] [stdout] 
[INFO] [stdout] warning: hiding a lifetime that's elided elsewhere is confusing
[INFO] [stdout]    --> src/embedded.rs:518:39
[INFO] [stdout]     |
[INFO] [stdout] 518 |     fn get_or_create_plugin_class(py: Python) -> Result<Bound<'_, PyAny>> {
[INFO] [stdout]     |                                       ^^^^^^                  ^^ the same lifetime is elided here
[INFO] [stdout]     |                                       |
[INFO] [stdout]     |                                       the lifetime is hidden here
[INFO] [stdout]     |
[INFO] [stdout]     = help: the same lifetime is referred to in inconsistent ways, making the signature confusing
[INFO] [stdout]     = note: `#[warn(mismatched_lifetime_syntaxes)]` on by default
[INFO] [stdout] help: consistently use `'_`
[INFO] [stdout]     |
[INFO] [stdout] 518 |     fn get_or_create_plugin_class(py: Python<'_>) -> Result<Bound<'_, PyAny>> {
[INFO] [stdout]     |                                             ++++
[INFO] [stdout] 
[INFO] [stdout] 
[INFO] [stdout] warning: unused import: `warn`
[INFO] [stdout]   --> src/executor.rs:22:35
[INFO] [stdout]    |
[INFO] [stdout] 22 | use tracing::{debug, error, info, warn};
[INFO] [stdout]    |                                   ^^^^
[INFO] [stdout]    |
[INFO] [stdout]    = note: `#[warn(unused_imports)]` (part of `#[warn(unused)]`) on by default
[INFO] [stdout] 
[INFO] [stdout] 
[INFO] [stdout] warning: unused import: `error`
[INFO] [stdout]   --> src/pool.rs:16:22
[INFO] [stdout]    |
[INFO] [stdout] 16 | use tracing::{debug, error, info, warn};
[INFO] [stdout]    |                      ^^^^^
[INFO] [stdout] 
[INFO] [stdout] 
[INFO] [stdout] warning: unused import: `std::env`
[INFO] [stdout]    --> src/pool.rs:761:9
[INFO] [stdout]     |
[INFO] [stdout] 761 |     use std::env;
[INFO] [stdout]     |         ^^^^^^^^
[INFO] [stdout] 
[INFO] [stdout] 
[INFO] [stdout] warning: unused import: `uuid::Uuid`
[INFO] [stdout]   --> src/server.rs:23:5
[INFO] [stdout]    |
[INFO] [stdout] 23 | use uuid::Uuid;
[INFO] [stdout]    |     ^^^^^^^^^^
[INFO] [stdout] 
[INFO] [stdout] 
[INFO] [stdout] warning: associated function `check_is_flaky` is never used
[INFO] [stdout]    --> src/flakiness.rs:246:8
[INFO] [stdout]     |
[INFO] [stdout] 128 | impl FlakinessTracker {
[INFO] [stdout]     | --------------------- associated function in this implementation
[INFO] [stdout] ...
[INFO] [stdout] 246 |     fn check_is_flaky(record: &FlakinessRecord) -> bool {
[INFO] [stdout]     |        ^^^^^^^^^^^^^^
[INFO] [stdout]     |
[INFO] [stdout]     = note: `#[warn(dead_code)]` (part of `#[warn(unused)]`) on by default
[INFO] [stdout] 
[INFO] [stdout] 
[INFO] [stdout] warning: variant `Ping` is never constructed
[INFO] [stdout]    --> src/pool.rs:135:5
[INFO] [stdout]     |
[INFO] [stdout] 131 | enum WorkerRequest {
[INFO] [stdout]     |      ------------- variant in this enum
[INFO] [stdout] ...
[INFO] [stdout] 135 |     Ping,
[INFO] [stdout]     |     ^^^^
[INFO] [stdout]     |
[INFO] [stdout]     = note: `WorkerRequest` has a derived impl for the trait `Debug`, but this is intentionally ignored during dead code analysis
[INFO] [stdout] 
[INFO] [stdout] 
[INFO] [stdout] warning: field `exit_code` is never read
[INFO] [stdout]    --> src/pool.rs:145:5
[INFO] [stdout]     |
[INFO] [stdout] 142 | struct WorkerResponse {
[INFO] [stdout]     |        -------------- field in this struct
[INFO] [stdout] ...
[INFO] [stdout] 145 |     exit_code: i32,
[INFO] [stdout]     |     ^^^^^^^^^
[INFO] [stdout]     |
[INFO] [stdout]     = note: `WorkerResponse` has a derived impl for the trait `Debug`, but this is intentionally ignored during dead code analysis
[INFO] [stdout] 
[INFO] [stdout] 
[INFO] [stdout] warning: hiding a lifetime that's elided elsewhere is confusing
[INFO] [stdout]    --> src/embedded.rs:518:39
[INFO] [stdout]     |
[INFO] [stdout] 518 |     fn get_or_create_plugin_class(py: Python) -> Result<Bound<'_, PyAny>> {
[INFO] [stdout]     |                                       ^^^^^^                  ^^ the same lifetime is elided here
[INFO] [stdout]     |                                       |
[INFO] [stdout]     |                                       the lifetime is hidden here
[INFO] [stdout]     |
[INFO] [stdout]     = help: the same lifetime is referred to in inconsistent ways, making the signature confusing
[INFO] [stdout]     = note: `#[warn(mismatched_lifetime_syntaxes)]` on by default
[INFO] [stdout] help: consistently use `'_`
[INFO] [stdout]     |
[INFO] [stdout] 518 |     fn get_or_create_plugin_class(py: Python<'_>) -> Result<Bound<'_, PyAny>> {
[INFO] [stdout]     |                                             ++++
[INFO] [stdout] 
[INFO] [stdout] 
[INFO] [stderr]     Finished `release` profile [optimized] target(s) in 27.41s
[INFO] [stderr] warning: the following packages contain code that will be rejected by a future version of Rust: nix v0.31.2
[INFO] [stderr] note: to see what the problems were, use the option `--future-incompat-report`, or run `cargo report future-incompatibilities --id 3`
[INFO] running `Command { std: "docker" "inspect" "fca58f968e44589433815d75c535b1c7c6ff825ce78fdfed6c44e739eeb79e0f", kill_on_drop: false }`
[INFO] running `Command { std: "docker" "exec" "-e" "SOURCE_DIR=/opt/rustwide/workdir" "-e" "CARGO_HOME=/opt/rustwide/cargo-home" "-e" "RUSTUP_HOME=/opt/rustwide/rustup-home" "-e" "CARGO_TARGET_DIR=/opt/rustwide/target" "-e" "CARGO_INCREMENTAL=0" "-e" "RUST_BACKTRACE=full" "-e" "RUSTFLAGS=--cap-lints=warn" "-e" "RUSTDOCFLAGS=--cap-lints=warn" "-w" "/opt/rustwide/workdir" "--user" "0:0" "fca58f968e44589433815d75c535b1c7c6ff825ce78fdfed6c44e739eeb79e0f" "/opt/rustwide/cargo-home/bin/cargo" "+1.99.0-beta.1" "test" "--frozen" "--release", kill_on_drop: false }`
[INFO] [stderr] warning: unused import: `std::process::Command`
[INFO] [stderr]  --> build.rs:7:5
[INFO] [stderr]   |
[INFO] [stderr] 7 | use std::process::Command;
[INFO] [stderr]   |     ^^^^^^^^^^^^^^^^^^^^^
[INFO] [stderr]   |
[INFO] [stderr]   = note: `#[warn(unused_imports)]` (part of `#[warn(unused)]`) on by default
[INFO] [stderr] 
[INFO] [stderr] warning: `rpytest-daemon` (build script) generated 1 warning
[INFO] [stderr] warning: unused import: `warn`
[INFO] [stderr]   --> src/executor.rs:22:35
[INFO] [stderr]    |
[INFO] [stderr] 22 | use tracing::{debug, error, info, warn};
[INFO] [stderr]    |                                   ^^^^
[INFO] [stderr]    |
[INFO] [stderr]    = note: `#[warn(unused_imports)]` (part of `#[warn(unused)]`) on by default
[INFO] [stderr] 
[INFO] [stderr] warning: unused import: `error`
[INFO] [stderr]   --> src/pool.rs:16:22
[INFO] [stderr]    |
[INFO] [stderr] 16 | use tracing::{debug, error, info, warn};
[INFO] [stderr]    |                      ^^^^^
[INFO] [stderr] 
[INFO] [stderr] warning: unused import: `uuid::Uuid`
[INFO] [stderr]   --> src/server.rs:23:5
[INFO] [stderr]    |
[INFO] [stderr] 23 | use uuid::Uuid;
[INFO] [stderr]    |     ^^^^^^^^^^
[INFO] [stderr] 
[INFO] [stderr] warning: associated function `check_is_flaky` is never used
[INFO] [stderr]    --> src/flakiness.rs:246:8
[INFO] [stderr]     |
[INFO] [stderr] 128 | impl FlakinessTracker {
[INFO] [stderr]     | --------------------- associated function in this implementation
[INFO] [stderr] ...
[INFO] [stderr] 246 |     fn check_is_flaky(record: &FlakinessRecord) -> bool {
[INFO] [stderr]     |        ^^^^^^^^^^^^^^
[INFO] [stderr]     |
[INFO] [stderr]     = note: `#[warn(dead_code)]` (part of `#[warn(unused)]`) on by default
[INFO] [stderr] 
[INFO] [stderr] warning: variant `Ping` is never constructed
[INFO] [stderr]    --> src/pool.rs:135:5
[INFO] [stderr]     |
[INFO] [stderr] 131 | enum WorkerRequest {
[INFO] [stderr]     |      ------------- variant in this enum
[INFO] [stderr] ...
[INFO] [stderr] 135 |     Ping,
[INFO] [stderr]     |     ^^^^
[INFO] [stderr]     |
[INFO] [stderr]     = note: `WorkerRequest` has a derived impl for the trait `Debug`, but this is intentionally ignored during dead code analysis
[INFO] [stderr] 
[INFO] [stderr] warning: field `exit_code` is never read
[INFO] [stderr]    --> src/pool.rs:145:5
[INFO] [stderr]     |
[INFO] [stderr] 142 | struct WorkerResponse {
[INFO] [stderr]     |        -------------- field in this struct
[INFO] [stderr] ...
[INFO] [stderr] 145 |     exit_code: i32,
[INFO] [stderr]     |     ^^^^^^^^^
[INFO] [stderr]     |
[INFO] [stderr]     = note: `WorkerResponse` has a derived impl for the trait `Debug`, but this is intentionally ignored during dead code analysis
[INFO] [stderr] 
[INFO] [stderr] warning: hiding a lifetime that's elided elsewhere is confusing
[INFO] [stderr]    --> src/embedded.rs:518:39
[INFO] [stderr]     |
[INFO] [stderr] 518 |     fn get_or_create_plugin_class(py: Python) -> Result<Bound<'_, PyAny>> {
[INFO] [stderr]     |                                       ^^^^^^                  ^^ the same lifetime is elided here
[INFO] [stderr]     |                                       |
[INFO] [stderr]     |                                       the lifetime is hidden here
[INFO] [stderr]     |
[INFO] [stderr]     = help: the same lifetime is referred to in inconsistent ways, making the signature confusing
[INFO] [stderr]     = note: `#[warn(mismatched_lifetime_syntaxes)]` on by default
[INFO] [stderr] help: consistently use `'_`
[INFO] [stderr]     |
[INFO] [stderr] 518 |     fn get_or_create_plugin_class(py: Python<'_>) -> Result<Bound<'_, PyAny>> {
[INFO] [stderr]     |                                             ++++
[INFO] [stderr] 
[INFO] [stderr] warning: `rpytest-daemon` (lib) generated 7 warnings (run `cargo fix --lib -p rpytest-daemon` to apply 4 suggestions)
[INFO] [stderr] warning: unused import: `std::env`
[INFO] [stderr]    --> src/pool.rs:761:9
[INFO] [stderr]     |
[INFO] [stderr] 761 |     use std::env;
[INFO] [stderr]     |         ^^^^^^^^
[INFO] [stderr] 
[INFO] [stderr] warning: `rpytest-daemon` (lib test) generated 8 warnings (7 duplicates) (run `cargo fix --lib -p rpytest-daemon --tests` to apply 1 suggestion)
[INFO] [stderr]     Finished `release` profile [optimized] target(s) in 0.12s
[INFO] [stderr] warning: the following packages contain code that will be rejected by a future version of Rust: nix v0.31.2
[INFO] [stderr] note: to see what the problems were, use the option `--future-incompat-report`, or run `cargo report future-incompatibilities --id 3`
[INFO] [stderr]      Running unittests src/lib.rs (/opt/rustwide/target/release/deps/rpytest_daemon-0ff2099b4bb2ac35)
[INFO] [stdout] 
[INFO] [stdout] running 74 tests
[INFO] [stdout] test collector::tests::test_ignore_non_test_files ... ok
[INFO] [stdout] test collector::tests::test_collect_skipif ... ok
[INFO] [stdout] test collector::tests::test_collect_xfail_with_condition ... ok
[INFO] [stdout] test collector::tests::test_collect_class_markers ... ok
[INFO] [stdout] test collector::tests::test_line_numbers ... ok
[INFO] [stdout] test collector::tests::test_collect_param_with_per_variant_marks ... ok
[INFO] [stdout] test collector::tests::test_collect_parametrized_class_methods ... ok
[INFO] [stdout] test collector::tests::test_collect_stacked_parametrize ... ok
[INFO] [stdout] test collector::tests::test_collect_async ... ok
[INFO] [stdout] test collector::tests::test_collect_skip_xfail ... ok
[INFO] [stdout] test collector::tests::test_collect_simple ... ok
[INFO] [stdout] test collector::tests::test_collect_with_markers ... ok
[INFO] [stdout] test embedded::tests::test_rust_result_collector ... ok
[INFO] [stdout] test executor::tests::test_create_executor_subprocess ... ok
[INFO] [stdout] test embedded::tests::test_duration_conversion ... ok
[INFO] [stdout] test executor::tests::test_executor_config_default ... ok
[INFO] [stdout] test executor::tests::test_executor_config_optimal_batch_size ... ok
[INFO] [stdout] test embedded::tests::test_rust_result_collector_take_clears ... ok
[INFO] [stdout] test executor::tests::test_extract_duration ... ok
[INFO] [stdout] test executor::tests::test_extract_message ... ok
[INFO] [stdout] test executor::tests::test_parse_batch_output_failed ... ok
[INFO] [stdout] test embedded::tests::test_rust_result_collector_outcomes ... ok
[INFO] [stdout] test embedded::tests::test_rust_result_collector_multiple ... ok
[INFO] [stdout] test executor::tests::test_parse_batch_output_mixed ... ok
[INFO] [stdout] test executor::tests::test_parse_batch_output_passed ... ok
[INFO] [stdout] test executor::tests::test_parse_batch_output_skipped ... ok
[INFO] [stdout] test executor::tests::test_parse_batch_output_summary_fallback ... ok
[INFO] [stdout] test executor::tests::test_parse_batch_output_xfail ... ok
[INFO] [stdout] test executor::tests::test_parse_batch_output_xpass ... ok
[INFO] [stdout] test executor::tests::test_parse_pytest_output ... ok
[INFO] [stdout] test executor::tests::test_python_executor_configure ... ok
[INFO] [stdout] test executor::tests::test_python_executor_default ... ok
[INFO] [stdout] test executor::tests::test_python_executor_kill_all ... ok
[INFO] [stdout] test fixtures::tests::test_create_session ... ok
[INFO] [stdout] test executor::tests::test_run_tests_empty ... ok
[INFO] [stdout] test fixtures::tests::test_enable_disable ... ok
[INFO] [stdout] test fixtures::tests::test_mark_fixture_used ... ok
[INFO] [stdout] test flakiness::tests::test_flaky_detection ... ok
[INFO] [stdout] test flakiness::tests::test_confirmed_flaky_recovery ... ok
[INFO] [stdout] test flakiness::tests::test_get_flaky_tests ... ok
[INFO] [stdout] test flakiness::tests::test_stability_state_transitions ... ok
[INFO] [stdout] test executor::tests::test_run_simple_test ... ok
[INFO] [stdout] test flakiness::tests::test_record_outcome ... ok
[INFO] [stdout] test models::tests::test_daemon_config_default ... ok
[INFO] [stdout] test models::tests::test_execution_mode_default ... ok
[INFO] [stdout] test models::tests::test_execution_mode_display ... ok
[INFO] [stdout] test models::tests::test_execution_mode_from_str ... ok
[INFO] [stdout] test flakiness::tests::test_stable_count ... ok
[INFO] [stdout] test models::tests::test_test_outcome_conversions ... ok
[INFO] [stdout] test pool::tests::test_worker_state_helpers ... ok
[INFO] [stdout] test pool::tests::test_worker_request_serialization ... ok
[INFO] [stdout] test pool::tests::test_worker_state_machine_transitions ... ok
[INFO] [stdout] test scheduler::tests::test_duration_update ... ok
[INFO] [stdout] test scheduler::tests::test_failed_first_priority ... ok
[INFO] [stdout] test scheduler::tests::test_schedule_ordering ... ok
[INFO] [stdout] test scheduler::tests::test_split_balanced_empty ... ok
[INFO] [stdout] test scheduler::tests::test_split_balanced_even_distribution ... ok
[INFO] [stdout] test scheduler::tests::test_split_balanced_single_worker ... ok
[INFO] [stdout] test server::tests::test_init_context ... ok
[INFO] [stdout] test server::tests::test_run_request_completes ... ok
[INFO] [stdout] test pool::tests::test_worker_run_tests_requires_ready ... ok
[INFO] [stdout] test pool::tests::test_worker_state_transitions ... ok
[INFO] [stdout] test pool::tests::test_worker_spawn ... ok
[INFO] [stdout] test embedded::tests::test_embedded_executor_execution_mode ... ok
[INFO] [stdout] test embedded::tests::test_embedded_executor_run_empty ... ok
[INFO] [stdout] test executor::tests::test_create_executor_embedded ... ok
[INFO] [stdout] test embedded::tests::test_embedded_executor_configure ... ok
[INFO] [stdout] test embedded::tests::test_embedded_executor_creation ... ok
[INFO] [stdout] test executor::tests::test_create_executor_auto ... ok
[INFO] [stdout] test embedded::tests::test_embedded_executor_kill_all ... ok
[INFO] [stdout] PASSEDtest embedded::tests::test_embedded_executor_run_skipped_test ... ok
[INFO] [stdout] 
[INFO] [stdout] 
[INFO] [stdout] ============================== 1 passed in 0.06s ===============================                   [ 66%]
[INFO] [stdout] 
[INFO] [stdout] ../../../tmp/.tmpPedPJK/test_multi.py::test_three test embedded::tests::test_embedded_executor_run_passing_test ... ok
[INFO] [stdout] test embedded::tests::test_embedded_executor_run_multiple_tests ... FAILED
[INFO] [stdout] test embedded::tests::test_embedded_executor_run_failing_test ... FAILED
[INFO] [stdout] 
[INFO] [stdout] failures:
[INFO] [stdout] 
[INFO] [stdout] ---- embedded::tests::test_embedded_executor_run_multiple_tests stdout ----
[INFO] [stdout] 
[INFO] [stdout] thread 'embedded::tests::test_embedded_executor_run_multiple_tests' (3659) panicked at src/embedded.rs:1049:9:
[INFO] [stdout] assertion failed: results.is_ok()
[INFO] [stdout] stack backtrace:
[INFO] [stdout]    0:     0x57a61e47b111 - <<std[104cf6e2632825ea]::sys::backtrace::BacktraceLock>::print::DisplayBacktrace as core[7c831bd917ebf35f]::fmt::Display>::fmt
[INFO] [stdout]    1:     0x57a61e49342a - core[7c831bd917ebf35f]::fmt::write
[INFO] [stdout]    2:     0x57a61e47ffec - <alloc[2fdc3f7464fcf288]::vec::Vec<u8> as core[7c831bd917ebf35f]::io::write::Write>::write_fmt
[INFO] [stdout]    3:     0x57a61e453606 - std[104cf6e2632825ea]::panicking::default_hook::{closure#0}
[INFO] [stdout]    4:     0x57a61e471a59 - std[104cf6e2632825ea]::panicking::default_hook
[INFO] [stdout]    5:     0x57a61e1ff9b0 - test[73009c9f9aebf890]::test_main_inner::<test[73009c9f9aebf890]::test_main_static::{closure#0}>::{closure#0}
[INFO] [stdout]    6:     0x57a61e471d82 - std[104cf6e2632825ea]::panicking::panic_with_hook
[INFO] [stdout]    7:     0x57a61e4536e4 - std[104cf6e2632825ea]::panicking::panic_handler::{closure#0}
[INFO] [stdout]    8:     0x57a61e44b729 - std[104cf6e2632825ea]::sys::backtrace::__rust_end_short_backtrace::<std[104cf6e2632825ea]::panicking::panic_handler::{closure#0}, !>
[INFO] [stdout]    9:     0x57a61e4545bd - __rustc[b0d56fa5b193ad05]::rust_begin_unwind
[INFO] [stdout]   10:     0x57a61e493b8c - core[7c831bd917ebf35f]::panicking::panic_fmt
[INFO] [stdout]   11:     0x57a61e493b52 - core[7c831bd917ebf35f]::panicking::panic
[INFO] [stdout]   12:     0x57a61e1e2eaa - rpytest_daemon[92c9c086babdfae5]::embedded::tests::test_embedded_executor_run_multiple_tests
[INFO] [stdout]   13:     0x57a61e14e919 - <rpytest_daemon[92c9c086babdfae5]::embedded::tests::test_embedded_executor_run_multiple_tests::{closure#0} as core[7c831bd917ebf35f]::ops::function::FnOnce<()>>::call_once
[INFO] [stdout]   14:     0x57a61e1f2c9b - test[73009c9f9aebf890]::__rust_begin_short_backtrace::<core[7c831bd917ebf35f]::result::Result<(), alloc[2fdc3f7464fcf288]::string::String>, fn() -> core[7c831bd917ebf35f]::result::Result<(), alloc[2fdc3f7464fcf288]::string::String>>
[INFO] [stdout]   15:     0x57a61e200305 - test[73009c9f9aebf890]::run_test::{closure#0}
[INFO] [stdout]   16:     0x57a61e1f96c4 - std[104cf6e2632825ea]::sys::backtrace::__rust_begin_short_backtrace::<test[73009c9f9aebf890]::run_test::{closure#1}, ()>
[INFO] [stdout]   17:     0x57a61e203462 - <std[104cf6e2632825ea]::thread::lifecycle::spawn_unchecked<test[73009c9f9aebf890]::run_test::{closure#1}, ()>::{closure#1} as core[7c831bd917ebf35f]::ops::function::FnOnce<()>>::call_once::{shim:vtable#0}
[INFO] [stdout]   18:     0x57a61e47a369 - <std[104cf6e2632825ea]::sys::thread::unix::Thread>::new::thread_start
[INFO] [stdout]   19:     0x7f6dc19bb07a - <unknown>
[INFO] [stdout]   20:     0x7f6dc1a4e534 - clone
[INFO] [stdout]   21:                0x0 - <unknown>
[INFO] [stdout] 
[INFO] [stdout] ---- embedded::tests::test_embedded_executor_run_failing_test stdout ----
[INFO] [stdout] 
[INFO] [stdout] thread 'embedded::tests::test_embedded_executor_run_failing_test' (3657) panicked at src/embedded.rs:1017:9:
[INFO] [stdout] assertion failed: result.is_ok()
[INFO] [stdout] stack backtrace:
[INFO] [stdout]    0:     0x57a61e47b111 - <<std[104cf6e2632825ea]::sys::backtrace::BacktraceLock>::print::DisplayBacktrace as core[7c831bd917ebf35f]::fmt::Display>::fmt
[INFO] [stdout]    1:     0x57a61e49342a - core[7c831bd917ebf35f]::fmt::write
[INFO] [stdout]    2:     0x57a61e47ffec - <alloc[2fdc3f7464fcf288]::vec::Vec<u8> as core[7c831bd917ebf35f]::io::write::Write>::write_fmt
[INFO] [stdout]    3:     0x57a61e453606 - std[104cf6e2632825ea]::panicking::default_hook::{closure#0}
[INFO] [stdout]    4:     0x57a61e471a59 - std[104cf6e2632825ea]::panicking::default_hook
[INFO] [stdout]    5:     0x57a61e1ff9b0 - test[73009c9f9aebf890]::test_main_inner::<test[73009c9f9aebf890]::test_main_static::{closure#0}>::{closure#0}
[INFO] [stdout]    6:     0x57a61e471d82 - std[104cf6e2632825ea]::panicking::panic_with_hook
[INFO] [stdout]    7:     0x57a61e4536e4 - std[104cf6e2632825ea]::panicking::panic_handler::{closure#0}
[INFO] [stdout]    8:     0x57a61e44b729 - std[104cf6e2632825ea]::sys::backtrace::__rust_end_short_backtrace::<std[104cf6e2632825ea]::panicking::panic_handler::{closure#0}, !>
[INFO] [stdout]    9:     0x57a61e4545bd - __rustc[b0d56fa5b193ad05]::rust_begin_unwind
[INFO] [stdout]   10:     0x57a61e493b8c - core[7c831bd917ebf35f]::panicking::panic_fmt
[INFO] [stdout]   11:     0x57a61e493b52 - core[7c831bd917ebf35f]::panicking::panic
[INFO] [stdout]   12:     0x57a61e1e1ca8 - rpytest_daemon[92c9c086babdfae5]::embedded::tests::test_embedded_executor_run_failing_test
[INFO] [stdout]   13:     0x57a61e14e8b9 - <rpytest_daemon[92c9c086babdfae5]::embedded::tests::test_embedded_executor_run_failing_test::{closure#0} as core[7c831bd917ebf35f]::ops::function::FnOnce<()>>::call_once
[INFO] [stdout]   14:     0x57a61e1f2c9b - test[73009c9f9aebf890]::__rust_begin_short_backtrace::<core[7c831bd917ebf35f]::result::Result<(), alloc[2fdc3f7464fcf288]::string::String>, fn() -> core[7c831bd917ebf35f]::result::Result<(), alloc[2fdc3f7464fcf288]::string::String>>
[INFO] [stdout]   15:     0x57a61e200305 - test[73009c9f9aebf890]::run_test::{closure#0}
[INFO] [stdout]   16:     0x57a61e1f96c4 - std[104cf6e2632825ea]::sys::backtrace::__rust_begin_short_backtrace::<test[73009c9f9aebf890]::run_test::{closure#1}, ()>
[INFO] [stdout]   17:     0x57a61e203462 - <std[104cf6e2632825ea]::thread::lifecycle::spawn_unchecked<test[73009c9f9aebf890]::run_test::{closure#1}, ()>::{closure#1} as core[7c831bd917ebf35f]::ops::function::FnOnce<()>>::call_once::{shim:vtable#0}
[INFO] [stdout]   18:     0x57a61e47a369 - <std[104cf6e2632825ea]::sys::thread::unix::Thread>::new::thread_start
[INFO] [stdout]   19:     0x7f6dc19bb07a - <unknown>
[INFO] [stdout]   20:     0x7f6dc1a4e534 - clone
[INFO] [stdout]   21:                0x0 - <unknown>
[INFO] [stdout] 
[INFO] [stdout] 
[INFO] [stdout] failures:
[INFO] [stdout]     embedded::tests::test_embedded_executor_run_failing_test
[INFO] [stdout]     embedded::tests::test_embedded_executor_run_multiple_tests
[INFO] [stdout] 
[INFO] [stdout] test result: FAILED. 72 passed; 2 failed; 0 ignored; 0 measured; 0 filtered out; finished in 0.80s
[INFO] [stdout] 
[INFO] [stderr] error: test failed, to rerun pass `--lib`
[INFO] running `Command { std: "docker" "inspect" "fca58f968e44589433815d75c535b1c7c6ff825ce78fdfed6c44e739eeb79e0f", kill_on_drop: false }`
[INFO] running `Command { std: "docker" "rm" "-f" "fca58f968e44589433815d75c535b1c7c6ff825ce78fdfed6c44e739eeb79e0f", kill_on_drop: false }`
[INFO] [stdout] fca58f968e44589433815d75c535b1c7c6ff825ce78fdfed6c44e739eeb79e0f
