[INFO] cloning repository https://github.com/marko0905/websearch-rs
[INFO] running `Command { std: "git" "-c" "credential.helper=" "-c" "credential.helper=/workspace/cargo-home/bin/git-credential-null" "clone" "--bare" "https://github.com/marko0905/websearch-rs" "/workspace/cache/git-repos/https%3A%2F%2Fgithub.com%2Fmarko0905%2Fwebsearch-rs", kill_on_drop: false }`
[INFO] [stderr] Cloning into bare repository '/workspace/cache/git-repos/https%3A%2F%2Fgithub.com%2Fmarko0905%2Fwebsearch-rs'...
[INFO] running `Command { std: "git" "rev-parse" "HEAD", kill_on_drop: false }`
[INFO] [stdout] bbd2efee69c3b3c653b1c432a3b8dbcbfe77437c
[INFO] testing marko0905/websearch-rs/bbd2efee69c3b3c653b1c432a3b8dbcbfe77437c against 1.98.0-beta.8+cargoflags=--release for beta-release-1.99-2
[INFO] running `Command { std: "git" "clone" "/workspace/cache/git-repos/https%3A%2F%2Fgithub.com%2Fmarko0905%2Fwebsearch-rs" "/workspace/builds/worker-3-tc1/source", kill_on_drop: false }`
[INFO] [stderr] Cloning into '/workspace/builds/worker-3-tc1/source'...
[INFO] [stderr] done.
[INFO] removed /workspace/builds/worker-3-tc1/source/rust-toolchain.toml
[INFO] started tweaking git repo https://github.com/marko0905/websearch-rs
[INFO] finished tweaking git repo https://github.com/marko0905/websearch-rs
[INFO] tweaked toml for git repo https://github.com/marko0905/websearch-rs written to /workspace/builds/worker-3-tc1/source/Cargo.toml
[INFO] validating manifest of git repo https://github.com/marko0905/websearch-rs on toolchain 1.98.0-beta.8
[INFO] running `Command { std: CARGO_HOME="/workspace/cargo-home" RUSTUP_HOME="/workspace/rustup-home" "/workspace/cargo-home/bin/cargo" "+1.98.0-beta.8" "metadata" "--manifest-path" "Cargo.toml" "--no-deps", kill_on_drop: false }`
[INFO] crate git repo https://github.com/marko0905/websearch-rs already has a lockfile, it will not be regenerated
[INFO] running `Command { std: CARGO_HOME="/workspace/cargo-home" RUSTUP_HOME="/workspace/rustup-home" "/workspace/cargo-home/bin/cargo" "+1.98.0-beta.8" "fetch" "--manifest-path" "Cargo.toml", kill_on_drop: false }`
[INFO] [stderr]     Blocking waiting for file lock on package cache
[INFO] [stderr]     Updating crates.io index
[INFO] [stderr]     Blocking waiting for file lock on package cache
[INFO] [stderr]  Downloading crates ...
[INFO] [stderr]   Downloaded wreq-rt v0.2.2-rc.4
[INFO] [stderr]   Downloaded wreq-proto v0.2.5
[INFO] [stderr]   Downloaded tokio-btls v0.5.6
[INFO] [stderr]   Downloaded fslock v0.2.1
[INFO] [stderr]   Downloaded wreq-util v3.0.0-rc.12
[INFO] [stderr]   Downloaded serde_html_form v0.4.0
[INFO] [stderr]   Downloaded typed-builder v0.23.2
[INFO] [stderr]   Downloaded typed-builder-macro v0.23.2
[INFO] [stderr]   Downloaded scraper v0.20.0
[INFO] [stderr]   Downloaded bitflags v2.12.1
[INFO] [stderr]   Downloaded servo_arc v0.3.0
[INFO] [stderr]   Downloaded dtoa-short v0.3.5
[INFO] [stderr]   Downloaded cssparser-macros v0.6.1
[INFO] [stderr]   Downloaded string_cache_codegen v0.5.4
[INFO] [stderr]   Downloaded ego-tree v0.6.3
[INFO] [stderr]   Downloaded utf8-width v0.1.8
[INFO] [stderr]   Downloaded webpki-root-certs v1.0.7
[INFO] [stderr]   Downloaded string_cache v0.8.9
[INFO] [stderr]   Downloaded dtoa v1.0.11
[INFO] [stderr]   Downloaded markup5ever v0.12.1
[INFO] [stderr]   Downloaded html-escape v0.2.13
[INFO] [stderr]   Downloaded http v1.4.1
[INFO] [stderr]   Downloaded memchr v2.8.1
[INFO] [stderr]   Downloaded selectors v0.25.0
[INFO] [stderr]   Downloaded log v0.4.31
[INFO] [stderr]   Downloaded derive_more v0.99.20
[INFO] [stderr]   Downloaded http2 v0.5.17
[INFO] [stderr]   Downloaded cssparser v0.31.2
[INFO] [stderr]   Downloaded html5ever v0.27.0
[INFO] [stderr]   Downloaded wreq v6.0.0-rc.29
[INFO] [stderr]   Downloaded zerocopy-derive v0.8.50
[INFO] [stderr]   Downloaded btls v0.5.6
[INFO] [stderr]   Downloaded brotli-decompressor v5.0.1
[INFO] [stderr]   Downloaded bindgen v0.72.1
[INFO] [stderr]   Downloaded zerocopy v0.8.50
[INFO] [stderr]   Downloaded brotli v8.0.3
[INFO] [stderr]   Downloaded btls-sys v0.5.6
[INFO] running `Command { std: "docker" "create" "-v" "/var/lib/crater-agent-workspace/builds/worker-3-tc1/source:/opt/rustwide/workdir:ro,Z" "-v" "/var/lib/crater-agent-workspace/builds/worker-3-tc1/target:/opt/rustwide/target:rw,Z" "-v" "/var/lib/crater-agent-workspace/cargo-home:/opt/rustwide/cargo-home:ro,Z" "-v" "/var/lib/crater-agent-workspace/rustup-home:/opt/rustwide/rustup-home:ro,Z" "-m" "1610612736" "--network" "none" "ghcr.io/rust-lang/crates-build-env/linux@sha256:8683fc1fc2eb5c9ac98e0d076ab094b2ffac7f99da555d2b6a2e27f346de2ec7" "sleep" "infinity", kill_on_drop: false }`
[INFO] [stdout] 86853402d81021276c39f0cc16ab4e491b4340cf09964282fc0517be33d69791
[INFO] running `Command { std: "docker" "start" "86853402d81021276c39f0cc16ab4e491b4340cf09964282fc0517be33d69791", kill_on_drop: false }`
[INFO] running `Command { std: "docker" "inspect" "86853402d81021276c39f0cc16ab4e491b4340cf09964282fc0517be33d69791", kill_on_drop: false }`
[INFO] running `Command { std: "docker" "exec" "-e" "SOURCE_DIR=/opt/rustwide/workdir" "-e" "CARGO_HOME=/opt/rustwide/cargo-home" "-e" "RUSTUP_HOME=/opt/rustwide/rustup-home" "-e" "CARGO_TARGET_DIR=/opt/rustwide/target" "-w" "/opt/rustwide/workdir" "--user" "0:0" "86853402d81021276c39f0cc16ab4e491b4340cf09964282fc0517be33d69791" "/opt/rustwide/cargo-home/bin/cargo" "+1.98.0-beta.8" "metadata" "--no-deps" "--format-version=1", kill_on_drop: false }`
[INFO] running `Command { std: "docker" "inspect" "86853402d81021276c39f0cc16ab4e491b4340cf09964282fc0517be33d69791", kill_on_drop: false }`
[INFO] running `Command { std: "docker" "exec" "-e" "SOURCE_DIR=/opt/rustwide/workdir" "-e" "CARGO_HOME=/opt/rustwide/cargo-home" "-e" "RUSTUP_HOME=/opt/rustwide/rustup-home" "-e" "CARGO_TARGET_DIR=/opt/rustwide/target" "-e" "CARGO_INCREMENTAL=0" "-e" "RUST_BACKTRACE=full" "-e" "RUSTFLAGS=--cap-lints=warn" "-e" "RUSTDOCFLAGS=--cap-lints=warn" "-w" "/opt/rustwide/workdir" "--user" "0:0" "86853402d81021276c39f0cc16ab4e491b4340cf09964282fc0517be33d69791" "/opt/rustwide/cargo-home/bin/cargo" "+1.98.0-beta.8" "build" "--frozen" "--message-format=json" "--release", kill_on_drop: false }`
[INFO] [stderr]    Compiling proc-macro2 v1.0.106
[INFO] [stderr]    Compiling quote v1.0.45
[INFO] [stderr]    Compiling unicode-ident v1.0.24
[INFO] [stderr]    Compiling libc v0.2.186
[INFO] [stderr]    Compiling cfg-if v1.0.4
[INFO] [stderr]    Compiling zerocopy v0.8.50
[INFO] [stderr]    Compiling stable_deref_trait v1.2.1
[INFO] [stderr]    Compiling smallvec v1.15.1
[INFO] [stderr]    Compiling shlex v2.0.1
[INFO] [stderr]    Compiling find-msvc-tools v0.1.9
[INFO] [stderr]    Compiling itoa v1.0.18
[INFO] [stderr]    Compiling siphasher v1.0.3
[INFO] [stderr]    Compiling glob v0.3.3
[INFO] [stderr]    Compiling bytes v1.11.1
[INFO] [stderr]    Compiling pin-project-lite v0.2.17
[INFO] [stderr]    Compiling serde_core v1.0.228
[INFO] [stderr]    Compiling regex-syntax v0.8.10
[INFO] [stderr]    Compiling minimal-lexical v0.2.1
[INFO] [stderr]    Compiling memchr v2.8.1
[INFO] [stderr]    Compiling futures-core v0.3.32
[INFO] [stderr]    Compiling libloading v0.8.9
[INFO] [stderr]    Compiling phf_shared v0.11.3
[INFO] [stderr]    Compiling litemap v0.8.2
[INFO] [stderr]    Compiling foldhash v0.2.0
[INFO] [stderr]    Compiling allocator-api2 v0.2.21
[INFO] [stderr]    Compiling equivalent v1.0.2
[INFO] [stderr]    Compiling either v1.16.0
[INFO] [stderr]    Compiling bindgen v0.72.1
[INFO] [stderr]    Compiling writeable v0.6.3
[INFO] [stderr]    Compiling bitflags v2.12.1
[INFO] [stderr]    Compiling itertools v0.13.0
[INFO] [stderr]    Compiling clang-sys v1.8.1
[INFO] [stderr]    Compiling icu_properties_data v2.2.0
[INFO] [stderr]    Compiling icu_normalizer_data v2.2.0
[INFO] [stderr]    Compiling utf8_iter v1.0.4
[INFO] [stderr]    Compiling rustc-hash v2.1.2
[INFO] [stderr]    Compiling serde v1.0.228
[INFO] [stderr]    Compiling shlex v1.3.0
[INFO] [stderr]    Compiling new_debug_unreachable v1.0.6
[INFO] [stderr]    Compiling slab v0.4.12
[INFO] [stderr]    Compiling nom v7.1.3
[INFO] [stderr]    Compiling fs_extra v1.3.0
[INFO] [stderr]    Compiling parking_lot_core v0.9.12
[INFO] [stderr]    Compiling siphasher v0.3.11
[INFO] [stderr]    Compiling pkg-config v0.3.33
[INFO] [stderr]    Compiling hashbrown v0.17.1
[INFO] [stderr]    Compiling http v1.4.1
[INFO] [stderr]    Compiling scopeguard v1.2.0
[INFO] [stderr]    Compiling phf_shared v0.10.0
[INFO] [stderr]    Compiling futures-task v0.3.32
[INFO] [stderr]    Compiling httparse v1.10.1
[INFO] [stderr]    Compiling syn v2.0.117
[INFO] [stderr]    Compiling futures-sink v0.3.32
[INFO] [stderr]    Compiling futures-util v0.3.32
[INFO] [stderr]    Compiling lock_api v0.4.14
[INFO] [stderr]    Compiling precomputed-hash v0.1.1
[INFO] [stderr]    Compiling foreign-types-shared v0.3.1
[INFO] [stderr]    Compiling atomic-waker v1.1.2
[INFO] [stderr]    Compiling fnv v1.0.7
[INFO] [stderr]    Compiling mac v0.1.1
[INFO] [stderr]    Compiling try-lock v0.2.5
[INFO] [stderr]    Compiling percent-encoding v2.3.2
[INFO] [stderr]    Compiling futf v0.1.5
[INFO] [stderr]    Compiling want v0.3.1
[INFO] [stderr]    Compiling futures-channel v0.3.32
[INFO] [stderr]    Compiling form_urlencoded v1.2.2
[INFO] [stderr]    Compiling utf8parse v0.2.2
[INFO] [stderr]    Compiling log v0.4.31
[INFO] [stderr]    Compiling version_check v0.9.5
[INFO] [stderr]    Compiling once_cell v1.21.4
[INFO] [stderr]    Compiling getrandom v0.3.4
[INFO] [stderr]    Compiling alloc-no-stdlib v2.0.4
[INFO] [stderr]    Compiling utf-8 v0.7.6
[INFO] [stderr]    Compiling regex-automata v0.4.14
[INFO] [stderr]    Compiling zstd-safe v7.2.4
[INFO] [stderr]    Compiling getrandom v0.2.17
[INFO] [stderr]    Compiling jobserver v0.1.34
[INFO] [stderr]    Compiling rand_core v0.6.4
[INFO] [stderr]    Compiling fslock v0.2.1
[INFO] [stderr]    Compiling dtoa v1.0.11
[INFO] [stderr]    Compiling crc32fast v1.5.0
[INFO] [stderr]    Compiling dtoa-short v0.3.5
[INFO] [stderr]    Compiling ahash v0.8.12
[INFO] [stderr]    Compiling tendril v0.4.3
[INFO] [stderr]    Compiling alloc-stdlib v0.2.2
[INFO] [stderr]    Compiling mio v1.2.1
[INFO] [stderr]    Compiling socket2 v0.6.4
[INFO] [stderr]    Compiling cc v1.2.63
[INFO] [stderr]    Compiling anstyle-parse v1.0.0
[INFO] [stderr]    Compiling anstyle-query v1.1.5
[INFO] [stderr]    Compiling parking_lot v0.12.5
[INFO] [stderr]    Compiling simd-adler32 v0.3.9
[INFO] [stderr]    Compiling is_terminal_polyfill v1.70.2
[INFO] [stderr]    Compiling sync_wrapper v1.0.2
[INFO] [stderr]    Compiling anstyle v1.0.14
[INFO] [stderr]    Compiling adler2 v2.0.1
[INFO] [stderr]    Compiling http-body v1.0.1
[INFO] [stderr]    Compiling indexmap v2.14.0
[INFO] [stderr]    Compiling cexpr v0.6.0
[INFO] [stderr]    Compiling byteorder v1.5.0
[INFO] [stderr]    Compiling ryu v1.0.23
[INFO] [stderr]    Compiling zmij v1.0.21
[INFO] [stderr]    Compiling colorchoice v1.0.5
[INFO] [stderr]    Compiling tower-layer v0.3.3
[INFO] [stderr]    Compiling tower-service v0.3.3
[INFO] [stderr]    Compiling rustls-pki-types v1.14.1
[INFO] [stderr]    Compiling anstream v1.0.0
[INFO] [stderr]    Compiling fxhash v0.2.1
[INFO] [stderr]    Compiling http-body-util v0.1.3
[INFO] [stderr]    Compiling webpki-root-certs v1.0.7
[INFO] [stderr]    Compiling miniz_oxide v0.8.9
[INFO] [stderr]    Compiling lru v0.18.0
[INFO] [stderr]    Compiling phf v0.10.1
[INFO] [stderr]    Compiling brotli-decompressor v5.0.1
[INFO] [stderr]    Compiling encoding_rs v0.8.35
[INFO] [stderr]    Compiling servo_arc v0.3.0
[INFO] [stderr]    Compiling clap_lex v1.1.0
[INFO] [stderr]    Compiling unicode-width v0.2.2
[INFO] [stderr]    Compiling thiserror v1.0.69
[INFO] [stderr]    Compiling regex v1.12.3
[INFO] [stderr]    Compiling mime v0.3.17
[INFO] [stderr]    Compiling heck v0.5.0
[INFO] [stderr]    Compiling cmake v0.1.58
[INFO] [stderr]    Compiling strsim v0.11.1
[INFO] [stderr]    Compiling ipnet v2.12.0
[INFO] [stderr]    Compiling serde_html_form v0.4.0
[INFO] [stderr]    Compiling serde_json v1.0.150
[INFO] [stderr]    Compiling clap_builder v4.6.0
[INFO] [stderr]    Compiling flate2 v1.1.9
[INFO] [stderr]    Compiling getopts v0.2.24
[INFO] [stderr]    Compiling tracing-core v0.1.36
[INFO] [stderr]    Compiling zstd-sys v2.0.16+zstd.1.5.7
[INFO] [stderr]    Compiling ego-tree v0.6.3
[INFO] [stderr]    Compiling utf8-width v0.1.8
[INFO] [stderr]    Compiling html-escape v0.2.13
[INFO] [stderr]    Compiling brotli v8.0.3
[INFO] [stderr]    Compiling ppv-lite86 v0.2.21
[INFO] [stderr]    Compiling rand_chacha v0.3.1
[INFO] [stderr]    Compiling synstructure v0.13.2
[INFO] [stderr]    Compiling rand v0.8.6
[INFO] [stderr]    Compiling zerofrom-derive v0.1.7
[INFO] [stderr]    Compiling yoke-derive v0.8.2
[INFO] [stderr]    Compiling zerovec-derive v0.11.3
[INFO] [stderr]    Compiling zerofrom v0.1.8
[INFO] [stderr]    Compiling displaydoc v0.2.6
[INFO] [stderr]    Compiling phf_generator v0.11.3
[INFO] [stderr]    Compiling yoke v0.8.2
[INFO] [stderr]    Compiling tokio-macros v2.7.0
[INFO] [stderr]    Compiling serde_derive v1.0.228
[INFO] [stderr]    Compiling zerovec v0.11.6
[INFO] [stderr]    Compiling phf_macros v0.11.3
[INFO] [stderr]    Compiling zerotrie v0.2.4
[INFO] [stderr]    Compiling tinystr v0.8.3
[INFO] [stderr]    Compiling tokio v1.52.3
[INFO] [stderr]    Compiling icu_locale_core v2.2.0
[INFO] [stderr]    Compiling potential_utf v0.1.5
[INFO] [stderr]    Compiling icu_collections v2.2.0
[INFO] [stderr]    Compiling phf v0.11.3
[INFO] [stderr]    Compiling phf_codegen v0.11.3
[INFO] [stderr]    Compiling string_cache_codegen v0.5.4
[INFO] [stderr]    Compiling foreign-types-macros v0.2.3
[INFO] [stderr]    Compiling phf_generator v0.10.0
[INFO] [stderr]    Compiling phf_codegen v0.10.0
[INFO] [stderr]    Compiling markup5ever v0.12.1
[INFO] [stderr]    Compiling openssl-macros v0.1.1
[INFO] [stderr]    Compiling selectors v0.25.0
[INFO] [stderr]    Compiling foreign-types v0.5.0
[INFO] [stderr]    Compiling html5ever v0.27.0
[INFO] [stderr]    Compiling cssparser-macros v0.6.1
[INFO] [stderr]    Compiling typed-builder-macro v0.23.2
[INFO] [stderr]    Compiling icu_provider v2.2.0
[INFO] [stderr]    Compiling cssparser v0.31.2
[INFO] [stderr]    Compiling derive_more v0.99.20
[INFO] [stderr]    Compiling icu_properties v2.2.0
[INFO] [stderr]    Compiling icu_normalizer v2.2.0
[INFO] [stderr]    Compiling tracing-attributes v0.1.31
[INFO] [stderr]    Compiling clap_derive v4.6.1
[INFO] [stderr]    Compiling thiserror-impl v1.0.69
[INFO] [stderr]    Compiling async-trait v0.1.89
[INFO] [stderr]    Compiling typed-builder v0.23.2
[INFO] [stderr]    Compiling string_cache v0.8.9
[INFO] [stderr]    Compiling tracing v0.1.44
[INFO] [stderr]    Compiling idna_adapter v1.2.2
[INFO] [stderr]    Compiling btls-sys v0.5.6
[INFO] [stderr]    Compiling idna v1.1.0
[INFO] [stderr]    Compiling url v2.5.8
[INFO] [stderr]    Compiling clap v4.6.1
[INFO] [stderr]    Compiling scraper v0.20.0
[INFO] [stderr]    Compiling tokio-util v0.7.18
[INFO] [stderr]    Compiling tower v0.5.3
[INFO] [stderr]    Compiling http2 v0.5.17
[INFO] [stderr]    Compiling wreq-proto v0.2.5
[INFO] [stderr]    Compiling wreq-rt v0.2.2-rc.4
[INFO] [stderr]    Compiling zstd v0.13.3
[INFO] [stderr] warning: btls-sys@0.5.6: applying post quantum crypto patch to boringssl
[INFO] [stderr] warning: btls-sys@0.5.6: applying patch to boringssl
[INFO] [stderr] warning: btls-sys@0.5.6: applying loongarch patch to boringssl
[INFO] [stderr] warning: btls-sys@0.5.6: applying windows cross compile patch to boringssl
[INFO] [stderr] error: failed to run custom build command for `btls-sys v0.5.6`
[INFO] [stderr] note: To improve backtraces for build dependencies, set the CARGO_PROFILE_RELEASE_BUILD_OVERRIDE_DEBUG=true environment variable to enable debug information generation.
[INFO] [stderr] 
[INFO] [stderr] Caused by:
[INFO] [stderr]   process didn't exit successfully: `/opt/rustwide/target/release/build/btls-sys-c190e49c3987a524/build-script-main` (exit status: 101)
[INFO] [stderr]   --- stdout
[INFO] [stderr]   cargo:rerun-if-env-changed=BORING_BSSL_PATH_x86_64-unknown-linux-gnu
[INFO] [stderr]   cargo:rerun-if-env-changed=BORING_BSSL_PATH_x86_64_unknown_linux_gnu
[INFO] [stderr]   cargo:rerun-if-env-changed=HOST_BORING_BSSL_PATH
[INFO] [stderr]   cargo:rerun-if-env-changed=BORING_BSSL_PATH
[INFO] [stderr]   cargo:rerun-if-env-changed=BORING_BSSL_INCLUDE_PATH_x86_64-unknown-linux-gnu
[INFO] [stderr]   cargo:rerun-if-env-changed=BORING_BSSL_INCLUDE_PATH_x86_64_unknown_linux_gnu
[INFO] [stderr]   cargo:rerun-if-env-changed=HOST_BORING_BSSL_INCLUDE_PATH
[INFO] [stderr]   cargo:rerun-if-env-changed=BORING_BSSL_INCLUDE_PATH
[INFO] [stderr]   cargo:rerun-if-env-changed=BORING_BSSL_SOURCE_PATH_x86_64-unknown-linux-gnu
[INFO] [stderr]   cargo:rerun-if-env-changed=BORING_BSSL_SOURCE_PATH_x86_64_unknown_linux_gnu
[INFO] [stderr]   cargo:rerun-if-env-changed=HOST_BORING_BSSL_SOURCE_PATH
[INFO] [stderr]   cargo:rerun-if-env-changed=BORING_BSSL_SOURCE_PATH
[INFO] [stderr]   cargo:rerun-if-env-changed=BORING_BSSL_ASSUME_PATCHED_x86_64-unknown-linux-gnu
[INFO] [stderr]   cargo:rerun-if-env-changed=BORING_BSSL_ASSUME_PATCHED_x86_64_unknown_linux_gnu
[INFO] [stderr]   cargo:rerun-if-env-changed=HOST_BORING_BSSL_ASSUME_PATCHED
[INFO] [stderr]   cargo:rerun-if-env-changed=BORING_BSSL_ASSUME_PATCHED
[INFO] [stderr]   cargo:rerun-if-env-changed=BORING_BSSL_SYSROOT_x86_64-unknown-linux-gnu
[INFO] [stderr]   cargo:rerun-if-env-changed=BORING_BSSL_SYSROOT_x86_64_unknown_linux_gnu
[INFO] [stderr]   cargo:rerun-if-env-changed=HOST_BORING_BSSL_SYSROOT
[INFO] [stderr]   cargo:rerun-if-env-changed=BORING_BSSL_SYSROOT
[INFO] [stderr]   cargo:rerun-if-env-changed=BORING_BSSL_COMPILER_EXTERNAL_TOOLCHAIN_x86_64-unknown-linux-gnu
[INFO] [stderr]   cargo:rerun-if-env-changed=BORING_BSSL_COMPILER_EXTERNAL_TOOLCHAIN_x86_64_unknown_linux_gnu
[INFO] [stderr]   cargo:rerun-if-env-changed=HOST_BORING_BSSL_COMPILER_EXTERNAL_TOOLCHAIN
[INFO] [stderr]   cargo:rerun-if-env-changed=BORING_BSSL_COMPILER_EXTERNAL_TOOLCHAIN
[INFO] [stderr]   cargo:rerun-if-env-changed=DEBUG_x86_64-unknown-linux-gnu
[INFO] [stderr]   cargo:rerun-if-env-changed=DEBUG_x86_64_unknown_linux_gnu
[INFO] [stderr]   cargo:rerun-if-env-changed=HOST_DEBUG
[INFO] [stderr]   cargo:rerun-if-env-changed=DEBUG
[INFO] [stderr]   cargo:rerun-if-env-changed=OPT_LEVEL_x86_64-unknown-linux-gnu
[INFO] [stderr]   cargo:rerun-if-env-changed=OPT_LEVEL_x86_64_unknown_linux_gnu
[INFO] [stderr]   cargo:rerun-if-env-changed=HOST_OPT_LEVEL
[INFO] [stderr]   cargo:rerun-if-env-changed=OPT_LEVEL
[INFO] [stderr]   cargo:rerun-if-env-changed=ANDROID_NDK_HOME_x86_64-unknown-linux-gnu
[INFO] [stderr]   cargo:rerun-if-env-changed=ANDROID_NDK_HOME_x86_64_unknown_linux_gnu
[INFO] [stderr]   cargo:rerun-if-env-changed=HOST_ANDROID_NDK_HOME
[INFO] [stderr]   cargo:rerun-if-env-changed=ANDROID_NDK_HOME
[INFO] [stderr]   cargo:rerun-if-env-changed=CMAKE_TOOLCHAIN_FILE_x86_64-unknown-linux-gnu
[INFO] [stderr]   cargo:rerun-if-env-changed=CMAKE_TOOLCHAIN_FILE_x86_64_unknown_linux_gnu
[INFO] [stderr]   cargo:rerun-if-env-changed=HOST_CMAKE_TOOLCHAIN_FILE
[INFO] [stderr]   cargo:rerun-if-env-changed=CMAKE_TOOLCHAIN_FILE
[INFO] [stderr]   cargo:rerun-if-env-changed=BORING_BSSL_RUST_CPPLIB_x86_64-unknown-linux-gnu
[INFO] [stderr]   cargo:rerun-if-env-changed=BORING_BSSL_RUST_CPPLIB_x86_64_unknown_linux_gnu
[INFO] [stderr]   cargo:rerun-if-env-changed=HOST_BORING_BSSL_RUST_CPPLIB
[INFO] [stderr]   cargo:rerun-if-env-changed=BORING_BSSL_RUST_CPPLIB
[INFO] [stderr]   cargo:rerun-if-env-changed=CC_x86_64-unknown-linux-gnu
[INFO] [stderr]   cargo:rerun-if-env-changed=CC_x86_64_unknown_linux_gnu
[INFO] [stderr]   cargo:rerun-if-env-changed=HOST_CC
[INFO] [stderr]   cargo:rerun-if-env-changed=CXX_x86_64-unknown-linux-gnu
[INFO] [stderr]   cargo:rerun-if-env-changed=CXX_x86_64_unknown_linux_gnu
[INFO] [stderr]   cargo:rerun-if-env-changed=HOST_CXX
[INFO] [stderr]   cargo:rerun-if-env-changed=DOCS_RS
[INFO] [stderr]   cargo:rerun-if-env-changed=BORING_BSSL_INSTALL_DIR_x86_64-unknown-linux-gnu
[INFO] [stderr]   cargo:rerun-if-env-changed=BORING_BSSL_INSTALL_DIR_x86_64_unknown_linux_gnu
[INFO] [stderr]   cargo:rerun-if-env-changed=HOST_BORING_BSSL_INSTALL_DIR
[INFO] [stderr]   cargo:rerun-if-env-changed=BORING_BSSL_INSTALL_DIR
[INFO] [stderr]   Initialized empty Git repository in /opt/rustwide/target/release/build/btls-sys-cf1c9bf5b375617c/out/boringssl/.git/
[INFO] [stderr]   cargo:warning=applying post quantum crypto patch to boringssl
[INFO] [stderr]   cargo:warning=applying patch to boringssl
[INFO] [stderr]   cargo:warning=applying loongarch patch to boringssl
[INFO] [stderr]   cargo:warning=applying windows cross compile patch to boringssl
[INFO] [stderr]   CMAKE_TOOLCHAIN_FILE_x86_64-unknown-linux-gnu = None
[INFO] [stderr]   CMAKE_TOOLCHAIN_FILE_x86_64_unknown_linux_gnu = None
[INFO] [stderr]   HOST_CMAKE_TOOLCHAIN_FILE = None
[INFO] [stderr]   CMAKE_TOOLCHAIN_FILE = None
[INFO] [stderr]   CMAKE_GENERATOR_x86_64-unknown-linux-gnu = None
[INFO] [stderr]   CMAKE_GENERATOR_x86_64_unknown_linux_gnu = None
[INFO] [stderr]   HOST_CMAKE_GENERATOR = None
[INFO] [stderr]   CMAKE_GENERATOR = None
[INFO] [stderr]   CMAKE_PREFIX_PATH_x86_64-unknown-linux-gnu = None
[INFO] [stderr]   CMAKE_PREFIX_PATH_x86_64_unknown_linux_gnu = None
[INFO] [stderr]   HOST_CMAKE_PREFIX_PATH = None
[INFO] [stderr]   CMAKE_PREFIX_PATH = None
[INFO] [stderr]   CMAKE_x86_64-unknown-linux-gnu = None
[INFO] [stderr]   CMAKE_x86_64_unknown_linux_gnu = None
[INFO] [stderr]   HOST_CMAKE = None
[INFO] [stderr]   CMAKE = None
[INFO] [stderr]   -- The C compiler identification is GNU 15.2.0
[INFO] [stderr]   -- Detecting C compiler ABI info
[INFO] [stderr]   -- Detecting C compiler ABI info - done
[INFO] [stderr]   -- Check for working C compiler: /usr/bin/cc - skipped
[INFO] [stderr]   -- Detecting C compile features
[INFO] [stderr]   -- Detecting C compile features - done
[INFO] [stderr]   -- The CXX compiler identification is GNU 15.2.0
[INFO] [stderr]   -- Detecting CXX compiler ABI info
[INFO] [stderr]   -- Detecting CXX compiler ABI info - done
[INFO] [stderr]   -- Check for working CXX compiler: /usr/bin/c++ - skipped
[INFO] [stderr]   -- Detecting CXX compile features
[INFO] [stderr]   -- Detecting CXX compile features - done
[INFO] [stderr]   -- Checking for module 'libunwind-generic>=1.3.0'
[INFO] [stderr]   --   Found libunwind-generic, version 1.8.3
[INFO] [stderr]   -- The ASM compiler identification is GNU
[INFO] [stderr]   -- Found assembler: /usr/bin/cc
[INFO] [stderr]   -- Performing Test CMAKE_HAVE_LIBC_PTHREAD
[INFO] [stderr]   -- Performing Test CMAKE_HAVE_LIBC_PTHREAD - Success
[INFO] [stderr]   -- Found Threads: TRUE
[INFO] [stderr]   -- Configuring done (3.2s)
[INFO] [stderr]   -- Generating done (1.2s)
[INFO] [stderr]   -- Build files have been written to: /opt/rustwide/target/release/build/btls-sys-cf1c9bf5b375617c/out/build
[INFO] [stderr]   [  0%] Built target boringssl_prefix_symbols
[INFO] [stderr]   [  0%] Building ASM object CMakeFiles/fipsmodule.dir/gen/bcm/aes-gcm-avx512-x86_64-linux.S.o
[INFO] [stderr]   [  1%] Building ASM object CMakeFiles/fipsmodule.dir/gen/bcm/aesni-x86-linux.S.o
[INFO] [stderr]   [  1%] Building ASM object CMakeFiles/fipsmodule.dir/gen/bcm/aesni-gcm-x86_64-apple.S.o
[INFO] [stderr]   [  3%] Building ASM object CMakeFiles/fipsmodule.dir/gen/bcm/aes-gcm-avx2-x86_64-apple.S.o
[INFO] [stderr]   [  3%] Building ASM object CMakeFiles/fipsmodule.dir/gen/bcm/aesni-x86_64-apple.S.o
[INFO] [stderr]   [  3%] Building ASM object CMakeFiles/fipsmodule.dir/gen/bcm/aesv8-armv7-linux.S.o
[INFO] [stderr]   [  3%] Building CXX object CMakeFiles/fipsmodule.dir/crypto/fipsmodule/bcm.cc.o
[INFO] [stderr]   [  3%] Building ASM object CMakeFiles/fipsmodule.dir/gen/bcm/aesv8-armv8-linux.S.o
[INFO] [stderr]   [  3%] Building ASM object CMakeFiles/fipsmodule.dir/gen/bcm/aes-gcm-avx512-x86_64-apple.S.o
[INFO] [stderr]   [  3%] Building ASM object CMakeFiles/fipsmodule.dir/gen/bcm/aes-gcm-avx2-x86_64-linux.S.o
[INFO] [stderr]   [  3%] Building ASM object CMakeFiles/fipsmodule.dir/gen/bcm/aesni-gcm-x86_64-linux.S.o
[INFO] [stderr]   [  3%] Building ASM object CMakeFiles/fipsmodule.dir/gen/bcm/aesni-x86_64-linux.S.o
[INFO] [stderr]   [  3%] Building ASM object CMakeFiles/fipsmodule.dir/gen/bcm/aesv8-gcm-armv8-apple.S.o
[INFO] [stderr]   [  4%] Building ASM object CMakeFiles/fipsmodule.dir/gen/bcm/aesv8-armv8-win.S.o
[INFO] [stderr]   [  4%] Building ASM object CMakeFiles/fipsmodule.dir/gen/bcm/aesv8-armv8-apple.S.o
[INFO] [stderr]   [  4%] Building ASM object CMakeFiles/fipsmodule.dir/gen/bcm/aesni-x86-apple.S.o
[INFO] [stderr]   [  4%] Building ASM object CMakeFiles/fipsmodule.dir/gen/bcm/aesv8-gcm-armv8-linux.S.o
[INFO] [stderr]   [  6%] Building ASM object CMakeFiles/fipsmodule.dir/gen/bcm/armv8-mont-win.S.o
[INFO] [stderr]   [  6%] Building ASM object CMakeFiles/fipsmodule.dir/gen/bcm/armv4-mont-linux.S.o
[INFO] [stderr]   [  7%] Building ASM object CMakeFiles/fipsmodule.dir/gen/bcm/bsaes-armv7-linux.S.o
[INFO] [stderr]   [  7%] Building ASM object CMakeFiles/fipsmodule.dir/gen/bcm/aesv8-gcm-armv8-win.S.o
[INFO] [stderr]   [  7%] Building ASM object CMakeFiles/fipsmodule.dir/gen/bcm/co-586-linux.S.o
[INFO] [stderr]   [  7%] Building ASM object CMakeFiles/fipsmodule.dir/gen/bcm/armv8-mont-apple.S.o
[INFO] [stderr]   [  7%] Building ASM object CMakeFiles/fipsmodule.dir/gen/bcm/bn-586-apple.S.o
[INFO] [stderr]   [  7%] Building ASM object CMakeFiles/fipsmodule.dir/gen/bcm/bn-586-linux.S.o
[INFO] [stderr]   [  7%] Building ASM object CMakeFiles/fipsmodule.dir/gen/bcm/bn-armv8-linux.S.o
[INFO] [stderr]   [  7%] Building ASM object CMakeFiles/fipsmodule.dir/gen/bcm/bn-armv8-apple.S.o
[INFO] [stderr]   [  7%] Building ASM object CMakeFiles/fipsmodule.dir/gen/bcm/armv8-mont-linux.S.o
[INFO] [stderr]   [  7%] Building ASM object CMakeFiles/fipsmodule.dir/gen/bcm/co-586-apple.S.o
[INFO] [stderr]   [  7%] Building ASM object CMakeFiles/fipsmodule.dir/gen/bcm/bn-armv8-win.S.o
[INFO] [stderr]   [  7%] Building ASM object CMakeFiles/fipsmodule.dir/gen/bcm/ghash-armv4-linux.S.o
[INFO] [stderr]   [  7%] Building ASM object CMakeFiles/fipsmodule.dir/gen/bcm/ghash-neon-armv8-linux.S.o
[INFO] [stderr]   [  7%] Building ASM object CMakeFiles/fipsmodule.dir/gen/bcm/ghash-neon-armv8-win.S.o
[INFO] [stderr]   [  9%] Building ASM object CMakeFiles/fipsmodule.dir/gen/bcm/ghash-x86-linux.S.o
[INFO] [stderr]   [  9%] Building ASM object CMakeFiles/fipsmodule.dir/gen/bcm/ghash-ssse3-x86-apple.S.o
[INFO] [stderr]   [  9%] Building ASM object CMakeFiles/fipsmodule.dir/gen/bcm/ghash-ssse3-x86-linux.S.o
[INFO] [stderr]   [  9%] Building ASM object CMakeFiles/fipsmodule.dir/gen/bcm/ghash-ssse3-x86_64-linux.S.o
[INFO] [stderr]   [ 11%] Building ASM object CMakeFiles/fipsmodule.dir/gen/bcm/ghash-x86_64-apple.S.o
[INFO] [stderr]   [ 11%] Building ASM object CMakeFiles/fipsmodule.dir/gen/bcm/ghash-ssse3-x86_64-apple.S.o
[INFO] [stderr]   [ 11%] Building ASM object CMakeFiles/fipsmodule.dir/gen/bcm/ghash-x86_64-linux.S.o
[INFO] [stderr]   [ 11%] Building ASM object CMakeFiles/fipsmodule.dir/gen/bcm/ghash-x86-apple.S.o
[INFO] [stderr]   [ 11%] Building ASM object CMakeFiles/fipsmodule.dir/gen/bcm/p256-armv8-asm-apple.S.o
[INFO] [stderr]   [ 11%] Building ASM object CMakeFiles/fipsmodule.dir/gen/bcm/ghashv8-armv7-linux.S.o
[INFO] [stderr]   [ 11%] Building ASM object CMakeFiles/fipsmodule.dir/gen/bcm/ghashv8-armv8-win.S.o
[INFO] [stderr]   [ 11%] Building ASM object CMakeFiles/fipsmodule.dir/gen/bcm/ghash-neon-armv8-apple.S.o
[INFO] [stderr]   [ 11%] Building ASM object CMakeFiles/fipsmodule.dir/gen/bcm/ghashv8-armv8-apple.S.o
[INFO] [stderr]   [ 11%] Building ASM object CMakeFiles/fipsmodule.dir/gen/bcm/ghashv8-armv8-linux.S.o
[INFO] [stderr]   [ 12%] Building ASM object CMakeFiles/fipsmodule.dir/gen/bcm/p256-armv8-asm-linux.S.o
[INFO] [stderr]   [ 12%] Building ASM object CMakeFiles/fipsmodule.dir/gen/bcm/p256-armv8-asm-win.S.o
[INFO] [stderr]   [ 12%] Building ASM object CMakeFiles/fipsmodule.dir/gen/bcm/p256_beeu-armv8-asm-linux.S.o
[INFO] [stderr]   [ 12%] Building ASM object CMakeFiles/fipsmodule.dir/gen/bcm/p256-x86_64-asm-linux.S.o
[INFO] [stderr]   [ 12%] Building ASM object CMakeFiles/fipsmodule.dir/gen/bcm/p256_beeu-x86_64-asm-linux.S.o
[INFO] [stderr]   [ 14%] Building ASM object CMakeFiles/fipsmodule.dir/gen/bcm/p256_beeu-armv8-asm-win.S.o
[INFO] [stderr]   [ 14%] Building ASM object CMakeFiles/fipsmodule.dir/gen/bcm/rdrand-x86_64-linux.S.o
[INFO] [stderr]   [ 14%] Building ASM object CMakeFiles/fipsmodule.dir/gen/bcm/rdrand-x86_64-apple.S.o
[INFO] [stderr]   [ 14%] Building ASM object CMakeFiles/fipsmodule.dir/gen/bcm/p256_beeu-armv8-asm-apple.S.o
[INFO] [stderr]   [ 14%] Building ASM object CMakeFiles/fipsmodule.dir/gen/bcm/rsaz-avx2-apple.S.o
[INFO] [stderr]   [ 14%] Building ASM object CMakeFiles/fipsmodule.dir/gen/bcm/p256-x86_64-asm-apple.S.o
[INFO] [stderr]   [ 14%] Building ASM object CMakeFiles/fipsmodule.dir/gen/bcm/p256_beeu-x86_64-asm-apple.S.o
[INFO] [stderr]   [ 14%] Building ASM object CMakeFiles/fipsmodule.dir/gen/bcm/sha1-armv4-large-linux.S.o
[INFO] [stderr]   [ 14%] Building ASM object CMakeFiles/fipsmodule.dir/gen/bcm/rsaz-avx2-linux.S.o
[INFO] [stderr]   [ 14%] Building ASM object CMakeFiles/fipsmodule.dir/gen/bcm/sha1-armv8-apple.S.o
[INFO] [stderr]   [ 15%] Building ASM object CMakeFiles/fipsmodule.dir/gen/bcm/sha1-586-apple.S.o
[INFO] [stderr]   [ 15%] Building ASM object CMakeFiles/fipsmodule.dir/gen/bcm/sha1-586-linux.S.o
[INFO] [stderr]   [ 15%] Building ASM object CMakeFiles/fipsmodule.dir/gen/bcm/sha256-586-linux.S.o
[INFO] [stderr]   [ 15%] Building ASM object CMakeFiles/fipsmodule.dir/gen/bcm/sha1-armv8-linux.S.o
[INFO] [stderr]   [ 17%] Building ASM object CMakeFiles/fipsmodule.dir/gen/bcm/sha1-x86_64-apple.S.o
[INFO] [stderr]   [ 17%] Building ASM object CMakeFiles/fipsmodule.dir/gen/bcm/sha256-586-apple.S.o
[INFO] [stderr]   [ 17%] Building ASM object CMakeFiles/fipsmodule.dir/gen/bcm/sha1-armv8-win.S.o
[INFO] [stderr]   [ 17%] Building ASM object CMakeFiles/fipsmodule.dir/gen/bcm/sha256-armv4-linux.S.o
[INFO] [stderr]   [ 17%] Building ASM object CMakeFiles/fipsmodule.dir/gen/bcm/sha256-armv8-apple.S.o
[INFO] [stderr]   [ 17%] Building ASM object CMakeFiles/fipsmodule.dir/gen/bcm/sha1-x86_64-linux.S.o
[INFO] [stderr]   [ 19%] Building ASM object CMakeFiles/fipsmodule.dir/gen/bcm/sha256-armv8-win.S.o
[INFO] [stderr]   [ 19%] Building ASM object CMakeFiles/fipsmodule.dir/gen/bcm/sha256-x86_64-apple.S.o
[INFO] [stderr]   [ 19%] Building ASM object CMakeFiles/fipsmodule.dir/gen/bcm/sha256-x86_64-linux.S.o
[INFO] [stderr]   [ 19%] Building ASM object CMakeFiles/fipsmodule.dir/gen/bcm/sha512-586-apple.S.o
[INFO] [stderr]   [ 19%] Building ASM object CMakeFiles/fipsmodule.dir/gen/bcm/sha256-armv8-linux.S.o
[INFO] [stderr]   [ 19%] Building ASM object CMakeFiles/fipsmodule.dir/gen/bcm/sha512-586-linux.S.o
[INFO] [stderr]   [ 19%] Building ASM object CMakeFiles/fipsmodule.dir/gen/bcm/sha512-armv4-linux.S.o
[INFO] [stderr]   [ 19%] Building ASM object CMakeFiles/fipsmodule.dir/gen/bcm/sha512-armv8-win.S.o
[INFO] [stderr]   [ 19%] Building ASM object CMakeFiles/fipsmodule.dir/gen/bcm/sha512-armv8-linux.S.o
[INFO] [stderr]   [ 20%] Building ASM object CMakeFiles/fipsmodule.dir/gen/bcm/sha512-armv8-apple.S.o
[INFO] [stderr]   [ 20%] Building ASM object CMakeFiles/fipsmodule.dir/gen/bcm/sha512-x86_64-apple.S.o
[INFO] [stderr]   [ 20%] Building ASM object CMakeFiles/fipsmodule.dir/gen/bcm/sha512-x86_64-linux.S.o
[INFO] [stderr]   [ 20%] Building ASM object CMakeFiles/fipsmodule.dir/gen/bcm/vpaes-x86-apple.S.o
[INFO] [stderr]   [ 20%] Building ASM object CMakeFiles/fipsmodule.dir/gen/bcm/vpaes-armv7-linux.S.o
[INFO] [stderr]   [ 20%] Building ASM object CMakeFiles/fipsmodule.dir/gen/bcm/vpaes-x86_64-apple.S.o
[INFO] [stderr]   [ 22%] Building ASM object CMakeFiles/fipsmodule.dir/gen/bcm/vpaes-armv8-linux.S.o
[INFO] [stderr]   [ 22%] Building ASM object CMakeFiles/fipsmodule.dir/gen/bcm/x86-mont-linux.S.o
[INFO] [stderr]   [ 22%] Building ASM object CMakeFiles/fipsmodule.dir/gen/bcm/vpaes-x86_64-linux.S.o
[INFO] [stderr]   [ 23%] Building ASM object CMakeFiles/fipsmodule.dir/gen/bcm/x86-mont-apple.S.o
[INFO] [stderr]   [ 23%] Building ASM object CMakeFiles/fipsmodule.dir/gen/bcm/vpaes-armv8-apple.S.o
[INFO] [stderr]   [ 23%] Building ASM object CMakeFiles/fipsmodule.dir/gen/bcm/x86_64-mont-linux.S.o
[INFO] [stderr]   [ 23%] Building ASM object CMakeFiles/fipsmodule.dir/gen/bcm/vpaes-armv8-win.S.o
[INFO] [stderr]   [ 23%] Building ASM object CMakeFiles/fipsmodule.dir/gen/bcm/x86_64-mont5-apple.S.o
[INFO] [stderr]   [ 23%] Building ASM object CMakeFiles/fipsmodule.dir/gen/bcm/vpaes-x86-linux.S.o
[INFO] [stderr]   [ 23%] Building ASM object CMakeFiles/fipsmodule.dir/gen/bcm/x86_64-mont-apple.S.o
[INFO] [stderr]   [ 23%] Building ASM object CMakeFiles/fipsmodule.dir/gen/bcm/x86_64-mont5-linux.S.o
[INFO] [stderr]   [ 23%] Building ASM object CMakeFiles/fipsmodule.dir/third_party/fiat/asm/fiat_p256_adx_mul.S.o
[INFO] [stderr]   [ 25%] Building ASM object CMakeFiles/fipsmodule.dir/third_party/fiat/asm/fiat_p256_adx_sqr.S.o
[INFO] [stderr]   [ 25%] Built target fipsmodule
[INFO] [stderr]   [ 25%] Building CXX object CMakeFiles/crypto.dir/crypto/aes/aes.cc.o
[INFO] [stderr]   [ 25%] Building CXX object CMakeFiles/crypto.dir/crypto/asn1/a_bitstr.cc.o
[INFO] [stderr]   [ 26%] Building CXX object CMakeFiles/crypto.dir/crypto/asn1/a_bool.cc.o
[INFO] [stderr]   [ 26%] Building CXX object CMakeFiles/crypto.dir/crypto/asn1/a_type.cc.o
[INFO] [stderr]   [ 28%] Building CXX object CMakeFiles/crypto.dir/crypto/asn1/a_mbstr.cc.o
[INFO] [stderr]   [ 28%] Building CXX object CMakeFiles/crypto.dir/crypto/asn1/a_octet.cc.o
[INFO] [stderr]   [ 28%] Building CXX object CMakeFiles/crypto.dir/crypto/asn1/a_strex.cc.o
[INFO] [stderr]   [ 28%] Building CXX object CMakeFiles/crypto.dir/crypto/asn1/a_time.cc.o
[INFO] [stderr]   [ 28%] Building CXX object CMakeFiles/crypto.dir/crypto/asn1/a_dup.cc.o
[INFO] [stderr]   [ 28%] Building CXX object CMakeFiles/crypto.dir/crypto/asn1/a_gentm.cc.o
[INFO] [stderr]   [ 28%] Building CXX object CMakeFiles/crypto.dir/crypto/asn1/a_object.cc.o
[INFO] [stderr]   [ 28%] Building CXX object CMakeFiles/crypto.dir/crypto/asn1/a_i2d_fp.cc.o
[INFO] [stderr]   [ 30%] Building CXX object CMakeFiles/crypto.dir/crypto/asn1/a_utctm.cc.o
[INFO] [stderr]   [ 30%] Building CXX object CMakeFiles/crypto.dir/crypto/asn1/a_strnid.cc.o
[INFO] [stderr]   [ 30%] Building CXX object CMakeFiles/crypto.dir/crypto/asn1/a_d2i_fp.cc.o
[INFO] [stderr]   [ 30%] Building CXX object CMakeFiles/crypto.dir/crypto/asn1/a_int.cc.o
[INFO] [stderr]   [ 30%] Building CXX object CMakeFiles/crypto.dir/crypto/asn1/asn1_lib.cc.o
[INFO] [stderr]   [ 30%] Building CXX object CMakeFiles/crypto.dir/crypto/asn1/asn1_par.cc.o
[INFO] [stderr]   [ 30%] Building CXX object CMakeFiles/crypto.dir/crypto/asn1/f_int.cc.o
[INFO] [stderr]   [ 30%] Building CXX object CMakeFiles/crypto.dir/crypto/asn1/asn_pack.cc.o
[INFO] [stderr]   [ 30%] Building CXX object CMakeFiles/crypto.dir/crypto/asn1/f_string.cc.o
[INFO] [stderr]   [ 31%] Building CXX object CMakeFiles/crypto.dir/crypto/asn1/posix_time.cc.o
[INFO] [stderr]   [ 31%] Building CXX object CMakeFiles/crypto.dir/crypto/asn1/tasn_dec.cc.o
[INFO] [stderr]   [ 31%] Building CXX object CMakeFiles/crypto.dir/crypto/asn1/tasn_enc.cc.o
[INFO] [stderr]   [ 31%] Building CXX object CMakeFiles/crypto.dir/crypto/asn1/tasn_fre.cc.o
[INFO] [stderr]   [ 31%] Building CXX object CMakeFiles/crypto.dir/crypto/asn1/tasn_new.cc.o
[INFO] [stderr]   [ 31%] Building CXX object CMakeFiles/crypto.dir/crypto/asn1/tasn_typ.cc.o
[INFO] [stderr]   [ 31%] Building CXX object CMakeFiles/crypto.dir/crypto/asn1/tasn_utl.cc.o
[INFO] [stderr]   [ 33%] Building CXX object CMakeFiles/crypto.dir/crypto/base64/base64.cc.o
[INFO] [stderr]   [ 33%] Building CXX object CMakeFiles/crypto.dir/crypto/bio/bio.cc.o
[INFO] [stderr]   [ 33%] Building CXX object CMakeFiles/crypto.dir/crypto/bio/bio_mem.cc.o
[INFO] [stderr]   [ 33%] Building CXX object CMakeFiles/crypto.dir/crypto/bio/connect.cc.o
[INFO] [stderr]   [ 33%] Building CXX object CMakeFiles/crypto.dir/crypto/bio/errno.cc.o
[INFO] [stderr]   [ 33%] Building CXX object CMakeFiles/crypto.dir/crypto/bio/fd.cc.o
[INFO] [stderr]   [ 34%] Building CXX object CMakeFiles/crypto.dir/crypto/bio/file.cc.o
[INFO] [stderr]   [ 34%] Building CXX object CMakeFiles/crypto.dir/crypto/bio/hexdump.cc.o
[INFO] [stderr]   [ 34%] Building CXX object CMakeFiles/crypto.dir/crypto/bio/pair.cc.o
[INFO] [stderr]   [ 34%] Building CXX object CMakeFiles/crypto.dir/crypto/bio/printf.cc.o
[INFO] [stderr]   [ 34%] Building CXX object CMakeFiles/crypto.dir/crypto/bio/socket.cc.o
[INFO] [stderr]   [ 34%] Building CXX object CMakeFiles/crypto.dir/crypto/bio/socket_helper.cc.o
[INFO] [stderr]   [ 34%] Building CXX object CMakeFiles/crypto.dir/crypto/blake2/blake2.cc.o
[INFO] [stderr]   [ 36%] Building CXX object CMakeFiles/crypto.dir/crypto/bn/bn_asn1.cc.o
[INFO] [stderr]   [ 36%] Building CXX object CMakeFiles/crypto.dir/crypto/bn/convert.cc.o
[INFO] [stderr]   [ 36%] Building CXX object CMakeFiles/crypto.dir/crypto/bn/exponentiation.cc.o
[INFO] [stderr]   [ 36%] Building CXX object CMakeFiles/crypto.dir/crypto/bn/div.cc.o
[INFO] [stderr]   [ 36%] Building CXX object CMakeFiles/crypto.dir/crypto/bn/sqrt.cc.o
[INFO] [stderr]   [ 36%] Building CXX object CMakeFiles/crypto.dir/crypto/buf/buf.cc.o
[INFO] [stderr]   [ 36%] Building CXX object CMakeFiles/crypto.dir/crypto/bytestring/ber.cc.o
[INFO] [stderr]   [ 38%] Building CXX object CMakeFiles/crypto.dir/crypto/bytestring/asn1_compat.cc.o
[INFO] [stderr]   [ 38%] Building CXX object CMakeFiles/crypto.dir/crypto/bytestring/cbb.cc.o
[INFO] [stderr]   [ 38%] Building CXX object CMakeFiles/crypto.dir/crypto/bytestring/cbs.cc.o
[INFO] [stderr]   [ 38%] Building CXX object CMakeFiles/crypto.dir/crypto/bytestring/unicode.cc.o
[INFO] [stderr]   [ 38%] Building CXX object CMakeFiles/crypto.dir/crypto/chacha/chacha.cc.o
[INFO] [stderr]   [ 38%] Building CXX object CMakeFiles/crypto.dir/crypto/cipher/derive_key.cc.o
[INFO] [stderr]   [ 39%] Building CXX object CMakeFiles/crypto.dir/crypto/cipher/e_aesctrhmac.cc.o
[INFO] [stderr]   [ 39%] Building CXX object CMakeFiles/crypto.dir/crypto/cipher/e_aeseax.cc.o
[INFO] [stderr]   [ 39%] Building CXX object CMakeFiles/crypto.dir/crypto/cipher/e_aesgcmsiv.cc.o
[INFO] [stderr]   [ 39%] Building CXX object CMakeFiles/crypto.dir/crypto/cipher/e_chacha20poly1305.cc.o
[INFO] [stderr]   [ 39%] Building CXX object CMakeFiles/crypto.dir/crypto/cipher/e_des.cc.o
[INFO] [stderr]   [ 39%] Building CXX object CMakeFiles/crypto.dir/crypto/cipher/e_null.cc.o
[INFO] [stderr]   [ 41%] Building CXX object CMakeFiles/crypto.dir/crypto/cipher/e_rc2.cc.o
[INFO] [stderr]   [ 41%] Building CXX object CMakeFiles/crypto.dir/crypto/cipher/e_rc4.cc.o
[INFO] [stderr]   [ 41%] Building CXX object CMakeFiles/crypto.dir/crypto/cipher/e_tls.cc.o
[INFO] [stderr]   [ 41%] Building CXX object CMakeFiles/crypto.dir/crypto/cipher/get_cipher.cc.o
[INFO] [stderr]   [ 41%] Building CXX object CMakeFiles/crypto.dir/crypto/cipher/tls_cbc.cc.o
[INFO] [stderr]   [ 41%] Building CXX object CMakeFiles/crypto.dir/crypto/cms/cms.cc.o
[INFO] [stderr]   [ 41%] Building CXX object CMakeFiles/crypto.dir/crypto/conf/conf.cc.o
[INFO] [stderr]   [ 42%] Building CXX object CMakeFiles/crypto.dir/crypto/cpu_aarch64_apple.cc.o
[INFO] [stderr]   [ 42%] Building CXX object CMakeFiles/crypto.dir/crypto/cpu_aarch64_fuchsia.cc.o
[INFO] [stderr]   [ 42%] Building CXX object CMakeFiles/crypto.dir/crypto/cpu_aarch64_linux.cc.o
[INFO] [stderr]   [ 42%] Building CXX object CMakeFiles/crypto.dir/crypto/cpu_aarch64_openbsd.cc.o
[INFO] [stderr]   [ 42%] Building CXX object CMakeFiles/crypto.dir/crypto/cpu_aarch64_sysreg.cc.o
[INFO] [stderr]   [ 42%] Building CXX object CMakeFiles/crypto.dir/crypto/cpu_aarch64_win.cc.o
[INFO] [stderr]   [ 44%] Building CXX object CMakeFiles/crypto.dir/crypto/cpu_arm_freebsd.cc.o
[INFO] [stderr]   [ 44%] Building CXX object CMakeFiles/crypto.dir/crypto/cpu_arm_linux.cc.o
[INFO] [stderr]   [ 44%] Building CXX object CMakeFiles/crypto.dir/crypto/cpu_intel.cc.o
[INFO] [stderr]   [ 44%] Building CXX object CMakeFiles/crypto.dir/crypto/crypto.cc.o
[INFO] [stderr]   [ 44%] Building CXX object CMakeFiles/crypto.dir/crypto/curve25519/curve25519.cc.o
[INFO] [stderr]   [ 44%] Building CXX object CMakeFiles/crypto.dir/crypto/curve25519/curve25519_64_adx.cc.o
[INFO] [stderr]   [ 44%] Building CXX object CMakeFiles/crypto.dir/crypto/curve25519/spake25519.cc.o
[INFO] [stderr]   [ 46%] Building CXX object CMakeFiles/crypto.dir/crypto/des/des.cc.o
[INFO] [stderr]   [ 46%] Building CXX object CMakeFiles/crypto.dir/crypto/dh/dh_asn1.cc.o
[INFO] [stderr]   [ 46%] Building CXX object CMakeFiles/crypto.dir/crypto/dh/params.cc.o
[INFO] [stderr]   [ 46%] Building CXX object CMakeFiles/crypto.dir/crypto/digest/digest_extra.cc.o
[INFO] [stderr]   [ 46%] Building CXX object CMakeFiles/crypto.dir/crypto/dsa/dsa.cc.o
[INFO] [stderr]   [ 46%] Building CXX object CMakeFiles/crypto.dir/crypto/dsa/dsa_asn1.cc.o
[INFO] [stderr]   [ 47%] Building CXX object CMakeFiles/crypto.dir/crypto/ec/ec_asn1.cc.o
[INFO] [stderr]   [ 47%] Building CXX object CMakeFiles/crypto.dir/crypto/ec/hash_to_curve.cc.o
[INFO] [stderr]   [ 47%] Building CXX object CMakeFiles/crypto.dir/crypto/ec/ec_derive.cc.o
[INFO] [stderr]   [ 47%] Building CXX object CMakeFiles/crypto.dir/crypto/ecdh/ecdh.cc.o
[INFO] [stderr]   [ 47%] Building CXX object CMakeFiles/crypto.dir/crypto/ecdsa/ecdsa_asn1.cc.o
[INFO] [stderr]   [ 47%] Building CXX object CMakeFiles/crypto.dir/crypto/ecdsa/ecdsa_p1363.cc.o
[INFO] [stderr]   [ 47%] Building CXX object CMakeFiles/crypto.dir/crypto/engine/engine.cc.o
[INFO] [stderr]   [ 47%] Building CXX object CMakeFiles/crypto.dir/crypto/evp/evp.cc.o
[INFO] [stderr]   [ 49%] Building CXX object CMakeFiles/crypto.dir/crypto/err/err.cc.o
[INFO] [stderr]   [ 49%] Building CXX object CMakeFiles/crypto.dir/crypto/evp/evp_asn1.cc.o
[INFO] [stderr]   [ 49%] Building CXX object CMakeFiles/crypto.dir/crypto/evp/evp_ctx.cc.o
[INFO] [stderr]   [ 49%] Building CXX object CMakeFiles/crypto.dir/crypto/evp/p_dh.cc.o
[INFO] [stderr]   [ 49%] Building CXX object CMakeFiles/crypto.dir/crypto/evp/p_dsa.cc.o
[INFO] [stderr]   [ 50%] Building CXX object CMakeFiles/crypto.dir/crypto/evp/p_ec.cc.o
[INFO] [stderr]   [ 50%] Building CXX object CMakeFiles/crypto.dir/crypto/evp/p_ed25519.cc.o
[INFO] [stderr]   [ 50%] Building CXX object CMakeFiles/crypto.dir/crypto/evp/p_hkdf.cc.o
[INFO] [stderr]   [ 50%] Building CXX object CMakeFiles/crypto.dir/crypto/evp/p_mldsa.cc.o
[INFO] [stderr]   [ 50%] Building CXX object CMakeFiles/crypto.dir/crypto/evp/p_x25519.cc.o
[INFO] [stderr]   [ 50%] Building CXX object CMakeFiles/crypto.dir/crypto/evp/p_rsa.cc.o
[INFO] [stderr]   [ 50%] Building CXX object CMakeFiles/crypto.dir/crypto/evp/pbkdf.cc.o
[INFO] [stderr]   [ 52%] Building CXX object CMakeFiles/crypto.dir/crypto/evp/print.cc.o
[INFO] [stderr]   [ 52%] Building CXX object CMakeFiles/crypto.dir/crypto/evp/scrypt.cc.o
[INFO] [stderr]   [ 52%] Building CXX object CMakeFiles/crypto.dir/crypto/evp/sign.cc.o
[INFO] [stderr]   [ 52%] Building CXX object CMakeFiles/crypto.dir/crypto/ex_data.cc.o
[INFO] [stderr]   [ 52%] Building CXX object CMakeFiles/crypto.dir/crypto/fipsmodule/fips_shared_support.cc.o
[INFO] [stderr]   [ 52%] Building CXX object CMakeFiles/crypto.dir/crypto/fuzzer_mode.cc.o
[INFO] [stderr]   [ 53%] Building CXX object CMakeFiles/crypto.dir/crypto/hpke/hpke.cc.o
[INFO] [stderr]   [ 53%] Building CXX object CMakeFiles/crypto.dir/crypto/kyber/kyber.cc.o
[INFO] [stderr]   [ 53%] Building CXX object CMakeFiles/crypto.dir/crypto/hrss/hrss.cc.o
[INFO] [stderr]   [ 53%] Building CXX object CMakeFiles/crypto.dir/crypto/lhash/lhash.cc.o
[INFO] [stderr]   [ 53%] Building CXX object CMakeFiles/crypto.dir/crypto/md4/md4.cc.o
[INFO] [stderr]   [ 53%] Building CXX object CMakeFiles/crypto.dir/crypto/md5/md5.cc.o
[INFO] [stderr]   [ 53%] Building CXX object CMakeFiles/crypto.dir/crypto/mem.cc.o
[INFO] [stderr]   [ 55%] Building CXX object CMakeFiles/crypto.dir/crypto/mldsa/mldsa.cc.o
[INFO] [stderr]   [ 55%] Building CXX object CMakeFiles/crypto.dir/crypto/mlkem/mlkem.cc.o
[INFO] [stderr]   [ 55%] Building CXX object CMakeFiles/crypto.dir/crypto/obj/obj.cc.o
[INFO] [stderr]   [ 55%] Building CXX object CMakeFiles/crypto.dir/crypto/obj/obj_xref.cc.o
[INFO] [stderr]   [ 55%] Building CXX object CMakeFiles/crypto.dir/crypto/pem/pem_all.cc.o
[INFO] [stderr]   [ 55%] Building CXX object CMakeFiles/crypto.dir/crypto/pem/pem_info.cc.o
[INFO] [stderr]   [ 57%] Building CXX object CMakeFiles/crypto.dir/crypto/pem/pem_lib.cc.o
[INFO] [stderr]   [ 57%] Building CXX object CMakeFiles/crypto.dir/crypto/pem/pem_oth.cc.o
[INFO] [stderr]   [ 57%] Building CXX object CMakeFiles/crypto.dir/crypto/pem/pem_pk8.cc.o
[INFO] [stderr]   [ 57%] Building CXX object CMakeFiles/crypto.dir/crypto/pem/pem_pkey.cc.o
[INFO] [stderr]   [ 57%] Building CXX object CMakeFiles/crypto.dir/crypto/pem/pem_xaux.cc.o
[INFO] [stderr]   [ 57%] Building CXX object CMakeFiles/crypto.dir/crypto/pem/pem_x509.cc.o
[INFO] [stderr]   [ 57%] Building CXX object CMakeFiles/crypto.dir/crypto/pkcs7/pkcs7.cc.o
[INFO] [stderr]   [ 58%] Building CXX object CMakeFiles/crypto.dir/crypto/pkcs7/pkcs7_x509.cc.o
[INFO] [stderr]   [ 58%] Building CXX object CMakeFiles/crypto.dir/crypto/pkcs8/p5_pbev2.cc.o
[INFO] [stderr]   [ 58%] Building CXX object CMakeFiles/crypto.dir/crypto/pkcs8/pkcs8.cc.o
[INFO] [stderr]   [ 58%] Building CXX object CMakeFiles/crypto.dir/crypto/pkcs8/pkcs8_x509.cc.o
[INFO] [stderr]   [ 58%] Building CXX object CMakeFiles/crypto.dir/crypto/poly1305/poly1305.cc.o
[INFO] [stderr]   [ 58%] Building CXX object CMakeFiles/crypto.dir/crypto/poly1305/poly1305_arm.cc.o
[INFO] [stderr]   [ 60%] Building CXX object CMakeFiles/crypto.dir/crypto/poly1305/poly1305_vec.cc.o
[INFO] [stderr]   [ 60%] Building CXX object CMakeFiles/crypto.dir/crypto/pool/pool.cc.o
[INFO] [stderr]   [ 60%] Building CXX object CMakeFiles/crypto.dir/crypto/rand/deterministic.cc.o
[INFO] [stderr]   [ 60%] Building CXX object CMakeFiles/crypto.dir/crypto/rand/fork_detect.cc.o
[INFO] [stderr]   [ 60%] Building CXX object CMakeFiles/crypto.dir/crypto/rand/forkunsafe.cc.o
[INFO] [stderr]   [ 60%] Building CXX object CMakeFiles/crypto.dir/crypto/rand/getentropy.cc.o
[INFO] [stderr]   [ 60%] Building CXX object CMakeFiles/crypto.dir/crypto/rand/ios.cc.o
[INFO] [stderr]   [ 61%] Building CXX object CMakeFiles/crypto.dir/crypto/rand/passive.cc.o
[INFO] [stderr]   [ 61%] Building CXX object CMakeFiles/crypto.dir/crypto/rand/rand.cc.o
[INFO] [stderr]   [ 61%] Building CXX object CMakeFiles/crypto.dir/crypto/rand/urandom.cc.o
[INFO] [stderr]   [ 61%] Building CXX object CMakeFiles/crypto.dir/crypto/rc4/rc4.cc.o
[INFO] [stderr]   [ 61%] Building CXX object CMakeFiles/crypto.dir/crypto/rand/trusty.cc.o
[INFO] [stderr]   [ 61%] Building CXX object CMakeFiles/crypto.dir/crypto/rand/windows.cc.o
[INFO] [stderr]   [ 63%] Building CXX object CMakeFiles/crypto.dir/crypto/refcount.cc.o
[INFO] [stderr]   [ 63%] Building CXX object CMakeFiles/crypto.dir/crypto/rsa/rsa_asn1.cc.o
[INFO] [stderr]   [ 63%] Building CXX object CMakeFiles/crypto.dir/crypto/rsa/rsa_extra.cc.o
[INFO] [stderr]   [ 63%] Building CXX object CMakeFiles/crypto.dir/crypto/rsa/rsa_crypt.cc.o
[INFO] [stderr]   [ 63%] Building CXX object CMakeFiles/crypto.dir/crypto/rsa/rsa_print.cc.o
[INFO] [stderr]   [ 63%] Building CXX object CMakeFiles/crypto.dir/crypto/sha/sha1.cc.o
[INFO] [stderr]   [ 65%] Building CXX object CMakeFiles/crypto.dir/crypto/sha/sha512.cc.o
[INFO] [stderr]   [ 65%] Building CXX object CMakeFiles/crypto.dir/crypto/sha/sha256.cc.o
[INFO] [stderr]   [ 65%] Building CXX object CMakeFiles/crypto.dir/crypto/siphash/siphash.cc.o
[INFO] [stderr]   [ 65%] Building CXX object CMakeFiles/crypto.dir/crypto/slhdsa/slhdsa.cc.o
[INFO] [stderr]   [ 65%] Building CXX object CMakeFiles/crypto.dir/crypto/spake2plus/spake2plus.cc.o
[INFO] [stderr]   [ 65%] Building CXX object CMakeFiles/crypto.dir/crypto/thread.cc.o
[INFO] [stderr]   [ 65%] Building CXX object CMakeFiles/crypto.dir/crypto/stack/stack.cc.o
[INFO] [stderr]   [ 66%] Building CXX object CMakeFiles/crypto.dir/crypto/thread_none.cc.o
[INFO] [stderr]   [ 66%] Building CXX object CMakeFiles/crypto.dir/crypto/thread_pthread.cc.o
[INFO] [stderr]   [ 66%] Building CXX object CMakeFiles/crypto.dir/crypto/thread_win.cc.o
[INFO] [stderr]   [ 66%] Building CXX object CMakeFiles/crypto.dir/crypto/trust_token/pmbtoken.cc.o
[INFO] [stderr]   [ 66%] Building CXX object CMakeFiles/crypto.dir/crypto/trust_token/trust_token.cc.o
[INFO] [stderr]   [ 66%] Building CXX object CMakeFiles/crypto.dir/crypto/trust_token/voprf.cc.o
[INFO] [stderr]   [ 66%] Building CXX object CMakeFiles/crypto.dir/crypto/x509/a_digest.cc.o
[INFO] [stderr]   [ 68%] Building CXX object CMakeFiles/crypto.dir/crypto/x509/a_sign.cc.o
[INFO] [stderr]   [ 68%] Building CXX object CMakeFiles/crypto.dir/crypto/x509/a_verify.cc.o
[INFO] [stderr]   [ 68%] Building CXX object CMakeFiles/crypto.dir/crypto/x509/algorithm.cc.o
[INFO] [stderr]   [ 68%] Building CXX object CMakeFiles/crypto.dir/crypto/x509/asn1_gen.cc.o
[INFO] [stderr]   [ 68%] Building CXX object CMakeFiles/crypto.dir/crypto/x509/by_dir.cc.o
[INFO] [stderr]   [ 68%] Building CXX object CMakeFiles/crypto.dir/crypto/x509/by_file.cc.o
[INFO] [stderr]   [ 69%] Building CXX object CMakeFiles/crypto.dir/crypto/x509/i2d_pr.cc.o
[INFO] [stderr]   [ 69%] Building CXX object CMakeFiles/crypto.dir/crypto/x509/name_print.cc.o
[INFO] [stderr]   [ 69%] Building CXX object CMakeFiles/crypto.dir/crypto/x509/policy.cc.o
[INFO] [stderr]   [ 69%] Building CXX object CMakeFiles/crypto.dir/crypto/x509/rsa_pss.cc.o
[INFO] [stderr]   [ 69%] Building CXX object CMakeFiles/crypto.dir/crypto/x509/t_crl.cc.o
[INFO] [stderr]   [ 69%] Building CXX object CMakeFiles/crypto.dir/crypto/x509/t_req.cc.o
[INFO] [stderr]   [ 69%] Building CXX object CMakeFiles/crypto.dir/crypto/x509/t_x509.cc.o
[INFO] [stderr]   [ 71%] Building CXX object CMakeFiles/crypto.dir/crypto/x509/t_x509a.cc.o
[INFO] [stderr]   [ 71%] Building CXX object CMakeFiles/crypto.dir/crypto/x509/v3_akey.cc.o
[INFO] [stderr]   [ 71%] Building CXX object CMakeFiles/crypto.dir/crypto/x509/v3_akeya.cc.o
[INFO] [stderr]   [ 71%] Building CXX object CMakeFiles/crypto.dir/crypto/x509/v3_alt.cc.o
[INFO] [stderr]   [ 71%] Building CXX object CMakeFiles/crypto.dir/crypto/x509/v3_bcons.cc.o
[INFO] [stderr]   [ 71%] Building CXX object CMakeFiles/crypto.dir/crypto/x509/v3_bitst.cc.o
[INFO] [stderr]   [ 73%] Building CXX object CMakeFiles/crypto.dir/crypto/x509/v3_conf.cc.o
[INFO] [stderr]   [ 73%] Building CXX object CMakeFiles/crypto.dir/crypto/x509/v3_cpols.cc.o
[INFO] [stderr]   [ 73%] Building CXX object CMakeFiles/crypto.dir/crypto/x509/v3_crld.cc.o
[INFO] [stderr]   [ 73%] Building CXX object CMakeFiles/crypto.dir/crypto/x509/v3_enum.cc.o
[INFO] [stderr]   [ 73%] Building CXX object CMakeFiles/crypto.dir/crypto/x509/v3_extku.cc.o
[INFO] [stderr]   [ 73%] Building CXX object CMakeFiles/crypto.dir/crypto/x509/v3_genn.cc.o
[INFO] [stderr]   [ 73%] Building CXX object CMakeFiles/crypto.dir/crypto/x509/v3_ia5.cc.o
[INFO] [stderr]   [ 74%] Building CXX object CMakeFiles/crypto.dir/crypto/x509/v3_info.cc.o
[INFO] [stderr]   [ 74%] Building CXX object CMakeFiles/crypto.dir/crypto/x509/v3_int.cc.o
[INFO] [stderr]   [ 74%] Building CXX object CMakeFiles/crypto.dir/crypto/x509/v3_lib.cc.o
[INFO] [stderr]   [ 74%] Building CXX object CMakeFiles/crypto.dir/crypto/x509/v3_ncons.cc.o
[INFO] [stderr]   [ 74%] Building CXX object CMakeFiles/crypto.dir/crypto/x509/v3_ocsp.cc.o
[INFO] [stderr]   [ 74%] Building CXX object CMakeFiles/crypto.dir/crypto/x509/v3_pcons.cc.o
[INFO] [stderr]   [ 76%] Building CXX object CMakeFiles/crypto.dir/crypto/x509/v3_pmaps.cc.o
[INFO] [stderr]   [ 76%] Building CXX object CMakeFiles/crypto.dir/crypto/x509/v3_prn.cc.o
[INFO] [stderr]   [ 76%] Building CXX object CMakeFiles/crypto.dir/crypto/x509/v3_purp.cc.o
[INFO] [stderr]   [ 76%] Building CXX object CMakeFiles/crypto.dir/crypto/x509/v3_skey.cc.o
[INFO] [stderr]   [ 76%] Building CXX object CMakeFiles/crypto.dir/crypto/x509/v3_utl.cc.o
[INFO] [stderr]   [ 76%] Building CXX object CMakeFiles/crypto.dir/crypto/x509/x509.cc.o
[INFO] [stderr]   [ 77%] Building CXX object CMakeFiles/crypto.dir/crypto/x509/x509_cmp.cc.o
[INFO] [stderr]   [ 77%] Building CXX object CMakeFiles/crypto.dir/crypto/x509/x509_att.cc.o
[INFO] [stderr]   [ 77%] Building CXX object CMakeFiles/crypto.dir/crypto/x509/x509_d2.cc.o
[INFO] [stderr]   [ 77%] Building CXX object CMakeFiles/crypto.dir/crypto/x509/x509_def.cc.o
[INFO] [stderr]   [ 77%] Building CXX object CMakeFiles/crypto.dir/crypto/x509/x509_ext.cc.o
[INFO] [stderr]   [ 77%] Building CXX object CMakeFiles/crypto.dir/crypto/x509/x509_lu.cc.o
[INFO] [stderr]   [ 77%] Building CXX object CMakeFiles/crypto.dir/crypto/x509/x509_obj.cc.o
[INFO] [stderr]   [ 79%] Building CXX object CMakeFiles/crypto.dir/crypto/x509/x509_req.cc.o
[INFO] [stderr]   [ 79%] Building CXX object CMakeFiles/crypto.dir/crypto/x509/x509_set.cc.o
[INFO] [stderr]   [ 79%] Building CXX object CMakeFiles/crypto.dir/crypto/x509/x509_trs.cc.o
[INFO] [stderr]   [ 79%] Building CXX object CMakeFiles/crypto.dir/crypto/x509/x509_txt.cc.o
[INFO] [stderr]   [ 79%] Building CXX object CMakeFiles/crypto.dir/crypto/x509/x509_v3.cc.o
[INFO] [stderr]   [ 79%] Building CXX object CMakeFiles/crypto.dir/crypto/x509/x509_vfy.cc.o
[INFO] [stderr]   [ 79%] Building CXX object CMakeFiles/crypto.dir/crypto/x509/x509_vpm.cc.o
[INFO] [stderr]   [ 80%] Building CXX object CMakeFiles/crypto.dir/crypto/x509/x509cset.cc.o
[INFO] [stderr]   [ 80%] Building CXX object CMakeFiles/crypto.dir/crypto/x509/x509name.cc.o
[INFO] [stderr]   [ 80%] Building CXX object CMakeFiles/crypto.dir/crypto/x509/x509rset.cc.o
[INFO] [stderr]   [ 80%] Building CXX object CMakeFiles/crypto.dir/crypto/x509/x509spki.cc.o
[INFO] [stderr]   [ 80%] Building CXX object CMakeFiles/crypto.dir/crypto/x509/x_algor.cc.o
[INFO] [stderr]   [ 80%] Building CXX object CMakeFiles/crypto.dir/crypto/x509/x_all.cc.o
[INFO] [stderr]   [ 82%] Building CXX object CMakeFiles/crypto.dir/crypto/x509/x_attrib.cc.o
[INFO] [stderr]   [ 82%] Building CXX object CMakeFiles/crypto.dir/crypto/x509/x_crl.cc.o
[INFO] [stderr]   [ 82%] Building CXX object CMakeFiles/crypto.dir/crypto/x509/x_name.cc.o
[INFO] [stderr]   [ 82%] Building CXX object CMakeFiles/crypto.dir/crypto/x509/x_exten.cc.o
[INFO] [stderr]   [ 82%] Building CXX object CMakeFiles/crypto.dir/crypto/x509/x_pubkey.cc.o
[INFO] [stderr]   [ 82%] Building CXX object CMakeFiles/crypto.dir/crypto/x509/x_req.cc.o
[INFO] [stderr]   [ 82%] Building CXX object CMakeFiles/crypto.dir/crypto/x509/x_sig.cc.o
[INFO] [stderr]   [ 84%] Building CXX object CMakeFiles/crypto.dir/crypto/x509/x_spki.cc.o
[INFO] [stderr]   [ 84%] Building CXX object CMakeFiles/crypto.dir/crypto/x509/x_x509.cc.o
[INFO] [stderr]   [ 84%] Building CXX object CMakeFiles/crypto.dir/crypto/x509/x_x509a.cc.o
[INFO] [stderr]   [ 84%] Building CXX object CMakeFiles/crypto.dir/crypto/xwing/xwing.cc.o
[INFO] [stderr]   [ 84%] Building CXX object CMakeFiles/crypto.dir/gen/crypto/err_data.cc.o
[INFO] [stderr]   [ 84%] Building ASM object CMakeFiles/crypto.dir/crypto/curve25519/asm/x25519-asm-arm.S.o
[INFO] [stderr]   [ 85%] Building ASM object CMakeFiles/crypto.dir/crypto/hrss/asm/poly_rq_mul.S.o
[INFO] [stderr]   [ 85%] Building ASM object CMakeFiles/crypto.dir/crypto/poly1305/poly1305_arm_asm.S.o
[INFO] [stderr]   [ 85%] Building ASM object CMakeFiles/crypto.dir/gen/crypto/aes128gcmsiv-x86_64-apple.S.o
[INFO] [stderr]   [ 85%] Building ASM object CMakeFiles/crypto.dir/gen/crypto/aes128gcmsiv-x86_64-linux.S.o
[INFO] [stderr]   [ 85%] Building ASM object CMakeFiles/crypto.dir/gen/crypto/chacha-armv4-linux.S.o
[INFO] [stderr]   [ 85%] Building ASM object CMakeFiles/crypto.dir/gen/crypto/chacha-armv8-apple.S.o
[INFO] [stderr]   [ 87%] Building ASM object CMakeFiles/crypto.dir/gen/crypto/chacha-armv8-win.S.o
[INFO] [stderr]   [ 87%] Building ASM object CMakeFiles/crypto.dir/gen/crypto/chacha-x86-apple.S.o
[INFO] [stderr]   [ 87%] Building ASM object CMakeFiles/crypto.dir/gen/crypto/chacha-x86-linux.S.o
[INFO] [stderr]   [ 87%] Building ASM object CMakeFiles/crypto.dir/gen/crypto/chacha-armv8-linux.S.o
[INFO] [stderr]   [ 87%] Building ASM object CMakeFiles/crypto.dir/gen/crypto/chacha-x86_64-apple.S.o
[INFO] [stderr]   [ 87%] Building ASM object CMakeFiles/crypto.dir/gen/crypto/chacha-x86_64-linux.S.o
[INFO] [stderr]   [ 87%] Building ASM object CMakeFiles/crypto.dir/gen/crypto/chacha20_poly1305_armv8-apple.S.o
[INFO] [stderr]   [ 87%] Building ASM object CMakeFiles/crypto.dir/gen/crypto/chacha20_poly1305_x86_64-apple.S.o
[INFO] [stderr]   [ 88%] Building ASM object CMakeFiles/crypto.dir/gen/crypto/chacha20_poly1305_armv8-linux.S.o
[INFO] [stderr]   [ 88%] Building ASM object CMakeFiles/crypto.dir/gen/crypto/chacha20_poly1305_armv8-win.S.o
[INFO] [stderr]   [ 88%] Building ASM object CMakeFiles/crypto.dir/gen/crypto/chacha20_poly1305_x86_64-linux.S.o
[INFO] [stderr]   [ 88%] Building ASM object CMakeFiles/crypto.dir/gen/crypto/md5-586-linux.S.o
[INFO] [stderr]   [ 88%] Building ASM object CMakeFiles/crypto.dir/gen/crypto/md5-586-apple.S.o
[INFO] [stderr]   [ 88%] Building ASM object CMakeFiles/crypto.dir/third_party/fiat/asm/fiat_curve25519_adx_mul.S.o
[INFO] [stderr]   [ 90%] Building ASM object CMakeFiles/crypto.dir/gen/crypto/md5-x86_64-linux.S.o
[INFO] [stderr]   [ 90%] Building ASM object CMakeFiles/crypto.dir/third_party/fiat/asm/fiat_curve25519_adx_square.S.o
[INFO] [stderr]   [ 90%] Building ASM object CMakeFiles/crypto.dir/gen/crypto/md5-x86_64-apple.S.o
[INFO] [stderr]   [ 90%] Linking CXX static library libcrypto.a
[INFO] [stderr]   [ 90%] Built target crypto
[INFO] [stderr]   [ 90%] Building CXX object CMakeFiles/ssl.dir/ssl/d1_both.cc.o
[INFO] [stderr]   [ 90%] Building CXX object CMakeFiles/ssl.dir/ssl/extensions.cc.o
[INFO] [stderr]   [ 90%] Building CXX object CMakeFiles/ssl.dir/ssl/dtls_method.cc.o
[INFO] [stderr]   [ 92%] Building CXX object CMakeFiles/ssl.dir/ssl/encrypted_client_hello.cc.o
[INFO] [stderr]   [ 93%] Building CXX object CMakeFiles/ssl.dir/ssl/bio_ssl.cc.o
[INFO] [stderr]   [ 93%] Building CXX object CMakeFiles/ssl.dir/ssl/d1_srtp.cc.o
[INFO] [stderr]   [ 93%] Building CXX object CMakeFiles/ssl.dir/ssl/dtls_record.cc.o
[INFO] [stderr]   [ 95%] Building CXX object CMakeFiles/ssl.dir/ssl/s3_both.cc.o
[INFO] [stderr]   [ 95%] Building CXX object CMakeFiles/ssl.dir/ssl/handshake_server.cc.o
[INFO] [stderr]   [ 95%] Building CXX object CMakeFiles/ssl.dir/ssl/s3_lib.cc.o
[INFO] [stderr]   [ 95%] Building CXX object CMakeFiles/ssl.dir/ssl/handoff.cc.o
[INFO] [stderr]   [ 95%] Building CXX object CMakeFiles/ssl.dir/ssl/s3_pkt.cc.o
[INFO] [stderr]   [ 95%] Building CXX object CMakeFiles/ssl.dir/ssl/d1_pkt.cc.o
[INFO] [stderr]   [ 95%] Building CXX object CMakeFiles/ssl.dir/ssl/d1_lib.cc.o
[INFO] [stderr]   [ 95%] Building CXX object CMakeFiles/ssl.dir/ssl/handshake_client.cc.o
[INFO] [stderr]   [ 95%] Building CXX object CMakeFiles/ssl.dir/ssl/handshake.cc.o
[INFO] [stderr] 
[INFO] [stderr]   --- stderr
[INFO] [stderr]   hint: Using 'master' as the name for the initial branch. This default branch name
[INFO] [stderr]   hint: will change to "main" in Git 3.0. To configure the initial branch name
[INFO] [stderr]   hint: to use in all of your new repositories, which will suppress this warning,
[INFO] [stderr]   hint: call:
[INFO] [stderr]   hint:
[INFO] [stderr]   hint: 	git config --global init.defaultBranch <name>
[INFO] [stderr]   hint:
[INFO] [stderr]   hint: Names commonly chosen instead of 'master' are 'main', 'trunk' and
[INFO] [stderr]   hint: 'development'. The just-created branch can be renamed via this command:
[INFO] [stderr]   hint:
[INFO] [stderr]   hint: 	git branch -m <name>
[INFO] [stderr]   hint:
[INFO] [stderr]   hint: Disable this message with "git config set advice.defaultBranchName false"
[INFO] [stderr]   Checking patch crypto/obj/obj_dat.h...
[INFO] [stderr]   Checking patch crypto/obj/obj_mac.num...
[INFO] [stderr]   Checking patch crypto/obj/objects.txt...
[INFO] [stderr]   Checking patch include/openssl/nid.h...
[INFO] [stderr]   Checking patch include/openssl/ssl.h...
[INFO] [stderr]   Checking patch ssl/extensions.cc...
[INFO] [stderr]   Checking patch ssl/internal.h...
[INFO] [stderr]   Checking patch ssl/ssl_key_share.cc...
[INFO] [stderr]   Checking patch ssl/ssl_lib.cc...
[INFO] [stderr]   Checking patch ssl/ssl_test.cc...
[INFO] [stderr]   Checking patch ssl/test/runner/basic_tests.go...
[INFO] [stderr]   Checking patch ssl/test/runner/cbc_tests.go...
[INFO] [stderr]   Checking patch ssl/test/runner/common.go...
[INFO] [stderr]   Checking patch ssl/test/runner/curve_tests.go...
[INFO] [stderr]   Checking patch ssl/test/runner/ech_tests.go...
[INFO] [stderr]   Checking patch ssl/test/runner/extension_tests.go...
[INFO] [stderr]   Checking patch ssl/test/runner/key_update_tests.go...
[INFO] [stderr]   Checking patch tool/client.cc...
[INFO] [stderr]   Applied patch crypto/obj/obj_dat.h cleanly.
[INFO] [stderr]   Applied patch crypto/obj/obj_mac.num cleanly.
[INFO] [stderr]   Applied patch crypto/obj/objects.txt cleanly.
[INFO] [stderr]   Applied patch include/openssl/nid.h cleanly.
[INFO] [stderr]   Applied patch include/openssl/ssl.h cleanly.
[INFO] [stderr]   Applied patch ssl/extensions.cc cleanly.
[INFO] [stderr]   Applied patch ssl/internal.h cleanly.
[INFO] [stderr]   Applied patch ssl/ssl_key_share.cc cleanly.
[INFO] [stderr]   Applied patch ssl/ssl_lib.cc cleanly.
[INFO] [stderr]   Applied patch ssl/ssl_test.cc cleanly.
[INFO] [stderr]   Applied patch ssl/test/runner/basic_tests.go cleanly.
[INFO] [stderr]   Applied patch ssl/test/runner/cbc_tests.go cleanly.
[INFO] [stderr]   Applied patch ssl/test/runner/common.go cleanly.
[INFO] [stderr]   Applied patch ssl/test/runner/curve_tests.go cleanly.
[INFO] [stderr]   Applied patch ssl/test/runner/ech_tests.go cleanly.
[INFO] [stderr]   Applied patch ssl/test/runner/extension_tests.go cleanly.
[INFO] [stderr]   Applied patch ssl/test/runner/key_update_tests.go cleanly.
[INFO] [stderr]   Applied patch tool/client.cc cleanly.
[INFO] [stderr]   /opt/rustwide/cargo-home/registry/src/index.crates.io-1949cf8c6b5b557f/btls-sys-0.5.6/patches/boringssl.patch:91: trailing whitespace.
[INFO] [stderr]    private:  
[INFO] [stderr]   /opt/rustwide/cargo-home/registry/src/index.crates.io-1949cf8c6b5b557f/btls-sys-0.5.6/patches/boringssl.patch:426: trailing whitespace.
[INFO] [stderr]     
[INFO] [stderr]   /opt/rustwide/cargo-home/registry/src/index.crates.io-1949cf8c6b5b557f/btls-sys-0.5.6/patches/boringssl.patch:715: trailing whitespace.
[INFO] [stderr]         
[INFO] [stderr]   /opt/rustwide/cargo-home/registry/src/index.crates.io-1949cf8c6b5b557f/btls-sys-0.5.6/patches/boringssl.patch:721: trailing whitespace.
[INFO] [stderr]         if (!DH_generate_key(dh) || 
[INFO] [stderr]   /opt/rustwide/cargo-home/registry/src/index.crates.io-1949cf8c6b5b557f/btls-sys-0.5.6/patches/boringssl.patch:729: trailing whitespace.
[INFO] [stderr]         if (peer_point == nullptr || 
[INFO] [stderr]   Checking patch crypto/cipher/e_tls.cc...
[INFO] [stderr]   Checking patch crypto/mem_internal.h...
[INFO] [stderr]   Checking patch include/openssl/aead.h...
[INFO] [stderr]   Checking patch include/openssl/nid.h...
[INFO] [stderr]   Checking patch include/openssl/ssl.h...
[INFO] [stderr]   Checking patch include/openssl/tls1.h...
[INFO] [stderr]   Checking patch ssl/extensions.cc...
[INFO] [stderr]   Checking patch ssl/handshake_client.cc...
[INFO] [stderr]   Checking patch ssl/internal.h...
[INFO] [stderr]   Checking patch ssl/ssl_cipher.cc...
[INFO] [stderr]   Checking patch ssl/ssl_key_share.cc...
[INFO] [stderr]   Checking patch ssl/ssl_lib.cc...
[INFO] [stderr]   Checking patch ssl/ssl_privkey.cc...
[INFO] [stderr]   Applied patch crypto/cipher/e_tls.cc cleanly.
[INFO] [stderr]   Applied patch crypto/mem_internal.h cleanly.
[INFO] [stderr]   Applied patch include/openssl/aead.h cleanly.
[INFO] [stderr]   Applied patch include/openssl/nid.h cleanly.
[INFO] [stderr]   Applied patch include/openssl/ssl.h cleanly.
[INFO] [stderr]   Applied patch include/openssl/tls1.h cleanly.
[INFO] [stderr]   Applied patch ssl/extensions.cc cleanly.
[INFO] [stderr]   Applied patch ssl/handshake_client.cc cleanly.
[INFO] [stderr]   Applied patch ssl/internal.h cleanly.
[INFO] [stderr]   Applied patch ssl/ssl_cipher.cc cleanly.
[INFO] [stderr]   Applied patch ssl/ssl_key_share.cc cleanly.
[INFO] [stderr]   Applied patch ssl/ssl_lib.cc cleanly.
[INFO] [stderr]   Applied patch ssl/ssl_privkey.cc cleanly.
[INFO] [stderr]   warning: squelched 4 whitespace errors
[INFO] [stderr]   warning: 9 lines applied after fixing whitespace errors.
[INFO] [stderr]   Checking patch include/openssl/target.h...
[INFO] [stderr]   Applied patch include/openssl/target.h cleanly.
[INFO] [stderr]   Checking patch third_party/fiat/p256_64.h...
[INFO] [stderr]   Hunk #2 succeeded at 178 (offset -3 lines).
[INFO] [stderr]   Hunk #3 succeeded at 493 (offset -4 lines).
[INFO] [stderr]   Applied patch third_party/fiat/p256_64.h cleanly.
[INFO] [stderr]   running: cd "/opt/rustwide/target/release/build/btls-sys-cf1c9bf5b375617c/out/build" && CMAKE_BUILD_PARALLEL_LEVEL="16" CMAKE_PREFIX_PATH="" LC_ALL="C" "cmake" "/opt/rustwide/target/release/build/btls-sys-cf1c9bf5b375617c/out/boringssl" "-B" "/opt/rustwide/target/release/build/btls-sys-cf1c9bf5b375617c/out/build" "-DCMAKE_INSTALL_PREFIX=/opt/rustwide/target/release/build/btls-sys-cf1c9bf5b375617c/out" "-DCMAKE_C_FLAGS= -ffunction-sections -fdata-sections -fPIC -m64 -w" "-DCMAKE_C_COMPILER=/usr/bin/cc" "-DCMAKE_CXX_FLAGS= -ffunction-sections -fdata-sections -fPIC -m64 -w" "-DCMAKE_CXX_COMPILER=/usr/bin/c++" "-DCMAKE_ASM_FLAGS= -ffunction-sections -fdata-sections -fPIC -m64 -w" "-DCMAKE_ASM_COMPILER=/usr/bin/cc" "-DCMAKE_BUILD_TYPE=Release"
[INFO] [stderr]   running: cd "/opt/rustwide/target/release/build/btls-sys-cf1c9bf5b375617c/out/build" && CMAKE_BUILD_PARALLEL_LEVEL="16" LC_ALL="C" MAKEFLAGS="-j --jobserver-fds=4,5 --jobserver-auth=4,5" "cmake" "--build" "/opt/rustwide/target/release/build/btls-sys-cf1c9bf5b375617c/out/build" "--target" "ssl" "--config" "Release"
[INFO] [stderr]   gmake: warning: -j16 forced in submake: resetting jobserver mode.
[INFO] [stderr]   c++: fatal error: Killed signal terminated program cc1plus
[INFO] [stderr]   compilation terminated.
[INFO] [stderr]   gmake[3]: *** [CMakeFiles/ssl.dir/build.make:121: CMakeFiles/ssl.dir/ssl/d1_pkt.cc.o] Error 1
[INFO] [stderr]   gmake[3]: *** Waiting for unfinished jobs....
[INFO] [stderr]   c++: fatal error: Killed signal terminated program cc1plus
[INFO] [stderr]   compilation terminated.
[INFO] [stderr]   gmake[3]: *** [CMakeFiles/ssl.dir/build.make:191: CMakeFiles/ssl.dir/ssl/extensions.cc.o] Error 1
[INFO] [stderr]   c++: fatal error: Killed signal terminated program cc1plus
[INFO] [stderr]   compilation terminated.
[INFO] [stderr]   gmake[3]: *** [CMakeFiles/ssl.dir/build.make:107: CMakeFiles/ssl.dir/ssl/d1_lib.cc.o] Error 1
[INFO] [stderr]   c++: fatal error: Killed signal terminated program cc1plus
[INFO] [stderr]   compilation terminated.
[INFO] [stderr]   gmake[3]: *** [CMakeFiles/ssl.dir/build.make:261: CMakeFiles/ssl.dir/ssl/s3_both.cc.o] Error 1
[INFO] [stderr]   c++: fatal error: Killed signal terminated program cc1plus
[INFO] [stderr]   compilation terminated.
[INFO] [stderr]   gmake[3]: *** [CMakeFiles/ssl.dir/build.make:93: CMakeFiles/ssl.dir/ssl/d1_both.cc.o] Error 1
[INFO] [stderr]   gmake[2]: *** [CMakeFiles/Makefile2:1251: CMakeFiles/ssl.dir/all] Error 2
[INFO] [stderr]   gmake[1]: *** [CMakeFiles/Makefile2:1258: CMakeFiles/ssl.dir/rule] Error 2
[INFO] [stderr]   gmake: *** [Makefile:608: ssl] Error 2
[INFO] [stderr] 
[INFO] [stderr]   thread 'main' (2994) panicked at /opt/rustwide/cargo-home/registry/src/index.crates.io-1949cf8c6b5b557f/cmake-0.1.58/src/lib.rs:1132:5:
[INFO] [stderr] 
[INFO] [stderr]   command did not execute successfully, got: exit status: 2
[INFO] [stderr] 
[INFO] [stderr]   build script failed, must exit now
[INFO] [stderr]   stack backtrace:
[INFO] [stderr]      0:     0x582705fe30c1 - <unknown>
[INFO] [stderr]      1:     0x582705ffaf7a - <unknown>
[INFO] [stderr]      2:     0x582705fe97cc - <unknown>
[INFO] [stderr]      3:     0x582705fbe686 - <unknown>
[INFO] [stderr]      4:     0x582705fd97f1 - <unknown>
[INFO] [stderr]      5:     0x582705fd9b1b - <unknown>
[INFO] [stderr]      6:     0x582705fbe732 - <unknown>
[INFO] [stderr]      7:     0x582705fb5e99 - <unknown>
[INFO] [stderr]      8:     0x582705fbf31d - <unknown>
[INFO] [stderr]      9:     0x582705ffb79c - <unknown>
[INFO] [stderr]     10:     0x582705aa2647 - <unknown>
[INFO] [stderr]     11:     0x582705aa22d3 - <unknown>
[INFO] [stderr]     12:     0x582705aa83bc - <unknown>
[INFO] [stderr]     13:     0x582705a88bc0 - <unknown>
[INFO] [stderr]     14:     0x582705a7cee7 - <unknown>
[INFO] [stderr]     15:     0x582705a7cdd9 - <unknown>
[INFO] [stderr]     16:     0x582705a776d2 - <unknown>
[INFO] [stderr]     17:     0x582705fc3dd9 - <unknown>
[INFO] [stderr]     18:     0x582705a71f21 - <unknown>
[INFO] [stderr]     19:     0x582705a79c75 - <unknown>
[INFO] [stderr]     20:     0x582705a79dd7 - <unknown>
[INFO] [stderr]     21:     0x582705a79cb6 - <unknown>
[INFO] [stderr]     22:     0x582705a8f9e0 - <unknown>
[INFO] [stderr]     23:     0x582705a8d2f9 - <unknown>
[INFO] [stderr]     24:     0x582705a90b2f - <unknown>
[INFO] [stderr]     25:     0x582705a90f3c - <unknown>
[INFO] [stderr]     26:     0x582705a80233 - <unknown>
[INFO] [stderr]     27:     0x582705a7c216 - <unknown>
[INFO] [stderr]     28:     0x582705a7cfc9 - <unknown>
[INFO] [stderr]     29:     0x582705fd89f7 - <unknown>
[INFO] [stderr]     30:     0x582705a7c071 - <unknown>
[INFO] [stderr]     31:     0x582705a911a5 - <unknown>
[INFO] [stderr]     32:     0x748c24003601 - <unknown>
[INFO] [stderr]     33:     0x748c24003718 - __libc_start_main
[INFO] [stderr]     34:     0x582705a71c55 - <unknown>
[INFO] [stderr]     35:                0x0 - <unknown>
[INFO] running `Command { std: "docker" "inspect" "86853402d81021276c39f0cc16ab4e491b4340cf09964282fc0517be33d69791", kill_on_drop: false }`
[INFO] running `Command { std: "docker" "rm" "-f" "86853402d81021276c39f0cc16ab4e491b4340cf09964282fc0517be33d69791", kill_on_drop: false }`
[INFO] [stdout] 86853402d81021276c39f0cc16ab4e491b4340cf09964282fc0517be33d69791
