[INFO] cloning repository https://github.com/fetidd/gateway
[INFO] running `Command { std: "git" "-c" "credential.helper=" "-c" "credential.helper=/workspace/cargo-home/bin/git-credential-null" "clone" "--bare" "https://github.com/fetidd/gateway" "/workspace/cache/git-repos/https%3A%2F%2Fgithub.com%2Ffetidd%2Fgateway", kill_on_drop: false }`
[INFO] [stderr] Cloning into bare repository '/workspace/cache/git-repos/https%3A%2F%2Fgithub.com%2Ffetidd%2Fgateway'...
[INFO] running `Command { std: "git" "rev-parse" "HEAD", kill_on_drop: false }`
[INFO] [stdout] 18f40389e1f5aefda2c398d9c3a26f28dea46321
[INFO] testing fetidd/gateway against 1.99.0-beta.1+cargoflags=--release for beta-release-1.99-2
[INFO] running `Command { std: "git" "clone" "/workspace/cache/git-repos/https%3A%2F%2Fgithub.com%2Ffetidd%2Fgateway" "/workspace/builds/worker-4-tc2/source", kill_on_drop: false }`
[INFO] [stderr] Cloning into '/workspace/builds/worker-4-tc2/source'...
[INFO] [stderr] done.
[INFO] started tweaking git repo https://github.com/fetidd/gateway
[INFO] finished tweaking git repo https://github.com/fetidd/gateway
[INFO] tweaked toml for git repo https://github.com/fetidd/gateway written to /workspace/builds/worker-4-tc2/source/Cargo.toml
[INFO] validating manifest of git repo https://github.com/fetidd/gateway on toolchain 1.99.0-beta.1
[INFO] running `Command { std: CARGO_HOME="/workspace/cargo-home" RUSTUP_HOME="/workspace/rustup-home" "/workspace/cargo-home/bin/cargo" "+1.99.0-beta.1" "metadata" "--manifest-path" "Cargo.toml" "--no-deps", kill_on_drop: false }`
[INFO] crate git repo https://github.com/fetidd/gateway already has a lockfile, it will not be regenerated
[INFO] running `Command { std: CARGO_HOME="/workspace/cargo-home" RUSTUP_HOME="/workspace/rustup-home" "/workspace/cargo-home/bin/cargo" "+1.99.0-beta.1" "fetch" "--manifest-path" "Cargo.toml", kill_on_drop: false }`
[INFO] running `Command { std: "docker" "create" "-v" "/var/lib/crater-agent-workspace/builds/worker-4-tc2/source:/opt/rustwide/workdir:ro,Z" "-v" "/var/lib/crater-agent-workspace/builds/worker-4-tc2/target:/opt/rustwide/target:rw,Z" "-v" "/var/lib/crater-agent-workspace/cargo-home:/opt/rustwide/cargo-home:ro,Z" "-v" "/var/lib/crater-agent-workspace/rustup-home:/opt/rustwide/rustup-home:ro,Z" "-m" "1610612736" "--network" "none" "ghcr.io/rust-lang/crates-build-env/linux@sha256:8683fc1fc2eb5c9ac98e0d076ab094b2ffac7f99da555d2b6a2e27f346de2ec7" "sleep" "infinity", kill_on_drop: false }`
[INFO] [stdout] 5eb98d6579926b605a1c0f7bb70c4b0928bb7054933ecec8088f9e6f179ba715
[INFO] running `Command { std: "docker" "start" "5eb98d6579926b605a1c0f7bb70c4b0928bb7054933ecec8088f9e6f179ba715", kill_on_drop: false }`
[INFO] running `Command { std: "docker" "inspect" "5eb98d6579926b605a1c0f7bb70c4b0928bb7054933ecec8088f9e6f179ba715", kill_on_drop: false }`
[INFO] running `Command { std: "docker" "exec" "-e" "SOURCE_DIR=/opt/rustwide/workdir" "-e" "CARGO_HOME=/opt/rustwide/cargo-home" "-e" "RUSTUP_HOME=/opt/rustwide/rustup-home" "-e" "CARGO_TARGET_DIR=/opt/rustwide/target" "-w" "/opt/rustwide/workdir" "--user" "0:0" "5eb98d6579926b605a1c0f7bb70c4b0928bb7054933ecec8088f9e6f179ba715" "/opt/rustwide/cargo-home/bin/cargo" "+1.99.0-beta.1" "metadata" "--no-deps" "--format-version=1", kill_on_drop: false }`
[INFO] running `Command { std: "docker" "inspect" "5eb98d6579926b605a1c0f7bb70c4b0928bb7054933ecec8088f9e6f179ba715", kill_on_drop: false }`
[INFO] running `Command { std: "docker" "exec" "-e" "SOURCE_DIR=/opt/rustwide/workdir" "-e" "CARGO_HOME=/opt/rustwide/cargo-home" "-e" "RUSTUP_HOME=/opt/rustwide/rustup-home" "-e" "CARGO_TARGET_DIR=/opt/rustwide/target" "-e" "CARGO_INCREMENTAL=0" "-e" "RUST_BACKTRACE=full" "-e" "RUSTFLAGS=--cap-lints=warn" "-e" "RUSTDOCFLAGS=--cap-lints=warn" "-w" "/opt/rustwide/workdir" "--user" "0:0" "5eb98d6579926b605a1c0f7bb70c4b0928bb7054933ecec8088f9e6f179ba715" "/opt/rustwide/cargo-home/bin/cargo" "+1.99.0-beta.1" "build" "--frozen" "--message-format=json" "--release", kill_on_drop: false }`
[INFO] [stderr]    Compiling unicode-ident v1.0.17
[INFO] [stderr]    Compiling serde v1.0.218
[INFO] [stderr]    Compiling libc v0.2.170
[INFO] [stderr]    Compiling stable_deref_trait v1.2.0
[INFO] [stderr]    Compiling crossbeam-utils v0.8.21
[INFO] [stderr]    Compiling memchr v2.7.4
[INFO] [stderr]    Compiling num-traits v0.2.19
[INFO] [stderr]    Compiling typenum v1.18.0
[INFO] [stderr]    Compiling serde_json v1.0.139
[INFO] [stderr]    Compiling litemap v0.7.5
[INFO] [stderr]    Compiling writeable v0.5.5
[INFO] [stderr]    Compiling once_cell v1.20.3
[INFO] [stderr]    Compiling bytes v1.10.0
[INFO] [stderr]    Compiling icu_locid_transform_data v1.5.0
[INFO] [stderr]    Compiling thiserror v2.0.11
[INFO] [stderr]    Compiling futures-sink v0.3.31
[INFO] [stderr]    Compiling proc-macro2 v1.0.93
[INFO] [stderr]    Compiling pin-project-lite v0.2.16
[INFO] [stderr]    Compiling icu_properties_data v1.5.0
[INFO] [stderr]    Compiling subtle v2.6.1
[INFO] [stderr]    Compiling futures-util v0.3.31
[INFO] [stderr]    Compiling log v0.4.26
[INFO] [stderr]    Compiling tracing-core v0.1.33
[INFO] [stderr]    Compiling futures-core v0.3.31
[INFO] [stderr]    Compiling write16 v1.0.0
[INFO] [stderr]    Compiling getrandom v0.3.1
[INFO] [stderr]    Compiling icu_normalizer_data v1.5.0
[INFO] [stderr]    Compiling utf16_iter v1.0.5
[INFO] [stderr]    Compiling utf8_iter v1.0.4
[INFO] [stderr]    Compiling crypto-common v0.1.6
[INFO] [stderr]    Compiling lock_api v0.4.12
[INFO] [stderr]    Compiling parking_lot_core v0.9.10
[INFO] [stderr]    Compiling rustversion v1.0.19
[INFO] [stderr]    Compiling foldhash v0.1.4
[INFO] [stderr]    Compiling scopeguard v1.2.0
[INFO] [stderr]    Compiling byteorder v1.5.0
[INFO] [stderr]    Compiling allocator-api2 v0.2.21
[INFO] [stderr]    Compiling quote v1.0.38
[INFO] [stderr]    Compiling syn v2.0.98
[INFO] [stderr]    Compiling generic-array v0.14.7
[INFO] [stderr]    Compiling aho-corasick v1.1.3
[INFO] [stderr]    Compiling digest v0.10.7
[INFO] [stderr]    Compiling slab v0.4.9
[INFO] [stderr]    Compiling ryu v1.0.19
[INFO] [stderr]    Compiling tinyvec_macros v0.1.1
[INFO] [stderr]    Compiling percent-encoding v2.3.1
[INFO] [stderr]    Compiling regex-syntax v0.8.5
[INFO] [stderr]    Compiling hashbrown v0.15.2
[INFO] [stderr]    Compiling form_urlencoded v1.2.1
[INFO] [stderr]    Compiling tinyvec v1.8.1
[INFO] [stderr]    Compiling block-buffer v0.10.4
[INFO] [stderr]    Compiling concurrent-queue v2.5.0
[INFO] [stderr]    Compiling socket2 v0.5.8
[INFO] [stderr]    Compiling mio v1.0.3
[INFO] [stderr]    Compiling getrandom v0.2.15
[INFO] [stderr]    Compiling bitflags v2.8.0
[INFO] [stderr]    Compiling futures-task v0.3.31
[INFO] [stderr]    Compiling rand_core v0.6.4
[INFO] [stderr]    Compiling pin-utils v0.1.0
[INFO] [stderr]    Compiling futures-io v0.3.31
[INFO] [stderr]    Compiling rustix v0.38.44
[INFO] [stderr]    Compiling parking v2.2.1
[INFO] [stderr]    Compiling tokio v1.43.0
[INFO] [stderr]    Compiling itoa v1.0.14
[INFO] [stderr]    Compiling crc-catalog v2.4.0
[INFO] [stderr]    Compiling event-listener v5.4.0
[INFO] [stderr]    Compiling indexmap v2.7.1
[INFO] [stderr]    Compiling crc v3.2.1
[INFO] [stderr]    Compiling hashlink v0.10.0
[INFO] [stderr]    Compiling unicode-normalization v0.1.24
[INFO] [stderr]    Compiling sha2 v0.10.8
[INFO] [stderr]    Compiling hmac v0.12.1
[INFO] [stderr]    Compiling http v1.2.0
[INFO] [stderr]    Compiling crossbeam-queue v0.3.12
[INFO] [stderr]    Compiling futures-channel v0.3.31
[INFO] [stderr]    Compiling unicode-properties v0.1.3
[INFO] [stderr]    Compiling unicode-bidi v0.3.18
[INFO] [stderr]    Compiling linux-raw-sys v0.4.15
[INFO] [stderr]    Compiling hkdf v0.12.4
[INFO] [stderr]    Compiling md-5 v0.10.6
[INFO] [stderr]    Compiling atoi v2.0.0
[INFO] [stderr]    Compiling quick-xml v0.37.2
[INFO] [stderr]    Compiling regex-automata v0.4.9
[INFO] [stderr]    Compiling dotenvy v0.15.7
[INFO] [stderr]    Compiling linked-hash-map v0.5.6
[INFO] [stderr]    Compiling fastrand v2.3.0
[INFO] [stderr]    Compiling home v0.5.11
[INFO] [stderr]    Compiling httparse v1.10.0
[INFO] [stderr]    Compiling stringprep v0.1.5
[INFO] [stderr]    Compiling http-body v1.0.1
[INFO] [stderr]    Compiling base64 v0.22.1
[INFO] [stderr]    Compiling whoami v1.5.2
[INFO] [stderr]    Compiling lru-cache v0.1.2
[INFO] [stderr]    Compiling proc-macro-error-attr v1.0.4
[INFO] [stderr]    Compiling syn v1.0.109
[INFO] [stderr]    Compiling oncemutex v0.1.1
[INFO] [stderr]    Compiling unic-char-range v0.9.0
[INFO] [stderr]    Compiling iana-time-zone v0.1.61
[INFO] [stderr]    Compiling unic-common v0.9.0
[INFO] [stderr]    Compiling unic-ucd-version v0.9.0
[INFO] [stderr]    Compiling chrono v0.4.40
[INFO] [stderr]    Compiling unic-char-property v0.9.0
[INFO] [stderr]    Compiling nom v7.1.3
[INFO] [stderr]    Compiling proc-macro-error v1.0.4
[INFO] [stderr]    Compiling lazy_static v1.5.0
[INFO] [stderr]    Compiling http-body-util v0.1.2
[INFO] [stderr]    Compiling tempfile v3.17.1
[INFO] [stderr]    Compiling unic-ucd-common v0.9.0
[INFO] [stderr]    Compiling idna v0.5.0
[INFO] [stderr]    Compiling uuid v1.16.0
[INFO] [stderr]    Compiling tracing-log v0.2.0
[INFO] [stderr]    Compiling thread_local v1.1.8
[INFO] [stderr]    Compiling synstructure v0.13.1
[INFO] [stderr]    Compiling regex v1.11.1
[INFO] [stderr]    Compiling serde_derive v1.0.218
[INFO] [stderr]    Compiling zerofrom-derive v0.1.6
[INFO] [stderr]    Compiling yoke-derive v0.7.5
[INFO] [stderr]    Compiling zerovec-derive v0.10.3
[INFO] [stderr]    Compiling displaydoc v0.2.5
[INFO] [stderr]    Compiling icu_provider_macros v1.5.0
[INFO] [stderr]    Compiling zerocopy-derive v0.7.35
[INFO] [stderr]    Compiling tracing-attributes v0.1.28
[INFO] [stderr]    Compiling tokio-macros v2.5.0
[INFO] [stderr]    Compiling thiserror-impl v2.0.11
[INFO] [stderr]    Compiling thiserror-impl v1.0.69
[INFO] [stderr]    Compiling strum_macros v0.26.4
[INFO] [stderr]    Compiling tokio-stream v0.1.17
[INFO] [stderr]    Compiling validify_derive v2.0.0
[INFO] [stderr]    Compiling zerocopy v0.7.35
[INFO] [stderr]    Compiling regex-cache v0.2.1
[INFO] [stderr]    Compiling card-validate v2.4.0
[INFO] [stderr]    Compiling tracing v0.1.41
[INFO] [stderr]    Compiling zerofrom v0.1.6
[INFO] [stderr]    Compiling thiserror v1.0.69
[INFO] [stderr]    Compiling yoke v0.7.5
[INFO] [stderr]    Compiling axum-core v0.5.0
[INFO] [stderr]    Compiling zerovec v0.10.4
[INFO] [stderr]    Compiling axum-macros v0.5.0
[INFO] [stderr]    Compiling ppv-lite86 v0.2.20
[INFO] [stderr]    Compiling rand_chacha v0.3.1
[INFO] [stderr]    Compiling strum v0.26.3
[INFO] [stderr]    Compiling rand v0.8.5
[INFO] [stderr]    Compiling tinystr v0.7.6
[INFO] [stderr]    Compiling icu_collections v1.5.0
[INFO] [stderr]    Compiling icu_locid v1.5.0
[INFO] [stderr]    Compiling icu_provider v1.5.0
[INFO] [stderr]    Compiling icu_locid_transform v1.5.0
[INFO] [stderr]    Compiling icu_properties v1.5.1
[INFO] [stderr]    Compiling smallvec v1.14.0
[INFO] [stderr]    Compiling either v1.14.0
[INFO] [stderr]    Compiling bincode v1.3.3
[INFO] [stderr]    Compiling serde_path_to_error v0.1.16
[INFO] [stderr]    Compiling serde_urlencoded v0.7.1
[INFO] [stderr]    Compiling tracing-subscriber v0.3.19
[INFO] [stderr]    Compiling parking_lot v0.12.3
[INFO] [stderr]    Compiling futures-intrusive v0.5.0
[INFO] [stderr]    Compiling icu_normalizer v1.5.0
[INFO] [stderr]    Compiling phonenumber v0.3.7+8.13.52
[INFO] [stderr]    Compiling idna_adapter v1.2.0
[INFO] [stderr]    Compiling idna v1.0.3
[INFO] [stderr]    Compiling hyper v1.6.0
[INFO] [stderr]    Compiling tower v0.5.2
[INFO] [stderr]    Compiling url v2.5.4
[INFO] [stderr]    Compiling sqlx-core v0.8.3
[INFO] [stderr]    Compiling hyper-util v0.1.10
[INFO] [stderr]    Compiling axum v0.8.1
[INFO] [stderr]    Compiling validify v2.0.0
[INFO] [stderr]    Compiling sqlx-postgres v0.8.3
[INFO] [stderr]    Compiling sqlx-macros-core v0.8.3
[INFO] [stderr]    Compiling sqlx-macros v0.8.3
[INFO] [stderr]    Compiling sqlx v0.8.3
[INFO] [stderr]    Compiling gw_core v0.1.0 (/opt/rustwide/workdir/gw_core)
[INFO] [stdout] warning: unused imports: `ValidationErrors`, `schema_err`, and `schema_validation`
[INFO] [stdout]  --> gw_core/src/payment.rs:2:16
[INFO] [stdout]   |
[INFO] [stdout] 2 | use validify::{schema_err, schema_validation, Validate, ValidationErrors};
[INFO] [stdout]   |                ^^^^^^^^^^  ^^^^^^^^^^^^^^^^^            ^^^^^^^^^^^^^^^^
[INFO] [stdout]   |
[INFO] [stdout]   = note: `#[warn(unused_imports)]` (part of `#[warn(unused)]`) on by default
[INFO] [stdout] 
[INFO] [stdout] 
[INFO] [stdout] warning: unused variable: `stmt`
[INFO] [stdout]   --> gw_core/src/account.rs:23:27
[INFO] [stdout]    |
[INFO] [stdout] 23 |     pub fn bind_to(&self, stmt: Query<Postgres, PgArguments>) -> Query<Postgres, PgArguments> {
[INFO] [stdout]    |                           ^^^^ help: if this is intentional, prefix it with an underscore: `_stmt`
[INFO] [stdout]    |
[INFO] [stdout]    = note: `#[warn(unused_variables)]` (part of `#[warn(unused)]`) on by default
[INFO] [stdout] 
[INFO] [stdout] 
[INFO] [stdout] warning: unused variable: `bank_one_account`
[INFO] [stdout]   --> gw_core/src/repo/account.rs:30:38
[INFO] [stdout]    |
[INFO] [stdout] 30 |             AcquirerAccount::BankOne(bank_one_account) => todo!(),
[INFO] [stdout]    |                                      ^^^^^^^^^^^^^^^^ help: if this is intentional, prefix it with an underscore: `_bank_one_account`
[INFO] [stdout] 
[INFO] [stdout] 
[INFO] [stdout] warning: unused variable: `bank_two_account`
[INFO] [stdout]   --> gw_core/src/repo/account.rs:31:38
[INFO] [stdout]    |
[INFO] [stdout] 31 |             AcquirerAccount::BankTwo(bank_two_account) => todo!(),
[INFO] [stdout]    |                                      ^^^^^^^^^^^^^^^^ help: if this is intentional, prefix it with an underscore: `_bank_two_account`
[INFO] [stdout] 
[INFO] [stdout] 
[INFO] [stdout] warning: unused variable: `stmt`
[INFO] [stdout]   --> gw_core/src/repo/account.rs:37:9
[INFO] [stdout]    |
[INFO] [stdout] 37 |         stmt: Query<'a, Postgres, PgArguments>,
[INFO] [stdout]    |         ^^^^ help: if this is intentional, prefix it with an underscore: `_stmt`
[INFO] [stdout] 
[INFO] [stdout] 
[INFO] [stdout] warning: unused variable: `bank_one_account`
[INFO] [stdout]   --> gw_core/src/repo/account.rs:40:38
[INFO] [stdout]    |
[INFO] [stdout] 40 |             AcquirerAccount::BankOne(bank_one_account) => todo!(),
[INFO] [stdout]    |                                      ^^^^^^^^^^^^^^^^ help: if this is intentional, prefix it with an underscore: `_bank_one_account`
[INFO] [stdout] 
[INFO] [stdout] 
[INFO] [stdout] warning: unused variable: `bank_two_account`
[INFO] [stdout]   --> gw_core/src/repo/account.rs:41:38
[INFO] [stdout]    |
[INFO] [stdout] 41 |             AcquirerAccount::BankTwo(bank_two_account) => todo!(),
[INFO] [stdout]    |                                      ^^^^^^^^^^^^^^^^ help: if this is intentional, prefix it with an underscore: `_bank_two_account`
[INFO] [stdout] 
[INFO] [stdout] 
[INFO] [stdout] warning: unused variable: `bank_one_account`
[INFO] [stdout]   --> gw_core/src/repo/account.rs:54:38
[INFO] [stdout]    |
[INFO] [stdout] 54 |             AcquirerAccount::BankOne(bank_one_account) => todo!(),
[INFO] [stdout]    |                                      ^^^^^^^^^^^^^^^^ help: if this is intentional, prefix it with an underscore: `_bank_one_account`
[INFO] [stdout] 
[INFO] [stdout] 
[INFO] [stdout] warning: unused variable: `bank_two_account`
[INFO] [stdout]   --> gw_core/src/repo/account.rs:55:38
[INFO] [stdout]    |
[INFO] [stdout] 55 |             AcquirerAccount::BankTwo(bank_two_account) => todo!(),
[INFO] [stdout]    |                                      ^^^^^^^^^^^^^^^^ help: if this is intentional, prefix it with an underscore: `_bank_two_account`
[INFO] [stdout] 
[INFO] [stdout] 
[INFO] [stdout] warning: unused variable: `stmt`
[INFO] [stdout]   --> gw_core/src/repo/account.rs:61:9
[INFO] [stdout]    |
[INFO] [stdout] 61 |         stmt: Query<'a, Postgres, PgArguments>,
[INFO] [stdout]    |         ^^^^ help: if this is intentional, prefix it with an underscore: `_stmt`
[INFO] [stdout] 
[INFO] [stdout] 
[INFO] [stdout] warning: unused variable: `stmt`
[INFO] [stdout]   --> gw_core/src/repo/merchant.rs:75:9
[INFO] [stdout]    |
[INFO] [stdout] 75 |         stmt: Query<'a, Postgres, PgArguments>,
[INFO] [stdout]    |         ^^^^ help: if this is intentional, prefix it with an underscore: `_stmt`
[INFO] [stdout] 
[INFO] [stdout] 
[INFO] [stdout] warning: unused variable: `table_name`
[INFO] [stdout]   --> gw_core/src/repo/transaction.rs:30:13
[INFO] [stdout]    |
[INFO] [stdout] 30 |         let table_name: &str = row.get("table_name");
[INFO] [stdout]    |             ^^^^^^^^^^ help: if this is intentional, prefix it with an underscore: `_table_name`
[INFO] [stdout] 
[INFO] [stdout] 
[INFO] [stdout] warning: unused variable: `stmt`
[INFO] [stdout]   --> gw_core/src/repo/transaction.rs:63:9
[INFO] [stdout]    |
[INFO] [stdout] 63 |         stmt: Query<'a, Postgres, PgArguments>,
[INFO] [stdout]    |         ^^^^ help: if this is intentional, prefix it with an underscore: `_stmt`
[INFO] [stdout] 
[INFO] [stdout] 
[INFO] [stdout] warning: unused variable: `stmt`
[INFO] [stdout]   --> gw_core/src/repo/transaction.rs:94:9
[INFO] [stdout]    |
[INFO] [stdout] 94 |         stmt: Query<'a, Postgres, PgArguments>,
[INFO] [stdout]    |         ^^^^ help: if this is intentional, prefix it with an underscore: `_stmt`
[INFO] [stdout] 
[INFO] [stdout] 
[INFO] [stdout] warning: unused variable: `t`
[INFO] [stdout]   --> gw_core/src/transaction/mod.rs:67:25
[INFO] [stdout]    |
[INFO] [stdout] 67 | fn validate_transaction(t: &Transaction) -> Result<(), ValidationErrors> {}
[INFO] [stdout]    |                         ^ help: if this is intentional, prefix it with an underscore: `_t`
[INFO] [stdout] 
[INFO] [stdout] 
[INFO] [stdout] warning: trait `Iso8853` is never used
[INFO] [stdout]   --> gw_core/src/account.rs:28:7
[INFO] [stdout]    |
[INFO] [stdout] 28 | trait Iso8853<'a> {
[INFO] [stdout]    |       ^^^^^^^
[INFO] [stdout]    |
[INFO] [stdout]    = note: `#[warn(dead_code)]` (part of `#[warn(unused)]`) on by default
[INFO] [stdout] 
[INFO] [stdout] 
[INFO] [stdout] warning: trait `Apacs30` is never used
[INFO] [stdout]   --> gw_core/src/account.rs:38:7
[INFO] [stdout]    |
[INFO] [stdout] 38 | trait Apacs30<'a> {
[INFO] [stdout]    |       ^^^^^^^
[INFO] [stdout] 
[INFO] [stdout] 
[INFO] [stdout] warning: hiding a lifetime that's elided elsewhere is confusing
[INFO] [stdout]   --> gw_core/src/account.rs:23:20
[INFO] [stdout]    |
[INFO] [stdout] 23 |     pub fn bind_to(&self, stmt: Query<Postgres, PgArguments>) -> Query<Postgres, PgArguments> {
[INFO] [stdout]    |                    ^^^^^ the lifetime is elided here             ^^^^^^^^^^^^^^^^^^^^^^^^^^^^ the same lifetime is hidden here
[INFO] [stdout]    |
[INFO] [stdout]    = help: the same lifetime is referred to in inconsistent ways, making the signature confusing
[INFO] [stdout]    = note: `#[warn(mismatched_lifetime_syntaxes)]` on by default
[INFO] [stdout] help: use `'_` for type paths
[INFO] [stdout]    |
[INFO] [stdout] 23 |     pub fn bind_to(&self, stmt: Query<Postgres, PgArguments>) -> Query<'_, Postgres, PgArguments> {
[INFO] [stdout]    |                                                                        +++
[INFO] [stdout] 
[INFO] [stdout] 
[INFO] [stderr]    Compiling gw_api v0.1.0 (/opt/rustwide/workdir/gw_api)
[INFO] [stdout] warning: multiple fields are never read
[INFO] [stdout]   --> gw_api/src/requests/transaction/customer.rs:5:5
[INFO] [stdout]    |
[INFO] [stdout]  4 | pub struct CustomerRequest {
[INFO] [stdout]    |            --------------- fields in this struct
[INFO] [stdout]  5 |     first_name: Option<String>,
[INFO] [stdout]    |     ^^^^^^^^^^
[INFO] [stdout]  6 |     last_name: Option<String>,
[INFO] [stdout]    |     ^^^^^^^^^
[INFO] [stdout]  7 |     premise: Option<String>,
[INFO] [stdout]    |     ^^^^^^^
[INFO] [stdout]  8 |     street: Option<String>,
[INFO] [stdout]    |     ^^^^^^
[INFO] [stdout]  9 |     city: Option<String>,
[INFO] [stdout]    |     ^^^^
[INFO] [stdout] 10 |     county: Option<String>,
[INFO] [stdout]    |     ^^^^^^
[INFO] [stdout] 11 |     country: Option<String>,
[INFO] [stdout]    |     ^^^^^^^
[INFO] [stdout]    |
[INFO] [stdout]    = note: `CustomerRequest` has a derived impl for the trait `Debug`, but this is intentionally ignored during dead code analysis
[INFO] [stdout]    = note: `#[warn(dead_code)]` (part of `#[warn(unused)]`) on by default
[INFO] [stdout] 
[INFO] [stdout] 
[INFO] [stderr]     Finished `release` profile [optimized] target(s) in 2m 29s
[INFO] running `Command { std: "docker" "inspect" "5eb98d6579926b605a1c0f7bb70c4b0928bb7054933ecec8088f9e6f179ba715", kill_on_drop: false }`
[INFO] running `Command { std: "docker" "exec" "-e" "SOURCE_DIR=/opt/rustwide/workdir" "-e" "CARGO_HOME=/opt/rustwide/cargo-home" "-e" "RUSTUP_HOME=/opt/rustwide/rustup-home" "-e" "CARGO_TARGET_DIR=/opt/rustwide/target" "-e" "CARGO_INCREMENTAL=0" "-e" "RUST_BACKTRACE=full" "-e" "RUSTFLAGS=--cap-lints=warn" "-e" "RUSTDOCFLAGS=--cap-lints=warn" "-w" "/opt/rustwide/workdir" "--user" "0:0" "5eb98d6579926b605a1c0f7bb70c4b0928bb7054933ecec8088f9e6f179ba715" "/opt/rustwide/cargo-home/bin/cargo" "+1.99.0-beta.1" "test" "--frozen" "--no-run" "--message-format=json" "--release", kill_on_drop: false }`
[INFO] [stderr]    Compiling futures-macro v0.3.31
[INFO] [stderr]    Compiling getrandom v0.3.1
[INFO] [stderr]    Compiling semver v1.0.25
[INFO] [stderr]    Compiling tokio-util v0.7.13
[INFO] [stderr]    Compiling winnow v0.7.3
[INFO] [stderr]    Compiling zerocopy v0.8.23
[INFO] [stderr]    Compiling glob v0.3.2
[INFO] [stderr]    Compiling mime_guess v2.0.5
[INFO] [stderr]    Compiling relative-path v1.9.3
[INFO] [stderr]    Compiling time-core v0.1.3
[INFO] [stderr]    Compiling deranged v0.3.11
[INFO] [stderr]    Compiling cookie v0.18.1
[INFO] [stderr]    Compiling anyhow v1.0.97
[INFO] [stderr]    Compiling assert-json-diff v2.0.2
[INFO] [stderr]    Compiling serde_test v1.0.177
[INFO] [stderr]    Compiling async-trait v0.1.87
[INFO] [stderr]    Compiling num_cpus v1.16.0
[INFO] [stderr]    Compiling time-macros v0.2.20
[INFO] [stderr]    Compiling deadpool-runtime v0.1.4
[INFO] [stderr]    Compiling yansi v1.0.1
[INFO] [stderr]    Compiling diff v0.1.13
[INFO] [stderr]    Compiling rustc_version v0.4.1
[INFO] [stderr]    Compiling uuid v1.16.0
[INFO] [stderr]    Compiling rand_core v0.9.3
[INFO] [stderr]    Compiling h2 v0.4.8
[INFO] [stderr]    Compiling rstest_macros v0.24.0
[INFO] [stderr]    Compiling futures-util v0.3.31
[INFO] [stderr]    Compiling rand_chacha v0.9.0
[INFO] [stderr]    Compiling pretty_assertions v1.4.1
[INFO] [stderr]    Compiling reserve-port v2.1.0
[INFO] [stderr]    Compiling bytesize v1.3.2
[INFO] [stderr]    Compiling deadpool v0.10.0
[INFO] [stderr]    Compiling auto-future v1.0.0
[INFO] [stderr]    Compiling time v0.3.39
[INFO] [stderr]    Compiling toml_edit v0.22.24
[INFO] [stderr]    Compiling rand v0.9.0
[INFO] [stderr]    Compiling proc-macro-crate v3.2.0
[INFO] [stderr]    Compiling sqlx-core v0.8.3
[INFO] [stderr]    Compiling http-body-util v0.1.2
[INFO] [stderr]    Compiling tower v0.5.2
[INFO] [stderr]    Compiling futures-executor v0.3.31
[INFO] [stderr]    Compiling rust-multipart-rfc7578_2 v0.7.0
[INFO] [stderr]    Compiling futures v0.3.31
[INFO] [stderr]    Compiling hyper v1.6.0
[INFO] [stderr]    Compiling axum-core v0.5.0
[INFO] [stderr]    Compiling rstest v0.24.0
[INFO] [stderr]    Compiling hyper-util v0.1.10
[INFO] [stderr]    Compiling sqlx-postgres v0.8.3
[INFO] [stderr]    Compiling axum v0.8.1
[INFO] [stderr]    Compiling wiremock v0.6.3
[INFO] [stderr]    Compiling sqlx v0.8.3
[INFO] [stderr]    Compiling gw_core v0.1.0 (/opt/rustwide/workdir/gw_core)
[INFO] [stdout] warning: unused imports: `ValidationErrors`, `schema_err`, and `schema_validation`
[INFO] [stdout]  --> gw_core/src/payment.rs:2:16
[INFO] [stdout]   |
[INFO] [stdout] 2 | use validify::{schema_err, schema_validation, Validate, ValidationErrors};
[INFO] [stdout]   |                ^^^^^^^^^^  ^^^^^^^^^^^^^^^^^            ^^^^^^^^^^^^^^^^
[INFO] [stdout]   |
[INFO] [stdout]   = note: `#[warn(unused_imports)]` (part of `#[warn(unused)]`) on by default
[INFO] [stdout] 
[INFO] [stdout] 
[INFO] [stdout] warning: unused variable: `stmt`
[INFO] [stdout]   --> gw_core/src/account.rs:23:27
[INFO] [stdout]    |
[INFO] [stdout] 23 |     pub fn bind_to(&self, stmt: Query<Postgres, PgArguments>) -> Query<Postgres, PgArguments> {
[INFO] [stdout]    |                           ^^^^ help: if this is intentional, prefix it with an underscore: `_stmt`
[INFO] [stdout]    |
[INFO] [stdout]    = note: `#[warn(unused_variables)]` (part of `#[warn(unused)]`) on by default
[INFO] [stdout] 
[INFO] [stdout] 
[INFO] [stdout] warning: unused variable: `bank_one_account`
[INFO] [stdout]   --> gw_core/src/repo/account.rs:30:38
[INFO] [stdout]    |
[INFO] [stdout] 30 |             AcquirerAccount::BankOne(bank_one_account) => todo!(),
[INFO] [stdout]    |                                      ^^^^^^^^^^^^^^^^ help: if this is intentional, prefix it with an underscore: `_bank_one_account`
[INFO] [stdout] 
[INFO] [stdout] 
[INFO] [stdout] warning: unused variable: `bank_two_account`
[INFO] [stdout]   --> gw_core/src/repo/account.rs:31:38
[INFO] [stdout]    |
[INFO] [stdout] 31 |             AcquirerAccount::BankTwo(bank_two_account) => todo!(),
[INFO] [stdout]    |                                      ^^^^^^^^^^^^^^^^ help: if this is intentional, prefix it with an underscore: `_bank_two_account`
[INFO] [stdout] 
[INFO] [stdout] 
[INFO] [stdout] warning: unused variable: `stmt`
[INFO] [stdout]   --> gw_core/src/repo/account.rs:37:9
[INFO] [stdout]    |
[INFO] [stdout] 37 |         stmt: Query<'a, Postgres, PgArguments>,
[INFO] [stdout]    |         ^^^^ help: if this is intentional, prefix it with an underscore: `_stmt`
[INFO] [stdout] 
[INFO] [stdout] 
[INFO] [stdout] warning: unused variable: `bank_one_account`
[INFO] [stdout]   --> gw_core/src/repo/account.rs:40:38
[INFO] [stdout]    |
[INFO] [stdout] 40 |             AcquirerAccount::BankOne(bank_one_account) => todo!(),
[INFO] [stdout]    |                                      ^^^^^^^^^^^^^^^^ help: if this is intentional, prefix it with an underscore: `_bank_one_account`
[INFO] [stdout] 
[INFO] [stdout] 
[INFO] [stdout] warning: unused variable: `bank_two_account`
[INFO] [stdout]   --> gw_core/src/repo/account.rs:41:38
[INFO] [stdout]    |
[INFO] [stdout] 41 |             AcquirerAccount::BankTwo(bank_two_account) => todo!(),
[INFO] [stdout]    |                                      ^^^^^^^^^^^^^^^^ help: if this is intentional, prefix it with an underscore: `_bank_two_account`
[INFO] [stdout] 
[INFO] [stdout] 
[INFO] [stdout] warning: unused variable: `bank_one_account`
[INFO] [stdout]   --> gw_core/src/repo/account.rs:54:38
[INFO] [stdout]    |
[INFO] [stdout] 54 |             AcquirerAccount::BankOne(bank_one_account) => todo!(),
[INFO] [stdout]    |                                      ^^^^^^^^^^^^^^^^ help: if this is intentional, prefix it with an underscore: `_bank_one_account`
[INFO] [stdout] 
[INFO] [stdout] 
[INFO] [stdout] warning: unused variable: `bank_two_account`
[INFO] [stdout]   --> gw_core/src/repo/account.rs:55:38
[INFO] [stdout]    |
[INFO] [stdout] 55 |             AcquirerAccount::BankTwo(bank_two_account) => todo!(),
[INFO] [stdout]    |                                      ^^^^^^^^^^^^^^^^ help: if this is intentional, prefix it with an underscore: `_bank_two_account`
[INFO] [stdout] 
[INFO] [stdout] 
[INFO] [stdout] warning: unused variable: `stmt`
[INFO] [stdout]   --> gw_core/src/repo/account.rs:61:9
[INFO] [stdout]    |
[INFO] [stdout] 61 |         stmt: Query<'a, Postgres, PgArguments>,
[INFO] [stdout]    |         ^^^^ help: if this is intentional, prefix it with an underscore: `_stmt`
[INFO] [stdout] 
[INFO] [stdout] 
[INFO] [stdout] warning: unused variable: `stmt`
[INFO] [stdout]   --> gw_core/src/repo/merchant.rs:75:9
[INFO] [stdout]    |
[INFO] [stdout] 75 |         stmt: Query<'a, Postgres, PgArguments>,
[INFO] [stdout]    |         ^^^^ help: if this is intentional, prefix it with an underscore: `_stmt`
[INFO] [stdout] 
[INFO] [stdout] 
[INFO] [stdout] warning: unused variable: `table_name`
[INFO] [stdout]   --> gw_core/src/repo/transaction.rs:30:13
[INFO] [stdout]    |
[INFO] [stdout] 30 |         let table_name: &str = row.get("table_name");
[INFO] [stdout]    |             ^^^^^^^^^^ help: if this is intentional, prefix it with an underscore: `_table_name`
[INFO] [stdout] 
[INFO] [stdout] 
[INFO] [stdout] warning: unused variable: `stmt`
[INFO] [stdout]   --> gw_core/src/repo/transaction.rs:63:9
[INFO] [stdout]    |
[INFO] [stdout] 63 |         stmt: Query<'a, Postgres, PgArguments>,
[INFO] [stdout]    |         ^^^^ help: if this is intentional, prefix it with an underscore: `_stmt`
[INFO] [stdout] 
[INFO] [stdout] 
[INFO] [stdout] warning: unused variable: `stmt`
[INFO] [stdout]   --> gw_core/src/repo/transaction.rs:94:9
[INFO] [stdout]    |
[INFO] [stdout] 94 |         stmt: Query<'a, Postgres, PgArguments>,
[INFO] [stdout]    |         ^^^^ help: if this is intentional, prefix it with an underscore: `_stmt`
[INFO] [stdout] 
[INFO] [stdout] 
[INFO] [stdout] warning: unused variable: `t`
[INFO] [stdout]   --> gw_core/src/transaction/mod.rs:67:25
[INFO] [stdout]    |
[INFO] [stdout] 67 | fn validate_transaction(t: &Transaction) -> Result<(), ValidationErrors> {}
[INFO] [stdout]    |                         ^ help: if this is intentional, prefix it with an underscore: `_t`
[INFO] [stdout] 
[INFO] [stdout] 
[INFO] [stdout] warning: trait `Iso8853` is never used
[INFO] [stdout]   --> gw_core/src/account.rs:28:7
[INFO] [stdout]    |
[INFO] [stdout] 28 | trait Iso8853<'a> {
[INFO] [stdout]    |       ^^^^^^^
[INFO] [stdout]    |
[INFO] [stdout]    = note: `#[warn(dead_code)]` (part of `#[warn(unused)]`) on by default
[INFO] [stdout] 
[INFO] [stdout] 
[INFO] [stdout] warning: trait `Apacs30` is never used
[INFO] [stdout]   --> gw_core/src/account.rs:38:7
[INFO] [stdout]    |
[INFO] [stdout] 38 | trait Apacs30<'a> {
[INFO] [stdout]    |       ^^^^^^^
[INFO] [stdout] 
[INFO] [stdout] 
[INFO] [stdout] warning: hiding a lifetime that's elided elsewhere is confusing
[INFO] [stdout]   --> gw_core/src/account.rs:23:20
[INFO] [stdout]    |
[INFO] [stdout] 23 |     pub fn bind_to(&self, stmt: Query<Postgres, PgArguments>) -> Query<Postgres, PgArguments> {
[INFO] [stdout]    |                    ^^^^^ the lifetime is elided here             ^^^^^^^^^^^^^^^^^^^^^^^^^^^^ the same lifetime is hidden here
[INFO] [stdout]    |
[INFO] [stdout]    = help: the same lifetime is referred to in inconsistent ways, making the signature confusing
[INFO] [stdout]    = note: `#[warn(mismatched_lifetime_syntaxes)]` on by default
[INFO] [stdout] help: use `'_` for type paths
[INFO] [stdout]    |
[INFO] [stdout] 23 |     pub fn bind_to(&self, stmt: Query<Postgres, PgArguments>) -> Query<'_, Postgres, PgArguments> {
[INFO] [stdout]    |                                                                        +++
[INFO] [stdout] 
[INFO] [stdout] 
[INFO] [stderr]    Compiling gw_api v0.1.0 (/opt/rustwide/workdir/gw_api)
[INFO] [stderr]    Compiling axum-test v17.2.0
[INFO] [stdout] warning: multiple fields are never read
[INFO] [stdout]   --> gw_api/src/requests/transaction/customer.rs:5:5
[INFO] [stdout]    |
[INFO] [stdout]  4 | pub struct CustomerRequest {
[INFO] [stdout]    |            --------------- fields in this struct
[INFO] [stdout]  5 |     first_name: Option<String>,
[INFO] [stdout]    |     ^^^^^^^^^^
[INFO] [stdout]  6 |     last_name: Option<String>,
[INFO] [stdout]    |     ^^^^^^^^^
[INFO] [stdout]  7 |     premise: Option<String>,
[INFO] [stdout]    |     ^^^^^^^
[INFO] [stdout]  8 |     street: Option<String>,
[INFO] [stdout]    |     ^^^^^^
[INFO] [stdout]  9 |     city: Option<String>,
[INFO] [stdout]    |     ^^^^
[INFO] [stdout] 10 |     county: Option<String>,
[INFO] [stdout]    |     ^^^^^^
[INFO] [stdout] 11 |     country: Option<String>,
[INFO] [stdout]    |     ^^^^^^^
[INFO] [stdout]    |
[INFO] [stdout]    = note: `CustomerRequest` has a derived impl for the trait `Debug`, but this is intentionally ignored during dead code analysis
[INFO] [stdout]    = note: `#[warn(dead_code)]` (part of `#[warn(unused)]`) on by default
[INFO] [stdout] 
[INFO] [stdout] 
[INFO] [stdout] warning: unused imports: `ValidationErrors`, `schema_err`, and `schema_validation`
[INFO] [stdout]  --> gw_core/src/payment.rs:2:16
[INFO] [stdout]   |
[INFO] [stdout] 2 | use validify::{schema_err, schema_validation, Validate, ValidationErrors};
[INFO] [stdout]   |                ^^^^^^^^^^  ^^^^^^^^^^^^^^^^^            ^^^^^^^^^^^^^^^^
[INFO] [stdout]   |
[INFO] [stdout]   = note: `#[warn(unused_imports)]` (part of `#[warn(unused)]`) on by default
[INFO] [stdout] 
[INFO] [stdout] 
[INFO] [stdout] warning: unused import: `crate::test_utils::check_validation`
[INFO] [stdout]   --> gw_core/src/transaction/mod.rs:72:9
[INFO] [stdout]    |
[INFO] [stdout] 72 |     use crate::test_utils::check_validation;
[INFO] [stdout]    |         ^^^^^^^^^^^^^^^^^^^^^^^^^^^^^^^^^^^
[INFO] [stdout] 
[INFO] [stdout] 
[INFO] [stdout] warning: unused import: `transaction_builder::TransactionBuilder`
[INFO] [stdout]   --> gw_core/src/transaction/mod.rs:74:9
[INFO] [stdout]    |
[INFO] [stdout] 74 |     use transaction_builder::TransactionBuilder;
[INFO] [stdout]    |         ^^^^^^^^^^^^^^^^^^^^^^^^^^^^^^^^^^^^^^^
[INFO] [stdout] 
[INFO] [stdout] 
[INFO] [stdout] warning: unused variable: `stmt`
[INFO] [stdout]   --> gw_core/src/account.rs:23:27
[INFO] [stdout]    |
[INFO] [stdout] 23 |     pub fn bind_to(&self, stmt: Query<Postgres, PgArguments>) -> Query<Postgres, PgArguments> {
[INFO] [stdout]    |                           ^^^^ help: if this is intentional, prefix it with an underscore: `_stmt`
[INFO] [stdout]    |
[INFO] [stdout]    = note: `#[warn(unused_variables)]` (part of `#[warn(unused)]`) on by default
[INFO] [stdout] 
[INFO] [stdout] 
[INFO] [stdout] warning: unused variable: `bank_one_account`
[INFO] [stdout]   --> gw_core/src/repo/account.rs:30:38
[INFO] [stdout]    |
[INFO] [stdout] 30 |             AcquirerAccount::BankOne(bank_one_account) => todo!(),
[INFO] [stdout]    |                                      ^^^^^^^^^^^^^^^^ help: if this is intentional, prefix it with an underscore: `_bank_one_account`
[INFO] [stdout] 
[INFO] [stdout] 
[INFO] [stdout] warning: unused variable: `bank_two_account`
[INFO] [stdout]   --> gw_core/src/repo/account.rs:31:38
[INFO] [stdout]    |
[INFO] [stdout] 31 |             AcquirerAccount::BankTwo(bank_two_account) => todo!(),
[INFO] [stdout]    |                                      ^^^^^^^^^^^^^^^^ help: if this is intentional, prefix it with an underscore: `_bank_two_account`
[INFO] [stdout] 
[INFO] [stdout] 
[INFO] [stdout] warning: unused variable: `stmt`
[INFO] [stdout]   --> gw_core/src/repo/account.rs:37:9
[INFO] [stdout]    |
[INFO] [stdout] 37 |         stmt: Query<'a, Postgres, PgArguments>,
[INFO] [stdout]    |         ^^^^ help: if this is intentional, prefix it with an underscore: `_stmt`
[INFO] [stdout] 
[INFO] [stdout] 
[INFO] [stdout] warning: unused variable: `bank_one_account`
[INFO] [stdout]   --> gw_core/src/repo/account.rs:40:38
[INFO] [stdout]    |
[INFO] [stdout] 40 |             AcquirerAccount::BankOne(bank_one_account) => todo!(),
[INFO] [stdout]    |                                      ^^^^^^^^^^^^^^^^ help: if this is intentional, prefix it with an underscore: `_bank_one_account`
[INFO] [stdout] 
[INFO] [stdout] 
[INFO] [stdout] warning: unused variable: `bank_two_account`
[INFO] [stdout]   --> gw_core/src/repo/account.rs:41:38
[INFO] [stdout]    |
[INFO] [stdout] 41 |             AcquirerAccount::BankTwo(bank_two_account) => todo!(),
[INFO] [stdout]    |                                      ^^^^^^^^^^^^^^^^ help: if this is intentional, prefix it with an underscore: `_bank_two_account`
[INFO] [stdout] 
[INFO] [stdout] 
[INFO] [stdout] warning: unused variable: `bank_one_account`
[INFO] [stdout]   --> gw_core/src/repo/account.rs:54:38
[INFO] [stdout]    |
[INFO] [stdout] 54 |             AcquirerAccount::BankOne(bank_one_account) => todo!(),
[INFO] [stdout]    |                                      ^^^^^^^^^^^^^^^^ help: if this is intentional, prefix it with an underscore: `_bank_one_account`
[INFO] [stdout] 
[INFO] [stdout] 
[INFO] [stdout] warning: unused variable: `bank_two_account`
[INFO] [stdout]   --> gw_core/src/repo/account.rs:55:38
[INFO] [stdout]    |
[INFO] [stdout] 55 |             AcquirerAccount::BankTwo(bank_two_account) => todo!(),
[INFO] [stdout]    |                                      ^^^^^^^^^^^^^^^^ help: if this is intentional, prefix it with an underscore: `_bank_two_account`
[INFO] [stdout] 
[INFO] [stdout] 
[INFO] [stdout] warning: unused variable: `stmt`
[INFO] [stdout]   --> gw_core/src/repo/account.rs:61:9
[INFO] [stdout]    |
[INFO] [stdout] 61 |         stmt: Query<'a, Postgres, PgArguments>,
[INFO] [stdout]    |         ^^^^ help: if this is intentional, prefix it with an underscore: `_stmt`
[INFO] [stdout] 
[INFO] [stdout] 
[INFO] [stdout] warning: unused variable: `stmt`
[INFO] [stdout]   --> gw_core/src/repo/merchant.rs:75:9
[INFO] [stdout]    |
[INFO] [stdout] 75 |         stmt: Query<'a, Postgres, PgArguments>,
[INFO] [stdout]    |         ^^^^ help: if this is intentional, prefix it with an underscore: `_stmt`
[INFO] [stdout] 
[INFO] [stdout] 
[INFO] [stdout] warning: unused variable: `table_name`
[INFO] [stdout]   --> gw_core/src/repo/transaction.rs:30:13
[INFO] [stdout]    |
[INFO] [stdout] 30 |         let table_name: &str = row.get("table_name");
[INFO] [stdout]    |             ^^^^^^^^^^ help: if this is intentional, prefix it with an underscore: `_table_name`
[INFO] [stdout] 
[INFO] [stdout] 
[INFO] [stdout] warning: unused variable: `stmt`
[INFO] [stdout]   --> gw_core/src/repo/transaction.rs:63:9
[INFO] [stdout]    |
[INFO] [stdout] 63 |         stmt: Query<'a, Postgres, PgArguments>,
[INFO] [stdout]    |         ^^^^ help: if this is intentional, prefix it with an underscore: `_stmt`
[INFO] [stdout] 
[INFO] [stdout] 
[INFO] [stdout] warning: unused variable: `stmt`
[INFO] [stdout]   --> gw_core/src/repo/transaction.rs:94:9
[INFO] [stdout]    |
[INFO] [stdout] 94 |         stmt: Query<'a, Postgres, PgArguments>,
[INFO] [stdout]    |         ^^^^ help: if this is intentional, prefix it with an underscore: `_stmt`
[INFO] [stdout] 
[INFO] [stdout] 
[INFO] [stdout] warning: unused variable: `stmt`
[INFO] [stdout]    --> gw_core/src/repo/mod.rs:289:13
[INFO] [stdout]     |
[INFO] [stdout] 289 |             stmt: Query<'a, Postgres, PgArguments>,
[INFO] [stdout]     |             ^^^^ help: if this is intentional, prefix it with an underscore: `_stmt`
[INFO] [stdout] 
[INFO] [stdout] 
[INFO] [stdout] warning: unused variable: `stmt`
[INFO] [stdout]    --> gw_core/src/repo/mod.rs:326:13
[INFO] [stdout]     |
[INFO] [stdout] 326 |             stmt: Query<'a, Postgres, PgArguments>,
[INFO] [stdout]     |             ^^^^ help: if this is intentional, prefix it with an underscore: `_stmt`
[INFO] [stdout] 
[INFO] [stdout] 
[INFO] [stdout] warning: unused variable: `t`
[INFO] [stdout]   --> gw_core/src/transaction/mod.rs:67:25
[INFO] [stdout]    |
[INFO] [stdout] 67 | fn validate_transaction(t: &Transaction) -> Result<(), ValidationErrors> {}
[INFO] [stdout]    |                         ^ help: if this is intentional, prefix it with an underscore: `_t`
[INFO] [stdout] 
[INFO] [stdout] 
[INFO] [stdout] warning: hiding a lifetime that's elided elsewhere is confusing
[INFO] [stdout]   --> gw_core/src/account.rs:23:20
[INFO] [stdout]    |
[INFO] [stdout] 23 |     pub fn bind_to(&self, stmt: Query<Postgres, PgArguments>) -> Query<Postgres, PgArguments> {
[INFO] [stdout]    |                    ^^^^^ the lifetime is elided here             ^^^^^^^^^^^^^^^^^^^^^^^^^^^^ the same lifetime is hidden here
[INFO] [stdout]    |
[INFO] [stdout]    = help: the same lifetime is referred to in inconsistent ways, making the signature confusing
[INFO] [stdout]    = note: `#[warn(mismatched_lifetime_syntaxes)]` on by default
[INFO] [stdout] help: use `'_` for type paths
[INFO] [stdout]    |
[INFO] [stdout] 23 |     pub fn bind_to(&self, stmt: Query<Postgres, PgArguments>) -> Query<'_, Postgres, PgArguments> {
[INFO] [stdout]    |                                                                        +++
[INFO] [stdout] 
[INFO] [stdout] 
[INFO] [stdout] warning: unused imports: `BTreeMap` and `VecDeque`
[INFO] [stdout]  --> gw_api/tests/common/mod.rs:1:24
[INFO] [stdout]   |
[INFO] [stdout] 1 | use std::collections::{BTreeMap, VecDeque};
[INFO] [stdout]   |                        ^^^^^^^^  ^^^^^^^^
[INFO] [stdout]   |
[INFO] [stdout]   = note: `#[warn(unused_imports)]` (part of `#[warn(unused)]`) on by default
[INFO] [stdout] 
[INFO] [stdout] 
[INFO] [stdout] warning: multiple fields are never read
[INFO] [stdout]   --> gw_api/src/requests/transaction/customer.rs:5:5
[INFO] [stdout]    |
[INFO] [stdout]  4 | pub struct CustomerRequest {
[INFO] [stdout]    |            --------------- fields in this struct
[INFO] [stdout]  5 |     first_name: Option<String>,
[INFO] [stdout]    |     ^^^^^^^^^^
[INFO] [stdout]  6 |     last_name: Option<String>,
[INFO] [stdout]    |     ^^^^^^^^^
[INFO] [stdout]  7 |     premise: Option<String>,
[INFO] [stdout]    |     ^^^^^^^
[INFO] [stdout]  8 |     street: Option<String>,
[INFO] [stdout]    |     ^^^^^^
[INFO] [stdout]  9 |     city: Option<String>,
[INFO] [stdout]    |     ^^^^
[INFO] [stdout] 10 |     county: Option<String>,
[INFO] [stdout]    |     ^^^^^^
[INFO] [stdout] 11 |     country: Option<String>,
[INFO] [stdout]    |     ^^^^^^^
[INFO] [stdout]    |
[INFO] [stdout]    = note: `CustomerRequest` has a derived impl for the trait `Debug`, but this is intentionally ignored during dead code analysis
[INFO] [stdout]    = note: `#[warn(dead_code)]` (part of `#[warn(unused)]`) on by default
[INFO] [stdout] 
[INFO] [stdout] 
[INFO] [stderr]     Finished `release` profile [optimized] target(s) in 1m 44s
[INFO] running `Command { std: "docker" "inspect" "5eb98d6579926b605a1c0f7bb70c4b0928bb7054933ecec8088f9e6f179ba715", kill_on_drop: false }`
[INFO] running `Command { std: "docker" "exec" "-e" "SOURCE_DIR=/opt/rustwide/workdir" "-e" "CARGO_HOME=/opt/rustwide/cargo-home" "-e" "RUSTUP_HOME=/opt/rustwide/rustup-home" "-e" "CARGO_TARGET_DIR=/opt/rustwide/target" "-e" "CARGO_INCREMENTAL=0" "-e" "RUST_BACKTRACE=full" "-e" "RUSTFLAGS=--cap-lints=warn" "-e" "RUSTDOCFLAGS=--cap-lints=warn" "-w" "/opt/rustwide/workdir" "--user" "0:0" "5eb98d6579926b605a1c0f7bb70c4b0928bb7054933ecec8088f9e6f179ba715" "/opt/rustwide/cargo-home/bin/cargo" "+1.99.0-beta.1" "test" "--frozen" "--release", kill_on_drop: false }`
[INFO] [stderr] warning: unused imports: `ValidationErrors`, `schema_err`, and `schema_validation`
[INFO] [stderr]  --> gw_core/src/payment.rs:2:16
[INFO] [stderr]   |
[INFO] [stderr] 2 | use validify::{schema_err, schema_validation, Validate, ValidationErrors};
[INFO] [stderr]   |                ^^^^^^^^^^  ^^^^^^^^^^^^^^^^^            ^^^^^^^^^^^^^^^^
[INFO] [stderr]   |
[INFO] [stderr]   = note: `#[warn(unused_imports)]` (part of `#[warn(unused)]`) on by default
[INFO] [stderr] 
[INFO] [stderr] warning: unused variable: `stmt`
[INFO] [stderr]   --> gw_core/src/account.rs:23:27
[INFO] [stderr]    |
[INFO] [stderr] 23 |     pub fn bind_to(&self, stmt: Query<Postgres, PgArguments>) -> Query<Postgres, PgArguments> {
[INFO] [stderr]    |                           ^^^^ help: if this is intentional, prefix it with an underscore: `_stmt`
[INFO] [stderr]    |
[INFO] [stderr]    = note: `#[warn(unused_variables)]` (part of `#[warn(unused)]`) on by default
[INFO] [stderr] 
[INFO] [stderr] warning: unused variable: `bank_one_account`
[INFO] [stderr]   --> gw_core/src/repo/account.rs:30:38
[INFO] [stderr]    |
[INFO] [stderr] 30 |             AcquirerAccount::BankOne(bank_one_account) => todo!(),
[INFO] [stderr]    |                                      ^^^^^^^^^^^^^^^^ help: if this is intentional, prefix it with an underscore: `_bank_one_account`
[INFO] [stderr] 
[INFO] [stderr] warning: unused variable: `bank_two_account`
[INFO] [stderr]   --> gw_core/src/repo/account.rs:31:38
[INFO] [stderr]    |
[INFO] [stderr] 31 |             AcquirerAccount::BankTwo(bank_two_account) => todo!(),
[INFO] [stderr]    |                                      ^^^^^^^^^^^^^^^^ help: if this is intentional, prefix it with an underscore: `_bank_two_account`
[INFO] [stderr] 
[INFO] [stderr] warning: unused variable: `stmt`
[INFO] [stderr]   --> gw_core/src/repo/account.rs:37:9
[INFO] [stderr]    |
[INFO] [stderr] 37 |         stmt: Query<'a, Postgres, PgArguments>,
[INFO] [stderr]    |         ^^^^ help: if this is intentional, prefix it with an underscore: `_stmt`
[INFO] [stderr] 
[INFO] [stderr] warning: unused variable: `bank_one_account`
[INFO] [stderr]   --> gw_core/src/repo/account.rs:40:38
[INFO] [stderr]    |
[INFO] [stderr] 40 |             AcquirerAccount::BankOne(bank_one_account) => todo!(),
[INFO] [stderr]    |                                      ^^^^^^^^^^^^^^^^ help: if this is intentional, prefix it with an underscore: `_bank_one_account`
[INFO] [stderr] 
[INFO] [stderr] warning: unused variable: `bank_two_account`
[INFO] [stderr]   --> gw_core/src/repo/account.rs:41:38
[INFO] [stderr]    |
[INFO] [stderr] 41 |             AcquirerAccount::BankTwo(bank_two_account) => todo!(),
[INFO] [stderr]    |                                      ^^^^^^^^^^^^^^^^ help: if this is intentional, prefix it with an underscore: `_bank_two_account`
[INFO] [stderr] 
[INFO] [stderr] warning: unused variable: `bank_one_account`
[INFO] [stderr]   --> gw_core/src/repo/account.rs:54:38
[INFO] [stderr]    |
[INFO] [stderr] 54 |             AcquirerAccount::BankOne(bank_one_account) => todo!(),
[INFO] [stderr]    |                                      ^^^^^^^^^^^^^^^^ help: if this is intentional, prefix it with an underscore: `_bank_one_account`
[INFO] [stderr] 
[INFO] [stderr] warning: unused variable: `bank_two_account`
[INFO] [stderr]   --> gw_core/src/repo/account.rs:55:38
[INFO] [stderr]    |
[INFO] [stderr] 55 |             AcquirerAccount::BankTwo(bank_two_account) => todo!(),
[INFO] [stderr]    |                                      ^^^^^^^^^^^^^^^^ help: if this is intentional, prefix it with an underscore: `_bank_two_account`
[INFO] [stderr] 
[INFO] [stderr] warning: unused variable: `stmt`
[INFO] [stderr]   --> gw_core/src/repo/account.rs:61:9
[INFO] [stderr]    |
[INFO] [stderr] 61 |         stmt: Query<'a, Postgres, PgArguments>,
[INFO] [stderr]    |         ^^^^ help: if this is intentional, prefix it with an underscore: `_stmt`
[INFO] [stderr] 
[INFO] [stderr] warning: unused variable: `stmt`
[INFO] [stderr]   --> gw_core/src/repo/merchant.rs:75:9
[INFO] [stderr]    |
[INFO] [stderr] 75 |         stmt: Query<'a, Postgres, PgArguments>,
[INFO] [stderr]    |         ^^^^ help: if this is intentional, prefix it with an underscore: `_stmt`
[INFO] [stderr] 
[INFO] [stderr] warning: unused variable: `table_name`
[INFO] [stderr]   --> gw_core/src/repo/transaction.rs:30:13
[INFO] [stderr]    |
[INFO] [stderr] 30 |         let table_name: &str = row.get("table_name");
[INFO] [stderr]    |             ^^^^^^^^^^ help: if this is intentional, prefix it with an underscore: `_table_name`
[INFO] [stderr] 
[INFO] [stderr] warning: unused variable: `stmt`
[INFO] [stderr]   --> gw_core/src/repo/transaction.rs:63:9
[INFO] [stderr]    |
[INFO] [stderr] 63 |         stmt: Query<'a, Postgres, PgArguments>,
[INFO] [stderr]    |         ^^^^ help: if this is intentional, prefix it with an underscore: `_stmt`
[INFO] [stderr] 
[INFO] [stderr] warning: unused variable: `stmt`
[INFO] [stderr]   --> gw_core/src/repo/transaction.rs:94:9
[INFO] [stderr]    |
[INFO] [stderr] 94 |         stmt: Query<'a, Postgres, PgArguments>,
[INFO] [stderr]    |         ^^^^ help: if this is intentional, prefix it with an underscore: `_stmt`
[INFO] [stderr] 
[INFO] [stderr] warning: unused variable: `t`
[INFO] [stderr]   --> gw_core/src/transaction/mod.rs:67:25
[INFO] [stderr]    |
[INFO] [stderr] 67 | fn validate_transaction(t: &Transaction) -> Result<(), ValidationErrors> {}
[INFO] [stderr]    |                         ^ help: if this is intentional, prefix it with an underscore: `_t`
[INFO] [stderr] 
[INFO] [stderr] warning: trait `Iso8853` is never used
[INFO] [stderr]   --> gw_core/src/account.rs:28:7
[INFO] [stderr]    |
[INFO] [stderr] 28 | trait Iso8853<'a> {
[INFO] [stderr]    |       ^^^^^^^
[INFO] [stderr]    |
[INFO] [stderr]    = note: `#[warn(dead_code)]` (part of `#[warn(unused)]`) on by default
[INFO] [stderr] 
[INFO] [stderr] warning: trait `Apacs30` is never used
[INFO] [stderr]   --> gw_core/src/account.rs:38:7
[INFO] [stderr]    |
[INFO] [stderr] 38 | trait Apacs30<'a> {
[INFO] [stderr]    |       ^^^^^^^
[INFO] [stderr] 
[INFO] [stderr] warning: hiding a lifetime that's elided elsewhere is confusing
[INFO] [stderr]   --> gw_core/src/account.rs:23:20
[INFO] [stderr]    |
[INFO] [stderr] 23 |     pub fn bind_to(&self, stmt: Query<Postgres, PgArguments>) -> Query<Postgres, PgArguments> {
[INFO] [stderr]    |                    ^^^^^ the lifetime is elided here             ^^^^^^^^^^^^^^^^^^^^^^^^^^^^ the same lifetime is hidden here
[INFO] [stderr]    |
[INFO] [stderr]    = help: the same lifetime is referred to in inconsistent ways, making the signature confusing
[INFO] [stderr]    = note: `#[warn(mismatched_lifetime_syntaxes)]` on by default
[INFO] [stderr] help: use `'_` for type paths
[INFO] [stderr]    |
[INFO] [stderr] 23 |     pub fn bind_to(&self, stmt: Query<Postgres, PgArguments>) -> Query<'_, Postgres, PgArguments> {
[INFO] [stderr]    |                                                                        +++
[INFO] [stderr] 
[INFO] [stderr] warning: `gw_core` (lib) generated 18 warnings (run `cargo fix --lib -p gw_core` to apply 16 suggestions)
[INFO] [stderr] warning: multiple fields are never read
[INFO] [stderr]   --> gw_api/src/requests/transaction/customer.rs:5:5
[INFO] [stderr]    |
[INFO] [stderr]  4 | pub struct CustomerRequest {
[INFO] [stderr]    |            --------------- fields in this struct
[INFO] [stderr]  5 |     first_name: Option<String>,
[INFO] [stderr]    |     ^^^^^^^^^^
[INFO] [stderr]  6 |     last_name: Option<String>,
[INFO] [stderr]    |     ^^^^^^^^^
[INFO] [stderr]  7 |     premise: Option<String>,
[INFO] [stderr]    |     ^^^^^^^
[INFO] [stderr]  8 |     street: Option<String>,
[INFO] [stderr]    |     ^^^^^^
[INFO] [stderr]  9 |     city: Option<String>,
[INFO] [stderr]    |     ^^^^
[INFO] [stderr] 10 |     county: Option<String>,
[INFO] [stderr]    |     ^^^^^^
[INFO] [stderr] 11 |     country: Option<String>,
[INFO] [stderr]    |     ^^^^^^^
[INFO] [stderr]    |
[INFO] [stderr]    = note: `CustomerRequest` has a derived impl for the trait `Debug`, but this is intentionally ignored during dead code analysis
[INFO] [stderr]    = note: `#[warn(dead_code)]` (part of `#[warn(unused)]`) on by default
[INFO] [stderr] 
[INFO] [stderr] warning: unused import: `crate::test_utils::check_validation`
[INFO] [stderr]   --> gw_core/src/transaction/mod.rs:72:9
[INFO] [stderr]    |
[INFO] [stderr] 72 |     use crate::test_utils::check_validation;
[INFO] [stderr]    |         ^^^^^^^^^^^^^^^^^^^^^^^^^^^^^^^^^^^
[INFO] [stderr] 
[INFO] [stderr] warning: unused import: `transaction_builder::TransactionBuilder`
[INFO] [stderr]   --> gw_core/src/transaction/mod.rs:74:9
[INFO] [stderr]    |
[INFO] [stderr] 74 |     use transaction_builder::TransactionBuilder;
[INFO] [stderr]    |         ^^^^^^^^^^^^^^^^^^^^^^^^^^^^^^^^^^^^^^^
[INFO] [stderr] 
[INFO] [stderr] warning: unused variable: `stmt`
[INFO] [stderr]    --> gw_core/src/repo/mod.rs:289:13
[INFO] [stderr]     |
[INFO] [stderr] 289 |             stmt: Query<'a, Postgres, PgArguments>,
[INFO] [stderr]     |             ^^^^ help: if this is intentional, prefix it with an underscore: `_stmt`
[INFO] [stderr] 
[INFO] [stderr] warning: unused variable: `stmt`
[INFO] [stderr]    --> gw_core/src/repo/mod.rs:326:13
[INFO] [stderr]     |
[INFO] [stderr] 326 |             stmt: Query<'a, Postgres, PgArguments>,
[INFO] [stderr]     |             ^^^^ help: if this is intentional, prefix it with an underscore: `_stmt`
[INFO] [stderr] 
[INFO] [stderr] warning: `gw_api` (lib) generated 1 warning
[INFO] [stderr] warning: `gw_core` (lib test) generated 20 warnings (16 duplicates) (run `cargo fix --lib -p gw_core --tests` to apply 4 suggestions)
[INFO] [stderr] warning: unused imports: `BTreeMap` and `VecDeque`
[INFO] [stderr]  --> gw_api/tests/common/mod.rs:1:24
[INFO] [stderr]   |
[INFO] [stderr] 1 | use std::collections::{BTreeMap, VecDeque};
[INFO] [stderr]   |                        ^^^^^^^^  ^^^^^^^^
[INFO] [stderr]   |
[INFO] [stderr]   = note: `#[warn(unused_imports)]` (part of `#[warn(unused)]`) on by default
[INFO] [stderr] 
[INFO] [stderr] warning: `gw_api` (lib test) generated 1 warning (1 duplicate)
[INFO] [stderr] warning: `gw_api` (test "post_transaction") generated 1 warning (run `cargo fix --test "post_transaction" -p gw_api` to apply 1 suggestion)
[INFO] [stderr]     Finished `release` profile [optimized] target(s) in 0.32s
[INFO] [stderr]      Running unittests src/lib.rs (/opt/rustwide/target/release/deps/gw_api-eb10e4063186b8dd)
[INFO] [stdout] 
[INFO] [stdout] running 7 tests
[INFO] [stdout] test requests::transaction::payment::tests::deserialize_account ... ok
[INFO] [stdout] test requests::transaction::payment::tests::deserialize_but_no_payment_type ... ok
[INFO] [stdout] test responses::transaction::payment::tests::payment_card_into_response ... ok
[INFO] [stdout] test requests::transaction::payment::tests::deserialize_card ... ok
[INFO] [stdout] test responses::transaction::billing::tests::can_serialize_from_billing ... ok
[INFO] [stdout] test responses::transaction::tests::can_serialise_to_response ... ok
[INFO] [stdout] test responses::transaction::payment::tests::payment_account_into_response ... ok
[INFO] [stdout] 
[INFO] [stdout] test result: ok. 7 passed; 0 failed; 0 ignored; 0 measured; 0 filtered out; finished in 0.00s
[INFO] [stdout] 
[INFO] [stderr]      Running unittests src/main.rs (/opt/rustwide/target/release/deps/gw_api-80c2429e6b36c45f)
[INFO] [stderr]      Running tests/post_transaction.rs (/opt/rustwide/target/release/deps/post_transaction-ba1c24156da6fff7)
[INFO] [stdout] 
[INFO] [stdout] running 0 tests
[INFO] [stdout] 
[INFO] [stdout] test result: ok. 0 passed; 0 failed; 0 ignored; 0 measured; 0 filtered out; finished in 0.00s
[INFO] [stdout] 
[INFO] [stdout] 
[INFO] [stdout] running 8 tests
[INFO] [stdout] test merchant_doesnt_exist ... FAILED
[INFO] [stdout] test missing_pan_and_security_code ... FAILED
[INFO] [stdout] test missing_pan ... FAILED
[INFO] [stdout] test no_account ... FAILED
[INFO] [stdout] test no_account_or_country_but_country_errors ... FAILED
[INFO] [stdout] test missing_payment_details ... FAILED
[INFO] [stdout] test simple_transaction ... FAILED
[INFO] [stdout] test bad_pan ... FAILED
[INFO] [stdout] 
[INFO] [stdout] failures:
[INFO] [stdout] 
[INFO] [stdout] ---- merchant_doesnt_exist stdout ----
[INFO] [stdout] 
[INFO] [stdout] thread 'merchant_doesnt_exist' (4990) panicked at /opt/rustwide/cargo-home/registry/src/index.crates.io-1949cf8c6b5b557f/sqlx-core-0.8.3/src/testing/mod.rs:213:14:
[INFO] [stdout] failed to connect to setup test database: PoolTimedOut
[INFO] [stdout] stack backtrace:
[INFO] [stdout]    0:     0x5d735e396791 - <<std[104cf6e2632825ea]::sys::backtrace::BacktraceLock>::print::DisplayBacktrace as core[7c831bd917ebf35f]::fmt::Display>::fmt
[INFO] [stdout]    1:     0x5d735e3aea2a - core[7c831bd917ebf35f]::fmt::write
[INFO] [stdout]    2:     0x5d735e39b8dc - <alloc[2fdc3f7464fcf288]::vec::Vec<u8> as core[7c831bd917ebf35f]::io::write::Write>::write_fmt
[INFO] [stdout]    3:     0x5d735e370bc6 - std[104cf6e2632825ea]::panicking::default_hook::{closure#0}
[INFO] [stdout]    4:     0x5d735e38e2e9 - std[104cf6e2632825ea]::panicking::default_hook
[INFO] [stdout]    5:     0x5d735df81090 - test[73009c9f9aebf890]::test_main_inner::<test[73009c9f9aebf890]::test_main_static::{closure#0}>::{closure#0}
[INFO] [stdout]    6:     0x5d735e38e612 - std[104cf6e2632825ea]::panicking::panic_with_hook
[INFO] [stdout]    7:     0x5d735e370c72 - std[104cf6e2632825ea]::panicking::panic_handler::{closure#0}
[INFO] [stdout]    8:     0x5d735e368d69 - std[104cf6e2632825ea]::sys::backtrace::__rust_end_short_backtrace::<std[104cf6e2632825ea]::panicking::panic_handler::{closure#0}, !>
[INFO] [stdout]    9:     0x5d735e371c0d - __rustc[b0d56fa5b193ad05]::rust_begin_unwind
[INFO] [stdout]   10:     0x5d735e3af20c - core[7c831bd917ebf35f]::panicking::panic_fmt
[INFO] [stdout]   11:     0x5d735e3aefe2 - core[7c831bd917ebf35f]::result::unwrap_failed
[INFO] [stdout]   12:     0x5d735dec7391 - sqlx_core[5948f36c6d04a92d]::testing::run_test::<sqlx_postgres[9c104ae2fce599af]::database::Postgres, sqlx_core[5948f36c6d04a92d]::testing::run_test_with_pool<sqlx_postgres[9c104ae2fce599af]::database::Postgres, fn(sqlx_core[5948f36c6d04a92d]::pool::Pool<sqlx_postgres[9c104ae2fce599af]::database::Postgres>) -> post_transaction[8635ef4f8958a318]::merchant_doesnt_exist::merchant_doesnt_exist::{closure#0}, post_transaction[8635ef4f8958a318]::merchant_doesnt_exist::merchant_doesnt_exist::{closure#0}>::{closure#0}, sqlx_core[5948f36c6d04a92d]::testing::run_test_with_pool<sqlx_postgres[9c104ae2fce599af]::database::Postgres, fn(sqlx_core[5948f36c6d04a92d]::pool::Pool<sqlx_postgres[9c104ae2fce599af]::database::Postgres>) -> post_transaction[8635ef4f8958a318]::merchant_doesnt_exist::merchant_doesnt_exist::{closure#0}, post_transaction[8635ef4f8958a318]::merchant_doesnt_exist::merchant_doesnt_exist::{closure#0}>::{closure#0}::{closure#0}>::{closure#0}
[INFO] [stdout]   13:     0x5d735df2d83e - <tokio[804ad8e04907b182]::runtime::scheduler::current_thread::Context>::enter::<core[7c831bd917ebf35f]::task::poll::Poll<()>, <tokio[804ad8e04907b182]::runtime::scheduler::current_thread::CoreGuard>::block_on<core[7c831bd917ebf35f]::pin::Pin<&mut sqlx_core[5948f36c6d04a92d]::testing::run_test<sqlx_postgres[9c104ae2fce599af]::database::Postgres, sqlx_core[5948f36c6d04a92d]::testing::run_test_with_pool<sqlx_postgres[9c104ae2fce599af]::database::Postgres, fn(sqlx_core[5948f36c6d04a92d]::pool::Pool<sqlx_postgres[9c104ae2fce599af]::database::Postgres>) -> post_transaction[8635ef4f8958a318]::merchant_doesnt_exist::merchant_doesnt_exist::{closure#0}, post_transaction[8635ef4f8958a318]::merchant_doesnt_exist::merchant_doesnt_exist::{closure#0}>::{closure#0}, sqlx_core[5948f36c6d04a92d]::testing::run_test_with_pool<sqlx_postgres[9c104ae2fce599af]::database::Postgres, fn(sqlx_core[5948f36c6d04a92d]::pool::Pool<sqlx_postgres[9c104ae2fce599af]::database::Postgres>) -> post_transaction[8635ef4f8958a318]::merchant_doesnt_exist::merchant_doesnt_exist::{closure#0}, post_transaction[8635ef4f8958a318]::merchant_doesnt_exist::merchant_doesnt_exist::{closure#0}>::{closure#0}::{closure#0}>::{closure#0}>>::{closure#0}::{closure#0}>
[INFO] [stdout]   14:     0x5d735df4081f - <std[104cf6e2632825ea]::thread::local::LocalKey<tokio[804ad8e04907b182]::runtime::context::Context>>::with::<tokio[804ad8e04907b182]::runtime::context::set_scheduler<(alloc[2fdc3f7464fcf288]::boxed::Box<tokio[804ad8e04907b182]::runtime::scheduler::current_thread::Core>, core[7c831bd917ebf35f]::option::Option<()>), <tokio[804ad8e04907b182]::runtime::scheduler::current_thread::CoreGuard>::enter<<tokio[804ad8e04907b182]::runtime::scheduler::current_thread::CoreGuard>::block_on<core[7c831bd917ebf35f]::pin::Pin<&mut sqlx_core[5948f36c6d04a92d]::testing::run_test<sqlx_postgres[9c104ae2fce599af]::database::Postgres, sqlx_core[5948f36c6d04a92d]::testing::run_test_with_pool<sqlx_postgres[9c104ae2fce599af]::database::Postgres, fn(sqlx_core[5948f36c6d04a92d]::pool::Pool<sqlx_postgres[9c104ae2fce599af]::database::Postgres>) -> post_transaction[8635ef4f8958a318]::merchant_doesnt_exist::merchant_doesnt_exist::{closure#0}, post_transaction[8635ef4f8958a318]::merchant_doesnt_exist::merchant_doesnt_exist::{closure#0}>::{closure#0}, sqlx_core[5948f36c6d04a92d]::testing::run_test_with_pool<sqlx_postgres[9c104ae2fce599af]::database::Postgres, fn(sqlx_core[5948f36c6d04a92d]::pool::Pool<sqlx_postgres[9c104ae2fce599af]::database::Postgres>) -> post_transaction[8635ef4f8958a318]::merchant_doesnt_exist::merchant_doesnt_exist::{closure#0}, post_transaction[8635ef4f8958a318]::merchant_doesnt_exist::merchant_doesnt_exist::{closure#0}>::{closure#0}::{closure#0}>::{closure#0}>>::{closure#0}, core[7c831bd917ebf35f]::option::Option<()>>::{closure#0}>::{closure#0}, (alloc[2fdc3f7464fcf288]::boxed::Box<tokio[804ad8e04907b182]::runtime::scheduler::current_thread::Core>, core[7c831bd917ebf35f]::option::Option<()>)>
[INFO] [stdout]   15:     0x5d735df2e827 - <tokio[804ad8e04907b182]::runtime::scheduler::current_thread::CoreGuard>::block_on::<core[7c831bd917ebf35f]::pin::Pin<&mut sqlx_core[5948f36c6d04a92d]::testing::run_test<sqlx_postgres[9c104ae2fce599af]::database::Postgres, sqlx_core[5948f36c6d04a92d]::testing::run_test_with_pool<sqlx_postgres[9c104ae2fce599af]::database::Postgres, fn(sqlx_core[5948f36c6d04a92d]::pool::Pool<sqlx_postgres[9c104ae2fce599af]::database::Postgres>) -> post_transaction[8635ef4f8958a318]::merchant_doesnt_exist::merchant_doesnt_exist::{closure#0}, post_transaction[8635ef4f8958a318]::merchant_doesnt_exist::merchant_doesnt_exist::{closure#0}>::{closure#0}, sqlx_core[5948f36c6d04a92d]::testing::run_test_with_pool<sqlx_postgres[9c104ae2fce599af]::database::Postgres, fn(sqlx_core[5948f36c6d04a92d]::pool::Pool<sqlx_postgres[9c104ae2fce599af]::database::Postgres>) -> post_transaction[8635ef4f8958a318]::merchant_doesnt_exist::merchant_doesnt_exist::{closure#0}, post_transaction[8635ef4f8958a318]::merchant_doesnt_exist::merchant_doesnt_exist::{closure#0}>::{closure#0}::{closure#0}>::{closure#0}>>
[INFO] [stdout]   16:     0x5d735df55080 - tokio[804ad8e04907b182]::runtime::context::runtime::enter_runtime::<<tokio[804ad8e04907b182]::runtime::scheduler::current_thread::CurrentThread>::block_on<sqlx_core[5948f36c6d04a92d]::testing::run_test<sqlx_postgres[9c104ae2fce599af]::database::Postgres, sqlx_core[5948f36c6d04a92d]::testing::run_test_with_pool<sqlx_postgres[9c104ae2fce599af]::database::Postgres, fn(sqlx_core[5948f36c6d04a92d]::pool::Pool<sqlx_postgres[9c104ae2fce599af]::database::Postgres>) -> post_transaction[8635ef4f8958a318]::merchant_doesnt_exist::merchant_doesnt_exist::{closure#0}, post_transaction[8635ef4f8958a318]::merchant_doesnt_exist::merchant_doesnt_exist::{closure#0}>::{closure#0}, sqlx_core[5948f36c6d04a92d]::testing::run_test_with_pool<sqlx_postgres[9c104ae2fce599af]::database::Postgres, fn(sqlx_core[5948f36c6d04a92d]::pool::Pool<sqlx_postgres[9c104ae2fce599af]::database::Postgres>) -> post_transaction[8635ef4f8958a318]::merchant_doesnt_exist::merchant_doesnt_exist::{closure#0}, post_transaction[8635ef4f8958a318]::merchant_doesnt_exist::merchant_doesnt_exist::{closure#0}>::{closure#0}::{closure#0}>::{closure#0}>::{closure#0}, ()>
[INFO] [stdout]   17:     0x5d735df39f5e - <tokio[804ad8e04907b182]::runtime::runtime::Runtime>::block_on::<sqlx_core[5948f36c6d04a92d]::testing::run_test<sqlx_postgres[9c104ae2fce599af]::database::Postgres, sqlx_core[5948f36c6d04a92d]::testing::run_test_with_pool<sqlx_postgres[9c104ae2fce599af]::database::Postgres, fn(sqlx_core[5948f36c6d04a92d]::pool::Pool<sqlx_postgres[9c104ae2fce599af]::database::Postgres>) -> post_transaction[8635ef4f8958a318]::merchant_doesnt_exist::merchant_doesnt_exist::{closure#0}, post_transaction[8635ef4f8958a318]::merchant_doesnt_exist::merchant_doesnt_exist::{closure#0}>::{closure#0}, sqlx_core[5948f36c6d04a92d]::testing::run_test_with_pool<sqlx_postgres[9c104ae2fce599af]::database::Postgres, fn(sqlx_core[5948f36c6d04a92d]::pool::Pool<sqlx_postgres[9c104ae2fce599af]::database::Postgres>) -> post_transaction[8635ef4f8958a318]::merchant_doesnt_exist::merchant_doesnt_exist::{closure#0}, post_transaction[8635ef4f8958a318]::merchant_doesnt_exist::merchant_doesnt_exist::{closure#0}>::{closure#0}::{closure#0}>::{closure#0}>
[INFO] [stdout]   18:     0x5d735df4aa9b - sqlx_core[5948f36c6d04a92d]::rt::test_block_on::<sqlx_core[5948f36c6d04a92d]::testing::run_test<sqlx_postgres[9c104ae2fce599af]::database::Postgres, sqlx_core[5948f36c6d04a92d]::testing::run_test_with_pool<sqlx_postgres[9c104ae2fce599af]::database::Postgres, fn(sqlx_core[5948f36c6d04a92d]::pool::Pool<sqlx_postgres[9c104ae2fce599af]::database::Postgres>) -> post_transaction[8635ef4f8958a318]::merchant_doesnt_exist::merchant_doesnt_exist::{closure#0}, post_transaction[8635ef4f8958a318]::merchant_doesnt_exist::merchant_doesnt_exist::{closure#0}>::{closure#0}, sqlx_core[5948f36c6d04a92d]::testing::run_test_with_pool<sqlx_postgres[9c104ae2fce599af]::database::Postgres, fn(sqlx_core[5948f36c6d04a92d]::pool::Pool<sqlx_postgres[9c104ae2fce599af]::database::Postgres>) -> post_transaction[8635ef4f8958a318]::merchant_doesnt_exist::merchant_doesnt_exist::{closure#0}, post_transaction[8635ef4f8958a318]::merchant_doesnt_exist::merchant_doesnt_exist::{closure#0}>::{closure#0}::{closure#0}>::{closure#0}>
[INFO] [stdout]   19:     0x5d735df64fed - <post_transaction[8635ef4f8958a318]::merchant_doesnt_exist::{closure#0} as core[7c831bd917ebf35f]::ops::function::FnOnce<()>>::call_once
[INFO] [stdout]   20:     0x5d735df7437b - test[73009c9f9aebf890]::__rust_begin_short_backtrace::<core[7c831bd917ebf35f]::result::Result<(), alloc[2fdc3f7464fcf288]::string::String>, fn() -> core[7c831bd917ebf35f]::result::Result<(), alloc[2fdc3f7464fcf288]::string::String>>
[INFO] [stdout]   21:     0x5d735df819e5 - test[73009c9f9aebf890]::run_test::{closure#0}
[INFO] [stdout]   22:     0x5d735df7ada4 - std[104cf6e2632825ea]::sys::backtrace::__rust_begin_short_backtrace::<test[73009c9f9aebf890]::run_test::{closure#1}, ()>
[INFO] [stdout]   23:     0x5d735df84b42 - <std[104cf6e2632825ea]::thread::lifecycle::spawn_unchecked<test[73009c9f9aebf890]::run_test::{closure#1}, ()>::{closure#1} as core[7c831bd917ebf35f]::ops::function::FnOnce<()>>::call_once::{shim:vtable#0}
[INFO] [stdout]   24:     0x5d735e395a69 - <std[104cf6e2632825ea]::sys::thread::unix::Thread>::new::thread_start
[INFO] [stdout]   25:     0x7403c12e807a - <unknown>
[INFO] [stdout]   26:     0x7403c137b534 - clone
[INFO] [stdout]   27:                0x0 - <unknown>
[INFO] [stdout] 
[INFO] [stdout] ---- missing_pan_and_security_code stdout ----
[INFO] [stdout] 
[INFO] [stdout] thread 'missing_pan_and_security_code' (4992) panicked at /opt/rustwide/cargo-home/registry/src/index.crates.io-1949cf8c6b5b557f/sqlx-core-0.8.3/src/testing/mod.rs:213:14:
[INFO] [stdout] failed to connect to setup test database: PoolTimedOut
[INFO] [stdout] stack backtrace:
[INFO] [stdout]    0:     0x5d735e396791 - <<std[104cf6e2632825ea]::sys::backtrace::BacktraceLock>::print::DisplayBacktrace as core[7c831bd917ebf35f]::fmt::Display>::fmt
[INFO] [stdout]    1:     0x5d735e3aea2a - core[7c831bd917ebf35f]::fmt::write
[INFO] [stdout]    2:     0x5d735e39b8dc - <alloc[2fdc3f7464fcf288]::vec::Vec<u8> as core[7c831bd917ebf35f]::io::write::Write>::write_fmt
[INFO] [stdout]    3:     0x5d735e370bc6 - std[104cf6e2632825ea]::panicking::default_hook::{closure#0}
[INFO] [stdout]    4:     0x5d735e38e2e9 - std[104cf6e2632825ea]::panicking::default_hook
[INFO] [stdout]    5:     0x5d735df81090 - test[73009c9f9aebf890]::test_main_inner::<test[73009c9f9aebf890]::test_main_static::{closure#0}>::{closure#0}
[INFO] [stdout]    6:     0x5d735e38e612 - std[104cf6e2632825ea]::panicking::panic_with_hook
[INFO] [stdout]    7:     0x5d735e370c72 - std[104cf6e2632825ea]::panicking::panic_handler::{closure#0}
[INFO] [stdout]    8:     0x5d735e368d69 - std[104cf6e2632825ea]::sys::backtrace::__rust_end_short_backtrace::<std[104cf6e2632825ea]::panicking::panic_handler::{closure#0}, !>
[INFO] [stdout]    9:     0x5d735e371c0d - __rustc[b0d56fa5b193ad05]::rust_begin_unwind
[INFO] [stdout]   10:     0x5d735e3af20c - core[7c831bd917ebf35f]::panicking::panic_fmt
[INFO] [stdout]   11:     0x5d735e3aefe2 - core[7c831bd917ebf35f]::result::unwrap_failed
[INFO] [stdout]   12:     0x5d735deca311 - sqlx_core[5948f36c6d04a92d]::testing::run_test::<sqlx_postgres[9c104ae2fce599af]::database::Postgres, sqlx_core[5948f36c6d04a92d]::testing::run_test_with_pool<sqlx_postgres[9c104ae2fce599af]::database::Postgres, fn(sqlx_core[5948f36c6d04a92d]::pool::Pool<sqlx_postgres[9c104ae2fce599af]::database::Postgres>) -> post_transaction[8635ef4f8958a318]::missing_pan_and_security_code::missing_pan_and_security_code::{closure#0}, post_transaction[8635ef4f8958a318]::missing_pan_and_security_code::missing_pan_and_security_code::{closure#0}>::{closure#0}, sqlx_core[5948f36c6d04a92d]::testing::run_test_with_pool<sqlx_postgres[9c104ae2fce599af]::database::Postgres, fn(sqlx_core[5948f36c6d04a92d]::pool::Pool<sqlx_postgres[9c104ae2fce599af]::database::Postgres>) -> post_transaction[8635ef4f8958a318]::missing_pan_and_security_code::missing_pan_and_security_code::{closure#0}, post_transaction[8635ef4f8958a318]::missing_pan_and_security_code::missing_pan_and_security_code::{closure#0}>::{closure#0}::{closure#0}>::{closure#0}
[INFO] [stdout]   13:     0x5d735df2db5e - <tokio[804ad8e04907b182]::runtime::scheduler::current_thread::Context>::enter::<core[7c831bd917ebf35f]::task::poll::Poll<()>, <tokio[804ad8e04907b182]::runtime::scheduler::current_thread::CoreGuard>::block_on<core[7c831bd917ebf35f]::pin::Pin<&mut sqlx_core[5948f36c6d04a92d]::testing::run_test<sqlx_postgres[9c104ae2fce599af]::database::Postgres, sqlx_core[5948f36c6d04a92d]::testing::run_test_with_pool<sqlx_postgres[9c104ae2fce599af]::database::Postgres, fn(sqlx_core[5948f36c6d04a92d]::pool::Pool<sqlx_postgres[9c104ae2fce599af]::database::Postgres>) -> post_transaction[8635ef4f8958a318]::missing_pan_and_security_code::missing_pan_and_security_code::{closure#0}, post_transaction[8635ef4f8958a318]::missing_pan_and_security_code::missing_pan_and_security_code::{closure#0}>::{closure#0}, sqlx_core[5948f36c6d04a92d]::testing::run_test_with_pool<sqlx_postgres[9c104ae2fce599af]::database::Postgres, fn(sqlx_core[5948f36c6d04a92d]::pool::Pool<sqlx_postgres[9c104ae2fce599af]::database::Postgres>) -> post_transaction[8635ef4f8958a318]::missing_pan_and_security_code::missing_pan_and_security_code::{closure#0}, post_transaction[8635ef4f8958a318]::missing_pan_and_security_code::missing_pan_and_security_code::{closure#0}>::{closure#0}::{closure#0}>::{closure#0}>>::{closure#0}::{closure#0}>
[INFO] [stdout]   14:     0x5d735df40bbf - <std[104cf6e2632825ea]::thread::local::LocalKey<tokio[804ad8e04907b182]::runtime::context::Context>>::with::<tokio[804ad8e04907b182]::runtime::context::set_scheduler<(alloc[2fdc3f7464fcf288]::boxed::Box<tokio[804ad8e04907b182]::runtime::scheduler::current_thread::Core>, core[7c831bd917ebf35f]::option::Option<()>), <tokio[804ad8e04907b182]::runtime::scheduler::current_thread::CoreGuard>::enter<<tokio[804ad8e04907b182]::runtime::scheduler::current_thread::CoreGuard>::block_on<core[7c831bd917ebf35f]::pin::Pin<&mut sqlx_core[5948f36c6d04a92d]::testing::run_test<sqlx_postgres[9c104ae2fce599af]::database::Postgres, sqlx_core[5948f36c6d04a92d]::testing::run_test_with_pool<sqlx_postgres[9c104ae2fce599af]::database::Postgres, fn(sqlx_core[5948f36c6d04a92d]::pool::Pool<sqlx_postgres[9c104ae2fce599af]::database::Postgres>) -> post_transaction[8635ef4f8958a318]::missing_pan_and_security_code::missing_pan_and_security_code::{closure#0}, post_transaction[8635ef4f8958a318]::missing_pan_and_security_code::missing_pan_and_security_code::{closure#0}>::{closure#0}, sqlx_core[5948f36c6d04a92d]::testing::run_test_with_pool<sqlx_postgres[9c104ae2fce599af]::database::Postgres, fn(sqlx_core[5948f36c6d04a92d]::pool::Pool<sqlx_postgres[9c104ae2fce599af]::database::Postgres>) -> post_transaction[8635ef4f8958a318]::missing_pan_and_security_code::missing_pan_and_security_code::{closure#0}, post_transaction[8635ef4f8958a318]::missing_pan_and_security_code::missing_pan_and_security_code::{closure#0}>::{closure#0}::{closure#0}>::{closure#0}>>::{closure#0}, core[7c831bd917ebf35f]::option::Option<()>>::{closure#0}>::{closure#0}, (alloc[2fdc3f7464fcf288]::boxed::Box<tokio[804ad8e04907b182]::runtime::scheduler::current_thread::Core>, core[7c831bd917ebf35f]::option::Option<()>)>
[INFO] [stdout]   15:     0x5d735df2eb27 - <tokio[804ad8e04907b182]::runtime::scheduler::current_thread::CoreGuard>::block_on::<core[7c831bd917ebf35f]::pin::Pin<&mut sqlx_core[5948f36c6d04a92d]::testing::run_test<sqlx_postgres[9c104ae2fce599af]::database::Postgres, sqlx_core[5948f36c6d04a92d]::testing::run_test_with_pool<sqlx_postgres[9c104ae2fce599af]::database::Postgres, fn(sqlx_core[5948f36c6d04a92d]::pool::Pool<sqlx_postgres[9c104ae2fce599af]::database::Postgres>) -> post_transaction[8635ef4f8958a318]::missing_pan_and_security_code::missing_pan_and_security_code::{closure#0}, post_transaction[8635ef4f8958a318]::missing_pan_and_security_code::missing_pan_and_security_code::{closure#0}>::{closure#0}, sqlx_core[5948f36c6d04a92d]::testing::run_test_with_pool<sqlx_postgres[9c104ae2fce599af]::database::Postgres, fn(sqlx_core[5948f36c6d04a92d]::pool::Pool<sqlx_postgres[9c104ae2fce599af]::database::Postgres>) -> post_transaction[8635ef4f8958a318]::missing_pan_and_security_code::missing_pan_and_security_code::{closure#0}, post_transaction[8635ef4f8958a318]::missing_pan_and_security_code::missing_pan_and_security_code::{closure#0}>::{closure#0}::{closure#0}>::{closure#0}>>
[INFO] [stdout]   16:     0x5d735df558c0 - tokio[804ad8e04907b182]::runtime::context::runtime::enter_runtime::<<tokio[804ad8e04907b182]::runtime::scheduler::current_thread::CurrentThread>::block_on<sqlx_core[5948f36c6d04a92d]::testing::run_test<sqlx_postgres[9c104ae2fce599af]::database::Postgres, sqlx_core[5948f36c6d04a92d]::testing::run_test_with_pool<sqlx_postgres[9c104ae2fce599af]::database::Postgres, fn(sqlx_core[5948f36c6d04a92d]::pool::Pool<sqlx_postgres[9c104ae2fce599af]::database::Postgres>) -> post_transaction[8635ef4f8958a318]::missing_pan_and_security_code::missing_pan_and_security_code::{closure#0}, post_transaction[8635ef4f8958a318]::missing_pan_and_security_code::missing_pan_and_security_code::{closure#0}>::{closure#0}, sqlx_core[5948f36c6d04a92d]::testing::run_test_with_pool<sqlx_postgres[9c104ae2fce599af]::database::Postgres, fn(sqlx_core[5948f36c6d04a92d]::pool::Pool<sqlx_postgres[9c104ae2fce599af]::database::Postgres>) -> post_transaction[8635ef4f8958a318]::missing_pan_and_security_code::missing_pan_and_security_code::{closure#0}, post_transaction[8635ef4f8958a318]::missing_pan_and_security_code::missing_pan_and_security_code::{closure#0}>::{closure#0}::{closure#0}>::{closure#0}>::{closure#0}, ()>
[INFO] [stdout]   17:     0x5d735df3a23e - <tokio[804ad8e04907b182]::runtime::runtime::Runtime>::block_on::<sqlx_core[5948f36c6d04a92d]::testing::run_test<sqlx_postgres[9c104ae2fce599af]::database::Postgres, sqlx_core[5948f36c6d04a92d]::testing::run_test_with_pool<sqlx_postgres[9c104ae2fce599af]::database::Postgres, fn(sqlx_core[5948f36c6d04a92d]::pool::Pool<sqlx_postgres[9c104ae2fce599af]::database::Postgres>) -> post_transaction[8635ef4f8958a318]::missing_pan_and_security_code::missing_pan_and_security_code::{closure#0}, post_transaction[8635ef4f8958a318]::missing_pan_and_security_code::missing_pan_and_security_code::{closure#0}>::{closure#0}, sqlx_core[5948f36c6d04a92d]::testing::run_test_with_pool<sqlx_postgres[9c104ae2fce599af]::database::Postgres, fn(sqlx_core[5948f36c6d04a92d]::pool::Pool<sqlx_postgres[9c104ae2fce599af]::database::Postgres>) -> post_transaction[8635ef4f8958a318]::missing_pan_and_security_code::missing_pan_and_security_code::{closure#0}, post_transaction[8635ef4f8958a318]::missing_pan_and_security_code::missing_pan_and_security_code::{closure#0}>::{closure#0}::{closure#0}>::{closure#0}>
[INFO] [stdout]   18:     0x5d735df4acfb - sqlx_core[5948f36c6d04a92d]::rt::test_block_on::<sqlx_core[5948f36c6d04a92d]::testing::run_test<sqlx_postgres[9c104ae2fce599af]::database::Postgres, sqlx_core[5948f36c6d04a92d]::testing::run_test_with_pool<sqlx_postgres[9c104ae2fce599af]::database::Postgres, fn(sqlx_core[5948f36c6d04a92d]::pool::Pool<sqlx_postgres[9c104ae2fce599af]::database::Postgres>) -> post_transaction[8635ef4f8958a318]::missing_pan_and_security_code::missing_pan_and_security_code::{closure#0}, post_transaction[8635ef4f8958a318]::missing_pan_and_security_code::missing_pan_and_security_code::{closure#0}>::{closure#0}, sqlx_core[5948f36c6d04a92d]::testing::run_test_with_pool<sqlx_postgres[9c104ae2fce599af]::database::Postgres, fn(sqlx_core[5948f36c6d04a92d]::pool::Pool<sqlx_postgres[9c104ae2fce599af]::database::Postgres>) -> post_transaction[8635ef4f8958a318]::missing_pan_and_security_code::missing_pan_and_security_code::{closure#0}, post_transaction[8635ef4f8958a318]::missing_pan_and_security_code::missing_pan_and_security_code::{closure#0}>::{closure#0}::{closure#0}>::{closure#0}>
[INFO] [stdout]   19:     0x5d735df6512d - <post_transaction[8635ef4f8958a318]::missing_pan_and_security_code::{closure#0} as core[7c831bd917ebf35f]::ops::function::FnOnce<()>>::call_once
[INFO] [stdout]   20:     0x5d735df7437b - test[73009c9f9aebf890]::__rust_begin_short_backtrace::<core[7c831bd917ebf35f]::result::Result<(), alloc[2fdc3f7464fcf288]::string::String>, fn() -> core[7c831bd917ebf35f]::result::Result<(), alloc[2fdc3f7464fcf288]::string::String>>
[INFO] [stdout]   21:     0x5d735df819e5 - test[73009c9f9aebf890]::run_test::{closure#0}
[INFO] [stdout]   22:     0x5d735df7ada4 - std[104cf6e2632825ea]::sys::backtrace::__rust_begin_short_backtrace::<test[73009c9f9aebf890]::run_test::{closure#1}, ()>
[INFO] [stdout]   23:     0x5d735df84b42 - <std[104cf6e2632825ea]::thread::lifecycle::spawn_unchecked<test[73009c9f9aebf890]::run_test::{closure#1}, ()>::{closure#1} as core[7c831bd917ebf35f]::ops::function::FnOnce<()>>::call_once::{shim:vtable#0}
[INFO] [stdout]   24:     0x5d735e395a69 - <std[104cf6e2632825ea]::sys::thread::unix::Thread>::new::thread_start
[INFO] [stdout]   25:     0x7403c12e807a - <unknown>
[INFO] [stdout]   26:     0x7403c137b534 - clone
[INFO] [stdout]   27:                0x0 - <unknown>
[INFO] [stdout] 
[INFO] [stdout] ---- missing_pan stdout ----
[INFO] [stdout] 
[INFO] [stdout] thread 'missing_pan' (4991) panicked at /opt/rustwide/cargo-home/registry/src/index.crates.io-1949cf8c6b5b557f/sqlx-core-0.8.3/src/testing/mod.rs:213:14:
[INFO] [stdout] failed to connect to setup test database: PoolTimedOut
[INFO] [stdout] stack backtrace:
[INFO] [stdout]    0:     0x5d735e396791 - <<std[104cf6e2632825ea]::sys::backtrace::BacktraceLock>::print::DisplayBacktrace as core[7c831bd917ebf35f]::fmt::Display>::fmt
[INFO] [stdout]    1:     0x5d735e3aea2a - core[7c831bd917ebf35f]::fmt::write
[INFO] [stdout]    2:     0x5d735e39b8dc - <alloc[2fdc3f7464fcf288]::vec::Vec<u8> as core[7c831bd917ebf35f]::io::write::Write>::write_fmt
[INFO] [stdout]    3:     0x5d735e370bc6 - std[104cf6e2632825ea]::panicking::default_hook::{closure#0}
[INFO] [stdout]    4:     0x5d735e38e2e9 - std[104cf6e2632825ea]::panicking::default_hook
[INFO] [stdout]    5:     0x5d735df81090 - test[73009c9f9aebf890]::test_main_inner::<test[73009c9f9aebf890]::test_main_static::{closure#0}>::{closure#0}
[INFO] [stdout]    6:     0x5d735e38e612 - std[104cf6e2632825ea]::panicking::panic_with_hook
[INFO] [stdout]    7:     0x5d735e370c72 - std[104cf6e2632825ea]::panicking::panic_handler::{closure#0}
[INFO] [stdout]    8:     0x5d735e368d69 - std[104cf6e2632825ea]::sys::backtrace::__rust_end_short_backtrace::<std[104cf6e2632825ea]::panicking::panic_handler::{closure#0}, !>
[INFO] [stdout]    9:     0x5d735e371c0d - __rustc[b0d56fa5b193ad05]::rust_begin_unwind
[INFO] [stdout]   10:     0x5d735e3af20c - core[7c831bd917ebf35f]::panicking::panic_fmt
[INFO] [stdout]   11:     0x5d735e3aefe2 - core[7c831bd917ebf35f]::result::unwrap_failed
[INFO] [stdout]   12:     0x5d735dec32f7 - sqlx_core[5948f36c6d04a92d]::testing::run_test::<sqlx_postgres[9c104ae2fce599af]::database::Postgres, sqlx_core[5948f36c6d04a92d]::testing::run_test_with_pool<sqlx_postgres[9c104ae2fce599af]::database::Postgres, fn(sqlx_core[5948f36c6d04a92d]::pool::Pool<sqlx_postgres[9c104ae2fce599af]::database::Postgres>) -> post_transaction[8635ef4f8958a318]::missing_pan::missing_pan::{closure#0}, post_transaction[8635ef4f8958a318]::missing_pan::missing_pan::{closure#0}>::{closure#0}, sqlx_core[5948f36c6d04a92d]::testing::run_test_with_pool<sqlx_postgres[9c104ae2fce599af]::database::Postgres, fn(sqlx_core[5948f36c6d04a92d]::pool::Pool<sqlx_postgres[9c104ae2fce599af]::database::Postgres>) -> post_transaction[8635ef4f8958a318]::missing_pan::missing_pan::{closure#0}, post_transaction[8635ef4f8958a318]::missing_pan::missing_pan::{closure#0}>::{closure#0}::{closure#0}>::{closure#0}
[INFO] [stdout]   13:     0x5d735df2d51e - <tokio[804ad8e04907b182]::runtime::scheduler::current_thread::Context>::enter::<core[7c831bd917ebf35f]::task::poll::Poll<()>, <tokio[804ad8e04907b182]::runtime::scheduler::current_thread::CoreGuard>::block_on<core[7c831bd917ebf35f]::pin::Pin<&mut sqlx_core[5948f36c6d04a92d]::testing::run_test<sqlx_postgres[9c104ae2fce599af]::database::Postgres, sqlx_core[5948f36c6d04a92d]::testing::run_test_with_pool<sqlx_postgres[9c104ae2fce599af]::database::Postgres, fn(sqlx_core[5948f36c6d04a92d]::pool::Pool<sqlx_postgres[9c104ae2fce599af]::database::Postgres>) -> post_transaction[8635ef4f8958a318]::missing_pan::missing_pan::{closure#0}, post_transaction[8635ef4f8958a318]::missing_pan::missing_pan::{closure#0}>::{closure#0}, sqlx_core[5948f36c6d04a92d]::testing::run_test_with_pool<sqlx_postgres[9c104ae2fce599af]::database::Postgres, fn(sqlx_core[5948f36c6d04a92d]::pool::Pool<sqlx_postgres[9c104ae2fce599af]::database::Postgres>) -> post_transaction[8635ef4f8958a318]::missing_pan::missing_pan::{closure#0}, post_transaction[8635ef4f8958a318]::missing_pan::missing_pan::{closure#0}>::{closure#0}::{closure#0}>::{closure#0}>>::{closure#0}::{closure#0}>
[INFO] [stdout]   14:     0x5d735df4047f - <std[104cf6e2632825ea]::thread::local::LocalKey<tokio[804ad8e04907b182]::runtime::context::Context>>::with::<tokio[804ad8e04907b182]::runtime::context::set_scheduler<(alloc[2fdc3f7464fcf288]::boxed::Box<tokio[804ad8e04907b182]::runtime::scheduler::current_thread::Core>, core[7c831bd917ebf35f]::option::Option<()>), <tokio[804ad8e04907b182]::runtime::scheduler::current_thread::CoreGuard>::enter<<tokio[804ad8e04907b182]::runtime::scheduler::current_thread::CoreGuard>::block_on<core[7c831bd917ebf35f]::pin::Pin<&mut sqlx_core[5948f36c6d04a92d]::testing::run_test<sqlx_postgres[9c104ae2fce599af]::database::Postgres, sqlx_core[5948f36c6d04a92d]::testing::run_test_with_pool<sqlx_postgres[9c104ae2fce599af]::database::Postgres, fn(sqlx_core[5948f36c6d04a92d]::pool::Pool<sqlx_postgres[9c104ae2fce599af]::database::Postgres>) -> post_transaction[8635ef4f8958a318]::missing_pan::missing_pan::{closure#0}, post_transaction[8635ef4f8958a318]::missing_pan::missing_pan::{closure#0}>::{closure#0}, sqlx_core[5948f36c6d04a92d]::testing::run_test_with_pool<sqlx_postgres[9c104ae2fce599af]::database::Postgres, fn(sqlx_core[5948f36c6d04a92d]::pool::Pool<sqlx_postgres[9c104ae2fce599af]::database::Postgres>) -> post_transaction[8635ef4f8958a318]::missing_pan::missing_pan::{closure#0}, post_transaction[8635ef4f8958a318]::missing_pan::missing_pan::{closure#0}>::{closure#0}::{closure#0}>::{closure#0}>>::{closure#0}, core[7c831bd917ebf35f]::option::Option<()>>::{closure#0}>::{closure#0}, (alloc[2fdc3f7464fcf288]::boxed::Box<tokio[804ad8e04907b182]::runtime::scheduler::current_thread::Core>, core[7c831bd917ebf35f]::option::Option<()>)>
[INFO] [stdout]   15:     0x5d735df2e527 - <tokio[804ad8e04907b182]::runtime::scheduler::current_thread::CoreGuard>::block_on::<core[7c831bd917ebf35f]::pin::Pin<&mut sqlx_core[5948f36c6d04a92d]::testing::run_test<sqlx_postgres[9c104ae2fce599af]::database::Postgres, sqlx_core[5948f36c6d04a92d]::testing::run_test_with_pool<sqlx_postgres[9c104ae2fce599af]::database::Postgres, fn(sqlx_core[5948f36c6d04a92d]::pool::Pool<sqlx_postgres[9c104ae2fce599af]::database::Postgres>) -> post_transaction[8635ef4f8958a318]::missing_pan::missing_pan::{closure#0}, post_transaction[8635ef4f8958a318]::missing_pan::missing_pan::{closure#0}>::{closure#0}, sqlx_core[5948f36c6d04a92d]::testing::run_test_with_pool<sqlx_postgres[9c104ae2fce599af]::database::Postgres, fn(sqlx_core[5948f36c6d04a92d]::pool::Pool<sqlx_postgres[9c104ae2fce599af]::database::Postgres>) -> post_transaction[8635ef4f8958a318]::missing_pan::missing_pan::{closure#0}, post_transaction[8635ef4f8958a318]::missing_pan::missing_pan::{closure#0}>::{closure#0}::{closure#0}>::{closure#0}>>
[INFO] [stdout]   16:     0x5d735df54840 - tokio[804ad8e04907b182]::runtime::context::runtime::enter_runtime::<<tokio[804ad8e04907b182]::runtime::scheduler::current_thread::CurrentThread>::block_on<sqlx_core[5948f36c6d04a92d]::testing::run_test<sqlx_postgres[9c104ae2fce599af]::database::Postgres, sqlx_core[5948f36c6d04a92d]::testing::run_test_with_pool<sqlx_postgres[9c104ae2fce599af]::database::Postgres, fn(sqlx_core[5948f36c6d04a92d]::pool::Pool<sqlx_postgres[9c104ae2fce599af]::database::Postgres>) -> post_transaction[8635ef4f8958a318]::missing_pan::missing_pan::{closure#0}, post_transaction[8635ef4f8958a318]::missing_pan::missing_pan::{closure#0}>::{closure#0}, sqlx_core[5948f36c6d04a92d]::testing::run_test_with_pool<sqlx_postgres[9c104ae2fce599af]::database::Postgres, fn(sqlx_core[5948f36c6d04a92d]::pool::Pool<sqlx_postgres[9c104ae2fce599af]::database::Postgres>) -> post_transaction[8635ef4f8958a318]::missing_pan::missing_pan::{closure#0}, post_transaction[8635ef4f8958a318]::missing_pan::missing_pan::{closure#0}>::{closure#0}::{closure#0}>::{closure#0}>::{closure#0}, ()>
[INFO] [stdout]   17:     0x5d735df39c7e - <tokio[804ad8e04907b182]::runtime::runtime::Runtime>::block_on::<sqlx_core[5948f36c6d04a92d]::testing::run_test<sqlx_postgres[9c104ae2fce599af]::database::Postgres, sqlx_core[5948f36c6d04a92d]::testing::run_test_with_pool<sqlx_postgres[9c104ae2fce599af]::database::Postgres, fn(sqlx_core[5948f36c6d04a92d]::pool::Pool<sqlx_postgres[9c104ae2fce599af]::database::Postgres>) -> post_transaction[8635ef4f8958a318]::missing_pan::missing_pan::{closure#0}, post_transaction[8635ef4f8958a318]::missing_pan::missing_pan::{closure#0}>::{closure#0}, sqlx_core[5948f36c6d04a92d]::testing::run_test_with_pool<sqlx_postgres[9c104ae2fce599af]::database::Postgres, fn(sqlx_core[5948f36c6d04a92d]::pool::Pool<sqlx_postgres[9c104ae2fce599af]::database::Postgres>) -> post_transaction[8635ef4f8958a318]::missing_pan::missing_pan::{closure#0}, post_transaction[8635ef4f8958a318]::missing_pan::missing_pan::{closure#0}>::{closure#0}::{closure#0}>::{closure#0}>
[INFO] [stdout]   18:     0x5d735df4a83b - sqlx_core[5948f36c6d04a92d]::rt::test_block_on::<sqlx_core[5948f36c6d04a92d]::testing::run_test<sqlx_postgres[9c104ae2fce599af]::database::Postgres, sqlx_core[5948f36c6d04a92d]::testing::run_test_with_pool<sqlx_postgres[9c104ae2fce599af]::database::Postgres, fn(sqlx_core[5948f36c6d04a92d]::pool::Pool<sqlx_postgres[9c104ae2fce599af]::database::Postgres>) -> post_transaction[8635ef4f8958a318]::missing_pan::missing_pan::{closure#0}, post_transaction[8635ef4f8958a318]::missing_pan::missing_pan::{closure#0}>::{closure#0}, sqlx_core[5948f36c6d04a92d]::testing::run_test_with_pool<sqlx_postgres[9c104ae2fce599af]::database::Postgres, fn(sqlx_core[5948f36c6d04a92d]::pool::Pool<sqlx_postgres[9c104ae2fce599af]::database::Postgres>) -> post_transaction[8635ef4f8958a318]::missing_pan::missing_pan::{closure#0}, post_transaction[8635ef4f8958a318]::missing_pan::missing_pan::{closure#0}>::{closure#0}::{closure#0}>::{closure#0}>
[INFO] [stdout]   19:     0x5d735df64ead - <post_transaction[8635ef4f8958a318]::missing_pan::{closure#0} as core[7c831bd917ebf35f]::ops::function::FnOnce<()>>::call_once
[INFO] [stdout]   20:     0x5d735df7437b - test[73009c9f9aebf890]::__rust_begin_short_backtrace::<core[7c831bd917ebf35f]::result::Result<(), alloc[2fdc3f7464fcf288]::string::String>, fn() -> core[7c831bd917ebf35f]::result::Result<(), alloc[2fdc3f7464fcf288]::string::String>>
[INFO] [stdout]   21:     0x5d735df819e5 - test[73009c9f9aebf890]::run_test::{closure#0}
[INFO] [stdout]   22:     0x5d735df7ada4 - std[104cf6e2632825ea]::sys::backtrace::__rust_begin_short_backtrace::<test[73009c9f9aebf890]::run_test::{closure#1}, ()>
[INFO] [stdout]   23:     0x5d735df84b42 - <std[104cf6e2632825ea]::thread::lifecycle::spawn_unchecked<test[73009c9f9aebf890]::run_test::{closure#1}, ()>::{closure#1} as core[7c831bd917ebf35f]::ops::function::FnOnce<()>>::call_once::{shim:vtable#0}
[INFO] [stdout]   24:     0x5d735e395a69 - <std[104cf6e2632825ea]::sys::thread::unix::Thread>::new::thread_start
[INFO] [stdout]   25:     0x7403c12e807a - <unknown>
[INFO] [stdout]   26:     0x7403c137b534 - clone
[INFO] [stdout]   27:                0x0 - <unknown>
[INFO] [stdout] 
[INFO] [stdout] ---- no_account stdout ----
[INFO] [stdout] 
[INFO] [stdout] thread 'no_account' (4994) panicked at /opt/rustwide/cargo-home/registry/src/index.crates.io-1949cf8c6b5b557f/sqlx-core-0.8.3/src/testing/mod.rs:213:14:
[INFO] [stdout] failed to connect to setup test database: PoolTimedOut
[INFO] [stdout] stack backtrace:
[INFO] [stdout]    0:     0x5d735e396791 - <<std[104cf6e2632825ea]::sys::backtrace::BacktraceLock>::print::DisplayBacktrace as core[7c831bd917ebf35f]::fmt::Display>::fmt
[INFO] [stdout]    1:     0x5d735e3aea2a - core[7c831bd917ebf35f]::fmt::write
[INFO] [stdout]    2:     0x5d735e39b8dc - <alloc[2fdc3f7464fcf288]::vec::Vec<u8> as core[7c831bd917ebf35f]::io::write::Write>::write_fmt
[INFO] [stdout]    3:     0x5d735e370bc6 - std[104cf6e2632825ea]::panicking::default_hook::{closure#0}
[INFO] [stdout]    4:     0x5d735e38e2e9 - std[104cf6e2632825ea]::panicking::default_hook
[INFO] [stdout]    5:     0x5d735df81090 - test[73009c9f9aebf890]::test_main_inner::<test[73009c9f9aebf890]::test_main_static::{closure#0}>::{closure#0}
[INFO] [stdout]    6:     0x5d735e38e612 - std[104cf6e2632825ea]::panicking::panic_with_hook
[INFO] [stdout]    7:     0x5d735e370c72 - std[104cf6e2632825ea]::panicking::panic_handler::{closure#0}
[INFO] [stdout]    8:     0x5d735e368d69 - std[104cf6e2632825ea]::sys::backtrace::__rust_end_short_backtrace::<std[104cf6e2632825ea]::panicking::panic_handler::{closure#0}, !>
[INFO] [stdout]    9:     0x5d735e371c0d - __rustc[b0d56fa5b193ad05]::rust_begin_unwind
[INFO] [stdout]   10:     0x5d735e3af20c - core[7c831bd917ebf35f]::panicking::panic_fmt
[INFO] [stdout]   11:     0x5d735e3aefe2 - core[7c831bd917ebf35f]::result::unwrap_failed
[INFO] [stdout]   12:     0x5d735dec1b50 - sqlx_core[5948f36c6d04a92d]::testing::run_test::<sqlx_postgres[9c104ae2fce599af]::database::Postgres, sqlx_core[5948f36c6d04a92d]::testing::run_test_with_pool<sqlx_postgres[9c104ae2fce599af]::database::Postgres, fn(sqlx_core[5948f36c6d04a92d]::pool::Pool<sqlx_postgres[9c104ae2fce599af]::database::Postgres>) -> post_transaction[8635ef4f8958a318]::no_account::no_account::{closure#0}, post_transaction[8635ef4f8958a318]::no_account::no_account::{closure#0}>::{closure#0}, sqlx_core[5948f36c6d04a92d]::testing::run_test_with_pool<sqlx_postgres[9c104ae2fce599af]::database::Postgres, fn(sqlx_core[5948f36c6d04a92d]::pool::Pool<sqlx_postgres[9c104ae2fce599af]::database::Postgres>) -> post_transaction[8635ef4f8958a318]::no_account::no_account::{closure#0}, post_transaction[8635ef4f8958a318]::no_account::no_account::{closure#0}>::{closure#0}::{closure#0}>::{closure#0}
[INFO] [stdout]   13:     0x5d735df2d38e - <tokio[804ad8e04907b182]::runtime::scheduler::current_thread::Context>::enter::<core[7c831bd917ebf35f]::task::poll::Poll<()>, <tokio[804ad8e04907b182]::runtime::scheduler::current_thread::CoreGuard>::block_on<core[7c831bd917ebf35f]::pin::Pin<&mut sqlx_core[5948f36c6d04a92d]::testing::run_test<sqlx_postgres[9c104ae2fce599af]::database::Postgres, sqlx_core[5948f36c6d04a92d]::testing::run_test_with_pool<sqlx_postgres[9c104ae2fce599af]::database::Postgres, fn(sqlx_core[5948f36c6d04a92d]::pool::Pool<sqlx_postgres[9c104ae2fce599af]::database::Postgres>) -> post_transaction[8635ef4f8958a318]::no_account::no_account::{closure#0}, post_transaction[8635ef4f8958a318]::no_account::no_account::{closure#0}>::{closure#0}, sqlx_core[5948f36c6d04a92d]::testing::run_test_with_pool<sqlx_postgres[9c104ae2fce599af]::database::Postgres, fn(sqlx_core[5948f36c6d04a92d]::pool::Pool<sqlx_postgres[9c104ae2fce599af]::database::Postgres>) -> post_transaction[8635ef4f8958a318]::no_account::no_account::{closure#0}, post_transaction[8635ef4f8958a318]::no_account::no_account::{closure#0}>::{closure#0}::{closure#0}>::{closure#0}>>::{closure#0}::{closure#0}>
[INFO] [stdout]   14:     0x5d735df402af - <std[104cf6e2632825ea]::thread::local::LocalKey<tokio[804ad8e04907b182]::runtime::context::Context>>::with::<tokio[804ad8e04907b182]::runtime::context::set_scheduler<(alloc[2fdc3f7464fcf288]::boxed::Box<tokio[804ad8e04907b182]::runtime::scheduler::current_thread::Core>, core[7c831bd917ebf35f]::option::Option<()>), <tokio[804ad8e04907b182]::runtime::scheduler::current_thread::CoreGuard>::enter<<tokio[804ad8e04907b182]::runtime::scheduler::current_thread::CoreGuard>::block_on<core[7c831bd917ebf35f]::pin::Pin<&mut sqlx_core[5948f36c6d04a92d]::testing::run_test<sqlx_postgres[9c104ae2fce599af]::database::Postgres, sqlx_core[5948f36c6d04a92d]::testing::run_test_with_pool<sqlx_postgres[9c104ae2fce599af]::database::Postgres, fn(sqlx_core[5948f36c6d04a92d]::pool::Pool<sqlx_postgres[9c104ae2fce599af]::database::Postgres>) -> post_transaction[8635ef4f8958a318]::no_account::no_account::{closure#0}, post_transaction[8635ef4f8958a318]::no_account::no_account::{closure#0}>::{closure#0}, sqlx_core[5948f36c6d04a92d]::testing::run_test_with_pool<sqlx_postgres[9c104ae2fce599af]::database::Postgres, fn(sqlx_core[5948f36c6d04a92d]::pool::Pool<sqlx_postgres[9c104ae2fce599af]::database::Postgres>) -> post_transaction[8635ef4f8958a318]::no_account::no_account::{closure#0}, post_transaction[8635ef4f8958a318]::no_account::no_account::{closure#0}>::{closure#0}::{closure#0}>::{closure#0}>>::{closure#0}, core[7c831bd917ebf35f]::option::Option<()>>::{closure#0}>::{closure#0}, (alloc[2fdc3f7464fcf288]::boxed::Box<tokio[804ad8e04907b182]::runtime::scheduler::current_thread::Core>, core[7c831bd917ebf35f]::option::Option<()>)>
[INFO] [stdout]   15:     0x5d735df2e3a7 - <tokio[804ad8e04907b182]::runtime::scheduler::current_thread::CoreGuard>::block_on::<core[7c831bd917ebf35f]::pin::Pin<&mut sqlx_core[5948f36c6d04a92d]::testing::run_test<sqlx_postgres[9c104ae2fce599af]::database::Postgres, sqlx_core[5948f36c6d04a92d]::testing::run_test_with_pool<sqlx_postgres[9c104ae2fce599af]::database::Postgres, fn(sqlx_core[5948f36c6d04a92d]::pool::Pool<sqlx_postgres[9c104ae2fce599af]::database::Postgres>) -> post_transaction[8635ef4f8958a318]::no_account::no_account::{closure#0}, post_transaction[8635ef4f8958a318]::no_account::no_account::{closure#0}>::{closure#0}, sqlx_core[5948f36c6d04a92d]::testing::run_test_with_pool<sqlx_postgres[9c104ae2fce599af]::database::Postgres, fn(sqlx_core[5948f36c6d04a92d]::pool::Pool<sqlx_postgres[9c104ae2fce599af]::database::Postgres>) -> post_transaction[8635ef4f8958a318]::no_account::no_account::{closure#0}, post_transaction[8635ef4f8958a318]::no_account::no_account::{closure#0}>::{closure#0}::{closure#0}>::{closure#0}>>
[INFO] [stdout]   16:     0x5d735df54420 - tokio[804ad8e04907b182]::runtime::context::runtime::enter_runtime::<<tokio[804ad8e04907b182]::runtime::scheduler::current_thread::CurrentThread>::block_on<sqlx_core[5948f36c6d04a92d]::testing::run_test<sqlx_postgres[9c104ae2fce599af]::database::Postgres, sqlx_core[5948f36c6d04a92d]::testing::run_test_with_pool<sqlx_postgres[9c104ae2fce599af]::database::Postgres, fn(sqlx_core[5948f36c6d04a92d]::pool::Pool<sqlx_postgres[9c104ae2fce599af]::database::Postgres>) -> post_transaction[8635ef4f8958a318]::no_account::no_account::{closure#0}, post_transaction[8635ef4f8958a318]::no_account::no_account::{closure#0}>::{closure#0}, sqlx_core[5948f36c6d04a92d]::testing::run_test_with_pool<sqlx_postgres[9c104ae2fce599af]::database::Postgres, fn(sqlx_core[5948f36c6d04a92d]::pool::Pool<sqlx_postgres[9c104ae2fce599af]::database::Postgres>) -> post_transaction[8635ef4f8958a318]::no_account::no_account::{closure#0}, post_transaction[8635ef4f8958a318]::no_account::no_account::{closure#0}>::{closure#0}::{closure#0}>::{closure#0}>::{closure#0}, ()>
[INFO] [stdout]   17:     0x5d735df39b0e - <tokio[804ad8e04907b182]::runtime::runtime::Runtime>::block_on::<sqlx_core[5948f36c6d04a92d]::testing::run_test<sqlx_postgres[9c104ae2fce599af]::database::Postgres, sqlx_core[5948f36c6d04a92d]::testing::run_test_with_pool<sqlx_postgres[9c104ae2fce599af]::database::Postgres, fn(sqlx_core[5948f36c6d04a92d]::pool::Pool<sqlx_postgres[9c104ae2fce599af]::database::Postgres>) -> post_transaction[8635ef4f8958a318]::no_account::no_account::{closure#0}, post_transaction[8635ef4f8958a318]::no_account::no_account::{closure#0}>::{closure#0}, sqlx_core[5948f36c6d04a92d]::testing::run_test_with_pool<sqlx_postgres[9c104ae2fce599af]::database::Postgres, fn(sqlx_core[5948f36c6d04a92d]::pool::Pool<sqlx_postgres[9c104ae2fce599af]::database::Postgres>) -> post_transaction[8635ef4f8958a318]::no_account::no_account::{closure#0}, post_transaction[8635ef4f8958a318]::no_account::no_account::{closure#0}>::{closure#0}::{closure#0}>::{closure#0}>
[INFO] [stdout]   18:     0x5d735df4a70b - sqlx_core[5948f36c6d04a92d]::rt::test_block_on::<sqlx_core[5948f36c6d04a92d]::testing::run_test<sqlx_postgres[9c104ae2fce599af]::database::Postgres, sqlx_core[5948f36c6d04a92d]::testing::run_test_with_pool<sqlx_postgres[9c104ae2fce599af]::database::Postgres, fn(sqlx_core[5948f36c6d04a92d]::pool::Pool<sqlx_postgres[9c104ae2fce599af]::database::Postgres>) -> post_transaction[8635ef4f8958a318]::no_account::no_account::{closure#0}, post_transaction[8635ef4f8958a318]::no_account::no_account::{closure#0}>::{closure#0}, sqlx_core[5948f36c6d04a92d]::testing::run_test_with_pool<sqlx_postgres[9c104ae2fce599af]::database::Postgres, fn(sqlx_core[5948f36c6d04a92d]::pool::Pool<sqlx_postgres[9c104ae2fce599af]::database::Postgres>) -> post_transaction[8635ef4f8958a318]::no_account::no_account::{closure#0}, post_transaction[8635ef4f8958a318]::no_account::no_account::{closure#0}>::{closure#0}::{closure#0}>::{closure#0}>
[INFO] [stdout]   19:     0x5d735df64e0d - <post_transaction[8635ef4f8958a318]::no_account::{closure#0} as core[7c831bd917ebf35f]::ops::function::FnOnce<()>>::call_once
[INFO] [stdout]   20:     0x5d735df7437b - test[73009c9f9aebf890]::__rust_begin_short_backtrace::<core[7c831bd917ebf35f]::result::Result<(), alloc[2fdc3f7464fcf288]::string::String>, fn() -> core[7c831bd917ebf35f]::result::Result<(), alloc[2fdc3f7464fcf288]::string::String>>
[INFO] [stdout]   21:     0x5d735df819e5 - test[73009c9f9aebf890]::run_test::{closure#0}
[INFO] [stdout]   22:     0x5d735df7ada4 - std[104cf6e2632825ea]::sys::backtrace::__rust_begin_short_backtrace::<test[73009c9f9aebf890]::run_test::{closure#1}, ()>
[INFO] [stdout]   23:     0x5d735df84b42 - <std[104cf6e2632825ea]::thread::lifecycle::spawn_unchecked<test[73009c9f9aebf890]::run_test::{closure#1}, ()>::{closure#1} as core[7c831bd917ebf35f]::ops::function::FnOnce<()>>::call_once::{shim:vtable#0}
[INFO] [stdout]   24:     0x5d735e395a69 - <std[104cf6e2632825ea]::sys::thread::unix::Thread>::new::thread_start
[INFO] [stdout]   25:     0x7403c12e807a - <unknown>
[INFO] [stdout]   26:     0x7403c137b534 - clone
[INFO] [stdout]   27:                0x0 - <unknown>
[INFO] [stdout] 
[INFO] [stdout] ---- no_account_or_country_but_country_errors stdout ----
[INFO] [stdout] 
[INFO] [stdout] thread 'no_account_or_country_but_country_errors' (4995) panicked at /opt/rustwide/cargo-home/registry/src/index.crates.io-1949cf8c6b5b557f/sqlx-core-0.8.3/src/testing/mod.rs:213:14:
[INFO] [stdout] failed to connect to setup test database: PoolTimedOut
[INFO] [stdout] stack backtrace:
[INFO] [stdout]    0:     0x5d735e396791 - <<std[104cf6e2632825ea]::sys::backtrace::BacktraceLock>::print::DisplayBacktrace as core[7c831bd917ebf35f]::fmt::Display>::fmt
[INFO] [stdout]    1:     0x5d735e3aea2a - core[7c831bd917ebf35f]::fmt::write
[INFO] [stdout]    2:     0x5d735e39b8dc - <alloc[2fdc3f7464fcf288]::vec::Vec<u8> as core[7c831bd917ebf35f]::io::write::Write>::write_fmt
[INFO] [stdout]    3:     0x5d735e370bc6 - std[104cf6e2632825ea]::panicking::default_hook::{closure#0}
[INFO] [stdout]    4:     0x5d735e38e2e9 - std[104cf6e2632825ea]::panicking::default_hook
[INFO] [stdout]    5:     0x5d735df81090 - test[73009c9f9aebf890]::test_main_inner::<test[73009c9f9aebf890]::test_main_static::{closure#0}>::{closure#0}
[INFO] [stdout]    6:     0x5d735e38e612 - std[104cf6e2632825ea]::panicking::panic_with_hook
[INFO] [stdout]    7:     0x5d735e370c72 - std[104cf6e2632825ea]::panicking::panic_handler::{closure#0}
[INFO] [stdout]    8:     0x5d735e368d69 - std[104cf6e2632825ea]::sys::backtrace::__rust_end_short_backtrace::<std[104cf6e2632825ea]::panicking::panic_handler::{closure#0}, !>
[INFO] [stdout]    9:     0x5d735e371c0d - __rustc[b0d56fa5b193ad05]::rust_begin_unwind
[INFO] [stdout]   10:     0x5d735e3af20c - core[7c831bd917ebf35f]::panicking::panic_fmt
[INFO] [stdout]   11:     0x5d735e3aefe2 - core[7c831bd917ebf35f]::result::unwrap_failed
[INFO] [stdout]   12:     0x5d735decbbd5 - sqlx_core[5948f36c6d04a92d]::testing::run_test::<sqlx_postgres[9c104ae2fce599af]::database::Postgres, sqlx_core[5948f36c6d04a92d]::testing::run_test_with_pool<sqlx_postgres[9c104ae2fce599af]::database::Postgres, fn(sqlx_core[5948f36c6d04a92d]::pool::Pool<sqlx_postgres[9c104ae2fce599af]::database::Postgres>) -> post_transaction[8635ef4f8958a318]::no_account_or_country_but_country_errors::no_account_or_country_but_country_errors::{closure#0}, post_transaction[8635ef4f8958a318]::no_account_or_country_but_country_errors::no_account_or_country_but_country_errors::{closure#0}>::{closure#0}, sqlx_core[5948f36c6d04a92d]::testing::run_test_with_pool<sqlx_postgres[9c104ae2fce599af]::database::Postgres, fn(sqlx_core[5948f36c6d04a92d]::pool::Pool<sqlx_postgres[9c104ae2fce599af]::database::Postgres>) -> post_transaction[8635ef4f8958a318]::no_account_or_country_but_country_errors::no_account_or_country_but_country_errors::{closure#0}, post_transaction[8635ef4f8958a318]::no_account_or_country_but_country_errors::no_account_or_country_but_country_errors::{closure#0}>::{closure#0}::{closure#0}>::{closure#0}
[INFO] [stdout]   13:     0x5d735df2dcee - <tokio[804ad8e04907b182]::runtime::scheduler::current_thread::Context>::enter::<core[7c831bd917ebf35f]::task::poll::Poll<()>, <tokio[804ad8e04907b182]::runtime::scheduler::current_thread::CoreGuard>::block_on<core[7c831bd917ebf35f]::pin::Pin<&mut sqlx_core[5948f36c6d04a92d]::testing::run_test<sqlx_postgres[9c104ae2fce599af]::database::Postgres, sqlx_core[5948f36c6d04a92d]::testing::run_test_with_pool<sqlx_postgres[9c104ae2fce599af]::database::Postgres, fn(sqlx_core[5948f36c6d04a92d]::pool::Pool<sqlx_postgres[9c104ae2fce599af]::database::Postgres>) -> post_transaction[8635ef4f8958a318]::no_account_or_country_but_country_errors::no_account_or_country_but_country_errors::{closure#0}, post_transaction[8635ef4f8958a318]::no_account_or_country_but_country_errors::no_account_or_country_but_country_errors::{closure#0}>::{closure#0}, sqlx_core[5948f36c6d04a92d]::testing::run_test_with_pool<sqlx_postgres[9c104ae2fce599af]::database::Postgres, fn(sqlx_core[5948f36c6d04a92d]::pool::Pool<sqlx_postgres[9c104ae2fce599af]::database::Postgres>) -> post_transaction[8635ef4f8958a318]::no_account_or_country_but_country_errors::no_account_or_country_but_country_errors::{closure#0}, post_transaction[8635ef4f8958a318]::no_account_or_country_but_country_errors::no_account_or_country_but_country_errors::{closure#0}>::{closure#0}::{closure#0}>::{closure#0}>>::{closure#0}::{closure#0}>
[INFO] [stdout]   14:     0x5d735df40d8f - <std[104cf6e2632825ea]::thread::local::LocalKey<tokio[804ad8e04907b182]::runtime::context::Context>>::with::<tokio[804ad8e04907b182]::runtime::context::set_scheduler<(alloc[2fdc3f7464fcf288]::boxed::Box<tokio[804ad8e04907b182]::runtime::scheduler::current_thread::Core>, core[7c831bd917ebf35f]::option::Option<()>), <tokio[804ad8e04907b182]::runtime::scheduler::current_thread::CoreGuard>::enter<<tokio[804ad8e04907b182]::runtime::scheduler::current_thread::CoreGuard>::block_on<core[7c831bd917ebf35f]::pin::Pin<&mut sqlx_core[5948f36c6d04a92d]::testing::run_test<sqlx_postgres[9c104ae2fce599af]::database::Postgres, sqlx_core[5948f36c6d04a92d]::testing::run_test_with_pool<sqlx_postgres[9c104ae2fce599af]::database::Postgres, fn(sqlx_core[5948f36c6d04a92d]::pool::Pool<sqlx_postgres[9c104ae2fce599af]::database::Postgres>) -> post_transaction[8635ef4f8958a318]::no_account_or_country_but_country_errors::no_account_or_country_but_country_errors::{closure#0}, post_transaction[8635ef4f8958a318]::no_account_or_country_but_country_errors::no_account_or_country_but_country_errors::{closure#0}>::{closure#0}, sqlx_core[5948f36c6d04a92d]::testing::run_test_with_pool<sqlx_postgres[9c104ae2fce599af]::database::Postgres, fn(sqlx_core[5948f36c6d04a92d]::pool::Pool<sqlx_postgres[9c104ae2fce599af]::database::Postgres>) -> post_transaction[8635ef4f8958a318]::no_account_or_country_but_country_errors::no_account_or_country_but_country_errors::{closure#0}, post_transaction[8635ef4f8958a318]::no_account_or_country_but_country_errors::no_account_or_country_but_country_errors::{closure#0}>::{closure#0}::{closure#0}>::{closure#0}>>::{closure#0}, core[7c831bd917ebf35f]::option::Option<()>>::{closure#0}>::{closure#0}, (alloc[2fdc3f7464fcf288]::boxed::Box<tokio[804ad8e04907b182]::runtime::scheduler::current_thread::Core>, core[7c831bd917ebf35f]::option::Option<()>)>
[INFO] [stdout]   15:     0x5d735df2eca7 - <tokio[804ad8e04907b182]::runtime::scheduler::current_thread::CoreGuard>::block_on::<core[7c831bd917ebf35f]::pin::Pin<&mut sqlx_core[5948f36c6d04a92d]::testing::run_test<sqlx_postgres[9c104ae2fce599af]::database::Postgres, sqlx_core[5948f36c6d04a92d]::testing::run_test_with_pool<sqlx_postgres[9c104ae2fce599af]::database::Postgres, fn(sqlx_core[5948f36c6d04a92d]::pool::Pool<sqlx_postgres[9c104ae2fce599af]::database::Postgres>) -> post_transaction[8635ef4f8958a318]::no_account_or_country_but_country_errors::no_account_or_country_but_country_errors::{closure#0}, post_transaction[8635ef4f8958a318]::no_account_or_country_but_country_errors::no_account_or_country_but_country_errors::{closure#0}>::{closure#0}, sqlx_core[5948f36c6d04a92d]::testing::run_test_with_pool<sqlx_postgres[9c104ae2fce599af]::database::Postgres, fn(sqlx_core[5948f36c6d04a92d]::pool::Pool<sqlx_postgres[9c104ae2fce599af]::database::Postgres>) -> post_transaction[8635ef4f8958a318]::no_account_or_country_but_country_errors::no_account_or_country_but_country_errors::{closure#0}, post_transaction[8635ef4f8958a318]::no_account_or_country_but_country_errors::no_account_or_country_but_country_errors::{closure#0}>::{closure#0}::{closure#0}>::{closure#0}>>
[INFO] [stdout]   16:     0x5d735df55ce0 - tokio[804ad8e04907b182]::runtime::context::runtime::enter_runtime::<<tokio[804ad8e04907b182]::runtime::scheduler::current_thread::CurrentThread>::block_on<sqlx_core[5948f36c6d04a92d]::testing::run_test<sqlx_postgres[9c104ae2fce599af]::database::Postgres, sqlx_core[5948f36c6d04a92d]::testing::run_test_with_pool<sqlx_postgres[9c104ae2fce599af]::database::Postgres, fn(sqlx_core[5948f36c6d04a92d]::pool::Pool<sqlx_postgres[9c104ae2fce599af]::database::Postgres>) -> post_transaction[8635ef4f8958a318]::no_account_or_country_but_country_errors::no_account_or_country_but_country_errors::{closure#0}, post_transaction[8635ef4f8958a318]::no_account_or_country_but_country_errors::no_account_or_country_but_country_errors::{closure#0}>::{closure#0}, sqlx_core[5948f36c6d04a92d]::testing::run_test_with_pool<sqlx_postgres[9c104ae2fce599af]::database::Postgres, fn(sqlx_core[5948f36c6d04a92d]::pool::Pool<sqlx_postgres[9c104ae2fce599af]::database::Postgres>) -> post_transaction[8635ef4f8958a318]::no_account_or_country_but_country_errors::no_account_or_country_but_country_errors::{closure#0}, post_transaction[8635ef4f8958a318]::no_account_or_country_but_country_errors::no_account_or_country_but_country_errors::{closure#0}>::{closure#0}::{closure#0}>::{closure#0}>::{closure#0}, ()>
[INFO] [stdout]   17:     0x5d735df3a3ae - <tokio[804ad8e04907b182]::runtime::runtime::Runtime>::block_on::<sqlx_core[5948f36c6d04a92d]::testing::run_test<sqlx_postgres[9c104ae2fce599af]::database::Postgres, sqlx_core[5948f36c6d04a92d]::testing::run_test_with_pool<sqlx_postgres[9c104ae2fce599af]::database::Postgres, fn(sqlx_core[5948f36c6d04a92d]::pool::Pool<sqlx_postgres[9c104ae2fce599af]::database::Postgres>) -> post_transaction[8635ef4f8958a318]::no_account_or_country_but_country_errors::no_account_or_country_but_country_errors::{closure#0}, post_transaction[8635ef4f8958a318]::no_account_or_country_but_country_errors::no_account_or_country_but_country_errors::{closure#0}>::{closure#0}, sqlx_core[5948f36c6d04a92d]::testing::run_test_with_pool<sqlx_postgres[9c104ae2fce599af]::database::Postgres, fn(sqlx_core[5948f36c6d04a92d]::pool::Pool<sqlx_postgres[9c104ae2fce599af]::database::Postgres>) -> post_transaction[8635ef4f8958a318]::no_account_or_country_but_country_errors::no_account_or_country_but_country_errors::{closure#0}, post_transaction[8635ef4f8958a318]::no_account_or_country_but_country_errors::no_account_or_country_but_country_errors::{closure#0}>::{closure#0}::{closure#0}>::{closure#0}>
[INFO] [stdout]   18:     0x5d735df4ae2b - sqlx_core[5948f36c6d04a92d]::rt::test_block_on::<sqlx_core[5948f36c6d04a92d]::testing::run_test<sqlx_postgres[9c104ae2fce599af]::database::Postgres, sqlx_core[5948f36c6d04a92d]::testing::run_test_with_pool<sqlx_postgres[9c104ae2fce599af]::database::Postgres, fn(sqlx_core[5948f36c6d04a92d]::pool::Pool<sqlx_postgres[9c104ae2fce599af]::database::Postgres>) -> post_transaction[8635ef4f8958a318]::no_account_or_country_but_country_errors::no_account_or_country_but_country_errors::{closure#0}, post_transaction[8635ef4f8958a318]::no_account_or_country_but_country_errors::no_account_or_country_but_country_errors::{closure#0}>::{closure#0}, sqlx_core[5948f36c6d04a92d]::testing::run_test_with_pool<sqlx_postgres[9c104ae2fce599af]::database::Postgres, fn(sqlx_core[5948f36c6d04a92d]::pool::Pool<sqlx_postgres[9c104ae2fce599af]::database::Postgres>) -> post_transaction[8635ef4f8958a318]::no_account_or_country_but_country_errors::no_account_or_country_but_country_errors::{closure#0}, post_transaction[8635ef4f8958a318]::no_account_or_country_but_country_errors::no_account_or_country_but_country_errors::{closure#0}>::{closure#0}::{closure#0}>::{closure#0}>
[INFO] [stdout]   19:     0x5d735df651cd - <post_transaction[8635ef4f8958a318]::no_account_or_country_but_country_errors::{closure#0} as core[7c831bd917ebf35f]::ops::function::FnOnce<()>>::call_once
[INFO] [stdout]   20:     0x5d735df7437b - test[73009c9f9aebf890]::__rust_begin_short_backtrace::<core[7c831bd917ebf35f]::result::Result<(), alloc[2fdc3f7464fcf288]::string::String>, fn() -> core[7c831bd917ebf35f]::result::Result<(), alloc[2fdc3f7464fcf288]::string::String>>
[INFO] [stdout]   21:     0x5d735df819e5 - test[73009c9f9aebf890]::run_test::{closure#0}
[INFO] [stdout]   22:     0x5d735df7ada4 - std[104cf6e2632825ea]::sys::backtrace::__rust_begin_short_backtrace::<test[73009c9f9aebf890]::run_test::{closure#1}, ()>
[INFO] [stdout]   23:     0x5d735df84b42 - <std[104cf6e2632825ea]::thread::lifecycle::spawn_unchecked<test[73009c9f9aebf890]::run_test::{closure#1}, ()>::{closure#1} as core[7c831bd917ebf35f]::ops::function::FnOnce<()>>::call_once::{shim:vtable#0}
[INFO] [stdout]   24:     0x5d735e395a69 - <std[104cf6e2632825ea]::sys::thread::unix::Thread>::new::thread_start
[INFO] [stdout]   25:     0x7403c12e807a - <unknown>
[INFO] [stdout]   26:     0x7403c137b534 - clone
[INFO] [stdout]   27:                0x0 - <unknown>
[INFO] [stdout] 
[INFO] [stdout] ---- missing_payment_details stdout ----
[INFO] [stdout] 
[INFO] [stdout] thread 'missing_payment_details' (4993) panicked at /opt/rustwide/cargo-home/registry/src/index.crates.io-1949cf8c6b5b557f/sqlx-core-0.8.3/src/testing/mod.rs:213:14:
[INFO] [stdout] failed to connect to setup test database: PoolTimedOut
[INFO] [stdout] stack backtrace:
[INFO] [stdout]    0:     0x5d735e396791 - <<std[104cf6e2632825ea]::sys::backtrace::BacktraceLock>::print::DisplayBacktrace as core[7c831bd917ebf35f]::fmt::Display>::fmt
[INFO] [stdout]    1:     0x5d735e3aea2a - core[7c831bd917ebf35f]::fmt::write
[INFO] [stdout]    2:     0x5d735e39b8dc - <alloc[2fdc3f7464fcf288]::vec::Vec<u8> as core[7c831bd917ebf35f]::io::write::Write>::write_fmt
[INFO] [stdout]    3:     0x5d735e370bc6 - std[104cf6e2632825ea]::panicking::default_hook::{closure#0}
[INFO] [stdout]    4:     0x5d735e38e2e9 - std[104cf6e2632825ea]::panicking::default_hook
[INFO] [stdout]    5:     0x5d735df81090 - test[73009c9f9aebf890]::test_main_inner::<test[73009c9f9aebf890]::test_main_static::{closure#0}>::{closure#0}
[INFO] [stdout]    6:     0x5d735e38e612 - std[104cf6e2632825ea]::panicking::panic_with_hook
[INFO] [stdout]    7:     0x5d735e370c72 - std[104cf6e2632825ea]::panicking::panic_handler::{closure#0}
[INFO] [stdout]    8:     0x5d735e368d69 - std[104cf6e2632825ea]::sys::backtrace::__rust_end_short_backtrace::<std[104cf6e2632825ea]::panicking::panic_handler::{closure#0}, !>
[INFO] [stdout]    9:     0x5d735e371c0d - __rustc[b0d56fa5b193ad05]::rust_begin_unwind
[INFO] [stdout]   10:     0x5d735e3af20c - core[7c831bd917ebf35f]::panicking::panic_fmt
[INFO] [stdout]   11:     0x5d735e3aefe2 - core[7c831bd917ebf35f]::result::unwrap_failed
[INFO] [stdout]   12:     0x5d735dec8b37 - sqlx_core[5948f36c6d04a92d]::testing::run_test::<sqlx_postgres[9c104ae2fce599af]::database::Postgres, sqlx_core[5948f36c6d04a92d]::testing::run_test_with_pool<sqlx_postgres[9c104ae2fce599af]::database::Postgres, fn(sqlx_core[5948f36c6d04a92d]::pool::Pool<sqlx_postgres[9c104ae2fce599af]::database::Postgres>) -> post_transaction[8635ef4f8958a318]::missing_payment_details::missing_payment_details::{closure#0}, post_transaction[8635ef4f8958a318]::missing_payment_details::missing_payment_details::{closure#0}>::{closure#0}, sqlx_core[5948f36c6d04a92d]::testing::run_test_with_pool<sqlx_postgres[9c104ae2fce599af]::database::Postgres, fn(sqlx_core[5948f36c6d04a92d]::pool::Pool<sqlx_postgres[9c104ae2fce599af]::database::Postgres>) -> post_transaction[8635ef4f8958a318]::missing_payment_details::missing_payment_details::{closure#0}, post_transaction[8635ef4f8958a318]::missing_payment_details::missing_payment_details::{closure#0}>::{closure#0}::{closure#0}>::{closure#0}
[INFO] [stdout]   13:     0x5d735df2d9ce - <tokio[804ad8e04907b182]::runtime::scheduler::current_thread::Context>::enter::<core[7c831bd917ebf35f]::task::poll::Poll<()>, <tokio[804ad8e04907b182]::runtime::scheduler::current_thread::CoreGuard>::block_on<core[7c831bd917ebf35f]::pin::Pin<&mut sqlx_core[5948f36c6d04a92d]::testing::run_test<sqlx_postgres[9c104ae2fce599af]::database::Postgres, sqlx_core[5948f36c6d04a92d]::testing::run_test_with_pool<sqlx_postgres[9c104ae2fce599af]::database::Postgres, fn(sqlx_core[5948f36c6d04a92d]::pool::Pool<sqlx_postgres[9c104ae2fce599af]::database::Postgres>) -> post_transaction[8635ef4f8958a318]::missing_payment_details::missing_payment_details::{closure#0}, post_transaction[8635ef4f8958a318]::missing_payment_details::missing_payment_details::{closure#0}>::{closure#0}, sqlx_core[5948f36c6d04a92d]::testing::run_test_with_pool<sqlx_postgres[9c104ae2fce599af]::database::Postgres, fn(sqlx_core[5948f36c6d04a92d]::pool::Pool<sqlx_postgres[9c104ae2fce599af]::database::Postgres>) -> post_transaction[8635ef4f8958a318]::missing_payment_details::missing_payment_details::{closure#0}, post_transaction[8635ef4f8958a318]::missing_payment_details::missing_payment_details::{closure#0}>::{closure#0}::{closure#0}>::{closure#0}>>::{closure#0}::{closure#0}>
[INFO] [stdout]   14:     0x5d735df409ef - <std[104cf6e2632825ea]::thread::local::LocalKey<tokio[804ad8e04907b182]::runtime::context::Context>>::with::<tokio[804ad8e04907b182]::runtime::context::set_scheduler<(alloc[2fdc3f7464fcf288]::boxed::Box<tokio[804ad8e04907b182]::runtime::scheduler::current_thread::Core>, core[7c831bd917ebf35f]::option::Option<()>), <tokio[804ad8e04907b182]::runtime::scheduler::current_thread::CoreGuard>::enter<<tokio[804ad8e04907b182]::runtime::scheduler::current_thread::CoreGuard>::block_on<core[7c831bd917ebf35f]::pin::Pin<&mut sqlx_core[5948f36c6d04a92d]::testing::run_test<sqlx_postgres[9c104ae2fce599af]::database::Postgres, sqlx_core[5948f36c6d04a92d]::testing::run_test_with_pool<sqlx_postgres[9c104ae2fce599af]::database::Postgres, fn(sqlx_core[5948f36c6d04a92d]::pool::Pool<sqlx_postgres[9c104ae2fce599af]::database::Postgres>) -> post_transaction[8635ef4f8958a318]::missing_payment_details::missing_payment_details::{closure#0}, post_transaction[8635ef4f8958a318]::missing_payment_details::missing_payment_details::{closure#0}>::{closure#0}, sqlx_core[5948f36c6d04a92d]::testing::run_test_with_pool<sqlx_postgres[9c104ae2fce599af]::database::Postgres, fn(sqlx_core[5948f36c6d04a92d]::pool::Pool<sqlx_postgres[9c104ae2fce599af]::database::Postgres>) -> post_transaction[8635ef4f8958a318]::missing_payment_details::missing_payment_details::{closure#0}, post_transaction[8635ef4f8958a318]::missing_payment_details::missing_payment_details::{closure#0}>::{closure#0}::{closure#0}>::{closure#0}>>::{closure#0}, core[7c831bd917ebf35f]::option::Option<()>>::{closure#0}>::{closure#0}, (alloc[2fdc3f7464fcf288]::boxed::Box<tokio[804ad8e04907b182]::runtime::scheduler::current_thread::Core>, core[7c831bd917ebf35f]::option::Option<()>)>
[INFO] [stdout]   15:     0x5d735df2e9a7 - <tokio[804ad8e04907b182]::runtime::scheduler::current_thread::CoreGuard>::block_on::<core[7c831bd917ebf35f]::pin::Pin<&mut sqlx_core[5948f36c6d04a92d]::testing::run_test<sqlx_postgres[9c104ae2fce599af]::database::Postgres, sqlx_core[5948f36c6d04a92d]::testing::run_test_with_pool<sqlx_postgres[9c104ae2fce599af]::database::Postgres, fn(sqlx_core[5948f36c6d04a92d]::pool::Pool<sqlx_postgres[9c104ae2fce599af]::database::Postgres>) -> post_transaction[8635ef4f8958a318]::missing_payment_details::missing_payment_details::{closure#0}, post_transaction[8635ef4f8958a318]::missing_payment_details::missing_payment_details::{closure#0}>::{closure#0}, sqlx_core[5948f36c6d04a92d]::testing::run_test_with_pool<sqlx_postgres[9c104ae2fce599af]::database::Postgres, fn(sqlx_core[5948f36c6d04a92d]::pool::Pool<sqlx_postgres[9c104ae2fce599af]::database::Postgres>) -> post_transaction[8635ef4f8958a318]::missing_payment_details::missing_payment_details::{closure#0}, post_transaction[8635ef4f8958a318]::missing_payment_details::missing_payment_details::{closure#0}>::{closure#0}::{closure#0}>::{closure#0}>>
[INFO] [stdout]   16:     0x5d735df554a0 - tokio[804ad8e04907b182]::runtime::context::runtime::enter_runtime::<<tokio[804ad8e04907b182]::runtime::scheduler::current_thread::CurrentThread>::block_on<sqlx_core[5948f36c6d04a92d]::testing::run_test<sqlx_postgres[9c104ae2fce599af]::database::Postgres, sqlx_core[5948f36c6d04a92d]::testing::run_test_with_pool<sqlx_postgres[9c104ae2fce599af]::database::Postgres, fn(sqlx_core[5948f36c6d04a92d]::pool::Pool<sqlx_postgres[9c104ae2fce599af]::database::Postgres>) -> post_transaction[8635ef4f8958a318]::missing_payment_details::missing_payment_details::{closure#0}, post_transaction[8635ef4f8958a318]::missing_payment_details::missing_payment_details::{closure#0}>::{closure#0}, sqlx_core[5948f36c6d04a92d]::testing::run_test_with_pool<sqlx_postgres[9c104ae2fce599af]::database::Postgres, fn(sqlx_core[5948f36c6d04a92d]::pool::Pool<sqlx_postgres[9c104ae2fce599af]::database::Postgres>) -> post_transaction[8635ef4f8958a318]::missing_payment_details::missing_payment_details::{closure#0}, post_transaction[8635ef4f8958a318]::missing_payment_details::missing_payment_details::{closure#0}>::{closure#0}::{closure#0}>::{closure#0}>::{closure#0}, ()>
[INFO] [stdout]   17:     0x5d735df3a0ce - <tokio[804ad8e04907b182]::runtime::runtime::Runtime>::block_on::<sqlx_core[5948f36c6d04a92d]::testing::run_test<sqlx_postgres[9c104ae2fce599af]::database::Postgres, sqlx_core[5948f36c6d04a92d]::testing::run_test_with_pool<sqlx_postgres[9c104ae2fce599af]::database::Postgres, fn(sqlx_core[5948f36c6d04a92d]::pool::Pool<sqlx_postgres[9c104ae2fce599af]::database::Postgres>) -> post_transaction[8635ef4f8958a318]::missing_payment_details::missing_payment_details::{closure#0}, post_transaction[8635ef4f8958a318]::missing_payment_details::missing_payment_details::{closure#0}>::{closure#0}, sqlx_core[5948f36c6d04a92d]::testing::run_test_with_pool<sqlx_postgres[9c104ae2fce599af]::database::Postgres, fn(sqlx_core[5948f36c6d04a92d]::pool::Pool<sqlx_postgres[9c104ae2fce599af]::database::Postgres>) -> post_transaction[8635ef4f8958a318]::missing_payment_details::missing_payment_details::{closure#0}, post_transaction[8635ef4f8958a318]::missing_payment_details::missing_payment_details::{closure#0}>::{closure#0}::{closure#0}>::{closure#0}>
[INFO] [stdout]   18:     0x5d735df4abcb - sqlx_core[5948f36c6d04a92d]::rt::test_block_on::<sqlx_core[5948f36c6d04a92d]::testing::run_test<sqlx_postgres[9c104ae2fce599af]::database::Postgres, sqlx_core[5948f36c6d04a92d]::testing::run_test_with_pool<sqlx_postgres[9c104ae2fce599af]::database::Postgres, fn(sqlx_core[5948f36c6d04a92d]::pool::Pool<sqlx_postgres[9c104ae2fce599af]::database::Postgres>) -> post_transaction[8635ef4f8958a318]::missing_payment_details::missing_payment_details::{closure#0}, post_transaction[8635ef4f8958a318]::missing_payment_details::missing_payment_details::{closure#0}>::{closure#0}, sqlx_core[5948f36c6d04a92d]::testing::run_test_with_pool<sqlx_postgres[9c104ae2fce599af]::database::Postgres, fn(sqlx_core[5948f36c6d04a92d]::pool::Pool<sqlx_postgres[9c104ae2fce599af]::database::Postgres>) -> post_transaction[8635ef4f8958a318]::missing_payment_details::missing_payment_details::{closure#0}, post_transaction[8635ef4f8958a318]::missing_payment_details::missing_payment_details::{closure#0}>::{closure#0}::{closure#0}>::{closure#0}>
[INFO] [stdout]   19:     0x5d735df6508d - <post_transaction[8635ef4f8958a318]::missing_payment_details::{closure#0} as core[7c831bd917ebf35f]::ops::function::FnOnce<()>>::call_once
[INFO] [stdout]   20:     0x5d735df7437b - test[73009c9f9aebf890]::__rust_begin_short_backtrace::<core[7c831bd917ebf35f]::result::Result<(), alloc[2fdc3f7464fcf288]::string::String>, fn() -> core[7c831bd917ebf35f]::result::Result<(), alloc[2fdc3f7464fcf288]::string::String>>
[INFO] [stdout]   21:     0x5d735df819e5 - test[73009c9f9aebf890]::run_test::{closure#0}
[INFO] [stdout]   22:     0x5d735df7ada4 - std[104cf6e2632825ea]::sys::backtrace::__rust_begin_short_backtrace::<test[73009c9f9aebf890]::run_test::{closure#1}, ()>
[INFO] [stdout]   23:     0x5d735df84b42 - <std[104cf6e2632825ea]::thread::lifecycle::spawn_unchecked<test[73009c9f9aebf890]::run_test::{closure#1}, ()>::{closure#1} as core[7c831bd917ebf35f]::ops::function::FnOnce<()>>::call_once::{shim:vtable#0}
[INFO] [stdout]   24:     0x5d735e395a69 - <std[104cf6e2632825ea]::sys::thread::unix::Thread>::new::thread_start
[INFO] [stdout]   25:     0x7403c12e807a - <unknown>
[INFO] [stdout]   26:     0x7403c137b534 - clone
[INFO] [stdout]   27:                0x0 - <unknown>
[INFO] [stdout] 
[INFO] [stdout] ---- simple_transaction stdout ----
[INFO] [stdout] 
[INFO] [stdout] thread 'simple_transaction' (4996) panicked at /opt/rustwide/cargo-home/registry/src/index.crates.io-1949cf8c6b5b557f/sqlx-core-0.8.3/src/testing/mod.rs:213:14:
[INFO] [stdout] failed to connect to setup test database: PoolTimedOut
[INFO] [stdout] stack backtrace:
[INFO] [stdout]    0:     0x5d735e396791 - <<std[104cf6e2632825ea]::sys::backtrace::BacktraceLock>::print::DisplayBacktrace as core[7c831bd917ebf35f]::fmt::Display>::fmt
[INFO] [stdout]    1:     0x5d735e3aea2a - core[7c831bd917ebf35f]::fmt::write
[INFO] [stdout]    2:     0x5d735e39b8dc - <alloc[2fdc3f7464fcf288]::vec::Vec<u8> as core[7c831bd917ebf35f]::io::write::Write>::write_fmt
[INFO] [stdout]    3:     0x5d735e370bc6 - std[104cf6e2632825ea]::panicking::default_hook::{closure#0}
[INFO] [stdout]    4:     0x5d735e38e2e9 - std[104cf6e2632825ea]::panicking::default_hook
[INFO] [stdout]    5:     0x5d735df81090 - test[73009c9f9aebf890]::test_main_inner::<test[73009c9f9aebf890]::test_main_static::{closure#0}>::{closure#0}
[INFO] [stdout]    6:     0x5d735e38e612 - std[104cf6e2632825ea]::panicking::panic_with_hook
[INFO] [stdout]    7:     0x5d735e370c72 - std[104cf6e2632825ea]::panicking::panic_handler::{closure#0}
[INFO] [stdout]    8:     0x5d735e368d69 - std[104cf6e2632825ea]::sys::backtrace::__rust_end_short_backtrace::<std[104cf6e2632825ea]::panicking::panic_handler::{closure#0}, !>
[INFO] [stdout]    9:     0x5d735e371c0d - __rustc[b0d56fa5b193ad05]::rust_begin_unwind
[INFO] [stdout]   10:     0x5d735e3af20c - core[7c831bd917ebf35f]::panicking::panic_fmt
[INFO] [stdout]   11:     0x5d735e3aefe2 - core[7c831bd917ebf35f]::result::unwrap_failed
[INFO] [stdout]   12:     0x5d735dec5890 - sqlx_core[5948f36c6d04a92d]::testing::run_test::<sqlx_postgres[9c104ae2fce599af]::database::Postgres, sqlx_core[5948f36c6d04a92d]::testing::run_test_with_pool<sqlx_postgres[9c104ae2fce599af]::database::Postgres, fn(sqlx_core[5948f36c6d04a92d]::pool::Pool<sqlx_postgres[9c104ae2fce599af]::database::Postgres>) -> post_transaction[8635ef4f8958a318]::simple_transaction::simple_transaction::{closure#0}, post_transaction[8635ef4f8958a318]::simple_transaction::simple_transaction::{closure#0}>::{closure#0}, sqlx_core[5948f36c6d04a92d]::testing::run_test_with_pool<sqlx_postgres[9c104ae2fce599af]::database::Postgres, fn(sqlx_core[5948f36c6d04a92d]::pool::Pool<sqlx_postgres[9c104ae2fce599af]::database::Postgres>) -> post_transaction[8635ef4f8958a318]::simple_transaction::simple_transaction::{closure#0}, post_transaction[8635ef4f8958a318]::simple_transaction::simple_transaction::{closure#0}>::{closure#0}::{closure#0}>::{closure#0}
[INFO] [stdout]   13:     0x5d735df2d6ae - <tokio[804ad8e04907b182]::runtime::scheduler::current_thread::Context>::enter::<core[7c831bd917ebf35f]::task::poll::Poll<()>, <tokio[804ad8e04907b182]::runtime::scheduler::current_thread::CoreGuard>::block_on<core[7c831bd917ebf35f]::pin::Pin<&mut sqlx_core[5948f36c6d04a92d]::testing::run_test<sqlx_postgres[9c104ae2fce599af]::database::Postgres, sqlx_core[5948f36c6d04a92d]::testing::run_test_with_pool<sqlx_postgres[9c104ae2fce599af]::database::Postgres, fn(sqlx_core[5948f36c6d04a92d]::pool::Pool<sqlx_postgres[9c104ae2fce599af]::database::Postgres>) -> post_transaction[8635ef4f8958a318]::simple_transaction::simple_transaction::{closure#0}, post_transaction[8635ef4f8958a318]::simple_transaction::simple_transaction::{closure#0}>::{closure#0}, sqlx_core[5948f36c6d04a92d]::testing::run_test_with_pool<sqlx_postgres[9c104ae2fce599af]::database::Postgres, fn(sqlx_core[5948f36c6d04a92d]::pool::Pool<sqlx_postgres[9c104ae2fce599af]::database::Postgres>) -> post_transaction[8635ef4f8958a318]::simple_transaction::simple_transaction::{closure#0}, post_transaction[8635ef4f8958a318]::simple_transaction::simple_transaction::{closure#0}>::{closure#0}::{closure#0}>::{closure#0}>>::{closure#0}::{closure#0}>
[INFO] [stdout]   14:     0x5d735df4064f - <std[104cf6e2632825ea]::thread::local::LocalKey<tokio[804ad8e04907b182]::runtime::context::Context>>::with::<tokio[804ad8e04907b182]::runtime::context::set_scheduler<(alloc[2fdc3f7464fcf288]::boxed::Box<tokio[804ad8e04907b182]::runtime::scheduler::current_thread::Core>, core[7c831bd917ebf35f]::option::Option<()>), <tokio[804ad8e04907b182]::runtime::scheduler::current_thread::CoreGuard>::enter<<tokio[804ad8e04907b182]::runtime::scheduler::current_thread::CoreGuard>::block_on<core[7c831bd917ebf35f]::pin::Pin<&mut sqlx_core[5948f36c6d04a92d]::testing::run_test<sqlx_postgres[9c104ae2fce599af]::database::Postgres, sqlx_core[5948f36c6d04a92d]::testing::run_test_with_pool<sqlx_postgres[9c104ae2fce599af]::database::Postgres, fn(sqlx_core[5948f36c6d04a92d]::pool::Pool<sqlx_postgres[9c104ae2fce599af]::database::Postgres>) -> post_transaction[8635ef4f8958a318]::simple_transaction::simple_transaction::{closure#0}, post_transaction[8635ef4f8958a318]::simple_transaction::simple_transaction::{closure#0}>::{closure#0}, sqlx_core[5948f36c6d04a92d]::testing::run_test_with_pool<sqlx_postgres[9c104ae2fce599af]::database::Postgres, fn(sqlx_core[5948f36c6d04a92d]::pool::Pool<sqlx_postgres[9c104ae2fce599af]::database::Postgres>) -> post_transaction[8635ef4f8958a318]::simple_transaction::simple_transaction::{closure#0}, post_transaction[8635ef4f8958a318]::simple_transaction::simple_transaction::{closure#0}>::{closure#0}::{closure#0}>::{closure#0}>>::{closure#0}, core[7c831bd917ebf35f]::option::Option<()>>::{closure#0}>::{closure#0}, (alloc[2fdc3f7464fcf288]::boxed::Box<tokio[804ad8e04907b182]::runtime::scheduler::current_thread::Core>, core[7c831bd917ebf35f]::option::Option<()>)>
[INFO] [stdout]   15:     0x5d735df2e6a7 - <tokio[804ad8e04907b182]::runtime::scheduler::current_thread::CoreGuard>::block_on::<core[7c831bd917ebf35f]::pin::Pin<&mut sqlx_core[5948f36c6d04a92d]::testing::run_test<sqlx_postgres[9c104ae2fce599af]::database::Postgres, sqlx_core[5948f36c6d04a92d]::testing::run_test_with_pool<sqlx_postgres[9c104ae2fce599af]::database::Postgres, fn(sqlx_core[5948f36c6d04a92d]::pool::Pool<sqlx_postgres[9c104ae2fce599af]::database::Postgres>) -> post_transaction[8635ef4f8958a318]::simple_transaction::simple_transaction::{closure#0}, post_transaction[8635ef4f8958a318]::simple_transaction::simple_transaction::{closure#0}>::{closure#0}, sqlx_core[5948f36c6d04a92d]::testing::run_test_with_pool<sqlx_postgres[9c104ae2fce599af]::database::Postgres, fn(sqlx_core[5948f36c6d04a92d]::pool::Pool<sqlx_postgres[9c104ae2fce599af]::database::Postgres>) -> post_transaction[8635ef4f8958a318]::simple_transaction::simple_transaction::{closure#0}, post_transaction[8635ef4f8958a318]::simple_transaction::simple_transaction::{closure#0}>::{closure#0}::{closure#0}>::{closure#0}>>
[INFO] [stdout]   16:     0x5d735df54c60 - tokio[804ad8e04907b182]::runtime::context::runtime::enter_runtime::<<tokio[804ad8e04907b182]::runtime::scheduler::current_thread::CurrentThread>::block_on<sqlx_core[5948f36c6d04a92d]::testing::run_test<sqlx_postgres[9c104ae2fce599af]::database::Postgres, sqlx_core[5948f36c6d04a92d]::testing::run_test_with_pool<sqlx_postgres[9c104ae2fce599af]::database::Postgres, fn(sqlx_core[5948f36c6d04a92d]::pool::Pool<sqlx_postgres[9c104ae2fce599af]::database::Postgres>) -> post_transaction[8635ef4f8958a318]::simple_transaction::simple_transaction::{closure#0}, post_transaction[8635ef4f8958a318]::simple_transaction::simple_transaction::{closure#0}>::{closure#0}, sqlx_core[5948f36c6d04a92d]::testing::run_test_with_pool<sqlx_postgres[9c104ae2fce599af]::database::Postgres, fn(sqlx_core[5948f36c6d04a92d]::pool::Pool<sqlx_postgres[9c104ae2fce599af]::database::Postgres>) -> post_transaction[8635ef4f8958a318]::simple_transaction::simple_transaction::{closure#0}, post_transaction[8635ef4f8958a318]::simple_transaction::simple_transaction::{closure#0}>::{closure#0}::{closure#0}>::{closure#0}>::{closure#0}, ()>
[INFO] [stdout]   17:     0x5d735df39dee - <tokio[804ad8e04907b182]::runtime::runtime::Runtime>::block_on::<sqlx_core[5948f36c6d04a92d]::testing::run_test<sqlx_postgres[9c104ae2fce599af]::database::Postgres, sqlx_core[5948f36c6d04a92d]::testing::run_test_with_pool<sqlx_postgres[9c104ae2fce599af]::database::Postgres, fn(sqlx_core[5948f36c6d04a92d]::pool::Pool<sqlx_postgres[9c104ae2fce599af]::database::Postgres>) -> post_transaction[8635ef4f8958a318]::simple_transaction::simple_transaction::{closure#0}, post_transaction[8635ef4f8958a318]::simple_transaction::simple_transaction::{closure#0}>::{closure#0}, sqlx_core[5948f36c6d04a92d]::testing::run_test_with_pool<sqlx_postgres[9c104ae2fce599af]::database::Postgres, fn(sqlx_core[5948f36c6d04a92d]::pool::Pool<sqlx_postgres[9c104ae2fce599af]::database::Postgres>) -> post_transaction[8635ef4f8958a318]::simple_transaction::simple_transaction::{closure#0}, post_transaction[8635ef4f8958a318]::simple_transaction::simple_transaction::{closure#0}>::{closure#0}::{closure#0}>::{closure#0}>
[INFO] [stdout]   18:     0x5d735df4a96b - sqlx_core[5948f36c6d04a92d]::rt::test_block_on::<sqlx_core[5948f36c6d04a92d]::testing::run_test<sqlx_postgres[9c104ae2fce599af]::database::Postgres, sqlx_core[5948f36c6d04a92d]::testing::run_test_with_pool<sqlx_postgres[9c104ae2fce599af]::database::Postgres, fn(sqlx_core[5948f36c6d04a92d]::pool::Pool<sqlx_postgres[9c104ae2fce599af]::database::Postgres>) -> post_transaction[8635ef4f8958a318]::simple_transaction::simple_transaction::{closure#0}, post_transaction[8635ef4f8958a318]::simple_transaction::simple_transaction::{closure#0}>::{closure#0}, sqlx_core[5948f36c6d04a92d]::testing::run_test_with_pool<sqlx_postgres[9c104ae2fce599af]::database::Postgres, fn(sqlx_core[5948f36c6d04a92d]::pool::Pool<sqlx_postgres[9c104ae2fce599af]::database::Postgres>) -> post_transaction[8635ef4f8958a318]::simple_transaction::simple_transaction::{closure#0}, post_transaction[8635ef4f8958a318]::simple_transaction::simple_transaction::{closure#0}>::{closure#0}::{closure#0}>::{closure#0}>
[INFO] [stdout]   19:     0x5d735df64f4d - <post_transaction[8635ef4f8958a318]::simple_transaction::{closure#0} as core[7c831bd917ebf35f]::ops::function::FnOnce<()>>::call_once
[INFO] [stdout]   20:     0x5d735df7437b - test[73009c9f9aebf890]::__rust_begin_short_backtrace::<core[7c831bd917ebf35f]::result::Result<(), alloc[2fdc3f7464fcf288]::string::String>, fn() -> core[7c831bd917ebf35f]::result::Result<(), alloc[2fdc3f7464fcf288]::string::String>>
[INFO] [stdout]   21:     0x5d735df819e5 - test[73009c9f9aebf890]::run_test::{closure#0}
[INFO] [stdout]   22:     0x5d735df7ada4 - std[104cf6e2632825ea]::sys::backtrace::__rust_begin_short_backtrace::<test[73009c9f9aebf890]::run_test::{closure#1}, ()>
[INFO] [stdout]   23:     0x5d735df84b42 - <std[104cf6e2632825ea]::thread::lifecycle::spawn_unchecked<test[73009c9f9aebf890]::run_test::{closure#1}, ()>::{closure#1} as core[7c831bd917ebf35f]::ops::function::FnOnce<()>>::call_once::{shim:vtable#0}
[INFO] [stdout]   24:     0x5d735e395a69 - <std[104cf6e2632825ea]::sys::thread::unix::Thread>::new::thread_start
[INFO] [stdout]   25:     0x7403c12e807a - <unknown>
[INFO] [stdout]   26:     0x7403c137b534 - clone
[INFO] [stdout]   27:                0x0 - <unknown>
[INFO] [stdout] 
[INFO] [stdout] ---- bad_pan stdout ----
[INFO] [stdout] 
[INFO] [stdout] thread 'bad_pan' (4989) panicked at /opt/rustwide/cargo-home/registry/src/index.crates.io-1949cf8c6b5b557f/sqlx-core-0.8.3/src/testing/mod.rs:213:14:
[INFO] [stdout] failed to connect to setup test database: PoolTimedOut
[INFO] [stdout] stack backtrace:
[INFO] [stdout]    0:     0x5d735e396791 - <<std[104cf6e2632825ea]::sys::backtrace::BacktraceLock>::print::DisplayBacktrace as core[7c831bd917ebf35f]::fmt::Display>::fmt
[INFO] [stdout]    1:     0x5d735e3aea2a - core[7c831bd917ebf35f]::fmt::write
[INFO] [stdout]    2:     0x5d735e39b8dc - <alloc[2fdc3f7464fcf288]::vec::Vec<u8> as core[7c831bd917ebf35f]::io::write::Write>::write_fmt
[INFO] [stdout]    3:     0x5d735e370bc6 - std[104cf6e2632825ea]::panicking::default_hook::{closure#0}
[INFO] [stdout]    4:     0x5d735e38e2e9 - std[104cf6e2632825ea]::panicking::default_hook
[INFO] [stdout]    5:     0x5d735df81090 - test[73009c9f9aebf890]::test_main_inner::<test[73009c9f9aebf890]::test_main_static::{closure#0}>::{closure#0}
[INFO] [stdout]    6:     0x5d735e38e612 - std[104cf6e2632825ea]::panicking::panic_with_hook
[INFO] [stdout]    7:     0x5d735e370c72 - std[104cf6e2632825ea]::panicking::panic_handler::{closure#0}
[INFO] [stdout]    8:     0x5d735e368d69 - std[104cf6e2632825ea]::sys::backtrace::__rust_end_short_backtrace::<std[104cf6e2632825ea]::panicking::panic_handler::{closure#0}, !>
[INFO] [stdout]    9:     0x5d735e371c0d - __rustc[b0d56fa5b193ad05]::rust_begin_unwind
[INFO] [stdout]   10:     0x5d735e3af20c - core[7c831bd917ebf35f]::panicking::panic_fmt
[INFO] [stdout]   11:     0x5d735e3aefe2 - core[7c831bd917ebf35f]::result::unwrap_failed
[INFO] [stdout]   12:     0x5d735decd45d - sqlx_core[5948f36c6d04a92d]::testing::run_test::<sqlx_postgres[9c104ae2fce599af]::database::Postgres, sqlx_core[5948f36c6d04a92d]::testing::run_test_with_pool<sqlx_postgres[9c104ae2fce599af]::database::Postgres, fn(sqlx_core[5948f36c6d04a92d]::pool::Pool<sqlx_postgres[9c104ae2fce599af]::database::Postgres>) -> post_transaction[8635ef4f8958a318]::bad_pan::bad_pan::{closure#0}, post_transaction[8635ef4f8958a318]::bad_pan::bad_pan::{closure#0}>::{closure#0}, sqlx_core[5948f36c6d04a92d]::testing::run_test_with_pool<sqlx_postgres[9c104ae2fce599af]::database::Postgres, fn(sqlx_core[5948f36c6d04a92d]::pool::Pool<sqlx_postgres[9c104ae2fce599af]::database::Postgres>) -> post_transaction[8635ef4f8958a318]::bad_pan::bad_pan::{closure#0}, post_transaction[8635ef4f8958a318]::bad_pan::bad_pan::{closure#0}>::{closure#0}::{closure#0}>::{closure#0}
[INFO] [stdout]   13:     0x5d735df2de7e - <tokio[804ad8e04907b182]::runtime::scheduler::current_thread::Context>::enter::<core[7c831bd917ebf35f]::task::poll::Poll<()>, <tokio[804ad8e04907b182]::runtime::scheduler::current_thread::CoreGuard>::block_on<core[7c831bd917ebf35f]::pin::Pin<&mut sqlx_core[5948f36c6d04a92d]::testing::run_test<sqlx_postgres[9c104ae2fce599af]::database::Postgres, sqlx_core[5948f36c6d04a92d]::testing::run_test_with_pool<sqlx_postgres[9c104ae2fce599af]::database::Postgres, fn(sqlx_core[5948f36c6d04a92d]::pool::Pool<sqlx_postgres[9c104ae2fce599af]::database::Postgres>) -> post_transaction[8635ef4f8958a318]::bad_pan::bad_pan::{closure#0}, post_transaction[8635ef4f8958a318]::bad_pan::bad_pan::{closure#0}>::{closure#0}, sqlx_core[5948f36c6d04a92d]::testing::run_test_with_pool<sqlx_postgres[9c104ae2fce599af]::database::Postgres, fn(sqlx_core[5948f36c6d04a92d]::pool::Pool<sqlx_postgres[9c104ae2fce599af]::database::Postgres>) -> post_transaction[8635ef4f8958a318]::bad_pan::bad_pan::{closure#0}, post_transaction[8635ef4f8958a318]::bad_pan::bad_pan::{closure#0}>::{closure#0}::{closure#0}>::{closure#0}>>::{closure#0}::{closure#0}>
[INFO] [stdout]   14:     0x5d735df40f5f - <std[104cf6e2632825ea]::thread::local::LocalKey<tokio[804ad8e04907b182]::runtime::context::Context>>::with::<tokio[804ad8e04907b182]::runtime::context::set_scheduler<(alloc[2fdc3f7464fcf288]::boxed::Box<tokio[804ad8e04907b182]::runtime::scheduler::current_thread::Core>, core[7c831bd917ebf35f]::option::Option<()>), <tokio[804ad8e04907b182]::runtime::scheduler::current_thread::CoreGuard>::enter<<tokio[804ad8e04907b182]::runtime::scheduler::current_thread::CoreGuard>::block_on<core[7c831bd917ebf35f]::pin::Pin<&mut sqlx_core[5948f36c6d04a92d]::testing::run_test<sqlx_postgres[9c104ae2fce599af]::database::Postgres, sqlx_core[5948f36c6d04a92d]::testing::run_test_with_pool<sqlx_postgres[9c104ae2fce599af]::database::Postgres, fn(sqlx_core[5948f36c6d04a92d]::pool::Pool<sqlx_postgres[9c104ae2fce599af]::database::Postgres>) -> post_transaction[8635ef4f8958a318]::bad_pan::bad_pan::{closure#0}, post_transaction[8635ef4f8958a318]::bad_pan::bad_pan::{closure#0}>::{closure#0}, sqlx_core[5948f36c6d04a92d]::testing::run_test_with_pool<sqlx_postgres[9c104ae2fce599af]::database::Postgres, fn(sqlx_core[5948f36c6d04a92d]::pool::Pool<sqlx_postgres[9c104ae2fce599af]::database::Postgres>) -> post_transaction[8635ef4f8958a318]::bad_pan::bad_pan::{closure#0}, post_transaction[8635ef4f8958a318]::bad_pan::bad_pan::{closure#0}>::{closure#0}::{closure#0}>::{closure#0}>>::{closure#0}, core[7c831bd917ebf35f]::option::Option<()>>::{closure#0}>::{closure#0}, (alloc[2fdc3f7464fcf288]::boxed::Box<tokio[804ad8e04907b182]::runtime::scheduler::current_thread::Core>, core[7c831bd917ebf35f]::option::Option<()>)>
[INFO] [stdout]   15:     0x5d735df2ee27 - <tokio[804ad8e04907b182]::runtime::scheduler::current_thread::CoreGuard>::block_on::<core[7c831bd917ebf35f]::pin::Pin<&mut sqlx_core[5948f36c6d04a92d]::testing::run_test<sqlx_postgres[9c104ae2fce599af]::database::Postgres, sqlx_core[5948f36c6d04a92d]::testing::run_test_with_pool<sqlx_postgres[9c104ae2fce599af]::database::Postgres, fn(sqlx_core[5948f36c6d04a92d]::pool::Pool<sqlx_postgres[9c104ae2fce599af]::database::Postgres>) -> post_transaction[8635ef4f8958a318]::bad_pan::bad_pan::{closure#0}, post_transaction[8635ef4f8958a318]::bad_pan::bad_pan::{closure#0}>::{closure#0}, sqlx_core[5948f36c6d04a92d]::testing::run_test_with_pool<sqlx_postgres[9c104ae2fce599af]::database::Postgres, fn(sqlx_core[5948f36c6d04a92d]::pool::Pool<sqlx_postgres[9c104ae2fce599af]::database::Postgres>) -> post_transaction[8635ef4f8958a318]::bad_pan::bad_pan::{closure#0}, post_transaction[8635ef4f8958a318]::bad_pan::bad_pan::{closure#0}>::{closure#0}::{closure#0}>::{closure#0}>>
[INFO] [stdout]   16:     0x5d735df56100 - tokio[804ad8e04907b182]::runtime::context::runtime::enter_runtime::<<tokio[804ad8e04907b182]::runtime::scheduler::current_thread::CurrentThread>::block_on<sqlx_core[5948f36c6d04a92d]::testing::run_test<sqlx_postgres[9c104ae2fce599af]::database::Postgres, sqlx_core[5948f36c6d04a92d]::testing::run_test_with_pool<sqlx_postgres[9c104ae2fce599af]::database::Postgres, fn(sqlx_core[5948f36c6d04a92d]::pool::Pool<sqlx_postgres[9c104ae2fce599af]::database::Postgres>) -> post_transaction[8635ef4f8958a318]::bad_pan::bad_pan::{closure#0}, post_transaction[8635ef4f8958a318]::bad_pan::bad_pan::{closure#0}>::{closure#0}, sqlx_core[5948f36c6d04a92d]::testing::run_test_with_pool<sqlx_postgres[9c104ae2fce599af]::database::Postgres, fn(sqlx_core[5948f36c6d04a92d]::pool::Pool<sqlx_postgres[9c104ae2fce599af]::database::Postgres>) -> post_transaction[8635ef4f8958a318]::bad_pan::bad_pan::{closure#0}, post_transaction[8635ef4f8958a318]::bad_pan::bad_pan::{closure#0}>::{closure#0}::{closure#0}>::{closure#0}>::{closure#0}, ()>
[INFO] [stdout]   17:     0x5d735df3a51e - <tokio[804ad8e04907b182]::runtime::runtime::Runtime>::block_on::<sqlx_core[5948f36c6d04a92d]::testing::run_test<sqlx_postgres[9c104ae2fce599af]::database::Postgres, sqlx_core[5948f36c6d04a92d]::testing::run_test_with_pool<sqlx_postgres[9c104ae2fce599af]::database::Postgres, fn(sqlx_core[5948f36c6d04a92d]::pool::Pool<sqlx_postgres[9c104ae2fce599af]::database::Postgres>) -> post_transaction[8635ef4f8958a318]::bad_pan::bad_pan::{closure#0}, post_transaction[8635ef4f8958a318]::bad_pan::bad_pan::{closure#0}>::{closure#0}, sqlx_core[5948f36c6d04a92d]::testing::run_test_with_pool<sqlx_postgres[9c104ae2fce599af]::database::Postgres, fn(sqlx_core[5948f36c6d04a92d]::pool::Pool<sqlx_postgres[9c104ae2fce599af]::database::Postgres>) -> post_transaction[8635ef4f8958a318]::bad_pan::bad_pan::{closure#0}, post_transaction[8635ef4f8958a318]::bad_pan::bad_pan::{closure#0}>::{closure#0}::{closure#0}>::{closure#0}>
[INFO] [stdout]   18:     0x5d735df4af5b - sqlx_core[5948f36c6d04a92d]::rt::test_block_on::<sqlx_core[5948f36c6d04a92d]::testing::run_test<sqlx_postgres[9c104ae2fce599af]::database::Postgres, sqlx_core[5948f36c6d04a92d]::testing::run_test_with_pool<sqlx_postgres[9c104ae2fce599af]::database::Postgres, fn(sqlx_core[5948f36c6d04a92d]::pool::Pool<sqlx_postgres[9c104ae2fce599af]::database::Postgres>) -> post_transaction[8635ef4f8958a318]::bad_pan::bad_pan::{closure#0}, post_transaction[8635ef4f8958a318]::bad_pan::bad_pan::{closure#0}>::{closure#0}, sqlx_core[5948f36c6d04a92d]::testing::run_test_with_pool<sqlx_postgres[9c104ae2fce599af]::database::Postgres, fn(sqlx_core[5948f36c6d04a92d]::pool::Pool<sqlx_postgres[9c104ae2fce599af]::database::Postgres>) -> post_transaction[8635ef4f8958a318]::bad_pan::bad_pan::{closure#0}, post_transaction[8635ef4f8958a318]::bad_pan::bad_pan::{closure#0}>::{closure#0}::{closure#0}>::{closure#0}>
[INFO] [stdout]   19:     0x5d735df6526d - <post_transaction[8635ef4f8958a318]::bad_pan::{closure#0} as core[7c831bd917ebf35f]::ops::function::FnOnce<()>>::call_once
[INFO] [stdout]   20:     0x5d735df7437b - test[73009c9f9aebf890]::__rust_begin_short_backtrace::<core[7c831bd917ebf35f]::result::Result<(), alloc[2fdc3f7464fcf288]::string::String>, fn() -> core[7c831bd917ebf35f]::result::Result<(), alloc[2fdc3f7464fcf288]::string::String>>
[INFO] [stdout]   21:     0x5d735df819e5 - test[73009c9f9aebf890]::run_test::{closure#0}
[INFO] [stdout]   22:     0x5d735df7ada4 - std[104cf6e2632825ea]::sys::backtrace::__rust_begin_short_backtrace::<test[73009c9f9aebf890]::run_test::{closure#1}, ()>
[INFO] [stdout]   23:     0x5d735df84b42 - <std[104cf6e2632825ea]::thread::lifecycle::spawn_unchecked<test[73009c9f9aebf890]::run_test::{closure#1}, ()>::{closure#1} as core[7c831bd917ebf35f]::ops::function::FnOnce<()>>::call_once::{shim:vtable#0}
[INFO] [stdout]   24:     0x5d735e395a69 - <std[104cf6e2632825ea]::sys::thread::unix::Thread>::new::thread_start
[INFO] [stdout]   25:     0x7403c12e807a - <unknown>
[INFO] [stdout]   26:     0x7403c137b534 - clone
[INFO] [stdout]   27:                0x0 - <unknown>
[INFO] [stdout] 
[INFO] [stdout] 
[INFO] [stdout] failures:
[INFO] [stdout]     bad_pan
[INFO] [stdout]     merchant_doesnt_exist
[INFO] [stdout]     missing_pan
[INFO] [stdout]     missing_pan_and_security_code
[INFO] [stdout]     missing_payment_details
[INFO] [stdout]     no_account
[INFO] [stdout]     no_account_or_country_but_country_errors
[INFO] [stdout]     simple_transaction
[INFO] [stdout] 
[INFO] [stdout] test result: FAILED. 0 passed; 8 failed; 0 ignored; 0 measured; 0 filtered out; finished in 30.01s
[INFO] [stdout] 
[INFO] [stderr] error: test failed, to rerun pass `-p gw_api --test post_transaction`
[INFO] running `Command { std: "docker" "inspect" "5eb98d6579926b605a1c0f7bb70c4b0928bb7054933ecec8088f9e6f179ba715", kill_on_drop: false }`
[INFO] running `Command { std: "docker" "rm" "-f" "5eb98d6579926b605a1c0f7bb70c4b0928bb7054933ecec8088f9e6f179ba715", kill_on_drop: false }`
[INFO] [stdout] 5eb98d6579926b605a1c0f7bb70c4b0928bb7054933ecec8088f9e6f179ba715
