[INFO] fetching crate zippy_data 0.1.2...
[INFO] testing zippy_data-0.1.2 against 1.99.0-beta.1+cargoflags=--release for beta-release-1.99-2
[INFO] extracting crate zippy_data 0.1.2 into /workspace/builds/worker-1-tc2/source
[INFO] started tweaking crates.io crate zippy_data 0.1.2
[INFO] removed 0 missing tests
[INFO] finished tweaking crates.io crate zippy_data 0.1.2
[INFO] tweaked toml for crates.io crate zippy_data 0.1.2 written to /workspace/builds/worker-1-tc2/source/Cargo.toml
[INFO] validating manifest of crates.io crate zippy_data 0.1.2 on toolchain 1.99.0-beta.1
[INFO] running `Command { std: CARGO_HOME="/workspace/cargo-home" RUSTUP_HOME="/workspace/rustup-home" "/workspace/cargo-home/bin/cargo" "+1.99.0-beta.1" "metadata" "--manifest-path" "Cargo.toml" "--no-deps", kill_on_drop: false }`
[INFO] crate crates.io crate zippy_data 0.1.2 already has a lockfile, it will not be regenerated
[INFO] running `Command { std: CARGO_HOME="/workspace/cargo-home" RUSTUP_HOME="/workspace/rustup-home" "/workspace/cargo-home/bin/cargo" "+1.99.0-beta.1" "fetch" "--manifest-path" "Cargo.toml", kill_on_drop: false }`
[INFO] running `Command { std: "docker" "create" "-v" "/var/lib/crater-agent-workspace/builds/worker-1-tc2/source:/opt/rustwide/workdir:ro,Z" "-v" "/var/lib/crater-agent-workspace/builds/worker-1-tc2/target:/opt/rustwide/target:rw,Z" "-v" "/var/lib/crater-agent-workspace/cargo-home:/opt/rustwide/cargo-home:ro,Z" "-v" "/var/lib/crater-agent-workspace/rustup-home:/opt/rustwide/rustup-home:ro,Z" "-m" "1610612736" "--network" "none" "ghcr.io/rust-lang/crates-build-env/linux@sha256:8683fc1fc2eb5c9ac98e0d076ab094b2ffac7f99da555d2b6a2e27f346de2ec7" "sleep" "infinity", kill_on_drop: false }`
[INFO] [stdout] 68aff104b69129600f9002c8583542e896f712ca8e9031792b3dc876210f5831
[INFO] running `Command { std: "docker" "start" "68aff104b69129600f9002c8583542e896f712ca8e9031792b3dc876210f5831", kill_on_drop: false }`
[INFO] running `Command { std: "docker" "inspect" "68aff104b69129600f9002c8583542e896f712ca8e9031792b3dc876210f5831", kill_on_drop: false }`
[INFO] running `Command { std: "docker" "exec" "-e" "SOURCE_DIR=/opt/rustwide/workdir" "-e" "CARGO_HOME=/opt/rustwide/cargo-home" "-e" "RUSTUP_HOME=/opt/rustwide/rustup-home" "-e" "CARGO_TARGET_DIR=/opt/rustwide/target" "-w" "/opt/rustwide/workdir" "--user" "0:0" "68aff104b69129600f9002c8583542e896f712ca8e9031792b3dc876210f5831" "/opt/rustwide/cargo-home/bin/cargo" "+1.99.0-beta.1" "metadata" "--no-deps" "--format-version=1", kill_on_drop: false }`
[INFO] running `Command { std: "docker" "inspect" "68aff104b69129600f9002c8583542e896f712ca8e9031792b3dc876210f5831", kill_on_drop: false }`
[INFO] running `Command { std: "docker" "exec" "-e" "SOURCE_DIR=/opt/rustwide/workdir" "-e" "CARGO_HOME=/opt/rustwide/cargo-home" "-e" "RUSTUP_HOME=/opt/rustwide/rustup-home" "-e" "CARGO_TARGET_DIR=/opt/rustwide/target" "-e" "CARGO_INCREMENTAL=0" "-e" "RUST_BACKTRACE=full" "-e" "RUSTFLAGS=--cap-lints=warn" "-e" "RUSTDOCFLAGS=--cap-lints=warn" "-w" "/opt/rustwide/workdir" "--user" "0:0" "68aff104b69129600f9002c8583542e896f712ca8e9031792b3dc876210f5831" "/opt/rustwide/cargo-home/bin/cargo" "+1.99.0-beta.1" "build" "--frozen" "--message-format=json" "--release", kill_on_drop: false }`
[INFO] [stderr]    Compiling proc-macro2 v1.0.103
[INFO] [stderr]    Compiling cfg-if v1.0.4
[INFO] [stderr]    Compiling quote v1.0.42
[INFO] [stderr]    Compiling unicode-ident v1.0.22
[INFO] [stderr]    Compiling libc v0.2.178
[INFO] [stderr]    Compiling serde_core v1.0.228
[INFO] [stderr]    Compiling version_check v0.9.5
[INFO] [stderr]    Compiling zerocopy v0.8.31
[INFO] [stderr]    Compiling autocfg v1.5.0
[INFO] [stderr]    Compiling serde v1.0.228
[INFO] [stderr]    Compiling once_cell v1.21.3
[INFO] [stderr]    Compiling crossbeam-utils v0.8.21
[INFO] [stderr]    Compiling shlex v1.3.0
[INFO] [stderr]    Compiling allocator-api2 v0.2.21
[INFO] [stderr]    Compiling crc32fast v1.5.0
[INFO] [stderr]    Compiling find-msvc-tools v0.1.5
[INFO] [stderr]    Compiling ref-cast v1.0.25
[INFO] [stderr]    Compiling getrandom v0.3.4
[INFO] [stderr]    Compiling rayon-core v1.13.0
[INFO] [stderr]    Compiling cc v1.2.49
[INFO] [stderr]    Compiling ryu v1.0.20
[INFO] [stderr]    Compiling serde_json v1.0.145
[INFO] [stderr]    Compiling simd-adler32 v0.3.8
[INFO] [stderr]    Compiling adler2 v2.0.1
[INFO] [stderr]    Compiling itoa v1.0.15
[INFO] [stderr]    Compiling parking_lot_core v0.9.12
[INFO] [stderr]    Compiling num-traits v0.2.19
[INFO] [stderr]    Compiling rustix v1.1.2
[INFO] [stderr]    Compiling ahash v0.8.12
[INFO] [stderr]    Compiling memchr v2.7.6
[INFO] [stderr]    Compiling thiserror v1.0.69
[INFO] [stderr]    Compiling smallvec v1.15.1
[INFO] [stderr]    Compiling scopeguard v1.2.0
[INFO] [stderr]    Compiling miniz_oxide v0.8.9
[INFO] [stderr]    Compiling linux-raw-sys v0.11.0
[INFO] [stderr]    Compiling bitflags v2.10.0
[INFO] [stderr]    Compiling anyhow v1.0.100
[INFO] [stderr]    Compiling lock_api v0.4.14
[INFO] [stderr]    Compiling fastrand v2.3.0
[INFO] [stderr]    Compiling arrayvec v0.7.6
[INFO] [stderr]    Compiling crossbeam-epoch v0.9.18
[INFO] [stderr]    Compiling flate2 v1.1.5
[INFO] [stderr]    Compiling arrayref v0.3.9
[INFO] [stderr]    Compiling byteorder v1.5.0
[INFO] [stderr]    Compiling either v1.15.0
[INFO] [stderr]    Compiling crossbeam-deque v0.8.6
[INFO] [stderr]    Compiling simdutf8 v0.1.5
[INFO] [stderr]    Compiling constant_time_eq v0.3.1
[INFO] [stderr]    Compiling float-cmp v0.10.0
[INFO] [stderr]    Compiling iana-time-zone v0.1.64
[INFO] [stderr]    Compiling syn v2.0.111
[INFO] [stderr]    Compiling rustc-hash v2.1.1
[INFO] [stderr]    Compiling zip v0.6.6
[INFO] [stderr]    Compiling blake3 v1.8.2
[INFO] [stderr]    Compiling hostname v0.4.2
[INFO] [stderr]    Compiling memmap2 v0.9.9
[INFO] [stderr]    Compiling fs2 v0.4.3
[INFO] [stderr]    Compiling rayon v1.11.0
[INFO] [stderr]    Compiling parking_lot v0.12.5
[INFO] [stderr]    Compiling hashbrown v0.14.5
[INFO] [stderr]    Compiling serde_derive v1.0.228
[INFO] [stderr]    Compiling ref-cast-impl v1.0.25
[INFO] [stderr]    Compiling thiserror-impl v1.0.69
[INFO] [stderr]    Compiling tempfile v3.23.0
[INFO] [stderr]    Compiling halfbrown v0.2.5
[INFO] [stderr]    Compiling chrono v0.4.42
[INFO] [stderr]    Compiling value-trait v0.10.1
[INFO] [stderr]    Compiling simd-json v0.14.3
[INFO] [stderr]    Compiling zippy_data v0.1.2 (/opt/rustwide/workdir)
[INFO] [stderr]     Finished `release` profile [optimized] target(s) in 14.68s
[INFO] running `Command { std: "docker" "inspect" "68aff104b69129600f9002c8583542e896f712ca8e9031792b3dc876210f5831", kill_on_drop: false }`
[INFO] running `Command { std: "docker" "exec" "-e" "SOURCE_DIR=/opt/rustwide/workdir" "-e" "CARGO_HOME=/opt/rustwide/cargo-home" "-e" "RUSTUP_HOME=/opt/rustwide/rustup-home" "-e" "CARGO_TARGET_DIR=/opt/rustwide/target" "-e" "CARGO_INCREMENTAL=0" "-e" "RUST_BACKTRACE=full" "-e" "RUSTFLAGS=--cap-lints=warn" "-e" "RUSTDOCFLAGS=--cap-lints=warn" "-w" "/opt/rustwide/workdir" "--user" "0:0" "68aff104b69129600f9002c8583542e896f712ca8e9031792b3dc876210f5831" "/opt/rustwide/cargo-home/bin/cargo" "+1.99.0-beta.1" "test" "--frozen" "--no-run" "--message-format=json" "--release", kill_on_drop: false }`
[INFO] [stderr]    Compiling zerocopy v0.8.31
[INFO] [stderr]    Compiling serde_core v1.0.228
[INFO] [stderr]    Compiling serde v1.0.228
[INFO] [stderr]    Compiling num-traits v0.2.19
[INFO] [stderr]    Compiling either v1.15.0
[INFO] [stderr]    Compiling vcpkg v0.2.15
[INFO] [stderr]    Compiling crossbeam-epoch v0.9.18
[INFO] [stderr]    Compiling parking_lot_core v0.8.6
[INFO] [stderr]    Compiling syn v2.0.111
[INFO] [stderr]    Compiling pkg-config v0.3.32
[INFO] [stderr]    Compiling getrandom v0.2.16
[INFO] [stderr]    Compiling instant v0.1.13
[INFO] [stderr]    Compiling anstyle v1.0.13
[INFO] [stderr]    Compiling ciborium-io v0.2.2
[INFO] [stderr]    Compiling plotters-backend v0.3.7
[INFO] [stderr]    Compiling clap_lex v0.7.6
[INFO] [stderr]    Compiling regex-syntax v0.8.8
[INFO] [stderr]    Compiling cast v0.3.0
[INFO] [stderr]    Compiling clap_builder v4.5.53
[INFO] [stderr]    Compiling itertools v0.10.5
[INFO] [stderr]    Compiling crossbeam-deque v0.8.6
[INFO] [stderr]    Compiling rand_core v0.6.4
[INFO] [stderr]    Compiling plotters-svg v0.3.7
[INFO] [stderr]    Compiling same-file v1.0.6
[INFO] [stderr]    Compiling parking_lot v0.11.2
[INFO] [stderr]    Compiling rayon-core v1.13.0
[INFO] [stderr]    Compiling walkdir v2.5.0
[INFO] [stderr]    Compiling fxhash v0.2.1
[INFO] [stderr]    Compiling is-terminal v0.4.17
[INFO] [stderr]    Compiling fallible-iterator v0.3.0
[INFO] [stderr]    Compiling anes v0.1.6
[INFO] [stderr]    Compiling oorandom v11.1.5
[INFO] [stderr]    Compiling log v0.4.29
[INFO] [stderr]    Compiling fallible-streaming-iterator v0.1.9
[INFO] [stderr]    Compiling libsqlite3-sys v0.28.0
[INFO] [stderr]    Compiling sled v0.34.7
[INFO] [stderr]    Compiling rayon v1.11.0
[INFO] [stderr]    Compiling float-cmp v0.10.0
[INFO] [stderr]    Compiling plotters v0.3.7
[INFO] [stderr]    Compiling regex-automata v0.4.13
[INFO] [stderr]    Compiling criterion-plot v0.5.0
[INFO] [stderr]    Compiling clap v4.5.53
[INFO] [stderr]    Compiling zerocopy-derive v0.8.31
[INFO] [stderr]    Compiling serde_derive v1.0.228
[INFO] [stderr]    Compiling ref-cast-impl v1.0.25
[INFO] [stderr]    Compiling thiserror-impl v1.0.69
[INFO] [stderr]    Compiling serde_json v1.0.145
[INFO] [stderr]    Compiling regex v1.12.2
[INFO] [stderr]    Compiling ref-cast v1.0.25
[INFO] [stderr]    Compiling thiserror v1.0.69
[INFO] [stderr]    Compiling ahash v0.8.12
[INFO] [stderr]    Compiling half v2.7.1
[INFO] [stderr]    Compiling ppv-lite86 v0.2.21
[INFO] [stderr]    Compiling tinytemplate v1.2.1
[INFO] [stderr]    Compiling chrono v0.4.42
[INFO] [stderr]    Compiling hashbrown v0.14.5
[INFO] [stderr]    Compiling ciborium-ll v0.2.2
[INFO] [stderr]    Compiling ciborium v0.2.2
[INFO] [stderr]    Compiling rand_chacha v0.3.1
[INFO] [stderr]    Compiling rand v0.8.5
[INFO] [stderr]    Compiling halfbrown v0.2.5
[INFO] [stderr]    Compiling hashlink v0.9.1
[INFO] [stderr]    Compiling criterion v0.5.1
[INFO] [stderr]    Compiling value-trait v0.10.1
[INFO] [stderr]    Compiling simd-json v0.14.3
[INFO] [stderr]    Compiling zippy_data v0.1.2 (/opt/rustwide/workdir)
[INFO] [stderr]    Compiling rusqlite v0.31.0
[INFO] [stderr]     Finished `release` profile [optimized] target(s) in 1m 32s
[INFO] running `Command { std: "docker" "inspect" "68aff104b69129600f9002c8583542e896f712ca8e9031792b3dc876210f5831", kill_on_drop: false }`
[INFO] running `Command { std: "docker" "exec" "-e" "SOURCE_DIR=/opt/rustwide/workdir" "-e" "CARGO_HOME=/opt/rustwide/cargo-home" "-e" "RUSTUP_HOME=/opt/rustwide/rustup-home" "-e" "CARGO_TARGET_DIR=/opt/rustwide/target" "-e" "CARGO_INCREMENTAL=0" "-e" "RUST_BACKTRACE=full" "-e" "RUSTFLAGS=--cap-lints=warn" "-e" "RUSTDOCFLAGS=--cap-lints=warn" "-w" "/opt/rustwide/workdir" "--user" "0:0" "68aff104b69129600f9002c8583542e896f712ca8e9031792b3dc876210f5831" "/opt/rustwide/cargo-home/bin/cargo" "+1.99.0-beta.1" "test" "--frozen" "--release", kill_on_drop: false }`
[INFO] [stderr]     Finished `release` profile [optimized] target(s) in 0.09s
[INFO] [stderr]      Running unittests src/lib.rs (/opt/rustwide/target/release/deps/zippy_data-060caf26ddbb028b)
[INFO] [stdout] 
[INFO] [stdout] running 42 tests
[INFO] [stdout] test codec::tests::test_canonicalize ... ok
[INFO] [stdout] test codec::tests::test_decode_encode ... ok
[INFO] [stdout] test codec::tests::test_extract_fields ... ok
[INFO] [stdout] test codec::tests::test_predicate_and_or ... ok
[INFO] [stdout] test codec::tests::test_predicate_exists ... ok
[INFO] [stdout] test codec::tests::test_nested_field_access ... ok
[INFO] [stdout] test codec::tests::test_predicate_eq ... ok
[INFO] [stdout] test container::tests::test_folder_container ... ok
[INFO] [stdout] test fast_writer::tests::test_fast_store_basic ... ok
[INFO] [stdout] test container::tests::test_pack_unpack ... ok
[INFO] [stdout] test index::tests::test_index_operations ... ok
[INFO] [stdout] test index::tests::test_order_preservation ... ok
[INFO] [stdout] test layout::tests::test_doc_id_validation ... ok
[INFO] [stdout] test layout::tests::test_init_and_validate ... ok
[INFO] [stdout] test fast_writer::tests::test_zds_root_memoization ... FAILED
[INFO] [stdout] test layout::tests::test_path_builders ... ok
[INFO] [stdout] test fast_writer::tests::test_zds_root_basic ... ok
[INFO] [stdout] test lock::tests::test_lock_info_serialization ... ok
[INFO] [stdout] test schema::tests::test_compute_schema_id ... ok
[INFO] [stdout] test schema::tests::test_extract_schema ... ok
[INFO] [stdout] test schema::tests::test_flexible_mode ... ok
[INFO] [stdout] test schema::tests::test_strict_mode ... ok
[INFO] [stdout] test tests::test_version ... ok
[INFO] [stdout] test lock::tests::test_double_lock_fails ... ok
[INFO] [stdout] test lock::tests::test_acquire_release ... ok
[INFO] [stdout] test ffi::tests::test_ffi_basic ... ok
[INFO] [stdout] test fast_writer::tests::test_zds_root_collection_isolation ... ok
[INFO] [stdout] test fast_writer::tests::test_zds_root_custom_batch_size ... ok
[INFO] [stdout] test txlog::tests::test_crash_recovery ... ok
[INFO] [stdout] test engine::tests::test_engine_scan_with_projection ... ok
[INFO] [stdout] test txlog::tests::test_journal_operations ... ok
[INFO] [stdout] test engine::tests::test_engine_scan ... ok
[INFO] [stdout] test engine::tests::test_engine_stats ... ok
[INFO] [stdout] test engine::tests::test_engine_scan_with_predicate ... ok
[INFO] [stdout] test engine::tests::test_engine_open_and_get ... ok
[INFO] [stdout] test writer::tests::test_buffered_writer ... ok
[INFO] [stdout] test writer::tests::test_sync_writer ... ok
[INFO] [stdout] test fast_writer::tests::test_zds_root_multiple_collections ... ok
[INFO] [stdout] test fast_writer::tests::test_zds_root_read_only ... ok
[INFO] [stdout] test fast_writer::tests::test_zds_root_reopen ... ok
[INFO] [stdout] test fast_writer::tests::test_zds_root_read_only_write_fails ... ok
[INFO] [stdout] test fast_writer::tests::test_zds_root_close ... ok
[INFO] [stdout] 
[INFO] [stdout] failures:
[INFO] [stdout] 
[INFO] [stdout] ---- fast_writer::tests::test_zds_root_memoization stdout ----
[INFO] [stdout] 
[INFO] [stdout] thread 'fast_writer::tests::test_zds_root_memoization' (2923) panicked at src/fast_writer.rs:1217:55:
[INFO] [stdout] called `Result::unwrap()` on an `Err` value: WriteLock("ZDS store is locked by another process (pid=2903, host=68aff104b691, since=2026-09-03T10:41:00.862049973+00:00)")
[INFO] [stdout] stack backtrace:
[INFO] [stdout]    0:     0x5e405b7ac911 - <<std[104cf6e2632825ea]::sys::backtrace::BacktraceLock>::print::DisplayBacktrace as core[7c831bd917ebf35f]::fmt::Display>::fmt
[INFO] [stdout]    1:     0x5e405b7c236a - core[7c831bd917ebf35f]::fmt::write
[INFO] [stdout]    2:     0x5e405b7b11ac - <alloc[2fdc3f7464fcf288]::vec::Vec<u8> as core[7c831bd917ebf35f]::io::write::Write>::write_fmt
[INFO] [stdout]    3:     0x5e405b786256 - std[104cf6e2632825ea]::panicking::default_hook::{closure#0}
[INFO] [stdout]    4:     0x5e405b7a39a9 - std[104cf6e2632825ea]::panicking::default_hook
[INFO] [stdout]    5:     0x5e405b70d5f0 - test[73009c9f9aebf890]::test_main_inner::<test[73009c9f9aebf890]::test_main_static::{closure#0}>::{closure#0}
[INFO] [stdout]    6:     0x5e405b7a3b62 - std[104cf6e2632825ea]::panicking::panic_with_hook
[INFO] [stdout]    7:     0x5e405b786302 - std[104cf6e2632825ea]::panicking::panic_handler::{closure#0}
[INFO] [stdout]    8:     0x5e405b77e539 - std[104cf6e2632825ea]::sys::backtrace::__rust_end_short_backtrace::<std[104cf6e2632825ea]::panicking::panic_handler::{closure#0}, !>
[INFO] [stdout]    9:     0x5e405b786fed - __rustc[b0d56fa5b193ad05]::rust_begin_unwind
[INFO] [stdout]   10:     0x5e405b7c2a9c - core[7c831bd917ebf35f]::panicking::panic_fmt
[INFO] [stdout]   11:     0x5e405b7c2872 - core[7c831bd917ebf35f]::result::unwrap_failed
[INFO] [stdout]   12:     0x5e405b6bd63f - zippy_data[c9cd07ab69157d78]::fast_writer::tests::test_zds_root_memoization
[INFO] [stdout]   13:     0x5e405b6f5389 - <zippy_data[c9cd07ab69157d78]::fast_writer::tests::test_zds_root_memoization::{closure#0} as core[7c831bd917ebf35f]::ops::function::FnOnce<()>>::call_once
[INFO] [stdout]   14:     0x5e405b7008db - test[73009c9f9aebf890]::__rust_begin_short_backtrace::<core[7c831bd917ebf35f]::result::Result<(), alloc[2fdc3f7464fcf288]::string::String>, fn() -> core[7c831bd917ebf35f]::result::Result<(), alloc[2fdc3f7464fcf288]::string::String>>
[INFO] [stdout]   15:     0x5e405b70df45 - test[73009c9f9aebf890]::run_test::{closure#0}
[INFO] [stdout]   16:     0x5e405b707304 - std[104cf6e2632825ea]::sys::backtrace::__rust_begin_short_backtrace::<test[73009c9f9aebf890]::run_test::{closure#1}, ()>
[INFO] [stdout]   17:     0x5e405b7110a2 - <std[104cf6e2632825ea]::thread::lifecycle::spawn_unchecked<test[73009c9f9aebf890]::run_test::{closure#1}, ()>::{closure#1} as core[7c831bd917ebf35f]::ops::function::FnOnce<()>>::call_once::{shim:vtable#0}
[INFO] [stdout]   18:     0x5e405b7ab939 - <std[104cf6e2632825ea]::sys::thread::unix::Thread>::new::thread_start
[INFO] [stdout]   19:     0x7d48dc13207a - <unknown>
[INFO] [stdout]   20:     0x7d48dc1c5534 - clone
[INFO] [stdout]   21:                0x0 - <unknown>
[INFO] [stdout] 
[INFO] [stdout] 
[INFO] [stdout] failures:
[INFO] [stdout]     fast_writer::tests::test_zds_root_memoization
[INFO] [stdout] 
[INFO] [stdout] test result: FAILED. 41 passed; 1 failed; 0 ignored; 0 measured; 0 filtered out; finished in 0.03s
[INFO] [stdout] 
[INFO] [stderr] error: test failed, to rerun pass `--lib`
[INFO] running `Command { std: "docker" "inspect" "68aff104b69129600f9002c8583542e896f712ca8e9031792b3dc876210f5831", kill_on_drop: false }`
[INFO] running `Command { std: "docker" "rm" "-f" "68aff104b69129600f9002c8583542e896f712ca8e9031792b3dc876210f5831", kill_on_drop: false }`
[INFO] [stdout] 68aff104b69129600f9002c8583542e896f712ca8e9031792b3dc876210f5831
