[INFO] fetching crate cpca 0.2.1...
[INFO] testing cpca-0.2.1 against 1.99.0-beta.1+cargoflags=--release for beta-release-1.99-2
[INFO] extracting crate cpca 0.2.1 into /workspace/builds/worker-4-tc2/source
[INFO] started tweaking crates.io crate cpca 0.2.1
[INFO] finished tweaking crates.io crate cpca 0.2.1
[INFO] tweaked toml for crates.io crate cpca 0.2.1 written to /workspace/builds/worker-4-tc2/source/Cargo.toml
[INFO] validating manifest of crates.io crate cpca 0.2.1 on toolchain 1.99.0-beta.1
[INFO] running `Command { std: CARGO_HOME="/workspace/cargo-home" RUSTUP_HOME="/workspace/rustup-home" "/workspace/cargo-home/bin/cargo" "+1.99.0-beta.1" "metadata" "--manifest-path" "Cargo.toml" "--no-deps", kill_on_drop: false }`
[INFO] crate crates.io crate cpca 0.2.1 already has a lockfile, it will not be regenerated
[INFO] running `Command { std: CARGO_HOME="/workspace/cargo-home" RUSTUP_HOME="/workspace/rustup-home" "/workspace/cargo-home/bin/cargo" "+1.99.0-beta.1" "fetch" "--manifest-path" "Cargo.toml", kill_on_drop: false }`
[INFO] running `Command { std: "docker" "create" "-v" "/var/lib/crater-agent-workspace/builds/worker-4-tc2/source:/opt/rustwide/workdir:ro,Z" "-v" "/var/lib/crater-agent-workspace/builds/worker-4-tc2/target:/opt/rustwide/target:rw,Z" "-v" "/var/lib/crater-agent-workspace/cargo-home:/opt/rustwide/cargo-home:ro,Z" "-v" "/var/lib/crater-agent-workspace/rustup-home:/opt/rustwide/rustup-home:ro,Z" "-m" "1610612736" "--network" "none" "ghcr.io/rust-lang/crates-build-env/linux@sha256:8683fc1fc2eb5c9ac98e0d076ab094b2ffac7f99da555d2b6a2e27f346de2ec7" "sleep" "infinity", kill_on_drop: false }`
[INFO] [stdout] 5dcf0be25b0b832befa9d8ecd7603c7dc3c1d37672bc2c810298d19b4f23e9d6
[INFO] running `Command { std: "docker" "start" "5dcf0be25b0b832befa9d8ecd7603c7dc3c1d37672bc2c810298d19b4f23e9d6", kill_on_drop: false }`
[INFO] running `Command { std: "docker" "inspect" "5dcf0be25b0b832befa9d8ecd7603c7dc3c1d37672bc2c810298d19b4f23e9d6", kill_on_drop: false }`
[INFO] running `Command { std: "docker" "exec" "-e" "SOURCE_DIR=/opt/rustwide/workdir" "-e" "CARGO_HOME=/opt/rustwide/cargo-home" "-e" "RUSTUP_HOME=/opt/rustwide/rustup-home" "-e" "CARGO_TARGET_DIR=/opt/rustwide/target" "-w" "/opt/rustwide/workdir" "--user" "0:0" "5dcf0be25b0b832befa9d8ecd7603c7dc3c1d37672bc2c810298d19b4f23e9d6" "/opt/rustwide/cargo-home/bin/cargo" "+1.99.0-beta.1" "metadata" "--no-deps" "--format-version=1", kill_on_drop: false }`
[INFO] running `Command { std: "docker" "inspect" "5dcf0be25b0b832befa9d8ecd7603c7dc3c1d37672bc2c810298d19b4f23e9d6", kill_on_drop: false }`
[INFO] running `Command { std: "docker" "exec" "-e" "SOURCE_DIR=/opt/rustwide/workdir" "-e" "CARGO_HOME=/opt/rustwide/cargo-home" "-e" "RUSTUP_HOME=/opt/rustwide/rustup-home" "-e" "CARGO_TARGET_DIR=/opt/rustwide/target" "-e" "CARGO_INCREMENTAL=0" "-e" "RUST_BACKTRACE=full" "-e" "RUSTFLAGS=--cap-lints=warn" "-e" "RUSTDOCFLAGS=--cap-lints=warn" "-w" "/opt/rustwide/workdir" "--user" "0:0" "5dcf0be25b0b832befa9d8ecd7603c7dc3c1d37672bc2c810298d19b4f23e9d6" "/opt/rustwide/cargo-home/bin/cargo" "+1.99.0-beta.1" "build" "--frozen" "--message-format=json" "--release", kill_on_drop: false }`
[INFO] [stderr]    Compiling proc-macro2 v1.0.105
[INFO] [stderr]    Compiling quote v1.0.43
[INFO] [stderr]    Compiling thiserror v2.0.17
[INFO] [stderr]    Compiling syn v2.0.114
[INFO] [stderr]    Compiling thiserror-impl v2.0.17
[INFO] [stderr]    Compiling cpca v0.2.1 (/opt/rustwide/workdir)
[INFO] [stderr]     Finished `release` profile [optimized] target(s) in 6.36s
[INFO] running `Command { std: "docker" "inspect" "5dcf0be25b0b832befa9d8ecd7603c7dc3c1d37672bc2c810298d19b4f23e9d6", kill_on_drop: false }`
[INFO] running `Command { std: "docker" "exec" "-e" "SOURCE_DIR=/opt/rustwide/workdir" "-e" "CARGO_HOME=/opt/rustwide/cargo-home" "-e" "RUSTUP_HOME=/opt/rustwide/rustup-home" "-e" "CARGO_TARGET_DIR=/opt/rustwide/target" "-e" "CARGO_INCREMENTAL=0" "-e" "RUST_BACKTRACE=full" "-e" "RUSTFLAGS=--cap-lints=warn" "-e" "RUSTDOCFLAGS=--cap-lints=warn" "-w" "/opt/rustwide/workdir" "--user" "0:0" "5dcf0be25b0b832befa9d8ecd7603c7dc3c1d37672bc2c810298d19b4f23e9d6" "/opt/rustwide/cargo-home/bin/cargo" "+1.99.0-beta.1" "test" "--frozen" "--no-run" "--message-format=json" "--release", kill_on_drop: false }`
[INFO] [stderr]    Compiling zerocopy v0.8.33
[INFO] [stderr]    Compiling zmij v1.0.13
[INFO] [stderr]    Compiling libc v0.2.180
[INFO] [stderr]    Compiling num-traits v0.2.19
[INFO] [stderr]    Compiling regex-syntax v0.8.8
[INFO] [stderr]    Compiling clap_builder v4.5.54
[INFO] [stderr]    Compiling itertools v0.10.5
[INFO] [stderr]    Compiling syn v2.0.114
[INFO] [stderr]    Compiling oorandom v11.1.5
[INFO] [stderr]    Compiling serde_json v1.0.149
[INFO] [stderr]    Compiling plotters v0.3.7
[INFO] [stderr]    Compiling is-terminal v0.4.17
[INFO] [stderr]    Compiling regex-automata v0.4.13
[INFO] [stderr]    Compiling criterion-plot v0.5.0
[INFO] [stderr]    Compiling clap v4.5.54
[INFO] [stderr]    Compiling zerocopy-derive v0.8.33
[INFO] [stderr]    Compiling serde_derive v1.0.228
[INFO] [stderr]    Compiling thiserror-impl v2.0.17
[INFO] [stderr]    Compiling thiserror v2.0.17
[INFO] [stderr]    Compiling cpca v0.2.1 (/opt/rustwide/workdir)
[INFO] [stderr]    Compiling regex v1.12.2
[INFO] [stderr]    Compiling serde v1.0.228
[INFO] [stderr]    Compiling tinytemplate v1.2.1
[INFO] [stderr]    Compiling half v2.7.1
[INFO] [stderr]    Compiling ciborium-ll v0.2.2
[INFO] [stderr]    Compiling ciborium v0.2.2
[INFO] [stderr]    Compiling criterion v0.5.1
[INFO] [stderr]     Finished `release` profile [optimized] target(s) in 45.98s
[INFO] running `Command { std: "docker" "inspect" "5dcf0be25b0b832befa9d8ecd7603c7dc3c1d37672bc2c810298d19b4f23e9d6", kill_on_drop: false }`
[INFO] running `Command { std: "docker" "exec" "-e" "SOURCE_DIR=/opt/rustwide/workdir" "-e" "CARGO_HOME=/opt/rustwide/cargo-home" "-e" "RUSTUP_HOME=/opt/rustwide/rustup-home" "-e" "CARGO_TARGET_DIR=/opt/rustwide/target" "-e" "CARGO_INCREMENTAL=0" "-e" "RUST_BACKTRACE=full" "-e" "RUSTFLAGS=--cap-lints=warn" "-e" "RUSTDOCFLAGS=--cap-lints=warn" "-w" "/opt/rustwide/workdir" "--user" "0:0" "5dcf0be25b0b832befa9d8ecd7603c7dc3c1d37672bc2c810298d19b4f23e9d6" "/opt/rustwide/cargo-home/bin/cargo" "+1.99.0-beta.1" "test" "--frozen" "--release", kill_on_drop: false }`
[INFO] [stderr]     Finished `release` profile [optimized] target(s) in 0.07s
[INFO] [stderr]      Running unittests src/lib.rs (/opt/rustwide/target/release/deps/cpca-b2b851d6745d053c)
[INFO] [stdout] 
[INFO] [stdout] running 55 tests
[INFO] [stdout] test data::tests::test_province_aliases ... ok
[INFO] [stdout] test data::tests::test_load_regions ... ok
[INFO] [stdout] test parser::tests::test_global_parser ... ok
[INFO] [stdout] test parser::tests::test_global_normalize ... ok
[INFO] [stdout] test parser::tests::test_cities_of_province ... ok
[INFO] [stdout] test data::tests::test_region_index ... ok
[INFO] [stdout] test parser::tests::test_normalize_municipality ... ok
[INFO] [stdout] test parser::tests::test_parse_county_level_city ... ok
[INFO] [stdout] test parser::tests::test_parse_autonomous_region ... ok
[INFO] [stdout] test parser::tests::test_parse_autonomous_region_short ... ok
[INFO] [stdout] test parser::tests::test_district_suffix_priority ... ok
[INFO] [stdout] test parser::tests::test_parse_autonomous_prefecture ... ok
[INFO] [stdout] test parser::tests::test_normalize_full ... ok
[INFO] [stdout] test parser::tests::test_normalize_short_names ... ok
[INFO] [stdout] test parser::tests::test_full_match_priority ... ok
[INFO] [stdout] test parser::tests::test_normalize_no_district ... ok
[INFO] [stdout] test parser::tests::test_parse_chongqing ... ok
[INFO] [stdout] test parser::tests::test_parse_autonomous_prefecture_short ... ok
[INFO] [stdout] test parser::tests::test_parse_ambiguous_district ... ok
[INFO] [stdout] test parser::tests::test_parse_full_address ... ok
[INFO] [stdout] test parser::tests::test_is_valid_address ... ok
[INFO] [stdout] test parser::tests::test_districts_of_city ... ok
[INFO] [stdout] test parser::tests::test_parse_batch ... ok
[INFO] [stdout] test parser::tests::test_parse_empty ... ok
[INFO] [stdout] test parser::tests::test_parse_only_district ... ok
[INFO] [stdout] test parser::tests::test_parse_city_district_same_name ... FAILED
[INFO] [stdout] test parser::tests::test_parse_only_city ... ok
[INFO] [stdout] test parser::tests::test_parse_shanghai ... ok
[INFO] [stdout] test parser::tests::test_parse_dongguan ... ok
[INFO] [stdout] test parser::tests::test_parse_municipality_full ... ok
[INFO] [stdout] test parser::tests::test_parse_inner_mongolia_short ... ok
[INFO] [stdout] test region::tests::test_parsed_address ... ok
[INFO] [stdout] test region::tests::test_municipality_address ... ok
[INFO] [stdout] test region::tests::test_region_full_name ... ok
[INFO] [stdout] test parser::tests::test_parse_municipality_short ... ok
[INFO] [stdout] test parser::tests::test_parse_zhongshan ... ok
[INFO] [stdout] test parser::tests::test_parse_with_extra_spaces ... ok
[INFO] [stdout] test parser::tests::test_parse_with_short_district ... ok
[INFO] [stdout] test parser::tests::test_parse_with_short_city ... ok
[INFO] [stdout] test tests::test_parse_full_address ... ok
[INFO] [stdout] test trie::tests::test_find_all ... ok
[INFO] [stdout] test trie::tests::test_find_longest_prefix ... ok
[INFO] [stdout] test trie::tests::test_trie_insert_and_get ... ok
[INFO] [stdout] test parser::tests::test_parse_no_province ... ok
[INFO] [stdout] test parser::tests::test_parse_inner_mongolia ... ok
[INFO] [stdout] test parser::tests::test_parse_duplicate_district_name ... ok
[INFO] [stdout] test parser::tests::test_parse_no_province_short_city ... ok
[INFO] [stdout] test parser::tests::test_parse_province_and_district_no_city ... ok
[INFO] [stdout] test parser::tests::test_parse_only_detail ... ok
[INFO] [stdout] test parser::tests::test_parse_whitespace ... ok
[INFO] [stdout] test parser::tests::test_parse_with_short_province ... ok
[INFO] [stdout] test tests::test_normalize ... ok
[INFO] [stdout] test parser::tests::test_provinces_list ... ok
[INFO] [stdout] test tests::test_parse_municipality ... ok
[INFO] [stdout] test tests::test_parse_short_name ... ok
[INFO] [stdout] 
[INFO] [stdout] failures:
[INFO] [stdout] 
[INFO] [stdout] ---- parser::tests::test_parse_city_district_same_name stdout ----
[INFO] [stdout] 
[INFO] [stdout] thread 'parser::tests::test_parse_city_district_same_name' (1006) panicked at src/parser.rs:897:9:
[INFO] [stdout] assertion `left == right` failed
[INFO] [stdout]   left: None
[INFO] [stdout]  right: Some("朝阳区")
[INFO] [stdout] stack backtrace:
[INFO] [stdout]    0:     0x57bd4e18f231 - <<std[104cf6e2632825ea]::sys::backtrace::BacktraceLock>::print::DisplayBacktrace as core[7c831bd917ebf35f]::fmt::Display>::fmt
[INFO] [stdout]    1:     0x57bd4e1a343a - core[7c831bd917ebf35f]::fmt::write
[INFO] [stdout]    2:     0x57bd4e1936cc - <alloc[2fdc3f7464fcf288]::vec::Vec<u8> as core[7c831bd917ebf35f]::io::write::Write>::write_fmt
[INFO] [stdout]    3:     0x57bd4e16b696 - std[104cf6e2632825ea]::panicking::default_hook::{closure#0}
[INFO] [stdout]    4:     0x57bd4e1877c9 - std[104cf6e2632825ea]::panicking::default_hook
[INFO] [stdout]    5:     0x57bd4e1239c0 - test[73009c9f9aebf890]::test_main_inner::<test[73009c9f9aebf890]::test_main_static::{closure#0}>::{closure#0}
[INFO] [stdout]    6:     0x57bd4e187982 - std[104cf6e2632825ea]::panicking::panic_with_hook
[INFO] [stdout]    7:     0x57bd4e16b742 - std[104cf6e2632825ea]::panicking::panic_handler::{closure#0}
[INFO] [stdout]    8:     0x57bd4e1640e9 - std[104cf6e2632825ea]::sys::backtrace::__rust_end_short_backtrace::<std[104cf6e2632825ea]::panicking::panic_handler::{closure#0}, !>
[INFO] [stdout]    9:     0x57bd4e16c33d - __rustc[b0d56fa5b193ad05]::rust_begin_unwind
[INFO] [stdout]   10:     0x57bd4e1a3b6c - core[7c831bd917ebf35f]::panicking::panic_fmt
[INFO] [stdout]   11:     0x57bd4e1a3a83 - core[7c831bd917ebf35f]::panicking::assert_failed_inner
[INFO] [stdout]   12:     0x57bd4e113053 - core[7c831bd917ebf35f]::panicking::assert_failed::<core[7c831bd917ebf35f]::option::Option<alloc[2fdc3f7464fcf288]::string::String>, core[7c831bd917ebf35f]::option::Option<alloc[2fdc3f7464fcf288]::string::String>>
[INFO] [stdout]   13:     0x57bd4e10343d - cpca[f393e584d6e13720]::parser::tests::test_parse_city_district_same_name
[INFO] [stdout]   14:     0x57bd4e114e29 - <cpca[f393e584d6e13720]::parser::tests::test_parse_city_district_same_name::{closure#0} as core[7c831bd917ebf35f]::ops::function::FnOnce<()>>::call_once
[INFO] [stdout]   15:     0x57bd4e116cab - test[73009c9f9aebf890]::__rust_begin_short_backtrace::<core[7c831bd917ebf35f]::result::Result<(), alloc[2fdc3f7464fcf288]::string::String>, fn() -> core[7c831bd917ebf35f]::result::Result<(), alloc[2fdc3f7464fcf288]::string::String>>
[INFO] [stdout]   16:     0x57bd4e124315 - test[73009c9f9aebf890]::run_test::{closure#0}
[INFO] [stdout]   17:     0x57bd4e11d6d4 - std[104cf6e2632825ea]::sys::backtrace::__rust_begin_short_backtrace::<test[73009c9f9aebf890]::run_test::{closure#1}, ()>
[INFO] [stdout]   18:     0x57bd4e127472 - <std[104cf6e2632825ea]::thread::lifecycle::spawn_unchecked<test[73009c9f9aebf890]::run_test::{closure#1}, ()>::{closure#1} as core[7c831bd917ebf35f]::ops::function::FnOnce<()>>::call_once::{shim:vtable#0}
[INFO] [stdout]   19:     0x57bd4e18ead9 - <std[104cf6e2632825ea]::sys::thread::unix::Thread>::new::thread_start
[INFO] [stdout]   20:     0x77aecf41007a - <unknown>
[INFO] [stdout]   21:     0x77aecf4a3534 - clone
[INFO] [stdout]   22:                0x0 - <unknown>
[INFO] [stdout] 
[INFO] [stdout] 
[INFO] [stdout] failures:
[INFO] [stdout]     parser::tests::test_parse_city_district_same_name
[INFO] [stdout] 
[INFO] [stdout] test result: FAILED. 54 passed; 1 failed; 0 ignored; 0 measured; 0 filtered out; finished in 0.48s
[INFO] [stdout] 
[INFO] [stderr] error: test failed, to rerun pass `--lib`
[INFO] running `Command { std: "docker" "inspect" "5dcf0be25b0b832befa9d8ecd7603c7dc3c1d37672bc2c810298d19b4f23e9d6", kill_on_drop: false }`
[INFO] running `Command { std: "docker" "rm" "-f" "5dcf0be25b0b832befa9d8ecd7603c7dc3c1d37672bc2c810298d19b4f23e9d6", kill_on_drop: false }`
[INFO] [stdout] 5dcf0be25b0b832befa9d8ecd7603c7dc3c1d37672bc2c810298d19b4f23e9d6
