[INFO] fetching crate amaru-observability-macros 0.1.2...
[INFO] testing amaru-observability-macros-0.1.2 against 1.99.0-beta.1+cargoflags=--release for beta-release-1.99-2
[INFO] extracting crate amaru-observability-macros 0.1.2 into /workspace/builds/worker-2-tc2/source
[INFO] started tweaking crates.io crate amaru-observability-macros 0.1.2
[INFO] removed 0 missing examples
[INFO] removed 0 missing tests
[INFO] finished tweaking crates.io crate amaru-observability-macros 0.1.2
[INFO] tweaked toml for crates.io crate amaru-observability-macros 0.1.2 written to /workspace/builds/worker-2-tc2/source/Cargo.toml
[INFO] validating manifest of crates.io crate amaru-observability-macros 0.1.2 on toolchain 1.99.0-beta.1
[INFO] running `Command { std: CARGO_HOME="/workspace/cargo-home" RUSTUP_HOME="/workspace/rustup-home" "/workspace/cargo-home/bin/cargo" "+1.99.0-beta.1" "metadata" "--manifest-path" "Cargo.toml" "--no-deps", kill_on_drop: false }`
[INFO] crate crates.io crate amaru-observability-macros 0.1.2 already has a lockfile, it will not be regenerated
[INFO] running `Command { std: CARGO_HOME="/workspace/cargo-home" RUSTUP_HOME="/workspace/rustup-home" "/workspace/cargo-home/bin/cargo" "+1.99.0-beta.1" "fetch" "--manifest-path" "Cargo.toml", kill_on_drop: false }`
[INFO] running `Command { std: "docker" "create" "-v" "/var/lib/crater-agent-workspace/builds/worker-2-tc2/source:/opt/rustwide/workdir:ro,Z" "-v" "/var/lib/crater-agent-workspace/builds/worker-2-tc2/target:/opt/rustwide/target:rw,Z" "-v" "/var/lib/crater-agent-workspace/cargo-home:/opt/rustwide/cargo-home:ro,Z" "-v" "/var/lib/crater-agent-workspace/rustup-home:/opt/rustwide/rustup-home:ro,Z" "-m" "1610612736" "--network" "none" "ghcr.io/rust-lang/crates-build-env/linux@sha256:8683fc1fc2eb5c9ac98e0d076ab094b2ffac7f99da555d2b6a2e27f346de2ec7" "sleep" "infinity", kill_on_drop: false }`
[INFO] [stdout] c195e946ce0f7c43149897b56d0279bb66622efdfb08512b652695165c9a8f7a
[INFO] running `Command { std: "docker" "start" "c195e946ce0f7c43149897b56d0279bb66622efdfb08512b652695165c9a8f7a", kill_on_drop: false }`
[INFO] running `Command { std: "docker" "inspect" "c195e946ce0f7c43149897b56d0279bb66622efdfb08512b652695165c9a8f7a", kill_on_drop: false }`
[INFO] running `Command { std: "docker" "exec" "-e" "SOURCE_DIR=/opt/rustwide/workdir" "-e" "CARGO_HOME=/opt/rustwide/cargo-home" "-e" "RUSTUP_HOME=/opt/rustwide/rustup-home" "-e" "CARGO_TARGET_DIR=/opt/rustwide/target" "-w" "/opt/rustwide/workdir" "--user" "0:0" "c195e946ce0f7c43149897b56d0279bb66622efdfb08512b652695165c9a8f7a" "/opt/rustwide/cargo-home/bin/cargo" "+1.99.0-beta.1" "metadata" "--no-deps" "--format-version=1", kill_on_drop: false }`
[INFO] running `Command { std: "docker" "inspect" "c195e946ce0f7c43149897b56d0279bb66622efdfb08512b652695165c9a8f7a", kill_on_drop: false }`
[INFO] running `Command { std: "docker" "exec" "-e" "SOURCE_DIR=/opt/rustwide/workdir" "-e" "CARGO_HOME=/opt/rustwide/cargo-home" "-e" "RUSTUP_HOME=/opt/rustwide/rustup-home" "-e" "CARGO_TARGET_DIR=/opt/rustwide/target" "-e" "CARGO_INCREMENTAL=0" "-e" "RUST_BACKTRACE=full" "-e" "RUSTFLAGS=--cap-lints=warn" "-e" "RUSTDOCFLAGS=--cap-lints=warn" "-w" "/opt/rustwide/workdir" "--user" "0:0" "c195e946ce0f7c43149897b56d0279bb66622efdfb08512b652695165c9a8f7a" "/opt/rustwide/cargo-home/bin/cargo" "+1.99.0-beta.1" "build" "--frozen" "--message-format=json" "--release", kill_on_drop: false }`
[INFO] [stderr]    Compiling proc-macro2 v1.0.103
[INFO] [stderr]    Compiling unicode-ident v1.0.22
[INFO] [stderr]    Compiling quote v1.0.42
[INFO] [stderr]    Compiling inventory v0.3.21
[INFO] [stderr]    Compiling syn v2.0.111
[INFO] [stderr]    Compiling amaru-observability-macros v0.1.2 (/opt/rustwide/workdir)
[INFO] [stderr]     Finished `release` profile [optimized] target(s) in 9.70s
[INFO] running `Command { std: "docker" "inspect" "c195e946ce0f7c43149897b56d0279bb66622efdfb08512b652695165c9a8f7a", kill_on_drop: false }`
[INFO] running `Command { std: "docker" "exec" "-e" "SOURCE_DIR=/opt/rustwide/workdir" "-e" "CARGO_HOME=/opt/rustwide/cargo-home" "-e" "RUSTUP_HOME=/opt/rustwide/rustup-home" "-e" "CARGO_TARGET_DIR=/opt/rustwide/target" "-e" "CARGO_INCREMENTAL=0" "-e" "RUST_BACKTRACE=full" "-e" "RUSTFLAGS=--cap-lints=warn" "-e" "RUSTDOCFLAGS=--cap-lints=warn" "-w" "/opt/rustwide/workdir" "--user" "0:0" "c195e946ce0f7c43149897b56d0279bb66622efdfb08512b652695165c9a8f7a" "/opt/rustwide/cargo-home/bin/cargo" "+1.99.0-beta.1" "test" "--frozen" "--no-run" "--message-format=json" "--release", kill_on_drop: false }`
[INFO] [stderr]    Compiling serde_core v1.0.228
[INFO] [stderr]    Compiling serde v1.0.228
[INFO] [stderr]    Compiling serde_json v1.0.145
[INFO] [stderr]    Compiling target-triple v1.0.0
[INFO] [stderr]    Compiling once_cell v1.21.3
[INFO] [stderr]    Compiling winnow v0.7.14
[INFO] [stderr]    Compiling regex-syntax v0.8.8
[INFO] [stderr]    Compiling memchr v2.7.6
[INFO] [stderr]    Compiling unicode-ident v1.0.22
[INFO] [stderr]    Compiling proc-macro2 v1.0.103
[INFO] [stderr]    Compiling quote v1.0.42
[INFO] [stderr]    Compiling toml_writer v1.0.6+spec-1.1.0
[INFO] [stderr]    Compiling pin-project-lite v0.2.16
[INFO] [stderr]    Compiling glob v0.3.3
[INFO] [stderr]    Compiling syn v2.0.111
[INFO] [stderr]    Compiling smallvec v1.15.1
[INFO] [stderr]    Compiling termcolor v1.4.1
[INFO] [stderr]    Compiling inventory v0.3.21
[INFO] [stderr]    Compiling itoa v1.0.15
[INFO] [stderr]    Compiling tracing-core v0.1.36
[INFO] [stderr]    Compiling ryu v1.0.20
[INFO] [stderr]    Compiling lazy_static v1.5.0
[INFO] [stderr]    Compiling log v0.4.29
[INFO] [stderr]    Compiling tracing-log v0.2.0
[INFO] [stderr]    Compiling cfg-if v1.0.4
[INFO] [stderr]    Compiling thread_local v1.1.9
[INFO] [stderr]    Compiling sharded-slab v0.1.7
[INFO] [stderr]    Compiling nu-ansi-term v0.50.3
[INFO] [stderr]    Compiling toml_parser v1.0.6+spec-1.1.0
[INFO] [stderr]    Compiling regex-automata v0.4.13
[INFO] [stderr]    Compiling toml_datetime v0.7.5+spec-1.1.0
[INFO] [stderr]    Compiling serde_spanned v1.0.4
[INFO] [stderr]    Compiling toml v0.9.10+spec-1.1.0
[INFO] [stderr]    Compiling tracing-serde v0.2.0
[INFO] [stderr]    Compiling tracing-attributes v0.1.31
[INFO] [stderr]    Compiling serde_derive v1.0.228
[INFO] [stderr]    Compiling amaru-observability-macros v0.1.2 (/opt/rustwide/workdir)
[INFO] [stderr]    Compiling matchers v0.2.0
[INFO] [stderr]    Compiling tracing v0.1.44
[INFO] [stderr]    Compiling tracing-subscriber v0.3.22
[INFO] [stderr]    Compiling trybuild v1.0.115
[INFO] [stderr]     Finished `release` profile [optimized] target(s) in 1m 05s
[INFO] running `Command { std: "docker" "inspect" "c195e946ce0f7c43149897b56d0279bb66622efdfb08512b652695165c9a8f7a", kill_on_drop: false }`
[INFO] running `Command { std: "docker" "exec" "-e" "SOURCE_DIR=/opt/rustwide/workdir" "-e" "CARGO_HOME=/opt/rustwide/cargo-home" "-e" "RUSTUP_HOME=/opt/rustwide/rustup-home" "-e" "CARGO_TARGET_DIR=/opt/rustwide/target" "-e" "CARGO_INCREMENTAL=0" "-e" "RUST_BACKTRACE=full" "-e" "RUSTFLAGS=--cap-lints=warn" "-e" "RUSTDOCFLAGS=--cap-lints=warn" "-w" "/opt/rustwide/workdir" "--user" "0:0" "c195e946ce0f7c43149897b56d0279bb66622efdfb08512b652695165c9a8f7a" "/opt/rustwide/cargo-home/bin/cargo" "+1.99.0-beta.1" "test" "--frozen" "--release", kill_on_drop: false }`
[INFO] [stderr]     Finished `release` profile [optimized] target(s) in 0.07s
[INFO] [stderr]      Running unittests src/lib.rs (/opt/rustwide/target/release/deps/amaru_observability_macros-32759cd93e12b5da)
[INFO] [stdout] 
[INFO] [stdout] running 17 tests
[INFO] [stdout] test define_schemas::tests::test_extract_simple_schema ... ok
[INFO] [stdout] test define_schemas::tests::test_extract_multiple_schemas ... ok
[INFO] [stdout] test define_schemas::tests::test_duplicate_field_error ... ok
[INFO] [stdout] test define_schemas::tests::test_extract_schema_with_optional ... ok
[INFO] [stdout] test define_schemas::tests::test_multiline_description ... ok
[INFO] [stdout] test define_schemas::tests::test_missing_description_error ... ok
[INFO] [stdout] test define_schemas::tests::test_schema_validation_string ... ok
[INFO] [stdout] test define_schemas::tests::test_tokenize_nested ... ok
[INFO] [stdout] test define_schemas::tests::test_tokenize_with_commas ... ok
[INFO] [stdout] test utils::tests::test_is_identifier_start ... ok
[INFO] [stdout] test utils::tests::test_is_valid_identifier ... ok
[INFO] [stdout] test utils::tests::test_path_edge_cases ... ok
[INFO] [stdout] test utils::tests::test_path_operations ... ok
[INFO] [stdout] test define_schemas::tests::test_with_description ... ok
[INFO] [stdout] test define_schemas::tests::test_tokenize_simple ... ok
[INFO] [stdout] test utils::tests::test_strip_leading_underscores ... ok
[INFO] [stdout] test utils::tests::test_is_uppercase_identifier ... ok
[INFO] [stdout] 
[INFO] [stdout] test result: ok. 17 passed; 0 failed; 0 ignored; 0 measured; 0 filtered out; finished in 0.04s
[INFO] [stderr]      Running tests/instrument_target.rs (/opt/rustwide/target/release/deps/instrument_target-231456af616be314)
[INFO] [stdout] 
[INFO] [stdout] 
[INFO] [stdout] running 5 tests
[INFO] [stdout] test test_schema_fields_declared ... ok
[INFO] [stdout] test test_span_level_is_trace ... ok
[INFO] [stdout] test test_span_target_and_name ... ok
[INFO] [stdout] test test_field_values_recorded ... ok
[INFO] [stdout] test test_trace_record_records_to_span ... ok
[INFO] [stdout] 
[INFO] [stdout] test result: ok. 5 passed; 0 failed; 0 ignored; 0 measured; 0 filtered out; finished in 0.00s
[INFO] [stdout] 
[INFO] [stderr]      Running tests/private_keyword.rs (/opt/rustwide/target/release/deps/private_keyword-6281216e11166d9c)
[INFO] [stdout] 
[INFO] [stdout] running 1 test
[INFO] [stdout] test test_private_keyword_in_schemas ... ok
[INFO] [stdout] 
[INFO] [stdout] test result: ok. 1 passed; 0 failed; 0 ignored; 0 measured; 0 filtered out; finished in 0.00s
[INFO] [stdout] 
[INFO] [stderr]      Running tests/trace_levels.rs (/opt/rustwide/target/release/deps/trace_levels-8eb5b338429ab38d)
[INFO] [stdout] 
[INFO] [stdout] running 6 tests
[INFO] [stdout] test test_trace_with_debug_level ... ok
[INFO] [stdout] test test_trace_default_trace_level ... ok
[INFO] [stdout] test test_trace_with_level_and_custom_fields ... ok
[INFO] [stdout] test test_trace_with_info_level ... ok
[INFO] [stdout] test test_trace_with_error_level ... ok
[INFO] [stdout] test test_trace_with_warn_level ... ok
[INFO] [stdout] 
[INFO] [stdout] test result: ok. 6 passed; 0 failed; 0 ignored; 0 measured; 0 filtered out; finished in 0.00s
[INFO] [stdout] 
[INFO] [stderr]      Running tests/trace_span_record_levels.rs (/opt/rustwide/target/release/deps/trace_span_record_levels-f98df4d15014a188)
[INFO] [stdout] 
[INFO] [stdout] running 11 tests
[INFO] [stdout] test test_trace_record_with_debug_level_emits_event ... ok
[INFO] [stdout] test test_trace_record_with_error_level_emits_event ... ok
[INFO] [stdout] test test_trace_record_with_warn_level_emits_event ... ok
[INFO] [stdout] test test_trace_record_with_info_level_emits_event ... ok
[INFO] [stdout] test test_trace_record_with_trace_level_emits_event ... ok
[INFO] [stdout] test test_trace_span_default_trace_level ... ok
[INFO] [stdout] test test_trace_span_with_debug_level ... ok
[INFO] [stdout] test test_trace_span_with_error_level ... ok
[INFO] [stdout] test test_trace_span_with_info_level ... ok
[INFO] [stdout] test test_trace_record_without_level_no_event ... ok
[INFO] [stdout] test test_trace_span_with_warn_level ... ok
[INFO] [stdout] 
[INFO] [stdout] test result: ok. 11 passed; 0 failed; 0 ignored; 0 measured; 0 filtered out; finished in 0.00s
[INFO] [stdout] 
[INFO] [stderr]      Running tests/ui.rs (/opt/rustwide/target/release/deps/ui-5ee2338c5907318d)
[INFO] [stdout] 
[INFO] [stdout] running 1 test
[INFO] [stderr]    Compiling proc-macro2 v1.0.103
[INFO] [stderr]    Compiling quote v1.0.42
[INFO] [stderr]    Compiling unicode-ident v1.0.22
[INFO] [stderr]    Compiling serde_core v1.0.228
[INFO] [stderr]     Checking once_cell v1.21.3
[INFO] [stderr]    Compiling serde v1.0.228
[INFO] [stderr]     Checking regex-syntax v0.8.8
[INFO] [stderr]    Compiling serde_json v1.0.145
[INFO] [stderr]     Checking ryu v1.0.20
[INFO] [stderr]     Checking itoa v1.0.15
[INFO] [stderr]     Checking memchr v2.7.6
[INFO] [stderr]     Checking cfg-if v1.0.4
[INFO] [stderr]     Checking log v0.4.29
[INFO] [stderr]     Checking lazy_static v1.5.0
[INFO] [stderr]     Checking pin-project-lite v0.2.16
[INFO] [stderr]     Checking sharded-slab v0.1.7
[INFO] [stderr]     Checking thread_local v1.1.9
[INFO] [stderr]     Checking smallvec v1.15.1
[INFO] [stderr]     Checking nu-ansi-term v0.50.3
[INFO] [stderr]    Compiling inventory v0.3.21
[INFO] [stderr]     Checking tracing-core v0.1.36
[INFO] [stderr]     Checking tracing-log v0.2.0
[INFO] [stderr]     Checking syn v2.0.111
[INFO] [stderr]     Checking regex-automata v0.4.13
[INFO] [stderr]     Checking tracing-serde v0.2.0
[INFO] [stderr]     Checking matchers v0.2.0
[INFO] [stderr]    Compiling tracing-attributes v0.1.31
[INFO] [stderr]    Compiling amaru-observability-macros v0.1.2 (/opt/rustwide/workdir)
[INFO] [stderr]     Checking tracing v0.1.44
[INFO] [stderr]     Checking tracing-subscriber v0.3.22
[INFO] [stderr]     Checking amaru-observability-macros-tests v0.0.0 (/opt/rustwide/target/tests/trybuild/amaru-observability-macros)
[INFO] [stderr]     Finished `dev` profile [unoptimized + debuginfo] target(s) in 13.32s
[INFO] [stderr] 
[INFO] [stderr] 
[INFO] [stderr] test tests/ui/compile_fail/custom_expr_unknown_field.rs ... ok
[INFO] [stderr] test tests/ui/compile_fail/duplicate_field.rs ... ok
[INFO] [stderr] test tests/ui/compile_fail/invalid_schema_name_with_colon.rs ... mismatch
[INFO] [stderr] 
[INFO] [stderr] EXPECTED:
[INFO] [stderr] ┈┈┈┈┈┈┈┈┈┈┈┈┈┈┈┈┈┈┈┈┈┈┈┈┈┈┈┈┈┈┈┈┈┈┈┈┈┈┈┈┈┈┈┈┈┈┈┈┈┈┈┈┈┈┈┈┈┈┈┈
[INFO] [stdout] test ui_compile_fail_tests ... FAILED
[INFO] [stderr] error: expected item after attributes
[INFO] [stdout] 
[INFO] [stderr]   --> tests/ui/compile_fail/invalid_schema_name_with_colon.rs:20:1
[INFO] [stdout] failures:
[INFO] [stderr]    |
[INFO] [stdout] 
[INFO] [stderr] 20 | / define_local_schemas! {
[INFO] [stdout] ---- ui_compile_fail_tests stdout ----
[INFO] [stderr] 21 | |     test {
[INFO] [stdout] 
[INFO] [stderr] 22 | |         validation {
[INFO] [stdout] thread 'ui_compile_fail_tests' (1658) panicked at /opt/rustwide/cargo-home/registry/src/index.crates.io-1949cf8c6b5b557f/trybuild-1.0.115/src/run.rs:102:13:
[INFO] [stderr] 23 | |             /// Schema with invalid name containing hyphen
[INFO] [stdout] 1 of 7 tests failed
[INFO] [stderr] ...  |
[INFO] [stdout] stack backtrace:
[INFO] [stderr] 29 | | }
[INFO] [stdout]    0:     0x5a9e5d346221 - <<std[104cf6e2632825ea]::sys::backtrace::BacktraceLock>::print::DisplayBacktrace as core[7c831bd917ebf35f]::fmt::Display>::fmt
[INFO] [stderr]    | |_^
[INFO] [stdout]    1:     0x5a9e5d35c8aa - core[7c831bd917ebf35f]::fmt::write
[INFO] [stderr]    |
[INFO] [stdout]    2:     0x5a9e5d34acec - <alloc[2fdc3f7464fcf288]::vec::Vec<u8> as core[7c831bd917ebf35f]::io::write::Write>::write_fmt
[INFO] [stderr]    = note: this error originates in the macro `define_local_schemas` (in Nightly builds, run with -Z macro-backtrace for more info)
[INFO] [stdout]    3:     0x5a9e5d31f6f6 - std[104cf6e2632825ea]::panicking::default_hook::{closure#0}
[INFO] [stderr] ┈┈┈┈┈┈┈┈┈┈┈┈┈┈┈┈┈┈┈┈┈┈┈┈┈┈┈┈┈┈┈┈┈┈┈┈┈┈┈┈┈┈┈┈┈┈┈┈┈┈┈┈┈┈┈┈┈┈┈┈
[INFO] [stdout]    4:     0x5a9e5d33d849 - std[104cf6e2632825ea]::panicking::default_hook
[INFO] [stderr] 
[INFO] [stdout]    5:     0x5a9e5d2d6b50 - test[73009c9f9aebf890]::test_main_inner::<test[73009c9f9aebf890]::test_main_static::{closure#0}>::{closure#0}
[INFO] [stderr] ACTUAL OUTPUT:
[INFO] [stdout]    6:     0x5a9e5d33da02 - std[104cf6e2632825ea]::panicking::panic_with_hook
[INFO] [stderr] ┈┈┈┈┈┈┈┈┈┈┈┈┈┈┈┈┈┈┈┈┈┈┈┈┈┈┈┈┈┈┈┈┈┈┈┈┈┈┈┈┈┈┈┈┈┈┈┈┈┈┈┈┈┈┈┈┈┈┈┈
[INFO] [stdout]    7:     0x5a9e5d31f7a2 - std[104cf6e2632825ea]::panicking::panic_handler::{closure#0}
[INFO] [stderr] error: expected item after attributes
[INFO] [stdout]    8:     0x5a9e5d3178c9 - std[104cf6e2632825ea]::sys::backtrace::__rust_end_short_backtrace::<std[104cf6e2632825ea]::panicking::panic_handler::{closure#0}, !>
[INFO] [stderr]   --> tests/ui/compile_fail/invalid_schema_name_with_colon.rs:20:1
[INFO] [stdout]    9:     0x5a9e5d32039d - __rustc[b0d56fa5b193ad05]::rust_begin_unwind
[INFO] [stderr]    |
[INFO] [stdout]   10:     0x5a9e5d35d01c - core[7c831bd917ebf35f]::panicking::panic_fmt
[INFO] [stderr] 20 | / define_local_schemas! {
[INFO] [stdout]   11:     0x5a9e5d225c08 - <trybuild[fb9dceabbcc746c5]::Runner>::run
[INFO] [stderr] 21 | |     test {
[INFO] [stdout]   12:     0x5a9e5d229710 - <trybuild[fb9dceabbcc746c5]::TestCases as core[7c831bd917ebf35f]::ops::drop::Drop>::drop
[INFO] [stderr] 22 | |         validation {
[INFO] [stdout]   13:     0x5a9e5d220768 - ui[88b6807143ed0841]::ui_compile_fail_tests
[INFO] [stderr] 23 | |             /// Schema with invalid name containing hyphen
[INFO] [stdout]   14:     0x5a9e5d220969 - <ui[88b6807143ed0841]::ui_compile_fail_tests::{closure#0} as core[7c831bd917ebf35f]::ops::function::FnOnce<()>>::call_once
[INFO] [stderr] ...  |
[INFO] [stdout]   15:     0x5a9e5d2c9e3b - test[73009c9f9aebf890]::__rust_begin_short_backtrace::<core[7c831bd917ebf35f]::result::Result<(), alloc[2fdc3f7464fcf288]::string::String>, fn() -> core[7c831bd917ebf35f]::result::Result<(), alloc[2fdc3f7464fcf288]::string::String>>
[INFO] [stderr] 29 | | }
[INFO] [stdout]   16:     0x5a9e5d2d74a5 - test[73009c9f9aebf890]::run_test::{closure#0}
[INFO] [stderr]    | |_^ expected an item after this
[INFO] [stdout]   17:     0x5a9e5d2d0864 - std[104cf6e2632825ea]::sys::backtrace::__rust_begin_short_backtrace::<test[73009c9f9aebf890]::run_test::{closure#1}, ()>
[INFO] [stderr]    |
[INFO] [stdout]   18:     0x5a9e5d2da602 - <std[104cf6e2632825ea]::thread::lifecycle::spawn_unchecked<test[73009c9f9aebf890]::run_test::{closure#1}, ()>::{closure#1} as core[7c831bd917ebf35f]::ops::function::FnOnce<()>>::call_once::{shim:vtable#0}
[INFO] [stderr]    = note: this error originates in the macro `define_local_schemas` (in Nightly builds, run with -Z macro-backtrace for more info)
[INFO] [stdout]   19:     0x5a9e5d3454d9 - <std[104cf6e2632825ea]::sys::thread::unix::Thread>::new::thread_start
[INFO] [stderr] ┈┈┈┈┈┈┈┈┈┈┈┈┈┈┈┈┈┈┈┈┈┈┈┈┈┈┈┈┈┈┈┈┈┈┈┈┈┈┈┈┈┈┈┈┈┈┈┈┈┈┈┈┈┈┈┈┈┈┈┈
[INFO] [stdout]   20:     0x7653d37df07a - <unknown>
[INFO] [stderr] note: If the actual output is the correct output you can bless it by rerunning
[INFO] [stdout]   21:     0x7653d3872534 - clone
[INFO] [stderr]       your test with the environment variable TRYBUILD=overwrite
[INFO] [stdout]   22:                0x0 - <unknown>
[INFO] [stderr] 
[INFO] [stdout] 
[INFO] [stderr] test tests/ui/compile_fail/missing_required_field.rs ... ok
[INFO] [stdout] 
[INFO] [stderr] test tests/ui/compile_fail/underscore_collision.rs ... ok
[INFO] [stdout] failures:
[INFO] [stderr] test tests/ui/compile_fail/wrong_field_type.rs ... ok
[INFO] [stdout]     ui_compile_fail_tests
[INFO] [stderr] test tests/ui/compile_fail/wrong_schema_in_module.rs ... ok
[INFO] [stdout] 
[INFO] [stderr] 
[INFO] [stdout] test result: FAILED. 0 passed; 1 failed; 0 ignored; 0 measured; 0 filtered out; finished in 19.24s
[INFO] [stderr] 
[INFO] [stdout] 
[INFO] [stderr] error: test failed, to rerun pass `--test ui`
[INFO] running `Command { std: "docker" "inspect" "c195e946ce0f7c43149897b56d0279bb66622efdfb08512b652695165c9a8f7a", kill_on_drop: false }`
[INFO] running `Command { std: "docker" "rm" "-f" "c195e946ce0f7c43149897b56d0279bb66622efdfb08512b652695165c9a8f7a", kill_on_drop: false }`
[INFO] [stdout] c195e946ce0f7c43149897b56d0279bb66622efdfb08512b652695165c9a8f7a
