[INFO] cloning repository https://github.com/kolloch/reqray
[INFO] running `Command { std: "git" "-c" "credential.helper=" "-c" "credential.helper=/workspace/cargo-home/bin/git-credential-null" "clone" "--bare" "https://github.com/kolloch/reqray" "/workspace/cache/git-repos/https%3A%2F%2Fgithub.com%2Fkolloch%2Freqray", kill_on_drop: false }`
[INFO] [stderr] Cloning into bare repository '/workspace/cache/git-repos/https%3A%2F%2Fgithub.com%2Fkolloch%2Freqray'...
[INFO] running `Command { std: "git" "rev-parse" "HEAD", kill_on_drop: false }`
[INFO] [stdout] 115aac8d5e46d8b5463cebef2b21d138444fb773
[INFO] testing kolloch/reqray against 1.99.0-beta.1+cargoflags=--release for beta-release-1.99-2
[INFO] running `Command { std: "git" "clone" "/workspace/cache/git-repos/https%3A%2F%2Fgithub.com%2Fkolloch%2Freqray" "/workspace/builds/worker-1-tc2/source", kill_on_drop: false }`
[INFO] [stderr] Cloning into '/workspace/builds/worker-1-tc2/source'...
[INFO] [stderr] done.
[INFO] started tweaking git repo https://github.com/kolloch/reqray
[INFO] finished tweaking git repo https://github.com/kolloch/reqray
[INFO] tweaked toml for git repo https://github.com/kolloch/reqray written to /workspace/builds/worker-1-tc2/source/Cargo.toml
[INFO] validating manifest of git repo https://github.com/kolloch/reqray on toolchain 1.99.0-beta.1
[INFO] running `Command { std: CARGO_HOME="/workspace/cargo-home" RUSTUP_HOME="/workspace/rustup-home" "/workspace/cargo-home/bin/cargo" "+1.99.0-beta.1" "metadata" "--manifest-path" "Cargo.toml" "--no-deps", kill_on_drop: false }`
[INFO] crate git repo https://github.com/kolloch/reqray already has a lockfile, it will not be regenerated
[INFO] running `Command { std: CARGO_HOME="/workspace/cargo-home" RUSTUP_HOME="/workspace/rustup-home" "/workspace/cargo-home/bin/cargo" "+1.99.0-beta.1" "fetch" "--manifest-path" "Cargo.toml", kill_on_drop: false }`
[INFO] running `Command { std: "docker" "create" "-v" "/var/lib/crater-agent-workspace/builds/worker-1-tc2/source:/opt/rustwide/workdir:ro,Z" "-v" "/var/lib/crater-agent-workspace/builds/worker-1-tc2/target:/opt/rustwide/target:rw,Z" "-v" "/var/lib/crater-agent-workspace/cargo-home:/opt/rustwide/cargo-home:ro,Z" "-v" "/var/lib/crater-agent-workspace/rustup-home:/opt/rustwide/rustup-home:ro,Z" "-m" "1610612736" "--network" "none" "ghcr.io/rust-lang/crates-build-env/linux@sha256:8683fc1fc2eb5c9ac98e0d076ab094b2ffac7f99da555d2b6a2e27f346de2ec7" "sleep" "infinity", kill_on_drop: false }`
[INFO] [stdout] 13ff1c514f18ede7a4b5616a7d87a942c1be18b57f97579783ddd462915911f8
[INFO] running `Command { std: "docker" "start" "13ff1c514f18ede7a4b5616a7d87a942c1be18b57f97579783ddd462915911f8", kill_on_drop: false }`
[INFO] running `Command { std: "docker" "inspect" "13ff1c514f18ede7a4b5616a7d87a942c1be18b57f97579783ddd462915911f8", kill_on_drop: false }`
[INFO] running `Command { std: "docker" "exec" "-e" "SOURCE_DIR=/opt/rustwide/workdir" "-e" "CARGO_HOME=/opt/rustwide/cargo-home" "-e" "RUSTUP_HOME=/opt/rustwide/rustup-home" "-e" "CARGO_TARGET_DIR=/opt/rustwide/target" "-w" "/opt/rustwide/workdir" "--user" "0:0" "13ff1c514f18ede7a4b5616a7d87a942c1be18b57f97579783ddd462915911f8" "/opt/rustwide/cargo-home/bin/cargo" "+1.99.0-beta.1" "metadata" "--no-deps" "--format-version=1", kill_on_drop: false }`
[INFO] running `Command { std: "docker" "inspect" "13ff1c514f18ede7a4b5616a7d87a942c1be18b57f97579783ddd462915911f8", kill_on_drop: false }`
[INFO] running `Command { std: "docker" "exec" "-e" "SOURCE_DIR=/opt/rustwide/workdir" "-e" "CARGO_HOME=/opt/rustwide/cargo-home" "-e" "RUSTUP_HOME=/opt/rustwide/rustup-home" "-e" "CARGO_TARGET_DIR=/opt/rustwide/target" "-e" "CARGO_INCREMENTAL=0" "-e" "RUST_BACKTRACE=full" "-e" "RUSTFLAGS=--cap-lints=warn" "-e" "RUSTDOCFLAGS=--cap-lints=warn" "-w" "/opt/rustwide/workdir" "--user" "0:0" "13ff1c514f18ede7a4b5616a7d87a942c1be18b57f97579783ddd462915911f8" "/opt/rustwide/cargo-home/bin/cargo" "+1.99.0-beta.1" "build" "--frozen" "--message-format=json" "--release", kill_on_drop: false }`
[INFO] [stderr]    Compiling proc-macro2 v1.0.36
[INFO] [stderr]    Compiling unicode-xid v0.2.2
[INFO] [stderr]    Compiling syn v1.0.86
[INFO] [stderr]    Compiling lazy_static v1.4.0
[INFO] [stderr]    Compiling version_check v0.9.4
[INFO] [stderr]    Compiling log v0.4.14
[INFO] [stderr]    Compiling regex-syntax v0.6.25
[INFO] [stderr]    Compiling crossbeam-utils v0.8.7
[INFO] [stderr]    Compiling once_cell v1.9.0
[INFO] [stderr]    Compiling libc v0.2.117
[INFO] [stderr]    Compiling bitflags v2.11.1
[INFO] [stderr]    Compiling pin-project-lite v0.2.8
[INFO] [stderr]    Compiling ansi_term v0.12.1
[INFO] [stderr]    Compiling smallvec v1.8.0
[INFO] [stderr]    Compiling thread_local v1.1.4
[INFO] [stderr]    Compiling raw-cpuid v11.6.0
[INFO] [stderr]    Compiling tracing-core v0.1.22
[INFO] [stderr]    Compiling sharded-slab v0.1.4
[INFO] [stderr]    Compiling value-bag v1.0.0-alpha.8
[INFO] [stderr]    Compiling quote v1.0.15
[INFO] [stderr]    Compiling regex-automata v0.1.10
[INFO] [stderr]    Compiling regex v1.5.4
[INFO] [stderr]    Compiling quanta v0.12.6
[INFO] [stderr]    Compiling matchers v0.1.0
[INFO] [stderr]    Compiling ctor v0.1.21
[INFO] [stderr]    Compiling tracing-attributes v0.1.19
[INFO] [stderr]    Compiling tracing-log v0.1.2
[INFO] [stderr]    Compiling tracing v0.1.30
[INFO] [stderr]    Compiling tracing-subscriber v0.3.8
[INFO] [stderr]    Compiling reqray v0.4.4-alpha.0 (/opt/rustwide/workdir)
[INFO] [stderr]     Finished `release` profile [optimized] target(s) in 21.19s
[INFO] running `Command { std: "docker" "inspect" "13ff1c514f18ede7a4b5616a7d87a942c1be18b57f97579783ddd462915911f8", kill_on_drop: false }`
[INFO] running `Command { std: "docker" "exec" "-e" "SOURCE_DIR=/opt/rustwide/workdir" "-e" "CARGO_HOME=/opt/rustwide/cargo-home" "-e" "RUSTUP_HOME=/opt/rustwide/rustup-home" "-e" "CARGO_TARGET_DIR=/opt/rustwide/target" "-e" "CARGO_INCREMENTAL=0" "-e" "RUST_BACKTRACE=full" "-e" "RUSTFLAGS=--cap-lints=warn" "-e" "RUSTDOCFLAGS=--cap-lints=warn" "-w" "/opt/rustwide/workdir" "--user" "0:0" "13ff1c514f18ede7a4b5616a7d87a942c1be18b57f97579783ddd462915911f8" "/opt/rustwide/cargo-home/bin/cargo" "+1.99.0-beta.1" "test" "--frozen" "--no-run" "--message-format=json" "--release", kill_on_drop: false }`
[INFO] [stderr]    Compiling autocfg v1.0.1
[INFO] [stderr]    Compiling scopeguard v1.1.0
[INFO] [stderr]    Compiling cfg-if v0.1.10
[INFO] [stderr]    Compiling slab v0.4.5
[INFO] [stderr]    Compiling memchr v2.4.1
[INFO] [stderr]    Compiling maybe-uninit v2.0.0
[INFO] [stderr]    Compiling num_cpus v1.13.1
[INFO] [stderr]    Compiling futures-core v0.3.21
[INFO] [stderr]    Compiling futures v0.1.31
[INFO] [stderr]    Compiling semver-parser v0.7.0
[INFO] [stderr]    Compiling iovec v0.1.4
[INFO] [stderr]    Compiling byteorder v1.4.3
[INFO] [stderr]    Compiling futures-io v0.3.21
[INFO] [stderr]    Compiling semver v1.0.5
[INFO] [stderr]    Compiling serde v1.0.136
[INFO] [stderr]    Compiling cache-padded v1.2.0
[INFO] [stderr]    Compiling net2 v0.2.37
[INFO] [stderr]    Compiling lock_api v0.3.4
[INFO] [stderr]    Compiling concurrent-queue v1.2.2
[INFO] [stderr]    Compiling crossbeam-epoch v0.9.7
[INFO] [stderr]    Compiling semver v0.9.0
[INFO] [stderr]    Compiling smallvec v0.6.14
[INFO] [stderr]    Compiling fastrand v1.7.0
[INFO] [stderr]    Compiling waker-fn v1.1.0
[INFO] [stderr]    Compiling event-listener v2.5.2
[INFO] [stderr]    Compiling bytes v0.4.12
[INFO] [stderr]    Compiling futures-task v0.3.21
[INFO] [stderr]    Compiling futures-channel v0.3.21
[INFO] [stderr]    Compiling parking v2.0.0
[INFO] [stderr]    Compiling rayon-core v1.9.1
[INFO] [stderr]    Compiling crossbeam-utils v0.7.2
[INFO] [stderr]    Compiling rustc_version v0.2.3
[INFO] [stderr]    Compiling memoffset v0.5.6
[INFO] [stderr]    Compiling memoffset v0.6.5
[INFO] [stderr]    Compiling crossbeam-epoch v0.8.2
[INFO] [stderr]    Compiling futures-util v0.3.21
[INFO] [stderr]    Compiling parking_lot_core v0.6.2
[INFO] [stderr]    Compiling parking_lot v0.9.0
[INFO] [stderr]    Compiling itoa v1.0.1
[INFO] [stderr]    Compiling futures-sink v0.3.21
[INFO] [stderr]    Compiling mio v0.6.23
[INFO] [stderr]    Compiling rustc_version v0.4.0
[INFO] [stderr]    Compiling num-traits v0.2.14
[INFO] [stderr]    Compiling crossbeam-channel v0.5.2
[INFO] [stderr]    Compiling futures-lite v1.12.0
[INFO] [stderr]    Compiling futures-macro v0.3.21
[INFO] [stderr]    Compiling ryu v1.0.9
[INFO] [stderr]    Compiling cast v0.2.7
[INFO] [stderr]    Compiling parking_lot_core v0.8.5
[INFO] [stderr]    Compiling serde_json v1.0.78
[INFO] [stderr]    Compiling either v1.6.1
[INFO] [stderr]    Compiling async-task v4.1.0
[INFO] [stderr]    Compiling async-channel v1.6.1
[INFO] [stderr]    Compiling rayon v1.5.1
[INFO] [stderr]    Compiling polling v2.2.0
[INFO] [stderr]    Compiling instant v0.1.12
[INFO] [stderr]    Compiling socket2 v0.4.4
[INFO] [stderr]    Compiling crossbeam-deque v0.8.1
[INFO] [stderr]    Compiling serde_derive v1.0.136
[INFO] [stderr]    Compiling atomic-waker v1.0.0
[INFO] [stderr]    Compiling plotters-backend v0.3.2
[INFO] [stderr]    Compiling crossbeam-queue v0.2.3
[INFO] [stderr]    Compiling unicode-width v0.1.9
[INFO] [stderr]    Compiling textwrap v0.11.0
[INFO] [stderr]    Compiling plotters-svg v0.3.1
[INFO] [stderr]    Compiling itertools v0.10.3
[INFO] [stderr]    Compiling csv-core v0.1.10
[INFO] [stderr]    Compiling async-mutex v1.4.0
[INFO] [stderr]    Compiling crossbeam-deque v0.7.4
[INFO] [stderr]    Compiling lock_api v0.4.6
[INFO] [stderr]    Compiling pin-project-internal v1.0.10
[INFO] [stderr]    Compiling itoa v0.4.8
[INFO] [stderr]    Compiling num_threads v0.1.3
[INFO] [stderr]    Compiling mio-uds v0.6.8
[INFO] [stderr]    Compiling half v1.8.2
[INFO] [stderr]    Compiling clap v2.34.0
[INFO] [stderr]    Compiling plotters v0.3.1
[INFO] [stderr]    Compiling time v0.3.7
[INFO] [stderr]    Compiling parking_lot v0.11.2
[INFO] [stderr]    Compiling walkdir v2.3.2
[INFO] [stderr]    Compiling tokio-executor v0.1.10
[INFO] [stderr]    Compiling tokio-io v0.1.13
[INFO] [stderr]    Compiling tokio-sync v0.1.8
[INFO] [stderr]    Compiling async-executor v1.4.1
[INFO] [stderr]    Compiling tokio-threadpool v0.1.18
[INFO] [stderr]    Compiling tokio-timer v0.2.13
[INFO] [stderr]    Compiling tokio-current-thread v0.1.7
[INFO] [stderr]    Compiling blocking v1.1.0
[INFO] [stderr]    Compiling async-io v1.6.0
[INFO] [stderr]    Compiling pin-project v1.0.10
[INFO] [stderr]    Compiling tokio-reactor v0.1.12
[INFO] [stderr]    Compiling tokio-codec v0.1.2
[INFO] [stderr]    Compiling tokio-tcp v0.1.4
[INFO] [stderr]    Compiling tokio-udp v0.1.6
[INFO] [stderr]    Compiling tokio-fs v0.1.7
[INFO] [stderr]    Compiling tokio-uds v0.2.7
[INFO] [stderr]    Compiling async-global-executor v2.0.2
[INFO] [stderr]    Compiling criterion-plot v0.4.4
[INFO] [stderr]    Compiling async-lock v2.4.0
[INFO] [stderr]    Compiling tokio v0.1.22
[INFO] [stderr]    Compiling kv-log-macro v1.0.7
[INFO] [stderr]    Compiling mio v0.7.14
[INFO] [stderr]    Compiling signal-hook-registry v1.4.0
[INFO] [stderr]    Compiling atty v0.2.14
[INFO] [stderr]    Compiling tokio-macros v1.7.0
[INFO] [stderr]    Compiling bytes v1.1.0
[INFO] [stderr]    Compiling unindent v0.1.7
[INFO] [stderr]    Compiling oorandom v11.1.3
[INFO] [stderr]    Compiling async-std v1.10.0
[INFO] [stderr]    Compiling tracing-appender v0.2.0
[INFO] [stderr]    Compiling indoc v1.0.3
[INFO] [stderr]    Compiling tokio v1.16.1
[INFO] [stderr]    Compiling bstr v0.2.17
[INFO] [stderr]    Compiling serde_cbor v0.11.2
[INFO] [stderr]    Compiling futures-executor v0.3.21
[INFO] [stderr]    Compiling futures v0.3.21
[INFO] [stderr]    Compiling tracing-futures v0.2.5
[INFO] [stderr]    Compiling csv v1.1.6
[INFO] [stderr]    Compiling tinytemplate v1.2.1
[INFO] [stderr]    Compiling criterion v0.3.5
[INFO] [stderr]    Compiling reqray v0.4.4-alpha.0 (/opt/rustwide/workdir)
[INFO] [stderr]     Finished `release` profile [optimized] target(s) in 1m 06s
[INFO] [stderr] warning: the following packages contain code that will be rejected by a future version of Rust: criterion v0.3.5
[INFO] [stderr] note: to see what the problems were, use the option `--future-incompat-report`, or run `cargo report future-incompatibilities --id 3`
[INFO] running `Command { std: "docker" "inspect" "13ff1c514f18ede7a4b5616a7d87a942c1be18b57f97579783ddd462915911f8", kill_on_drop: false }`
[INFO] running `Command { std: "docker" "exec" "-e" "SOURCE_DIR=/opt/rustwide/workdir" "-e" "CARGO_HOME=/opt/rustwide/cargo-home" "-e" "RUSTUP_HOME=/opt/rustwide/rustup-home" "-e" "CARGO_TARGET_DIR=/opt/rustwide/target" "-e" "CARGO_INCREMENTAL=0" "-e" "RUST_BACKTRACE=full" "-e" "RUSTFLAGS=--cap-lints=warn" "-e" "RUSTDOCFLAGS=--cap-lints=warn" "-w" "/opt/rustwide/workdir" "--user" "0:0" "13ff1c514f18ede7a4b5616a7d87a942c1be18b57f97579783ddd462915911f8" "/opt/rustwide/cargo-home/bin/cargo" "+1.99.0-beta.1" "test" "--frozen" "--release", kill_on_drop: false }`
[INFO] [stderr]     Finished `release` profile [optimized] target(s) in 0.20s
[INFO] [stderr] warning: the following packages contain code that will be rejected by a future version of Rust: criterion v0.3.5
[INFO] [stderr] note: to see what the problems were, use the option `--future-incompat-report`, or run `cargo report future-incompatibilities --id 3`
[INFO] [stderr]      Running unittests src/lib.rs (/opt/rustwide/target/release/deps/reqray-5cfb20f3949a5116)
[INFO] [stdout] 
[INFO] [stdout] running 8 tests
[INFO] [stdout] test display::test::display_nest_deeply ... ok
[INFO] [stdout] test display::test::display_one_ns ... ok
[INFO] [stdout] test display::test::display_compound_call ... ok
[INFO] [stdout] test internal::test::test_simple ... ok
[INFO] [stdout] test test::collector_enforces_minimum_depth ... ok
[INFO] [stdout] [32m INFO[0m ThreadId(05) [1mcooking_party[0m[2m:[0m CP increment 1_000_000
[INFO] [stdout] [32m INFO[0m ThreadId(05) [1mcooking_party[0m[2m:[0m[1mcook_three[0m[2m:[0m increment 10_000
[INFO] [stdout] [32m INFO[0m ThreadId(22) [1mcooking_party[0m[2m:[0m[1meat_three[0m[2m:[0m increment 1_000
[INFO] [stdout] [32m INFO[0m ThreadId(05) [1mcooking_party[0m[2m:[0m[1mcook_three[0m[2m:[0m increment 10_000
[INFO] [stdout] [32m INFO[0m ThreadId(05) [1mcooking_party[0m[2m:[0m[1mcook_three[0m[2m:[0m increment 10_000
[INFO] [stdout] [32m INFO[0m ThreadId(22) [1mcooking_party[0m[2m:[0m[1meat_three[0m[2m:[0m increment 1_000
[INFO] [stdout] [32m INFO[0m ThreadId(22) [1mcooking_party[0m[2m:[0m[1meat_three[0m[2m:[0m increment 1_000
[INFO] [stdout] [32m INFO[0m ThreadId(05) [1mcooking_party[0m[2m:[0m CP increment 100_000_000
[INFO] [stdout] test internal::test::test_compound ... ok
[INFO] [stdout] test display::test::display_with_futures ... FAILED
[INFO] [stdout] [32m INFO[0m ThreadId(09) [1mcooking_party[0m[2m:[0m CP increment 1_000_000
[INFO] [stdout] [32m INFO[0m ThreadId(09) [1mcooking_party[0m[2m:[0m[1mcook_three[0m[2m:[0m increment 10_000
[INFO] [stdout] [32m INFO[0m ThreadId(24) [1mcooking_party[0m[2m:[0m[1meat_three[0m[2m:[0m increment 1_000
[INFO] [stdout] [32m INFO[0m ThreadId(09) [1mcooking_party[0m[2m:[0m[1mcook_three[0m[2m:[0m increment 10_000
[INFO] [stdout] [32m INFO[0m ThreadId(09) [1mcooking_party[0m[2m:[0m[1mcook_three[0m[2m:[0m increment 10_000
[INFO] [stdout] [32m INFO[0m ThreadId(12) [1mcooking_party[0m[2m:[0m[1meat_three[0m[2m:[0m increment 1_000
[INFO] [stdout] [32m INFO[0m ThreadId(12) [1mcooking_party[0m[2m:[0m[1meat_three[0m[2m:[0m increment 1_000
[INFO] [stdout] [32m INFO[0m ThreadId(09) [1mcooking_party[0m[2m:[0m CP increment 100_000_000
[INFO] [stdout] test internal::test::test_with_futures ... ok
[INFO] [stdout] 
[INFO] [stdout] failures:
[INFO] [stdout] 
[INFO] [stdout] ---- display::test::display_with_futures stdout ----
[INFO] [stdout] 
[INFO] [stdout] thread 'display::test::display_with_futures' (3016) panicked at src/display.rs:273:9:
[INFO] [stdout] positions at ! didn't match:
[INFO] [stdout]     # calls │   ∑ alive ms │    ∑ busy ms │ ∑ own busy ms │ span tree
[INFO] [stdout] ────────────┼──────────────┼──────────────┼────────────-──┼───────────────────────
[INFO] [stdout]       0 001 ┊      101.XXX ┊      101.XXX ┊       101.XXX ┊ ┬ cooking_party
[INFO] [stdout]       0 001 ┊        0.03X ┊        0.0!X ┊         0.0!X ┊ ├─ !!!!!!!!e!!     !!!0!!!!       !!!!X!!!       !!!!X!!!        !!!!X!!!!!!!!!!_three
[INFO] [stdout] 
[INFO] [stdout] 
[INFO] [stdout]     # calls │   ∑ alive ms │    ∑ busy ms │ ∑ own busy ms │ span tree
[INFO] [stdout] ────────────┼──────────────┼──────────────┼────────────-──┼───────────────────────
[INFO] [stdout]       0 001 ┊      101.033 ┊      101.044 ┊       101.000 ┊ ┬ cooking_party
[INFO] [stdout]       0 001 ┊        0.033 ┊        0.013 ┊         0.013 ┊ ├─ eat_three
[INFO] [stdout]       0 001 ┊        0.033 ┊        0.031 ┊         0.031 ┊ ╰─ cook_three
[INFO] [stdout] 
[INFO] [stdout] 
[INFO] [stdout] 
[INFO] [stdout] stack backtrace:
[INFO] [stdout]    0:     0x60da2acd38b1 - <<std[104cf6e2632825ea]::sys::backtrace::BacktraceLock>::print::DisplayBacktrace as core[7c831bd917ebf35f]::fmt::Display>::fmt
[INFO] [stdout]    1:     0x60da2ace8caa - core[7c831bd917ebf35f]::fmt::write
[INFO] [stdout]    2:     0x60da2acd7e1c - <alloc[2fdc3f7464fcf288]::vec::Vec<u8> as core[7c831bd917ebf35f]::io::write::Write>::write_fmt
[INFO] [stdout]    3:     0x60da2acaf826 - std[104cf6e2632825ea]::panicking::default_hook::{closure#0}
[INFO] [stdout]    4:     0x60da2accbd99 - std[104cf6e2632825ea]::panicking::default_hook
[INFO] [stdout]    5:     0x60da2ac5bac0 - test[73009c9f9aebf890]::test_main_inner::<test[73009c9f9aebf890]::test_main_static::{closure#0}>::{closure#0}
[INFO] [stdout]    6:     0x60da2accbf52 - std[104cf6e2632825ea]::panicking::panic_with_hook
[INFO] [stdout]    7:     0x60da2acaf8d2 - std[104cf6e2632825ea]::panicking::panic_handler::{closure#0}
[INFO] [stdout]    8:     0x60da2aca8249 - std[104cf6e2632825ea]::sys::backtrace::__rust_end_short_backtrace::<std[104cf6e2632825ea]::panicking::panic_handler::{closure#0}, !>
[INFO] [stdout]    9:     0x60da2acb04cd - __rustc[b0d56fa5b193ad05]::rust_begin_unwind
[INFO] [stdout]   10:     0x60da2ace940c - core[7c831bd917ebf35f]::panicking::panic_fmt
[INFO] [stdout]   11:     0x60da2ac29ab8 - reqray[e289f63ed5a33c9e]::display::test::display_with_futures
[INFO] [stdout]   12:     0x60da2ac26909 - <reqray[e289f63ed5a33c9e]::display::test::display_with_futures::{closure#0} as core[7c831bd917ebf35f]::ops::function::FnOnce<()>>::call_once
[INFO] [stdout]   13:     0x60da2ac4edab - test[73009c9f9aebf890]::__rust_begin_short_backtrace::<core[7c831bd917ebf35f]::result::Result<(), alloc[2fdc3f7464fcf288]::string::String>, fn() -> core[7c831bd917ebf35f]::result::Result<(), alloc[2fdc3f7464fcf288]::string::String>>
[INFO] [stdout]   14:     0x60da2ac5c415 - test[73009c9f9aebf890]::run_test::{closure#0}
[INFO] [stdout]   15:     0x60da2ac557d4 - std[104cf6e2632825ea]::sys::backtrace::__rust_begin_short_backtrace::<test[73009c9f9aebf890]::run_test::{closure#1}, ()>
[INFO] [stdout]   16:     0x60da2ac5f572 - <std[104cf6e2632825ea]::thread::lifecycle::spawn_unchecked<test[73009c9f9aebf890]::run_test::{closure#1}, ()>::{closure#1} as core[7c831bd917ebf35f]::ops::function::FnOnce<()>>::call_once::{shim:vtable#0}
[INFO] [stdout]   17:     0x60da2acd3159 - <std[104cf6e2632825ea]::sys::thread::unix::Thread>::new::thread_start
[INFO] [stdout]   18:     0x77a9036b407a - <unknown>
[INFO] [stdout]   19:     0x77a903747534 - clone
[INFO] [stdout]   20:                0x0 - <unknown>
[INFO] [stdout] 
[INFO] [stdout] 
[INFO] [stdout] failures:
[INFO] [stdout]     display::test::display_with_futures
[INFO] [stdout] 
[INFO] [stdout] test result: FAILED. 7 passed; 1 failed; 0 ignored; 0 measured; 0 filtered out; finished in 0.02s
[INFO] [stdout] 
[INFO] [stderr] error: test failed, to rerun pass `--lib`
[INFO] running `Command { std: "docker" "inspect" "13ff1c514f18ede7a4b5616a7d87a942c1be18b57f97579783ddd462915911f8", kill_on_drop: false }`
[INFO] running `Command { std: "docker" "rm" "-f" "13ff1c514f18ede7a4b5616a7d87a942c1be18b57f97579783ddd462915911f8", kill_on_drop: false }`
[INFO] [stdout] 13ff1c514f18ede7a4b5616a7d87a942c1be18b57f97579783ddd462915911f8
